{"id":8760,"date":"2026-04-27T15:08:13","date_gmt":"2026-04-27T15:08:13","guid":{"rendered":""},"modified":"2026-04-27T15:08:13","modified_gmt":"2026-04-27T15:08:13","slug":"dokud-zasoby-vydrzi-makita-191m90-3-nabijecka-li-ion-xgt-40v-dc40rc-pomala-8760","status":"publish","type":"product","link":"https:\/\/www.domstavpro.com\/index.php\/produkt\/dokud-zasoby-vydrzi-makita-191m90-3-nabijecka-li-ion-xgt-40v-dc40rc-pomala-8760\/","title":{"rendered":"Dokud Z\u00e1soby Vydr\u017e\u00ed Makita 191M90-3 nab\u00edje\u010dka Li-ion XGT 40V DC40RC pomal\u00e1"},"content":{"rendered":"<table>\n<div class=\"tab-pane active product-description\" id=\"popis\" role=\"tabpanel\">\n<div class=\"short-description\" itemprop=\"description\"><\/div>\n<div class=\"description\"><span class='bullet-line'>Rychlonab\u00edje\u010dka speci\u00e1ln\u011b vyvinut\u00e1 pro XGT 40 V Max Li-ion baterie.<br \/><\/span><span class='bullet-line'>S voliteln\u00fdm nab\u00edjec\u00edm adapt\u00e9rem ADP10 je nab\u00edje\u010dka vhodn\u00e1 i pro nab\u00edjen\u00ed bateri\u00ed LXT 14,4 V a 18 V.<br \/><\/span><span class='bullet-line'>Stroje, baterie a nab\u00edje\u010dka platformy XGT jsou standardn\u011b vybaveny elektronikou umo\u017e\u0148uj\u00edc\u00ed vz\u00e1jemnou komunikaci.<br \/><\/span><span class='bullet-line'>Nab\u00edje\u010dka poskytuje maxim\u00e1ln\u011b optimalizovan\u00e9 nab\u00edjen\u00ed baterie v z\u00e1vislosti na stavu baterie.<br \/><\/span> <br \/>\u27a4 Doby nab\u00edjen\u00ed baterie:<br \/>BL4020: 100 % za 30 minut nebo 80 % za 22 minut.<\/p>\n<p>BL4025: 100 % za 38 minut nebo 80 % za 27 minut.<\/p>\n<p>BL4040: 100 % za 67 minut nebo 80 % za 52 minut.<\/p>\n<p>BL4050F: 100 % za 85 minut nebo 80 % za 65 minut.<\/p>\n<p>BL1860B (s adapt\u00e9rem ADP10): 100 % za 85 minut nebo 80 % za 66 minut.<span class='bullet-line'>Nab\u00edje\u010dka je vybavena ventil\u00e1torem pro nucen\u00e9 chlazen\u00ed baterie.<br \/><\/span><span class='bullet-line'>T\u00edm se zabr\u00e1n\u00ed vysok\u00fdm teplot\u00e1m v baterii, prodlou\u017e\u00ed se jej\u00ed \u017eivotnost a urychl\u00ed se proces nab\u00edjen\u00ed.<br \/><\/span> <br \/>\u27a4 U\u017eivatelsk\u00e9 v\u00fdhody<span class='bullet-line'>Pro pou\u017eit\u00ed s bateriemi LXT v kombinaci s adapt\u00e9rem ADP10<br \/><\/span><span class='bullet-line'>Melodie hraje, kdy\u017e je baterie pln\u011b nabit\u00e1<br \/><\/span><span class='bullet-line'>Integrovan\u00fd chladic\u00ed ventil\u00e1tor zaji\u0161\u0165uje men\u0161\u00ed v\u00fdvin tepla<br \/><\/span><span class='bullet-line'>K mont\u00e1\u017ei na ze\u010f jako n\u00e1st\u011bnn\u00e1 nab\u00edje\u010dka<br \/><\/span><span class='bullet-line'>\u010cir\u00e9 LED osv\u011btlen\u00ed ve t\u0159ech barv\u00e1ch pro indikaci nab\u00edjen\u00ed<\/span><\/div>\n<div class=\"parameters\">\n<tr>\n<td>Nap\u011bt\u00ed baterky<\/td>\n<td>40V<\/td>\n<\/tr>\n<tr>\n<td>Doba nab\u00edjen\u00ed baterie 2,0 Ah<\/td>\n<td>30 minut<\/td>\n<\/tr>\n<tr>\n<td>Doba nab\u00edjen\u00ed baterie 2,5 Ah<\/td>\n<td>38 minut<\/td>\n<\/tr>\n<tr>\n<td>Doba nab\u00edjen\u00ed baterie 4,0 Ah<\/td>\n<td>67 minut<\/td>\n<\/tr>\n<tr>\n<td>Doba nab\u00edjen\u00ed baterie 5,0 Ah<\/td>\n<td>85 minut<\/td>\n<\/tr>\n<tr>\n<td>jmenovit\u00fd v\u00fdkon<\/td>\n<td>200W<\/td>\n<\/tr>\n<tr>\n<td>Nap\u00e1jec\u00ed kabel<\/td>\n<td>2,0 m<\/td>\n<\/tr>\n<tr>\n<td>Rozm\u011bry (D x \u0160 x V)<\/td>\n<td>156 x 209 x 84 mm<\/td>\n<\/tr>\n<tr>\n<td>Typ baterie<\/td>\n<td>Li-ion<\/td>\n<\/tr>\n<tr>\n<td>V\u00e1hy<\/td>\n<td>0,82 kg<\/td>\n<\/tr><\/div>\n<\/table>\n","protected":false},"excerpt":{"rendered":"<p>Rychlonab\u00edje\u010dka speci\u00e1ln\u011b vyvinut\u00e1 pro XGT 40 V Max Li-ion baterie.S voliteln\u00fdm nab\u00edjec\u00edm adapt\u00e9rem ADP10 je nab\u00edje\u010dka vhodn\u00e1 i pro nab\u00edjen\u00ed bateri\u00ed LXT 14,4 V a 18 V.Stroje, baterie a nab\u00edje\u010dka platformy XGT jsou standardn\u011b vybaveny elektronikou umo\u017e\u0148uj\u00edc\u00ed vz\u00e1jemnou komunikaci.Nab\u00edje\u010dka poskytuje maxim\u00e1ln\u011b optimalizovan\u00e9 nab\u00edjen\u00ed baterie v z\u00e1vislosti na stavu baterie. \u27a4 Doby nab\u00edjen\u00ed baterie:BL4020: 100 % [&hellip;]<\/p>\n","protected":false},"featured_media":8860,"comment_status":"open","ping_status":"open","template":"","meta":[],"product_brand":[],"product_cat":[42],"product_tag":[],"class_list":{"0":"post-8760","1":"product","2":"type-product","3":"status-publish","4":"has-post-thumbnail","6":"product_cat-novinky","8":"first","9":"instock","10":"sale","11":"shipping-taxable","12":"purchasable","13":"product-type-simple"},"yoast_head":"<!-- This site is optimized with the Yoast SEO plugin v26.8 - https:\/\/yoast.com\/product\/yoast-seo-wordpress\/ -->\n<title>Dokud Z\u00e1soby Vydr\u017e\u00ed Makita 191M90-3 nab\u00edje\u010dka Li-ion XGT 40V DC40RC pomal\u00e1 -<\/title>\n<meta name=\"robots\" content=\"index, follow, max-snippet:-1, max-image-preview:large, max-video-preview:-1\" \/>\n<link rel=\"canonical\" href=\"https:\/\/www.domstavpro.com\/index.php\/produkt\/dokud-zasoby-vydrzi-makita-191m90-3-nabijecka-li-ion-xgt-40v-dc40rc-pomala-8760\/\" \/>\n<meta property=\"og:locale\" content=\"cs_CZ\" \/>\n<meta property=\"og:type\" content=\"article\" \/>\n<meta property=\"og:title\" content=\"Dokud Z\u00e1soby Vydr\u017e\u00ed Makita 191M90-3 nab\u00edje\u010dka Li-ion XGT 40V DC40RC pomal\u00e1 -\" \/>\n<meta property=\"og:description\" content=\"Rychlonab\u00edje\u010dka speci\u00e1ln\u011b vyvinut\u00e1 pro XGT 40 V Max Li-ion baterie.S voliteln\u00fdm nab\u00edjec\u00edm adapt\u00e9rem ADP10 je nab\u00edje\u010dka vhodn\u00e1 i pro nab\u00edjen\u00ed bateri\u00ed LXT 14,4 V a 18 V.Stroje, baterie a nab\u00edje\u010dka platformy XGT jsou standardn\u011b vybaveny elektronikou umo\u017e\u0148uj\u00edc\u00ed vz\u00e1jemnou komunikaci.Nab\u00edje\u010dka poskytuje maxim\u00e1ln\u011b optimalizovan\u00e9 nab\u00edjen\u00ed baterie v z\u00e1vislosti na stavu baterie. \u27a4 Doby nab\u00edjen\u00ed baterie:BL4020: 100 % [&hellip;]\" \/>\n<meta property=\"og:url\" content=\"https:\/\/www.domstavpro.com\/index.php\/produkt\/dokud-zasoby-vydrzi-makita-191m90-3-nabijecka-li-ion-xgt-40v-dc40rc-pomala-8760\/\" \/>\n<meta property=\"og:image\" content=\"https:\/\/www.domstavpro.com\/wp-content\/uploads\/2026\/SK0030308-CZ20260425-092328-0-1777080210-1258470-1_090305.webp\" \/>\n\t<meta property=\"og:image:width\" content=\"800\" \/>\n\t<meta property=\"og:image:height\" content=\"800\" \/>\n\t<meta property=\"og:image:type\" content=\"image\/webp\" \/>\n<meta name=\"twitter:card\" content=\"summary_large_image\" \/>\n<meta name=\"twitter:label1\" content=\"Odhadovan\u00e1 doba \u010dten\u00ed\" \/>\n\t<meta name=\"twitter:data1\" content=\"1 minuta\" \/>\n<script type=\"application\/ld+json\" class=\"yoast-schema-graph\">{\"@context\":\"https:\/\/schema.org\",\"@graph\":[{\"@type\":\"WebPage\",\"@id\":\"https:\/\/www.domstavpro.com\/index.php\/produkt\/dokud-zasoby-vydrzi-makita-191m90-3-nabijecka-li-ion-xgt-40v-dc40rc-pomala-8760\/\",\"url\":\"https:\/\/www.domstavpro.com\/index.php\/produkt\/dokud-zasoby-vydrzi-makita-191m90-3-nabijecka-li-ion-xgt-40v-dc40rc-pomala-8760\/\",\"name\":\"Dokud Z\u00e1soby Vydr\u017e\u00ed Makita 191M90-3 nab\u00edje\u010dka Li-ion XGT 40V DC40RC pomal\u00e1 -\",\"isPartOf\":{\"@id\":\"https:\/\/www.domstavpro.com\/#website\"},\"primaryImageOfPage\":{\"@id\":\"https:\/\/www.domstavpro.com\/index.php\/produkt\/dokud-zasoby-vydrzi-makita-191m90-3-nabijecka-li-ion-xgt-40v-dc40rc-pomala-8760\/#primaryimage\"},\"image\":{\"@id\":\"https:\/\/www.domstavpro.com\/index.php\/produkt\/dokud-zasoby-vydrzi-makita-191m90-3-nabijecka-li-ion-xgt-40v-dc40rc-pomala-8760\/#primaryimage\"},\"thumbnailUrl\":\"https:\/\/www.domstavpro.com\/wp-content\/uploads\/2026\/SK0030308-CZ20260425-092328-0-1777080210-1258470-1_090305.webp\",\"datePublished\":\"2026-04-27T15:08:13+00:00\",\"breadcrumb\":{\"@id\":\"https:\/\/www.domstavpro.com\/index.php\/produkt\/dokud-zasoby-vydrzi-makita-191m90-3-nabijecka-li-ion-xgt-40v-dc40rc-pomala-8760\/#breadcrumb\"},\"inLanguage\":\"cs\",\"potentialAction\":[{\"@type\":\"ReadAction\",\"target\":[\"https:\/\/www.domstavpro.com\/index.php\/produkt\/dokud-zasoby-vydrzi-makita-191m90-3-nabijecka-li-ion-xgt-40v-dc40rc-pomala-8760\/\"]}]},{\"@type\":\"ImageObject\",\"inLanguage\":\"cs\",\"@id\":\"https:\/\/www.domstavpro.com\/index.php\/produkt\/dokud-zasoby-vydrzi-makita-191m90-3-nabijecka-li-ion-xgt-40v-dc40rc-pomala-8760\/#primaryimage\",\"url\":\"https:\/\/www.domstavpro.com\/wp-content\/uploads\/2026\/SK0030308-CZ20260425-092328-0-1777080210-1258470-1_090305.webp\",\"contentUrl\":\"https:\/\/www.domstavpro.com\/wp-content\/uploads\/2026\/SK0030308-CZ20260425-092328-0-1777080210-1258470-1_090305.webp\",\"width\":800,\"height\":800},{\"@type\":\"BreadcrumbList\",\"@id\":\"https:\/\/www.domstavpro.com\/index.php\/produkt\/dokud-zasoby-vydrzi-makita-191m90-3-nabijecka-li-ion-xgt-40v-dc40rc-pomala-8760\/#breadcrumb\",\"itemListElement\":[{\"@type\":\"ListItem\",\"position\":1,\"name\":\"Home\",\"item\":\"https:\/\/www.domstavpro.com\/\"},{\"@type\":\"ListItem\",\"position\":2,\"name\":\"Products\",\"item\":\"https:\/\/www.domstavpro.com\/index.php\/products\/\"},{\"@type\":\"ListItem\",\"position\":3,\"name\":\"Dokud Z\u00e1soby Vydr\u017e\u00ed Makita 191M90-3 nab\u00edje\u010dka Li-ion XGT 40V DC40RC pomal\u00e1\"}]},{\"@type\":\"WebSite\",\"@id\":\"https:\/\/www.domstavpro.com\/#website\",\"url\":\"https:\/\/www.domstavpro.com\/\",\"name\":\"\",\"description\":\"\",\"potentialAction\":[{\"@type\":\"SearchAction\",\"target\":{\"@type\":\"EntryPoint\",\"urlTemplate\":\"https:\/\/www.domstavpro.com\/?s={search_term_string}\"},\"query-input\":{\"@type\":\"PropertyValueSpecification\",\"valueRequired\":true,\"valueName\":\"search_term_string\"}}],\"inLanguage\":\"cs\"}]}<\/script>\n<!-- \/ Yoast SEO plugin. -->","yoast_head_json":{"title":"Dokud Z\u00e1soby Vydr\u017e\u00ed Makita 191M90-3 nab\u00edje\u010dka Li-ion XGT 40V DC40RC pomal\u00e1 -","robots":{"index":"index","follow":"follow","max-snippet":"max-snippet:-1","max-image-preview":"max-image-preview:large","max-video-preview":"max-video-preview:-1"},"canonical":"https:\/\/www.domstavpro.com\/index.php\/produkt\/dokud-zasoby-vydrzi-makita-191m90-3-nabijecka-li-ion-xgt-40v-dc40rc-pomala-8760\/","og_locale":"cs_CZ","og_type":"article","og_title":"Dokud Z\u00e1soby Vydr\u017e\u00ed Makita 191M90-3 nab\u00edje\u010dka Li-ion XGT 40V DC40RC pomal\u00e1 -","og_description":"Rychlonab\u00edje\u010dka speci\u00e1ln\u011b vyvinut\u00e1 pro XGT 40 V Max Li-ion baterie.S voliteln\u00fdm nab\u00edjec\u00edm adapt\u00e9rem ADP10 je nab\u00edje\u010dka vhodn\u00e1 i pro nab\u00edjen\u00ed bateri\u00ed LXT 14,4 V a 18 V.Stroje, baterie a nab\u00edje\u010dka platformy XGT jsou standardn\u011b vybaveny elektronikou umo\u017e\u0148uj\u00edc\u00ed vz\u00e1jemnou komunikaci.Nab\u00edje\u010dka poskytuje maxim\u00e1ln\u011b optimalizovan\u00e9 nab\u00edjen\u00ed baterie v z\u00e1vislosti na stavu baterie. \u27a4 Doby nab\u00edjen\u00ed baterie:BL4020: 100 % [&hellip;]","og_url":"https:\/\/www.domstavpro.com\/index.php\/produkt\/dokud-zasoby-vydrzi-makita-191m90-3-nabijecka-li-ion-xgt-40v-dc40rc-pomala-8760\/","og_image":[{"width":800,"height":800,"url":"https:\/\/www.domstavpro.com\/wp-content\/uploads\/2026\/SK0030308-CZ20260425-092328-0-1777080210-1258470-1_090305.webp","type":"image\/webp"}],"twitter_card":"summary_large_image","twitter_misc":{"Odhadovan\u00e1 doba \u010dten\u00ed":"1 minuta"},"schema":{"@context":"https:\/\/schema.org","@graph":[{"@type":"WebPage","@id":"https:\/\/www.domstavpro.com\/index.php\/produkt\/dokud-zasoby-vydrzi-makita-191m90-3-nabijecka-li-ion-xgt-40v-dc40rc-pomala-8760\/","url":"https:\/\/www.domstavpro.com\/index.php\/produkt\/dokud-zasoby-vydrzi-makita-191m90-3-nabijecka-li-ion-xgt-40v-dc40rc-pomala-8760\/","name":"Dokud Z\u00e1soby Vydr\u017e\u00ed Makita 191M90-3 nab\u00edje\u010dka Li-ion XGT 40V DC40RC pomal\u00e1 -","isPartOf":{"@id":"https:\/\/www.domstavpro.com\/#website"},"primaryImageOfPage":{"@id":"https:\/\/www.domstavpro.com\/index.php\/produkt\/dokud-zasoby-vydrzi-makita-191m90-3-nabijecka-li-ion-xgt-40v-dc40rc-pomala-8760\/#primaryimage"},"image":{"@id":"https:\/\/www.domstavpro.com\/index.php\/produkt\/dokud-zasoby-vydrzi-makita-191m90-3-nabijecka-li-ion-xgt-40v-dc40rc-pomala-8760\/#primaryimage"},"thumbnailUrl":"https:\/\/www.domstavpro.com\/wp-content\/uploads\/2026\/SK0030308-CZ20260425-092328-0-1777080210-1258470-1_090305.webp","datePublished":"2026-04-27T15:08:13+00:00","breadcrumb":{"@id":"https:\/\/www.domstavpro.com\/index.php\/produkt\/dokud-zasoby-vydrzi-makita-191m90-3-nabijecka-li-ion-xgt-40v-dc40rc-pomala-8760\/#breadcrumb"},"inLanguage":"cs","potentialAction":[{"@type":"ReadAction","target":["https:\/\/www.domstavpro.com\/index.php\/produkt\/dokud-zasoby-vydrzi-makita-191m90-3-nabijecka-li-ion-xgt-40v-dc40rc-pomala-8760\/"]}]},{"@type":"ImageObject","inLanguage":"cs","@id":"https:\/\/www.domstavpro.com\/index.php\/produkt\/dokud-zasoby-vydrzi-makita-191m90-3-nabijecka-li-ion-xgt-40v-dc40rc-pomala-8760\/#primaryimage","url":"https:\/\/www.domstavpro.com\/wp-content\/uploads\/2026\/SK0030308-CZ20260425-092328-0-1777080210-1258470-1_090305.webp","contentUrl":"https:\/\/www.domstavpro.com\/wp-content\/uploads\/2026\/SK0030308-CZ20260425-092328-0-1777080210-1258470-1_090305.webp","width":800,"height":800},{"@type":"BreadcrumbList","@id":"https:\/\/www.domstavpro.com\/index.php\/produkt\/dokud-zasoby-vydrzi-makita-191m90-3-nabijecka-li-ion-xgt-40v-dc40rc-pomala-8760\/#breadcrumb","itemListElement":[{"@type":"ListItem","position":1,"name":"Home","item":"https:\/\/www.domstavpro.com\/"},{"@type":"ListItem","position":2,"name":"Products","item":"https:\/\/www.domstavpro.com\/index.php\/products\/"},{"@type":"ListItem","position":3,"name":"Dokud Z\u00e1soby Vydr\u017e\u00ed Makita 191M90-3 nab\u00edje\u010dka Li-ion XGT 40V DC40RC pomal\u00e1"}]},{"@type":"WebSite","@id":"https:\/\/www.domstavpro.com\/#website","url":"https:\/\/www.domstavpro.com\/","name":"","description":"","potentialAction":[{"@type":"SearchAction","target":{"@type":"EntryPoint","urlTemplate":"https:\/\/www.domstavpro.com\/?s={search_term_string}"},"query-input":{"@type":"PropertyValueSpecification","valueRequired":true,"valueName":"search_term_string"}}],"inLanguage":"cs"}]}},"_links":{"self":[{"href":"https:\/\/www.domstavpro.com\/index.php\/wp-json\/wp\/v2\/product\/8760","targetHints":{"allow":["GET"]}}],"collection":[{"href":"https:\/\/www.domstavpro.com\/index.php\/wp-json\/wp\/v2\/product"}],"about":[{"href":"https:\/\/www.domstavpro.com\/index.php\/wp-json\/wp\/v2\/types\/product"}],"replies":[{"embeddable":true,"href":"https:\/\/www.domstavpro.com\/index.php\/wp-json\/wp\/v2\/comments?post=8760"}],"wp:featuredmedia":[{"embeddable":true,"href":"https:\/\/www.domstavpro.com\/index.php\/wp-json\/wp\/v2\/media\/8860"}],"wp:attachment":[{"href":"https:\/\/www.domstavpro.com\/index.php\/wp-json\/wp\/v2\/media?parent=8760"}],"wp:term":[{"taxonomy":"product_brand","embeddable":true,"href":"https:\/\/www.domstavpro.com\/index.php\/wp-json\/wp\/v2\/product_brand?post=8760"},{"taxonomy":"product_cat","embeddable":true,"href":"https:\/\/www.domstavpro.com\/index.php\/wp-json\/wp\/v2\/product_cat?post=8760"},{"taxonomy":"product_tag","embeddable":true,"href":"https:\/\/www.domstavpro.com\/index.php\/wp-json\/wp\/v2\/product_tag?post=8760"}],"curies":[{"name":"wp","href":"https:\/\/api.w.org\/{rel}","templated":true}]}}