{"id":8094,"date":"2026-04-27T15:08:12","date_gmt":"2026-04-27T15:08:12","guid":{"rendered":""},"modified":"2026-04-27T15:08:12","modified_gmt":"2026-04-27T15:08:12","slug":"akce-weber-46010079-plynovy-gril-spirit-e210-classic-cerny-8094","status":"publish","type":"product","link":"https:\/\/www.domstavpro.com\/index.php\/produkt\/akce-weber-46010079-plynovy-gril-spirit-e210-classic-cerny-8094\/","title":{"rendered":"Akce Weber 46010079 plynov\u00fd gril Spirit E210 Classic \u010dern\u00fd"},"content":{"rendered":"<table>\n<div class=\"tab-pane active product-description\" id=\"popis\" role=\"tabpanel\">\n<div class=\"short-description\" itemprop=\"description\"><\/div>\n<div class=\"description\"><span class='bullet-line'>Pracovn\u00ed v\u00fd\u0161ka: 112 cm<br \/><\/span><span class='bullet-line'>Po\u010det ho\u0159\u00e1k\u016f: 2 nerezov\u00e9 ho\u0159\u00e1ky<br \/><\/span><span class='bullet-line'>Grilovac\u00ed plocha: 64 x 58,6 cm<br \/><\/span><span class='bullet-line'>Celkov\u00e9 rozm\u011bry d\/\u0161\/v: 160 x 127 x 81,3 cm<br \/><\/span><span class='bullet-line'>Dal\u0161\u00ed vlastnosti produktu: piezo zapalov\u00e1n\u00ed, plynule nastaviteln\u00fd ventil ho\u0159\u00e1ku, porcel\u00e1nov\u00e1 smaltovan\u00e1 m\u00edsa a v\u00edko<br \/><\/span><span class='bullet-line'>Jmenovit\u00fd v\u00fdkon: 7,8 kW<br \/><\/span><span class='bullet-line'>Zp\u016fsob va\u0159en\u00ed: p\u0159\u00edm\u00e9\/nep\u0159\u00edm\u00e9 grilov\u00e1n\u00ed<br \/><\/span><span class='bullet-line'>Hmotnost: 41 kg<br \/><\/span><span class='bullet-line'>Materi\u00e1l grilovac\u00edho ro\u0161tu: Porcel\u00e1nem smaltovan\u00fd ocelov\u00fd grilovac\u00ed ro\u0161t<br \/><\/span><span class='bullet-line'>Grilovac\u00ed syst\u00e9m: plyn<\/span><\/div>\n<\/table>\n","protected":false},"excerpt":{"rendered":"<p>Pracovn\u00ed v\u00fd\u0161ka: 112 cmPo\u010det ho\u0159\u00e1k\u016f: 2 nerezov\u00e9 ho\u0159\u00e1kyGrilovac\u00ed plocha: 64 x 58,6 cmCelkov\u00e9 rozm\u011bry d\/\u0161\/v: 160 x 127 x 81,3 cmDal\u0161\u00ed vlastnosti produktu: piezo zapalov\u00e1n\u00ed, plynule nastaviteln\u00fd ventil ho\u0159\u00e1ku, porcel\u00e1nov\u00e1 smaltovan\u00e1 m\u00edsa a v\u00edkoJmenovit\u00fd v\u00fdkon: 7,8 kWZp\u016fsob va\u0159en\u00ed: p\u0159\u00edm\u00e9\/nep\u0159\u00edm\u00e9 grilov\u00e1n\u00edHmotnost: 41 kgMateri\u00e1l grilovac\u00edho ro\u0161tu: Porcel\u00e1nem smaltovan\u00fd ocelov\u00fd grilovac\u00ed ro\u0161tGrilovac\u00ed syst\u00e9m: plyn<\/p>\n","protected":false},"featured_media":8194,"comment_status":"open","ping_status":"open","template":"","meta":[],"product_brand":[],"product_cat":[39],"product_tag":[],"class_list":{"0":"post-8094","1":"product","2":"type-product","3":"status-publish","4":"has-post-thumbnail","6":"product_cat-zahrada","8":"first","9":"instock","10":"sale","11":"shipping-taxable","12":"purchasable","13":"product-type-simple"},"yoast_head":"<!-- This site is optimized with the Yoast SEO plugin v26.8 - https:\/\/yoast.com\/product\/yoast-seo-wordpress\/ -->\n<title>Akce Weber 46010079 plynov\u00fd gril Spirit E210 Classic \u010dern\u00fd -<\/title>\n<meta name=\"robots\" content=\"index, follow, max-snippet:-1, max-image-preview:large, max-video-preview:-1\" \/>\n<link rel=\"canonical\" href=\"https:\/\/www.domstavpro.com\/index.php\/produkt\/akce-weber-46010079-plynovy-gril-spirit-e210-classic-cerny-8094\/\" \/>\n<meta property=\"og:locale\" content=\"cs_CZ\" \/>\n<meta property=\"og:type\" content=\"article\" \/>\n<meta property=\"og:title\" content=\"Akce Weber 46010079 plynov\u00fd gril Spirit E210 Classic \u010dern\u00fd -\" \/>\n<meta property=\"og:description\" content=\"Pracovn\u00ed v\u00fd\u0161ka: 112 cmPo\u010det ho\u0159\u00e1k\u016f: 2 nerezov\u00e9 ho\u0159\u00e1kyGrilovac\u00ed plocha: 64 x 58,6 cmCelkov\u00e9 rozm\u011bry d\/\u0161\/v: 160 x 127 x 81,3 cmDal\u0161\u00ed vlastnosti produktu: piezo zapalov\u00e1n\u00ed, plynule nastaviteln\u00fd ventil ho\u0159\u00e1ku, porcel\u00e1nov\u00e1 smaltovan\u00e1 m\u00edsa a v\u00edkoJmenovit\u00fd v\u00fdkon: 7,8 kWZp\u016fsob va\u0159en\u00ed: p\u0159\u00edm\u00e9\/nep\u0159\u00edm\u00e9 grilov\u00e1n\u00edHmotnost: 41 kgMateri\u00e1l grilovac\u00edho ro\u0161tu: Porcel\u00e1nem smaltovan\u00fd ocelov\u00fd grilovac\u00ed ro\u0161tGrilovac\u00ed syst\u00e9m: plyn\" \/>\n<meta property=\"og:url\" content=\"https:\/\/www.domstavpro.com\/index.php\/produkt\/akce-weber-46010079-plynovy-gril-spirit-e210-classic-cerny-8094\/\" \/>\n<meta property=\"og:image\" content=\"https:\/\/www.domstavpro.com\/wp-content\/uploads\/2026\/SK0029912-CZ20260425-092328-0-1777080210-snimek-obrazovky-2023-08-21-122156.webp\" \/>\n\t<meta property=\"og:image:width\" content=\"258\" \/>\n\t<meta property=\"og:image:height\" content=\"249\" \/>\n\t<meta property=\"og:image:type\" content=\"image\/webp\" \/>\n<meta name=\"twitter:card\" content=\"summary_large_image\" \/>\n<script type=\"application\/ld+json\" class=\"yoast-schema-graph\">{\"@context\":\"https:\/\/schema.org\",\"@graph\":[{\"@type\":\"WebPage\",\"@id\":\"https:\/\/www.domstavpro.com\/index.php\/produkt\/akce-weber-46010079-plynovy-gril-spirit-e210-classic-cerny-8094\/\",\"url\":\"https:\/\/www.domstavpro.com\/index.php\/produkt\/akce-weber-46010079-plynovy-gril-spirit-e210-classic-cerny-8094\/\",\"name\":\"Akce Weber 46010079 plynov\u00fd gril Spirit E210 Classic \u010dern\u00fd -\",\"isPartOf\":{\"@id\":\"https:\/\/www.domstavpro.com\/#website\"},\"primaryImageOfPage\":{\"@id\":\"https:\/\/www.domstavpro.com\/index.php\/produkt\/akce-weber-46010079-plynovy-gril-spirit-e210-classic-cerny-8094\/#primaryimage\"},\"image\":{\"@id\":\"https:\/\/www.domstavpro.com\/index.php\/produkt\/akce-weber-46010079-plynovy-gril-spirit-e210-classic-cerny-8094\/#primaryimage\"},\"thumbnailUrl\":\"https:\/\/www.domstavpro.com\/wp-content\/uploads\/2026\/SK0029912-CZ20260425-092328-0-1777080210-snimek-obrazovky-2023-08-21-122156.webp\",\"datePublished\":\"2026-04-27T15:08:12+00:00\",\"breadcrumb\":{\"@id\":\"https:\/\/www.domstavpro.com\/index.php\/produkt\/akce-weber-46010079-plynovy-gril-spirit-e210-classic-cerny-8094\/#breadcrumb\"},\"inLanguage\":\"cs\",\"potentialAction\":[{\"@type\":\"ReadAction\",\"target\":[\"https:\/\/www.domstavpro.com\/index.php\/produkt\/akce-weber-46010079-plynovy-gril-spirit-e210-classic-cerny-8094\/\"]}]},{\"@type\":\"ImageObject\",\"inLanguage\":\"cs\",\"@id\":\"https:\/\/www.domstavpro.com\/index.php\/produkt\/akce-weber-46010079-plynovy-gril-spirit-e210-classic-cerny-8094\/#primaryimage\",\"url\":\"https:\/\/www.domstavpro.com\/wp-content\/uploads\/2026\/SK0029912-CZ20260425-092328-0-1777080210-snimek-obrazovky-2023-08-21-122156.webp\",\"contentUrl\":\"https:\/\/www.domstavpro.com\/wp-content\/uploads\/2026\/SK0029912-CZ20260425-092328-0-1777080210-snimek-obrazovky-2023-08-21-122156.webp\",\"width\":258,\"height\":249},{\"@type\":\"BreadcrumbList\",\"@id\":\"https:\/\/www.domstavpro.com\/index.php\/produkt\/akce-weber-46010079-plynovy-gril-spirit-e210-classic-cerny-8094\/#breadcrumb\",\"itemListElement\":[{\"@type\":\"ListItem\",\"position\":1,\"name\":\"Home\",\"item\":\"https:\/\/www.domstavpro.com\/\"},{\"@type\":\"ListItem\",\"position\":2,\"name\":\"Products\",\"item\":\"https:\/\/www.domstavpro.com\/index.php\/products\/\"},{\"@type\":\"ListItem\",\"position\":3,\"name\":\"Akce Weber 46010079 plynov\u00fd gril Spirit E210 Classic \u010dern\u00fd\"}]},{\"@type\":\"WebSite\",\"@id\":\"https:\/\/www.domstavpro.com\/#website\",\"url\":\"https:\/\/www.domstavpro.com\/\",\"name\":\"\",\"description\":\"\",\"potentialAction\":[{\"@type\":\"SearchAction\",\"target\":{\"@type\":\"EntryPoint\",\"urlTemplate\":\"https:\/\/www.domstavpro.com\/?s={search_term_string}\"},\"query-input\":{\"@type\":\"PropertyValueSpecification\",\"valueRequired\":true,\"valueName\":\"search_term_string\"}}],\"inLanguage\":\"cs\"}]}<\/script>\n<!-- \/ Yoast SEO plugin. -->","yoast_head_json":{"title":"Akce Weber 46010079 plynov\u00fd gril Spirit E210 Classic \u010dern\u00fd -","robots":{"index":"index","follow":"follow","max-snippet":"max-snippet:-1","max-image-preview":"max-image-preview:large","max-video-preview":"max-video-preview:-1"},"canonical":"https:\/\/www.domstavpro.com\/index.php\/produkt\/akce-weber-46010079-plynovy-gril-spirit-e210-classic-cerny-8094\/","og_locale":"cs_CZ","og_type":"article","og_title":"Akce Weber 46010079 plynov\u00fd gril Spirit E210 Classic \u010dern\u00fd -","og_description":"Pracovn\u00ed v\u00fd\u0161ka: 112 cmPo\u010det ho\u0159\u00e1k\u016f: 2 nerezov\u00e9 ho\u0159\u00e1kyGrilovac\u00ed plocha: 64 x 58,6 cmCelkov\u00e9 rozm\u011bry d\/\u0161\/v: 160 x 127 x 81,3 cmDal\u0161\u00ed vlastnosti produktu: piezo zapalov\u00e1n\u00ed, plynule nastaviteln\u00fd ventil ho\u0159\u00e1ku, porcel\u00e1nov\u00e1 smaltovan\u00e1 m\u00edsa a v\u00edkoJmenovit\u00fd v\u00fdkon: 7,8 kWZp\u016fsob va\u0159en\u00ed: p\u0159\u00edm\u00e9\/nep\u0159\u00edm\u00e9 grilov\u00e1n\u00edHmotnost: 41 kgMateri\u00e1l grilovac\u00edho ro\u0161tu: Porcel\u00e1nem smaltovan\u00fd ocelov\u00fd grilovac\u00ed ro\u0161tGrilovac\u00ed syst\u00e9m: plyn","og_url":"https:\/\/www.domstavpro.com\/index.php\/produkt\/akce-weber-46010079-plynovy-gril-spirit-e210-classic-cerny-8094\/","og_image":[{"width":258,"height":249,"url":"https:\/\/www.domstavpro.com\/wp-content\/uploads\/2026\/SK0029912-CZ20260425-092328-0-1777080210-snimek-obrazovky-2023-08-21-122156.webp","type":"image\/webp"}],"twitter_card":"summary_large_image","schema":{"@context":"https:\/\/schema.org","@graph":[{"@type":"WebPage","@id":"https:\/\/www.domstavpro.com\/index.php\/produkt\/akce-weber-46010079-plynovy-gril-spirit-e210-classic-cerny-8094\/","url":"https:\/\/www.domstavpro.com\/index.php\/produkt\/akce-weber-46010079-plynovy-gril-spirit-e210-classic-cerny-8094\/","name":"Akce Weber 46010079 plynov\u00fd gril Spirit E210 Classic \u010dern\u00fd -","isPartOf":{"@id":"https:\/\/www.domstavpro.com\/#website"},"primaryImageOfPage":{"@id":"https:\/\/www.domstavpro.com\/index.php\/produkt\/akce-weber-46010079-plynovy-gril-spirit-e210-classic-cerny-8094\/#primaryimage"},"image":{"@id":"https:\/\/www.domstavpro.com\/index.php\/produkt\/akce-weber-46010079-plynovy-gril-spirit-e210-classic-cerny-8094\/#primaryimage"},"thumbnailUrl":"https:\/\/www.domstavpro.com\/wp-content\/uploads\/2026\/SK0029912-CZ20260425-092328-0-1777080210-snimek-obrazovky-2023-08-21-122156.webp","datePublished":"2026-04-27T15:08:12+00:00","breadcrumb":{"@id":"https:\/\/www.domstavpro.com\/index.php\/produkt\/akce-weber-46010079-plynovy-gril-spirit-e210-classic-cerny-8094\/#breadcrumb"},"inLanguage":"cs","potentialAction":[{"@type":"ReadAction","target":["https:\/\/www.domstavpro.com\/index.php\/produkt\/akce-weber-46010079-plynovy-gril-spirit-e210-classic-cerny-8094\/"]}]},{"@type":"ImageObject","inLanguage":"cs","@id":"https:\/\/www.domstavpro.com\/index.php\/produkt\/akce-weber-46010079-plynovy-gril-spirit-e210-classic-cerny-8094\/#primaryimage","url":"https:\/\/www.domstavpro.com\/wp-content\/uploads\/2026\/SK0029912-CZ20260425-092328-0-1777080210-snimek-obrazovky-2023-08-21-122156.webp","contentUrl":"https:\/\/www.domstavpro.com\/wp-content\/uploads\/2026\/SK0029912-CZ20260425-092328-0-1777080210-snimek-obrazovky-2023-08-21-122156.webp","width":258,"height":249},{"@type":"BreadcrumbList","@id":"https:\/\/www.domstavpro.com\/index.php\/produkt\/akce-weber-46010079-plynovy-gril-spirit-e210-classic-cerny-8094\/#breadcrumb","itemListElement":[{"@type":"ListItem","position":1,"name":"Home","item":"https:\/\/www.domstavpro.com\/"},{"@type":"ListItem","position":2,"name":"Products","item":"https:\/\/www.domstavpro.com\/index.php\/products\/"},{"@type":"ListItem","position":3,"name":"Akce Weber 46010079 plynov\u00fd gril Spirit E210 Classic \u010dern\u00fd"}]},{"@type":"WebSite","@id":"https:\/\/www.domstavpro.com\/#website","url":"https:\/\/www.domstavpro.com\/","name":"","description":"","potentialAction":[{"@type":"SearchAction","target":{"@type":"EntryPoint","urlTemplate":"https:\/\/www.domstavpro.com\/?s={search_term_string}"},"query-input":{"@type":"PropertyValueSpecification","valueRequired":true,"valueName":"search_term_string"}}],"inLanguage":"cs"}]}},"_links":{"self":[{"href":"https:\/\/www.domstavpro.com\/index.php\/wp-json\/wp\/v2\/product\/8094","targetHints":{"allow":["GET"]}}],"collection":[{"href":"https:\/\/www.domstavpro.com\/index.php\/wp-json\/wp\/v2\/product"}],"about":[{"href":"https:\/\/www.domstavpro.com\/index.php\/wp-json\/wp\/v2\/types\/product"}],"replies":[{"embeddable":true,"href":"https:\/\/www.domstavpro.com\/index.php\/wp-json\/wp\/v2\/comments?post=8094"}],"wp:featuredmedia":[{"embeddable":true,"href":"https:\/\/www.domstavpro.com\/index.php\/wp-json\/wp\/v2\/media\/8194"}],"wp:attachment":[{"href":"https:\/\/www.domstavpro.com\/index.php\/wp-json\/wp\/v2\/media?parent=8094"}],"wp:term":[{"taxonomy":"product_brand","embeddable":true,"href":"https:\/\/www.domstavpro.com\/index.php\/wp-json\/wp\/v2\/product_brand?post=8094"},{"taxonomy":"product_cat","embeddable":true,"href":"https:\/\/www.domstavpro.com\/index.php\/wp-json\/wp\/v2\/product_cat?post=8094"},{"taxonomy":"product_tag","embeddable":true,"href":"https:\/\/www.domstavpro.com\/index.php\/wp-json\/wp\/v2\/product_tag?post=8094"}],"curies":[{"name":"wp","href":"https:\/\/api.w.org\/{rel}","templated":true}]}}