{"id":7781,"date":"2026-04-27T15:08:11","date_gmt":"2026-04-27T15:08:11","guid":{"rendered":""},"modified":"2026-04-27T15:08:11","modified_gmt":"2026-04-27T15:08:11","slug":"akce-metabo-w-18-7-125-aku-uhlova-bruska-bez-aku-mb-7781","status":"publish","type":"product","link":"https:\/\/www.domstavpro.com\/index.php\/produkt\/akce-metabo-w-18-7-125-aku-uhlova-bruska-bez-aku-mb-7781\/","title":{"rendered":"Akce Metabo W 18 7-125 aku \u00fahlov\u00e1 bruska, bez aku mB"},"content":{"rendered":"<table>\n<div class=\"tab-pane active product-description\" id=\"popis\" role=\"tabpanel\">\n<div class=\"short-description\" itemprop=\"description\"><\/div>\n<div class=\"description\"><span class='bullet-line'>Robustn\u00ed akumul\u00e1torov\u00e1 \u00fahlov\u00e1 bruska se siln\u00fdm motorem a \u0161t\u00edhlou konstrukc\u00ed pro univerz\u00e1ln\u00ed pou\u017eit\u00ed<br \/><\/span><span class='bullet-line'>Ochrana proti p\u0159et\u00ed\u017een\u00ed: Chr\u00e1n\u00ed motor p\u0159ed p\u0159eh\u0159\u00e1t\u00edm<br \/><\/span><span class='bullet-line'>Elektronick\u00fd pozvoln\u00fd rozb\u011bh pro plynul\u00e9 rozb\u011bhnut\u00ed<br \/><\/span><span class='bullet-line'>Ochrana proti op\u011btovn\u00e9mu spu\u0161t\u011bn\u00ed: Zamezuje\u00a0ne\u00famysln\u00e9mu rozb\u011bhu po v\u00fdm\u011bn\u011b akumul\u00e1toru<br \/><\/span><span class='bullet-line'>S metaBOXem, inteligentn\u00edm \u0159e\u0161en\u00edm pro p\u0159epravu a skladov\u00e1n\u00ed<br \/><\/span><span class='bullet-line'>Mnoho zna\u010dek, jeden syst\u00e9m akumul\u00e1tor\u016f: Tento produkt lze kombinovat se v\u0161emi 18V akumul\u00e1torov\u00fdmi \u010dl\u00e1nky a nab\u00edje\u010dkami zna\u010dek CAS: www.cordless-alliance-system.com<br \/><\/span><br \/>\u25ba Rozsah dod\u00e1vky<span class='bullet-line'>ochrann\u00fd kryt<br \/><\/span><span class='bullet-line'>op\u011brn\u00e1 p\u0159\u00edruba<br \/><\/span><span class='bullet-line'>Matice se dv\u011bma otvory<br \/><\/span><span class='bullet-line'>p\u0159\u00eddavn\u00e1 rukoje\u0165<br \/><\/span><span class='bullet-line'>kl\u00ed\u010d se dv\u011bma \u010depy<br \/><\/span><span class='bullet-line'>metaBOX 165 L<br \/><\/span><span class='bullet-line'>bez akumul\u00e1torov\u00e9ho \u010dl\u00e1nku, bez nab\u00edje\u010dky<\/span><\/div>\n<div class=\"parameters\">\n<tr>\n<td>Nap\u011bt\u00ed akumul\u00e1toru<\/td>\n<td>18 V<\/td>\n<\/tr>\n<tr>\n<td>\u00d8 kotou\u010de<\/td>\n<td>125 mm<\/td>\n<\/tr>\n<tr>\n<td>Max. hloubka \u0159ezu<\/td>\n<td>34 mm<\/td>\n<\/tr>\n<tr>\n<td>Po\u010det ot\u00e1\u010dek p\u0159i volnob\u011bhu<\/td>\n<td>8500 \/min<\/td>\n<\/tr>\n<tr>\n<td>Z\u00e1vity v\u0159etena<\/td>\n<td>M 14<\/td>\n<\/tr>\n<tr>\n<td>Obvod rukojeti<\/td>\n<td>191 mm<\/td>\n<\/tr>\n<tr>\n<td>Hmotnost bez akumul\u00e1torov\u00e9ho \u010dl\u00e1nku<\/td>\n<td>1.6 kg<\/td>\n<\/tr>\n<tr>\n<td>Hmotnost v\u010d. akumul\u00e1torov\u00e9ho \u010dl\u00e1nku<\/td>\n<td>2.2 kg<\/td>\n<\/tr>\n<tr>\n<td>Vibrace<\/td>\n<td><\/td>\n<\/tr>\n<tr>\n<td>Brou\u0161en\u00ed povrchu<\/td>\n<td>5 m\/s\u00b2<\/td>\n<\/tr>\n<tr>\n<td>Nejistota m\u011b\u0159en\u00ed K<\/td>\n<td>1.5 m\/s\u00b2<\/td>\n<\/tr>\n<tr>\n<td>Brou\u0161en\u00ed brusn\u00fdm listem<\/td>\n<td>2.5 m\/s\u00b2<\/td>\n<\/tr>\n<tr>\n<td>Nejistota m\u011b\u0159en\u00ed K<\/td>\n<td>1.5 m\/s\u00b2<\/td>\n<\/tr>\n<tr>\n<td>Hlukov\u00e9 emise<\/td>\n<td><\/td>\n<\/tr>\n<tr>\n<td>Hladina akustick\u00e9ho tlaku<\/td>\n<td>86 dB(A)<\/td>\n<\/tr>\n<tr>\n<td>Hladina akustick\u00e9ho v\u00fdkonu (LwA)<\/td>\n<td>97 dB(A)<\/td>\n<\/tr>\n<tr>\n<td>Nejistota m\u011b\u0159en\u00ed K<\/td>\n<td>3 dB(A)<\/td>\n<\/tr><\/div>\n<\/table>\n","protected":false},"excerpt":{"rendered":"<p>Robustn\u00ed akumul\u00e1torov\u00e1 \u00fahlov\u00e1 bruska se siln\u00fdm motorem a \u0161t\u00edhlou konstrukc\u00ed pro univerz\u00e1ln\u00ed pou\u017eit\u00edOchrana proti p\u0159et\u00ed\u017een\u00ed: Chr\u00e1n\u00ed motor p\u0159ed p\u0159eh\u0159\u00e1t\u00edmElektronick\u00fd pozvoln\u00fd rozb\u011bh pro plynul\u00e9 rozb\u011bhnut\u00edOchrana proti op\u011btovn\u00e9mu spu\u0161t\u011bn\u00ed: Zamezuje\u00a0ne\u00famysln\u00e9mu rozb\u011bhu po v\u00fdm\u011bn\u011b akumul\u00e1toruS metaBOXem, inteligentn\u00edm \u0159e\u0161en\u00edm pro p\u0159epravu a skladov\u00e1n\u00edMnoho zna\u010dek, jeden syst\u00e9m akumul\u00e1tor\u016f: Tento produkt lze kombinovat se v\u0161emi 18V akumul\u00e1torov\u00fdmi \u010dl\u00e1nky a nab\u00edje\u010dkami zna\u010dek [&hellip;]<\/p>\n","protected":false},"featured_media":7881,"comment_status":"open","ping_status":"open","template":"","meta":[],"product_brand":[],"product_cat":[38],"product_tag":[],"class_list":{"0":"post-7781","1":"product","2":"type-product","3":"status-publish","4":"has-post-thumbnail","6":"product_cat-naradi","8":"first","9":"instock","10":"sale","11":"shipping-taxable","12":"purchasable","13":"product-type-simple"},"yoast_head":"<!-- This site is optimized with the Yoast SEO plugin v26.8 - https:\/\/yoast.com\/product\/yoast-seo-wordpress\/ -->\n<title>Akce Metabo W 18 7-125 aku \u00fahlov\u00e1 bruska, bez aku mB -<\/title>\n<meta name=\"robots\" content=\"index, follow, max-snippet:-1, max-image-preview:large, max-video-preview:-1\" \/>\n<link rel=\"canonical\" href=\"https:\/\/www.domstavpro.com\/index.php\/produkt\/akce-metabo-w-18-7-125-aku-uhlova-bruska-bez-aku-mb-7781\/\" \/>\n<meta property=\"og:locale\" content=\"cs_CZ\" \/>\n<meta property=\"og:type\" content=\"article\" \/>\n<meta property=\"og:title\" content=\"Akce Metabo W 18 7-125 aku \u00fahlov\u00e1 bruska, bez aku mB -\" \/>\n<meta property=\"og:description\" content=\"Robustn\u00ed akumul\u00e1torov\u00e1 \u00fahlov\u00e1 bruska se siln\u00fdm motorem a \u0161t\u00edhlou konstrukc\u00ed pro univerz\u00e1ln\u00ed pou\u017eit\u00edOchrana proti p\u0159et\u00ed\u017een\u00ed: Chr\u00e1n\u00ed motor p\u0159ed p\u0159eh\u0159\u00e1t\u00edmElektronick\u00fd pozvoln\u00fd rozb\u011bh pro plynul\u00e9 rozb\u011bhnut\u00edOchrana proti op\u011btovn\u00e9mu spu\u0161t\u011bn\u00ed: Zamezuje\u00a0ne\u00famysln\u00e9mu rozb\u011bhu po v\u00fdm\u011bn\u011b akumul\u00e1toruS metaBOXem, inteligentn\u00edm \u0159e\u0161en\u00edm pro p\u0159epravu a skladov\u00e1n\u00edMnoho zna\u010dek, jeden syst\u00e9m akumul\u00e1tor\u016f: Tento produkt lze kombinovat se v\u0161emi 18V akumul\u00e1torov\u00fdmi \u010dl\u00e1nky a nab\u00edje\u010dkami zna\u010dek [&hellip;]\" \/>\n<meta property=\"og:url\" content=\"https:\/\/www.domstavpro.com\/index.php\/produkt\/akce-metabo-w-18-7-125-aku-uhlova-bruska-bez-aku-mb-7781\/\" \/>\n<meta property=\"og:image\" content=\"https:\/\/www.domstavpro.com\/wp-content\/uploads\/2026\/SK0029795-CZ20260425-092328-0-1777080210-snimek-obrazovky-2023-08-14-105631.webp\" \/>\n\t<meta property=\"og:image:width\" content=\"690\" \/>\n\t<meta property=\"og:image:height\" content=\"480\" \/>\n\t<meta property=\"og:image:type\" content=\"image\/webp\" \/>\n<meta name=\"twitter:card\" content=\"summary_large_image\" \/>\n<meta name=\"twitter:label1\" content=\"Odhadovan\u00e1 doba \u010dten\u00ed\" \/>\n\t<meta name=\"twitter:data1\" content=\"1 minuta\" \/>\n<script type=\"application\/ld+json\" class=\"yoast-schema-graph\">{\"@context\":\"https:\/\/schema.org\",\"@graph\":[{\"@type\":\"WebPage\",\"@id\":\"https:\/\/www.domstavpro.com\/index.php\/produkt\/akce-metabo-w-18-7-125-aku-uhlova-bruska-bez-aku-mb-7781\/\",\"url\":\"https:\/\/www.domstavpro.com\/index.php\/produkt\/akce-metabo-w-18-7-125-aku-uhlova-bruska-bez-aku-mb-7781\/\",\"name\":\"Akce Metabo W 18 7-125 aku \u00fahlov\u00e1 bruska, bez aku mB -\",\"isPartOf\":{\"@id\":\"https:\/\/www.domstavpro.com\/#website\"},\"primaryImageOfPage\":{\"@id\":\"https:\/\/www.domstavpro.com\/index.php\/produkt\/akce-metabo-w-18-7-125-aku-uhlova-bruska-bez-aku-mb-7781\/#primaryimage\"},\"image\":{\"@id\":\"https:\/\/www.domstavpro.com\/index.php\/produkt\/akce-metabo-w-18-7-125-aku-uhlova-bruska-bez-aku-mb-7781\/#primaryimage\"},\"thumbnailUrl\":\"https:\/\/www.domstavpro.com\/wp-content\/uploads\/2026\/SK0029795-CZ20260425-092328-0-1777080210-snimek-obrazovky-2023-08-14-105631.webp\",\"datePublished\":\"2026-04-27T15:08:11+00:00\",\"breadcrumb\":{\"@id\":\"https:\/\/www.domstavpro.com\/index.php\/produkt\/akce-metabo-w-18-7-125-aku-uhlova-bruska-bez-aku-mb-7781\/#breadcrumb\"},\"inLanguage\":\"cs\",\"potentialAction\":[{\"@type\":\"ReadAction\",\"target\":[\"https:\/\/www.domstavpro.com\/index.php\/produkt\/akce-metabo-w-18-7-125-aku-uhlova-bruska-bez-aku-mb-7781\/\"]}]},{\"@type\":\"ImageObject\",\"inLanguage\":\"cs\",\"@id\":\"https:\/\/www.domstavpro.com\/index.php\/produkt\/akce-metabo-w-18-7-125-aku-uhlova-bruska-bez-aku-mb-7781\/#primaryimage\",\"url\":\"https:\/\/www.domstavpro.com\/wp-content\/uploads\/2026\/SK0029795-CZ20260425-092328-0-1777080210-snimek-obrazovky-2023-08-14-105631.webp\",\"contentUrl\":\"https:\/\/www.domstavpro.com\/wp-content\/uploads\/2026\/SK0029795-CZ20260425-092328-0-1777080210-snimek-obrazovky-2023-08-14-105631.webp\",\"width\":690,\"height\":480},{\"@type\":\"BreadcrumbList\",\"@id\":\"https:\/\/www.domstavpro.com\/index.php\/produkt\/akce-metabo-w-18-7-125-aku-uhlova-bruska-bez-aku-mb-7781\/#breadcrumb\",\"itemListElement\":[{\"@type\":\"ListItem\",\"position\":1,\"name\":\"Home\",\"item\":\"https:\/\/www.domstavpro.com\/\"},{\"@type\":\"ListItem\",\"position\":2,\"name\":\"Products\",\"item\":\"https:\/\/www.domstavpro.com\/index.php\/products\/\"},{\"@type\":\"ListItem\",\"position\":3,\"name\":\"Akce Metabo W 18 7-125 aku \u00fahlov\u00e1 bruska, bez aku mB\"}]},{\"@type\":\"WebSite\",\"@id\":\"https:\/\/www.domstavpro.com\/#website\",\"url\":\"https:\/\/www.domstavpro.com\/\",\"name\":\"\",\"description\":\"\",\"potentialAction\":[{\"@type\":\"SearchAction\",\"target\":{\"@type\":\"EntryPoint\",\"urlTemplate\":\"https:\/\/www.domstavpro.com\/?s={search_term_string}\"},\"query-input\":{\"@type\":\"PropertyValueSpecification\",\"valueRequired\":true,\"valueName\":\"search_term_string\"}}],\"inLanguage\":\"cs\"}]}<\/script>\n<!-- \/ Yoast SEO plugin. -->","yoast_head_json":{"title":"Akce Metabo W 18 7-125 aku \u00fahlov\u00e1 bruska, bez aku mB -","robots":{"index":"index","follow":"follow","max-snippet":"max-snippet:-1","max-image-preview":"max-image-preview:large","max-video-preview":"max-video-preview:-1"},"canonical":"https:\/\/www.domstavpro.com\/index.php\/produkt\/akce-metabo-w-18-7-125-aku-uhlova-bruska-bez-aku-mb-7781\/","og_locale":"cs_CZ","og_type":"article","og_title":"Akce Metabo W 18 7-125 aku \u00fahlov\u00e1 bruska, bez aku mB -","og_description":"Robustn\u00ed akumul\u00e1torov\u00e1 \u00fahlov\u00e1 bruska se siln\u00fdm motorem a \u0161t\u00edhlou konstrukc\u00ed pro univerz\u00e1ln\u00ed pou\u017eit\u00edOchrana proti p\u0159et\u00ed\u017een\u00ed: Chr\u00e1n\u00ed motor p\u0159ed p\u0159eh\u0159\u00e1t\u00edmElektronick\u00fd pozvoln\u00fd rozb\u011bh pro plynul\u00e9 rozb\u011bhnut\u00edOchrana proti op\u011btovn\u00e9mu spu\u0161t\u011bn\u00ed: Zamezuje\u00a0ne\u00famysln\u00e9mu rozb\u011bhu po v\u00fdm\u011bn\u011b akumul\u00e1toruS metaBOXem, inteligentn\u00edm \u0159e\u0161en\u00edm pro p\u0159epravu a skladov\u00e1n\u00edMnoho zna\u010dek, jeden syst\u00e9m akumul\u00e1tor\u016f: Tento produkt lze kombinovat se v\u0161emi 18V akumul\u00e1torov\u00fdmi \u010dl\u00e1nky a nab\u00edje\u010dkami zna\u010dek [&hellip;]","og_url":"https:\/\/www.domstavpro.com\/index.php\/produkt\/akce-metabo-w-18-7-125-aku-uhlova-bruska-bez-aku-mb-7781\/","og_image":[{"width":690,"height":480,"url":"https:\/\/www.domstavpro.com\/wp-content\/uploads\/2026\/SK0029795-CZ20260425-092328-0-1777080210-snimek-obrazovky-2023-08-14-105631.webp","type":"image\/webp"}],"twitter_card":"summary_large_image","twitter_misc":{"Odhadovan\u00e1 doba \u010dten\u00ed":"1 minuta"},"schema":{"@context":"https:\/\/schema.org","@graph":[{"@type":"WebPage","@id":"https:\/\/www.domstavpro.com\/index.php\/produkt\/akce-metabo-w-18-7-125-aku-uhlova-bruska-bez-aku-mb-7781\/","url":"https:\/\/www.domstavpro.com\/index.php\/produkt\/akce-metabo-w-18-7-125-aku-uhlova-bruska-bez-aku-mb-7781\/","name":"Akce Metabo W 18 7-125 aku \u00fahlov\u00e1 bruska, bez aku mB -","isPartOf":{"@id":"https:\/\/www.domstavpro.com\/#website"},"primaryImageOfPage":{"@id":"https:\/\/www.domstavpro.com\/index.php\/produkt\/akce-metabo-w-18-7-125-aku-uhlova-bruska-bez-aku-mb-7781\/#primaryimage"},"image":{"@id":"https:\/\/www.domstavpro.com\/index.php\/produkt\/akce-metabo-w-18-7-125-aku-uhlova-bruska-bez-aku-mb-7781\/#primaryimage"},"thumbnailUrl":"https:\/\/www.domstavpro.com\/wp-content\/uploads\/2026\/SK0029795-CZ20260425-092328-0-1777080210-snimek-obrazovky-2023-08-14-105631.webp","datePublished":"2026-04-27T15:08:11+00:00","breadcrumb":{"@id":"https:\/\/www.domstavpro.com\/index.php\/produkt\/akce-metabo-w-18-7-125-aku-uhlova-bruska-bez-aku-mb-7781\/#breadcrumb"},"inLanguage":"cs","potentialAction":[{"@type":"ReadAction","target":["https:\/\/www.domstavpro.com\/index.php\/produkt\/akce-metabo-w-18-7-125-aku-uhlova-bruska-bez-aku-mb-7781\/"]}]},{"@type":"ImageObject","inLanguage":"cs","@id":"https:\/\/www.domstavpro.com\/index.php\/produkt\/akce-metabo-w-18-7-125-aku-uhlova-bruska-bez-aku-mb-7781\/#primaryimage","url":"https:\/\/www.domstavpro.com\/wp-content\/uploads\/2026\/SK0029795-CZ20260425-092328-0-1777080210-snimek-obrazovky-2023-08-14-105631.webp","contentUrl":"https:\/\/www.domstavpro.com\/wp-content\/uploads\/2026\/SK0029795-CZ20260425-092328-0-1777080210-snimek-obrazovky-2023-08-14-105631.webp","width":690,"height":480},{"@type":"BreadcrumbList","@id":"https:\/\/www.domstavpro.com\/index.php\/produkt\/akce-metabo-w-18-7-125-aku-uhlova-bruska-bez-aku-mb-7781\/#breadcrumb","itemListElement":[{"@type":"ListItem","position":1,"name":"Home","item":"https:\/\/www.domstavpro.com\/"},{"@type":"ListItem","position":2,"name":"Products","item":"https:\/\/www.domstavpro.com\/index.php\/products\/"},{"@type":"ListItem","position":3,"name":"Akce Metabo W 18 7-125 aku \u00fahlov\u00e1 bruska, bez aku mB"}]},{"@type":"WebSite","@id":"https:\/\/www.domstavpro.com\/#website","url":"https:\/\/www.domstavpro.com\/","name":"","description":"","potentialAction":[{"@type":"SearchAction","target":{"@type":"EntryPoint","urlTemplate":"https:\/\/www.domstavpro.com\/?s={search_term_string}"},"query-input":{"@type":"PropertyValueSpecification","valueRequired":true,"valueName":"search_term_string"}}],"inLanguage":"cs"}]}},"_links":{"self":[{"href":"https:\/\/www.domstavpro.com\/index.php\/wp-json\/wp\/v2\/product\/7781","targetHints":{"allow":["GET"]}}],"collection":[{"href":"https:\/\/www.domstavpro.com\/index.php\/wp-json\/wp\/v2\/product"}],"about":[{"href":"https:\/\/www.domstavpro.com\/index.php\/wp-json\/wp\/v2\/types\/product"}],"replies":[{"embeddable":true,"href":"https:\/\/www.domstavpro.com\/index.php\/wp-json\/wp\/v2\/comments?post=7781"}],"wp:featuredmedia":[{"embeddable":true,"href":"https:\/\/www.domstavpro.com\/index.php\/wp-json\/wp\/v2\/media\/7881"}],"wp:attachment":[{"href":"https:\/\/www.domstavpro.com\/index.php\/wp-json\/wp\/v2\/media?parent=7781"}],"wp:term":[{"taxonomy":"product_brand","embeddable":true,"href":"https:\/\/www.domstavpro.com\/index.php\/wp-json\/wp\/v2\/product_brand?post=7781"},{"taxonomy":"product_cat","embeddable":true,"href":"https:\/\/www.domstavpro.com\/index.php\/wp-json\/wp\/v2\/product_cat?post=7781"},{"taxonomy":"product_tag","embeddable":true,"href":"https:\/\/www.domstavpro.com\/index.php\/wp-json\/wp\/v2\/product_tag?post=7781"}],"curies":[{"name":"wp","href":"https:\/\/api.w.org\/{rel}","templated":true}]}}