{"id":7556,"date":"2026-04-27T15:08:11","date_gmt":"2026-04-27T15:08:11","guid":{"rendered":""},"modified":"2026-04-27T15:08:11","modified_gmt":"2026-04-27T15:08:11","slug":"makita-ur017gz-aku-krovinorez-li-ion-xgt-40v-bez-aku-z-jen-po-omezenou-doba-7556","status":"publish","type":"product","link":"https:\/\/www.domstavpro.com\/index.php\/produkt\/makita-ur017gz-aku-krovinorez-li-ion-xgt-40v-bez-aku-z-jen-po-omezenou-doba-7556\/","title":{"rendered":"Makita UR017GZ Aku k\u0159ovino\u0159ez Li-ion XGT 40V,bez aku Z Jen Po Omezenou Doba"},"content":{"rendered":"<table>\n<div class=\"tab-pane active product-description\" id=\"popis\" role=\"tabpanel\">\n<div class=\"short-description\" itemprop=\"description\"><\/div>\n<div class=\"description\">\n<p><span class=\"bullet-line\">Lehk\u00fd aku k\u0159ovino\u0159ez srovnateln\u00fd s benzinov\u00fdm strojem s motorem 23 cc<\/span><br \/><span class=\"bullet-line\">Technologie Li-ion XGT 40V umo\u017e\u0148uj\u00edc\u00ed extr\u00e9mn\u00ed zat\u00ed\u017een\u00ed stroje a dlouhou v\u00fddr\u017e na jedno nabit\u00ed akumul\u00e1toru<\/span><br \/><span class=\"bullet-line\">Spolehliv\u00fd bezuhl\u00edkov\u00fd motor umo\u017e\u0148uj\u00edc\u00ed del\u0161\u00ed pou\u017eit\u00ed na jedno nabit\u00ed akumul\u00e1toru<\/span><br \/><span class=\"bullet-line\">Technologie ADT &#8211; automatick\u00e9 elektronick\u00e9 nastaven\u00ed po\u010dtu ot\u00e1\u010dek podle aktu\u00e1ln\u00edch pracovn\u00edch podm\u00ednek<\/span><br \/><span class=\"bullet-line\">Elektronick\u00fd syst\u00e9m AFT vypne motor v p\u0159\u00edpad\u011b n\u00e1hl\u00e9ho poklesu ot\u00e1\u010dek<\/span><br \/><span class=\"bullet-line\">Technologie XPT umo\u017e\u0148uj\u00edc\u00ed pou\u017eit\u00ed v prost\u0159ed\u00ed se zv\u00fd\u0161enou pra\u0161nost\u00ed nebo vlhkost\u00ed<\/span><br \/><span class=\"bullet-line\">Mo\u017enost nastaven\u00ed 3 rychlost\u00ed + p\u0159epnut\u00ed na zp\u011btn\u00fd chod pro o\u010di\u0161t\u011bn\u00ed n\u00e1stroje<\/span><br \/><span class=\"bullet-line\">N\u00edzk\u00e1 hmotnost, dokonal\u00e9 vyv\u00e1\u017een\u00ed<\/span><br \/><span class=\"bullet-line\">Tich\u00fd chod a n\u00edzk\u00e9 vibrace<\/span><br \/><span class=\"bullet-line\">Dod\u00e1vka bez akumul\u00e1toru a nab\u00edje\u010dky<\/span><\/p>\n<p>\u27a4 P\u0159\u00edslu\u0161enstv\u00ed<span class=\"bullet-line\">Hlava s plastov\u00fdmi no\u017ei (198383-1)<\/span><br \/><span class=\"bullet-line\">Univerz\u00e1ln\u00ed kryt n\u00e1stroje (412969-0)<\/span><br \/><span class=\"bullet-line\">N\u00e1stavec krytu pro strunovou hlavu (140X35-4)<\/span><br \/><span class=\"bullet-line\">Popruh (122D94-0)<\/span><br \/><span class=\"bullet-line\">Mont\u00e1\u017en\u00ed kl\u00ed\u010d (783013-3)<\/span><br \/><span class=\"bullet-line\">Inbusov\u00fd kl\u00ed\u010d 4 mm (783202-0)<\/span><br \/><span class=\"bullet-line\">Ta\u0161ka na n\u00e1\u0159ad\u00ed (831304-7)<\/span><\/p>\n<\/div>\n<div class=\"parameters\">\n<tr>\n<td>Akumul\u00e1tor<\/td>\n<td>Li-ion 40V<\/td>\n<\/tr>\n<tr>\n<td>V\u00fdkon<\/td>\n<td>530 W<\/td>\n<\/tr>\n<tr>\n<td>Ot\u00e1\u010dky napr\u00e1zdno<\/td>\n<td>3.500 \/ 5.300 \/ 6.500 min-1<\/td>\n<\/tr>\n<tr>\n<td>Velikost v\u0159etene<\/td>\n<td>M10 x 1,25LH<\/td>\n<\/tr>\n<tr>\n<td>Hmotnost<\/td>\n<td>3,5 \/ 4,5 kg<\/td>\n<\/tr>\n<tr>\n<td>Rozm\u011bry (Dx\u0160xV)<\/td>\n<td>1.874 x 362 x 265 mm<\/td>\n<\/tr><\/div>\n<\/table>\n","protected":false},"excerpt":{"rendered":"<p>Lehk\u00fd aku k\u0159ovino\u0159ez srovnateln\u00fd s benzinov\u00fdm strojem s motorem 23 ccTechnologie Li-ion XGT 40V umo\u017e\u0148uj\u00edc\u00ed extr\u00e9mn\u00ed zat\u00ed\u017een\u00ed stroje a dlouhou v\u00fddr\u017e na jedno nabit\u00ed akumul\u00e1toruSpolehliv\u00fd bezuhl\u00edkov\u00fd motor umo\u017e\u0148uj\u00edc\u00ed del\u0161\u00ed pou\u017eit\u00ed na jedno nabit\u00ed akumul\u00e1toruTechnologie ADT &#8211; automatick\u00e9 elektronick\u00e9 nastaven\u00ed po\u010dtu ot\u00e1\u010dek podle aktu\u00e1ln\u00edch pracovn\u00edch podm\u00ednekElektronick\u00fd syst\u00e9m AFT vypne motor v p\u0159\u00edpad\u011b n\u00e1hl\u00e9ho poklesu ot\u00e1\u010dekTechnologie XPT [&hellip;]<\/p>\n","protected":false},"featured_media":7656,"comment_status":"open","ping_status":"open","template":"","meta":[],"product_brand":[],"product_cat":[42],"product_tag":[],"class_list":{"0":"post-7556","1":"product","2":"type-product","3":"status-publish","4":"has-post-thumbnail","6":"product_cat-novinky","8":"first","9":"instock","10":"sale","11":"shipping-taxable","12":"purchasable","13":"product-type-simple"},"yoast_head":"<!-- This site is optimized with the Yoast SEO plugin v26.8 - https:\/\/yoast.com\/product\/yoast-seo-wordpress\/ -->\n<title>Makita UR017GZ Aku k\u0159ovino\u0159ez Li-ion XGT 40V,bez aku Z Jen Po Omezenou Doba -<\/title>\n<meta name=\"robots\" content=\"index, follow, max-snippet:-1, max-image-preview:large, max-video-preview:-1\" \/>\n<link rel=\"canonical\" href=\"https:\/\/www.domstavpro.com\/index.php\/produkt\/makita-ur017gz-aku-krovinorez-li-ion-xgt-40v-bez-aku-z-jen-po-omezenou-doba-7556\/\" \/>\n<meta property=\"og:locale\" content=\"cs_CZ\" \/>\n<meta property=\"og:type\" content=\"article\" \/>\n<meta property=\"og:title\" content=\"Makita UR017GZ Aku k\u0159ovino\u0159ez Li-ion XGT 40V,bez aku Z Jen Po Omezenou Doba -\" \/>\n<meta property=\"og:description\" content=\"Lehk\u00fd aku k\u0159ovino\u0159ez srovnateln\u00fd s benzinov\u00fdm strojem s motorem 23 ccTechnologie Li-ion XGT 40V umo\u017e\u0148uj\u00edc\u00ed extr\u00e9mn\u00ed zat\u00ed\u017een\u00ed stroje a dlouhou v\u00fddr\u017e na jedno nabit\u00ed akumul\u00e1toruSpolehliv\u00fd bezuhl\u00edkov\u00fd motor umo\u017e\u0148uj\u00edc\u00ed del\u0161\u00ed pou\u017eit\u00ed na jedno nabit\u00ed akumul\u00e1toruTechnologie ADT &#8211; automatick\u00e9 elektronick\u00e9 nastaven\u00ed po\u010dtu ot\u00e1\u010dek podle aktu\u00e1ln\u00edch pracovn\u00edch podm\u00ednekElektronick\u00fd syst\u00e9m AFT vypne motor v p\u0159\u00edpad\u011b n\u00e1hl\u00e9ho poklesu ot\u00e1\u010dekTechnologie XPT [&hellip;]\" \/>\n<meta property=\"og:url\" content=\"https:\/\/www.domstavpro.com\/index.php\/produkt\/makita-ur017gz-aku-krovinorez-li-ion-xgt-40v-bez-aku-z-jen-po-omezenou-doba-7556\/\" \/>\n<meta property=\"og:image\" content=\"https:\/\/www.domstavpro.com\/wp-content\/uploads\/2026\/SK0029571-CZ20260425-092328-0-1777080210-1254025-1_131247.webp\" \/>\n\t<meta property=\"og:image:width\" content=\"800\" \/>\n\t<meta property=\"og:image:height\" content=\"800\" \/>\n\t<meta property=\"og:image:type\" content=\"image\/webp\" \/>\n<meta name=\"twitter:card\" content=\"summary_large_image\" \/>\n<meta name=\"twitter:label1\" content=\"Odhadovan\u00e1 doba \u010dten\u00ed\" \/>\n\t<meta name=\"twitter:data1\" content=\"1 minuta\" \/>\n<script type=\"application\/ld+json\" class=\"yoast-schema-graph\">{\"@context\":\"https:\/\/schema.org\",\"@graph\":[{\"@type\":\"WebPage\",\"@id\":\"https:\/\/www.domstavpro.com\/index.php\/produkt\/makita-ur017gz-aku-krovinorez-li-ion-xgt-40v-bez-aku-z-jen-po-omezenou-doba-7556\/\",\"url\":\"https:\/\/www.domstavpro.com\/index.php\/produkt\/makita-ur017gz-aku-krovinorez-li-ion-xgt-40v-bez-aku-z-jen-po-omezenou-doba-7556\/\",\"name\":\"Makita UR017GZ Aku k\u0159ovino\u0159ez Li-ion XGT 40V,bez aku Z Jen Po Omezenou Doba -\",\"isPartOf\":{\"@id\":\"https:\/\/www.domstavpro.com\/#website\"},\"primaryImageOfPage\":{\"@id\":\"https:\/\/www.domstavpro.com\/index.php\/produkt\/makita-ur017gz-aku-krovinorez-li-ion-xgt-40v-bez-aku-z-jen-po-omezenou-doba-7556\/#primaryimage\"},\"image\":{\"@id\":\"https:\/\/www.domstavpro.com\/index.php\/produkt\/makita-ur017gz-aku-krovinorez-li-ion-xgt-40v-bez-aku-z-jen-po-omezenou-doba-7556\/#primaryimage\"},\"thumbnailUrl\":\"https:\/\/www.domstavpro.com\/wp-content\/uploads\/2026\/SK0029571-CZ20260425-092328-0-1777080210-1254025-1_131247.webp\",\"datePublished\":\"2026-04-27T15:08:11+00:00\",\"breadcrumb\":{\"@id\":\"https:\/\/www.domstavpro.com\/index.php\/produkt\/makita-ur017gz-aku-krovinorez-li-ion-xgt-40v-bez-aku-z-jen-po-omezenou-doba-7556\/#breadcrumb\"},\"inLanguage\":\"cs\",\"potentialAction\":[{\"@type\":\"ReadAction\",\"target\":[\"https:\/\/www.domstavpro.com\/index.php\/produkt\/makita-ur017gz-aku-krovinorez-li-ion-xgt-40v-bez-aku-z-jen-po-omezenou-doba-7556\/\"]}]},{\"@type\":\"ImageObject\",\"inLanguage\":\"cs\",\"@id\":\"https:\/\/www.domstavpro.com\/index.php\/produkt\/makita-ur017gz-aku-krovinorez-li-ion-xgt-40v-bez-aku-z-jen-po-omezenou-doba-7556\/#primaryimage\",\"url\":\"https:\/\/www.domstavpro.com\/wp-content\/uploads\/2026\/SK0029571-CZ20260425-092328-0-1777080210-1254025-1_131247.webp\",\"contentUrl\":\"https:\/\/www.domstavpro.com\/wp-content\/uploads\/2026\/SK0029571-CZ20260425-092328-0-1777080210-1254025-1_131247.webp\",\"width\":800,\"height\":800},{\"@type\":\"BreadcrumbList\",\"@id\":\"https:\/\/www.domstavpro.com\/index.php\/produkt\/makita-ur017gz-aku-krovinorez-li-ion-xgt-40v-bez-aku-z-jen-po-omezenou-doba-7556\/#breadcrumb\",\"itemListElement\":[{\"@type\":\"ListItem\",\"position\":1,\"name\":\"Home\",\"item\":\"https:\/\/www.domstavpro.com\/\"},{\"@type\":\"ListItem\",\"position\":2,\"name\":\"Products\",\"item\":\"https:\/\/www.domstavpro.com\/index.php\/products\/\"},{\"@type\":\"ListItem\",\"position\":3,\"name\":\"Makita UR017GZ Aku k\u0159ovino\u0159ez Li-ion XGT 40V,bez aku Z Jen Po Omezenou Doba\"}]},{\"@type\":\"WebSite\",\"@id\":\"https:\/\/www.domstavpro.com\/#website\",\"url\":\"https:\/\/www.domstavpro.com\/\",\"name\":\"\",\"description\":\"\",\"potentialAction\":[{\"@type\":\"SearchAction\",\"target\":{\"@type\":\"EntryPoint\",\"urlTemplate\":\"https:\/\/www.domstavpro.com\/?s={search_term_string}\"},\"query-input\":{\"@type\":\"PropertyValueSpecification\",\"valueRequired\":true,\"valueName\":\"search_term_string\"}}],\"inLanguage\":\"cs\"}]}<\/script>\n<!-- \/ Yoast SEO plugin. -->","yoast_head_json":{"title":"Makita UR017GZ Aku k\u0159ovino\u0159ez Li-ion XGT 40V,bez aku Z Jen Po Omezenou Doba -","robots":{"index":"index","follow":"follow","max-snippet":"max-snippet:-1","max-image-preview":"max-image-preview:large","max-video-preview":"max-video-preview:-1"},"canonical":"https:\/\/www.domstavpro.com\/index.php\/produkt\/makita-ur017gz-aku-krovinorez-li-ion-xgt-40v-bez-aku-z-jen-po-omezenou-doba-7556\/","og_locale":"cs_CZ","og_type":"article","og_title":"Makita UR017GZ Aku k\u0159ovino\u0159ez Li-ion XGT 40V,bez aku Z Jen Po Omezenou Doba -","og_description":"Lehk\u00fd aku k\u0159ovino\u0159ez srovnateln\u00fd s benzinov\u00fdm strojem s motorem 23 ccTechnologie Li-ion XGT 40V umo\u017e\u0148uj\u00edc\u00ed extr\u00e9mn\u00ed zat\u00ed\u017een\u00ed stroje a dlouhou v\u00fddr\u017e na jedno nabit\u00ed akumul\u00e1toruSpolehliv\u00fd bezuhl\u00edkov\u00fd motor umo\u017e\u0148uj\u00edc\u00ed del\u0161\u00ed pou\u017eit\u00ed na jedno nabit\u00ed akumul\u00e1toruTechnologie ADT &#8211; automatick\u00e9 elektronick\u00e9 nastaven\u00ed po\u010dtu ot\u00e1\u010dek podle aktu\u00e1ln\u00edch pracovn\u00edch podm\u00ednekElektronick\u00fd syst\u00e9m AFT vypne motor v p\u0159\u00edpad\u011b n\u00e1hl\u00e9ho poklesu ot\u00e1\u010dekTechnologie XPT [&hellip;]","og_url":"https:\/\/www.domstavpro.com\/index.php\/produkt\/makita-ur017gz-aku-krovinorez-li-ion-xgt-40v-bez-aku-z-jen-po-omezenou-doba-7556\/","og_image":[{"width":800,"height":800,"url":"https:\/\/www.domstavpro.com\/wp-content\/uploads\/2026\/SK0029571-CZ20260425-092328-0-1777080210-1254025-1_131247.webp","type":"image\/webp"}],"twitter_card":"summary_large_image","twitter_misc":{"Odhadovan\u00e1 doba \u010dten\u00ed":"1 minuta"},"schema":{"@context":"https:\/\/schema.org","@graph":[{"@type":"WebPage","@id":"https:\/\/www.domstavpro.com\/index.php\/produkt\/makita-ur017gz-aku-krovinorez-li-ion-xgt-40v-bez-aku-z-jen-po-omezenou-doba-7556\/","url":"https:\/\/www.domstavpro.com\/index.php\/produkt\/makita-ur017gz-aku-krovinorez-li-ion-xgt-40v-bez-aku-z-jen-po-omezenou-doba-7556\/","name":"Makita UR017GZ Aku k\u0159ovino\u0159ez Li-ion XGT 40V,bez aku Z Jen Po Omezenou Doba -","isPartOf":{"@id":"https:\/\/www.domstavpro.com\/#website"},"primaryImageOfPage":{"@id":"https:\/\/www.domstavpro.com\/index.php\/produkt\/makita-ur017gz-aku-krovinorez-li-ion-xgt-40v-bez-aku-z-jen-po-omezenou-doba-7556\/#primaryimage"},"image":{"@id":"https:\/\/www.domstavpro.com\/index.php\/produkt\/makita-ur017gz-aku-krovinorez-li-ion-xgt-40v-bez-aku-z-jen-po-omezenou-doba-7556\/#primaryimage"},"thumbnailUrl":"https:\/\/www.domstavpro.com\/wp-content\/uploads\/2026\/SK0029571-CZ20260425-092328-0-1777080210-1254025-1_131247.webp","datePublished":"2026-04-27T15:08:11+00:00","breadcrumb":{"@id":"https:\/\/www.domstavpro.com\/index.php\/produkt\/makita-ur017gz-aku-krovinorez-li-ion-xgt-40v-bez-aku-z-jen-po-omezenou-doba-7556\/#breadcrumb"},"inLanguage":"cs","potentialAction":[{"@type":"ReadAction","target":["https:\/\/www.domstavpro.com\/index.php\/produkt\/makita-ur017gz-aku-krovinorez-li-ion-xgt-40v-bez-aku-z-jen-po-omezenou-doba-7556\/"]}]},{"@type":"ImageObject","inLanguage":"cs","@id":"https:\/\/www.domstavpro.com\/index.php\/produkt\/makita-ur017gz-aku-krovinorez-li-ion-xgt-40v-bez-aku-z-jen-po-omezenou-doba-7556\/#primaryimage","url":"https:\/\/www.domstavpro.com\/wp-content\/uploads\/2026\/SK0029571-CZ20260425-092328-0-1777080210-1254025-1_131247.webp","contentUrl":"https:\/\/www.domstavpro.com\/wp-content\/uploads\/2026\/SK0029571-CZ20260425-092328-0-1777080210-1254025-1_131247.webp","width":800,"height":800},{"@type":"BreadcrumbList","@id":"https:\/\/www.domstavpro.com\/index.php\/produkt\/makita-ur017gz-aku-krovinorez-li-ion-xgt-40v-bez-aku-z-jen-po-omezenou-doba-7556\/#breadcrumb","itemListElement":[{"@type":"ListItem","position":1,"name":"Home","item":"https:\/\/www.domstavpro.com\/"},{"@type":"ListItem","position":2,"name":"Products","item":"https:\/\/www.domstavpro.com\/index.php\/products\/"},{"@type":"ListItem","position":3,"name":"Makita UR017GZ Aku k\u0159ovino\u0159ez Li-ion XGT 40V,bez aku Z Jen Po Omezenou Doba"}]},{"@type":"WebSite","@id":"https:\/\/www.domstavpro.com\/#website","url":"https:\/\/www.domstavpro.com\/","name":"","description":"","potentialAction":[{"@type":"SearchAction","target":{"@type":"EntryPoint","urlTemplate":"https:\/\/www.domstavpro.com\/?s={search_term_string}"},"query-input":{"@type":"PropertyValueSpecification","valueRequired":true,"valueName":"search_term_string"}}],"inLanguage":"cs"}]}},"_links":{"self":[{"href":"https:\/\/www.domstavpro.com\/index.php\/wp-json\/wp\/v2\/product\/7556","targetHints":{"allow":["GET"]}}],"collection":[{"href":"https:\/\/www.domstavpro.com\/index.php\/wp-json\/wp\/v2\/product"}],"about":[{"href":"https:\/\/www.domstavpro.com\/index.php\/wp-json\/wp\/v2\/types\/product"}],"replies":[{"embeddable":true,"href":"https:\/\/www.domstavpro.com\/index.php\/wp-json\/wp\/v2\/comments?post=7556"}],"wp:featuredmedia":[{"embeddable":true,"href":"https:\/\/www.domstavpro.com\/index.php\/wp-json\/wp\/v2\/media\/7656"}],"wp:attachment":[{"href":"https:\/\/www.domstavpro.com\/index.php\/wp-json\/wp\/v2\/media?parent=7556"}],"wp:term":[{"taxonomy":"product_brand","embeddable":true,"href":"https:\/\/www.domstavpro.com\/index.php\/wp-json\/wp\/v2\/product_brand?post=7556"},{"taxonomy":"product_cat","embeddable":true,"href":"https:\/\/www.domstavpro.com\/index.php\/wp-json\/wp\/v2\/product_cat?post=7556"},{"taxonomy":"product_tag","embeddable":true,"href":"https:\/\/www.domstavpro.com\/index.php\/wp-json\/wp\/v2\/product_tag?post=7556"}],"curies":[{"name":"wp","href":"https:\/\/api.w.org\/{rel}","templated":true}]}}