{"id":7555,"date":"2026-04-27T15:08:11","date_gmt":"2026-04-27T15:08:11","guid":{"rendered":""},"modified":"2026-04-27T15:08:11","modified_gmt":"2026-04-27T15:08:11","slug":"autenticky-makita-ur014gz-aku-krovinorez-li-ion-xgt-40v-bez-aku-z-7555","status":"publish","type":"product","link":"https:\/\/www.domstavpro.com\/index.php\/produkt\/autenticky-makita-ur014gz-aku-krovinorez-li-ion-xgt-40v-bez-aku-z-7555\/","title":{"rendered":"Autentick\u00fd Makita UR014GZ Aku k\u0159ovino\u0159ez Li-ion XGT 40V,bez aku Z"},"content":{"rendered":"<table>\n<div class=\"tab-pane active product-description\" id=\"popis\" role=\"tabpanel\">\n<div class=\"short-description\" itemprop=\"description\"><\/div>\n<div class=\"description\">\n<p><span class=\"bullet-line\">Velmi siln\u00fd aku k\u0159ovino\u0159ez je ur\u010den\u00fd pouze pro strunovou hlavu<\/span><br \/><span class=\"bullet-line\">D\u00edky vysok\u00e9mu krout\u00edc\u00edmu momentu je vhodn\u00fd pro velmi n\u00e1ro\u010dn\u00e9 nasazen\u00ed<\/span><br \/><span class=\"bullet-line\">V\u00fdkon 1,5 kW je srovnateln\u00fd s benzinov\u00fdmi k\u0159ovino\u0159ezy 35 cc<\/span><br \/><span class=\"bullet-line\">Technologie Li-ion XGT 40V umo\u017e\u0148uj\u00edc\u00ed extr\u00e9mn\u00ed zat\u00ed\u017een\u00ed stroje a dlouhou v\u00fddr\u017e na jedno nabit\u00ed akumul\u00e1toru<\/span><br \/><span class=\"bullet-line\">Spolehliv\u00fd bezuhl\u00edkov\u00fd motor umo\u017e\u0148uj\u00edc\u00ed del\u0161\u00ed pou\u017eit\u00ed na jedno nabit\u00ed akumul\u00e1toru<\/span><br \/><span class=\"bullet-line\">Technologie ADT &#8211; automatick\u00e9 elektronick\u00e9 nastaven\u00ed po\u010dtu ot\u00e1\u010dek podle aktu\u00e1ln\u00edch pracovn\u00edch podm\u00ednek<\/span><br \/><span class=\"bullet-line\">Elektronick\u00fd syst\u00e9m AFT vypne motor v p\u0159\u00edpad\u011b n\u00e1hl\u00e9ho poklesu ot\u00e1\u010dek<\/span><br \/><span class=\"bullet-line\">Technologie WG umo\u017e\u0148uj\u00edc\u00ed pou\u017eit\u00ed v prost\u0159ed\u00ed se zv\u00fd\u0161enou pra\u0161nost\u00ed nebo vlhkost\u00ed<\/span><br \/><span class=\"bullet-line\">Mo\u017enost plynul\u00e9 regulace rychlosti<\/span><br \/><span class=\"bullet-line\">Mo\u017enost p\u0159epnut\u00ed na zp\u011btn\u00fd chod pro o\u010di\u0161t\u011bn\u00ed n\u00e1stroje<\/span><br \/><span class=\"bullet-line\">N\u00edzk\u00e1 hmotnost, dokonal\u00e9 vyv\u00e1\u017een\u00ed<\/span><br \/><span class=\"bullet-line\">Tich\u00fd chod a n\u00edzk\u00e9 vibrace<\/span><br \/><span class=\"bullet-line\">Dod\u00e1vka bez akumul\u00e1toru a nab\u00edje\u010dky<\/span><\/p>\n<p>\u27a4 P\u0159\u00edslu\u0161enstv\u00ed<span class=\"bullet-line\">Strunov\u00e1 hlava (1911Y3-7)<\/span><br \/><span class=\"bullet-line\">Kryt strunov\u00e9 hlavy (413N78-2)<\/span><br \/><span class=\"bullet-line\">Popruh (1277259-5)<\/span><br \/><span class=\"bullet-line\">Inbusov\u00fd kl\u00ed\u010d 4 mm (783202-0)<\/span><br \/><span class=\"bullet-line\">Inbusov\u00fd kl\u00ed\u010d 5 mm (783217-7)<\/span><br \/><span class=\"bullet-line\">Ta\u0161ka na n\u00e1\u0159ad\u00ed (831304-7)<\/span><\/p>\n<\/div>\n<div class=\"parameters\">\n<tr>\n<td>Akumul\u00e1tor<\/td>\n<td>Li-ion 40V<\/td>\n<\/tr>\n<tr>\n<td>V\u00fdkon<\/td>\n<td>1.500 W<\/td>\n<\/tr>\n<tr>\n<td>Ot\u00e1\u010dky napr\u00e1zdno<\/td>\n<td>4.000-5.700 min-1<\/td>\n<\/tr>\n<tr>\n<td>Velikost v\u0159etene<\/td>\n<td>M10 x 1,25LH<\/td>\n<\/tr>\n<tr>\n<td>Hmotnost<\/td>\n<td>4,8 \/ 5,8 kg<\/td>\n<\/tr>\n<tr>\n<td>Rozm\u011bry (Dx\u0160xV)<\/td>\n<td>1.922 x 330 x 304 mm<\/td>\n<\/tr><\/div>\n<\/table>\n","protected":false},"excerpt":{"rendered":"<p>Velmi siln\u00fd aku k\u0159ovino\u0159ez je ur\u010den\u00fd pouze pro strunovou hlavuD\u00edky vysok\u00e9mu krout\u00edc\u00edmu momentu je vhodn\u00fd pro velmi n\u00e1ro\u010dn\u00e9 nasazen\u00edV\u00fdkon 1,5 kW je srovnateln\u00fd s benzinov\u00fdmi k\u0159ovino\u0159ezy 35 ccTechnologie Li-ion XGT 40V umo\u017e\u0148uj\u00edc\u00ed extr\u00e9mn\u00ed zat\u00ed\u017een\u00ed stroje a dlouhou v\u00fddr\u017e na jedno nabit\u00ed akumul\u00e1toruSpolehliv\u00fd bezuhl\u00edkov\u00fd motor umo\u017e\u0148uj\u00edc\u00ed del\u0161\u00ed pou\u017eit\u00ed na jedno nabit\u00ed akumul\u00e1toruTechnologie ADT &#8211; automatick\u00e9 elektronick\u00e9 [&hellip;]<\/p>\n","protected":false},"featured_media":7655,"comment_status":"open","ping_status":"open","template":"","meta":[],"product_brand":[],"product_cat":[42],"product_tag":[],"class_list":{"0":"post-7555","1":"product","2":"type-product","3":"status-publish","4":"has-post-thumbnail","6":"product_cat-novinky","8":"first","9":"instock","10":"sale","11":"shipping-taxable","12":"purchasable","13":"product-type-simple"},"yoast_head":"<!-- This site is optimized with the Yoast SEO plugin v26.8 - https:\/\/yoast.com\/product\/yoast-seo-wordpress\/ -->\n<title>Autentick\u00fd Makita UR014GZ Aku k\u0159ovino\u0159ez Li-ion XGT 40V,bez aku Z -<\/title>\n<meta name=\"robots\" content=\"index, follow, max-snippet:-1, max-image-preview:large, max-video-preview:-1\" \/>\n<link rel=\"canonical\" href=\"https:\/\/www.domstavpro.com\/index.php\/produkt\/autenticky-makita-ur014gz-aku-krovinorez-li-ion-xgt-40v-bez-aku-z-7555\/\" \/>\n<meta property=\"og:locale\" content=\"cs_CZ\" \/>\n<meta property=\"og:type\" content=\"article\" \/>\n<meta property=\"og:title\" content=\"Autentick\u00fd Makita UR014GZ Aku k\u0159ovino\u0159ez Li-ion XGT 40V,bez aku Z -\" \/>\n<meta property=\"og:description\" content=\"Velmi siln\u00fd aku k\u0159ovino\u0159ez je ur\u010den\u00fd pouze pro strunovou hlavuD\u00edky vysok\u00e9mu krout\u00edc\u00edmu momentu je vhodn\u00fd pro velmi n\u00e1ro\u010dn\u00e9 nasazen\u00edV\u00fdkon 1,5 kW je srovnateln\u00fd s benzinov\u00fdmi k\u0159ovino\u0159ezy 35 ccTechnologie Li-ion XGT 40V umo\u017e\u0148uj\u00edc\u00ed extr\u00e9mn\u00ed zat\u00ed\u017een\u00ed stroje a dlouhou v\u00fddr\u017e na jedno nabit\u00ed akumul\u00e1toruSpolehliv\u00fd bezuhl\u00edkov\u00fd motor umo\u017e\u0148uj\u00edc\u00ed del\u0161\u00ed pou\u017eit\u00ed na jedno nabit\u00ed akumul\u00e1toruTechnologie ADT &#8211; automatick\u00e9 elektronick\u00e9 [&hellip;]\" \/>\n<meta property=\"og:url\" content=\"https:\/\/www.domstavpro.com\/index.php\/produkt\/autenticky-makita-ur014gz-aku-krovinorez-li-ion-xgt-40v-bez-aku-z-7555\/\" \/>\n<meta property=\"og:image\" content=\"https:\/\/www.domstavpro.com\/wp-content\/uploads\/2026\/SK0029570-CZ20260425-092328-0-1777080210-ur014gz_c1l0_s100.webp\" \/>\n\t<meta property=\"og:image:width\" content=\"699\" \/>\n\t<meta property=\"og:image:height\" content=\"398\" \/>\n\t<meta property=\"og:image:type\" content=\"image\/webp\" \/>\n<meta name=\"twitter:card\" content=\"summary_large_image\" \/>\n<meta name=\"twitter:label1\" content=\"Odhadovan\u00e1 doba \u010dten\u00ed\" \/>\n\t<meta name=\"twitter:data1\" content=\"1 minuta\" \/>\n<script type=\"application\/ld+json\" class=\"yoast-schema-graph\">{\"@context\":\"https:\/\/schema.org\",\"@graph\":[{\"@type\":\"WebPage\",\"@id\":\"https:\/\/www.domstavpro.com\/index.php\/produkt\/autenticky-makita-ur014gz-aku-krovinorez-li-ion-xgt-40v-bez-aku-z-7555\/\",\"url\":\"https:\/\/www.domstavpro.com\/index.php\/produkt\/autenticky-makita-ur014gz-aku-krovinorez-li-ion-xgt-40v-bez-aku-z-7555\/\",\"name\":\"Autentick\u00fd Makita UR014GZ Aku k\u0159ovino\u0159ez Li-ion XGT 40V,bez aku Z -\",\"isPartOf\":{\"@id\":\"https:\/\/www.domstavpro.com\/#website\"},\"primaryImageOfPage\":{\"@id\":\"https:\/\/www.domstavpro.com\/index.php\/produkt\/autenticky-makita-ur014gz-aku-krovinorez-li-ion-xgt-40v-bez-aku-z-7555\/#primaryimage\"},\"image\":{\"@id\":\"https:\/\/www.domstavpro.com\/index.php\/produkt\/autenticky-makita-ur014gz-aku-krovinorez-li-ion-xgt-40v-bez-aku-z-7555\/#primaryimage\"},\"thumbnailUrl\":\"https:\/\/www.domstavpro.com\/wp-content\/uploads\/2026\/SK0029570-CZ20260425-092328-0-1777080210-ur014gz_c1l0_s100.webp\",\"datePublished\":\"2026-04-27T15:08:11+00:00\",\"breadcrumb\":{\"@id\":\"https:\/\/www.domstavpro.com\/index.php\/produkt\/autenticky-makita-ur014gz-aku-krovinorez-li-ion-xgt-40v-bez-aku-z-7555\/#breadcrumb\"},\"inLanguage\":\"cs\",\"potentialAction\":[{\"@type\":\"ReadAction\",\"target\":[\"https:\/\/www.domstavpro.com\/index.php\/produkt\/autenticky-makita-ur014gz-aku-krovinorez-li-ion-xgt-40v-bez-aku-z-7555\/\"]}]},{\"@type\":\"ImageObject\",\"inLanguage\":\"cs\",\"@id\":\"https:\/\/www.domstavpro.com\/index.php\/produkt\/autenticky-makita-ur014gz-aku-krovinorez-li-ion-xgt-40v-bez-aku-z-7555\/#primaryimage\",\"url\":\"https:\/\/www.domstavpro.com\/wp-content\/uploads\/2026\/SK0029570-CZ20260425-092328-0-1777080210-ur014gz_c1l0_s100.webp\",\"contentUrl\":\"https:\/\/www.domstavpro.com\/wp-content\/uploads\/2026\/SK0029570-CZ20260425-092328-0-1777080210-ur014gz_c1l0_s100.webp\",\"width\":699,\"height\":398},{\"@type\":\"BreadcrumbList\",\"@id\":\"https:\/\/www.domstavpro.com\/index.php\/produkt\/autenticky-makita-ur014gz-aku-krovinorez-li-ion-xgt-40v-bez-aku-z-7555\/#breadcrumb\",\"itemListElement\":[{\"@type\":\"ListItem\",\"position\":1,\"name\":\"Home\",\"item\":\"https:\/\/www.domstavpro.com\/\"},{\"@type\":\"ListItem\",\"position\":2,\"name\":\"Products\",\"item\":\"https:\/\/www.domstavpro.com\/index.php\/products\/\"},{\"@type\":\"ListItem\",\"position\":3,\"name\":\"Autentick\u00fd Makita UR014GZ Aku k\u0159ovino\u0159ez Li-ion XGT 40V,bez aku Z\"}]},{\"@type\":\"WebSite\",\"@id\":\"https:\/\/www.domstavpro.com\/#website\",\"url\":\"https:\/\/www.domstavpro.com\/\",\"name\":\"\",\"description\":\"\",\"potentialAction\":[{\"@type\":\"SearchAction\",\"target\":{\"@type\":\"EntryPoint\",\"urlTemplate\":\"https:\/\/www.domstavpro.com\/?s={search_term_string}\"},\"query-input\":{\"@type\":\"PropertyValueSpecification\",\"valueRequired\":true,\"valueName\":\"search_term_string\"}}],\"inLanguage\":\"cs\"}]}<\/script>\n<!-- \/ Yoast SEO plugin. -->","yoast_head_json":{"title":"Autentick\u00fd Makita UR014GZ Aku k\u0159ovino\u0159ez Li-ion XGT 40V,bez aku Z -","robots":{"index":"index","follow":"follow","max-snippet":"max-snippet:-1","max-image-preview":"max-image-preview:large","max-video-preview":"max-video-preview:-1"},"canonical":"https:\/\/www.domstavpro.com\/index.php\/produkt\/autenticky-makita-ur014gz-aku-krovinorez-li-ion-xgt-40v-bez-aku-z-7555\/","og_locale":"cs_CZ","og_type":"article","og_title":"Autentick\u00fd Makita UR014GZ Aku k\u0159ovino\u0159ez Li-ion XGT 40V,bez aku Z -","og_description":"Velmi siln\u00fd aku k\u0159ovino\u0159ez je ur\u010den\u00fd pouze pro strunovou hlavuD\u00edky vysok\u00e9mu krout\u00edc\u00edmu momentu je vhodn\u00fd pro velmi n\u00e1ro\u010dn\u00e9 nasazen\u00edV\u00fdkon 1,5 kW je srovnateln\u00fd s benzinov\u00fdmi k\u0159ovino\u0159ezy 35 ccTechnologie Li-ion XGT 40V umo\u017e\u0148uj\u00edc\u00ed extr\u00e9mn\u00ed zat\u00ed\u017een\u00ed stroje a dlouhou v\u00fddr\u017e na jedno nabit\u00ed akumul\u00e1toruSpolehliv\u00fd bezuhl\u00edkov\u00fd motor umo\u017e\u0148uj\u00edc\u00ed del\u0161\u00ed pou\u017eit\u00ed na jedno nabit\u00ed akumul\u00e1toruTechnologie ADT &#8211; automatick\u00e9 elektronick\u00e9 [&hellip;]","og_url":"https:\/\/www.domstavpro.com\/index.php\/produkt\/autenticky-makita-ur014gz-aku-krovinorez-li-ion-xgt-40v-bez-aku-z-7555\/","og_image":[{"width":699,"height":398,"url":"https:\/\/www.domstavpro.com\/wp-content\/uploads\/2026\/SK0029570-CZ20260425-092328-0-1777080210-ur014gz_c1l0_s100.webp","type":"image\/webp"}],"twitter_card":"summary_large_image","twitter_misc":{"Odhadovan\u00e1 doba \u010dten\u00ed":"1 minuta"},"schema":{"@context":"https:\/\/schema.org","@graph":[{"@type":"WebPage","@id":"https:\/\/www.domstavpro.com\/index.php\/produkt\/autenticky-makita-ur014gz-aku-krovinorez-li-ion-xgt-40v-bez-aku-z-7555\/","url":"https:\/\/www.domstavpro.com\/index.php\/produkt\/autenticky-makita-ur014gz-aku-krovinorez-li-ion-xgt-40v-bez-aku-z-7555\/","name":"Autentick\u00fd Makita UR014GZ Aku k\u0159ovino\u0159ez Li-ion XGT 40V,bez aku Z -","isPartOf":{"@id":"https:\/\/www.domstavpro.com\/#website"},"primaryImageOfPage":{"@id":"https:\/\/www.domstavpro.com\/index.php\/produkt\/autenticky-makita-ur014gz-aku-krovinorez-li-ion-xgt-40v-bez-aku-z-7555\/#primaryimage"},"image":{"@id":"https:\/\/www.domstavpro.com\/index.php\/produkt\/autenticky-makita-ur014gz-aku-krovinorez-li-ion-xgt-40v-bez-aku-z-7555\/#primaryimage"},"thumbnailUrl":"https:\/\/www.domstavpro.com\/wp-content\/uploads\/2026\/SK0029570-CZ20260425-092328-0-1777080210-ur014gz_c1l0_s100.webp","datePublished":"2026-04-27T15:08:11+00:00","breadcrumb":{"@id":"https:\/\/www.domstavpro.com\/index.php\/produkt\/autenticky-makita-ur014gz-aku-krovinorez-li-ion-xgt-40v-bez-aku-z-7555\/#breadcrumb"},"inLanguage":"cs","potentialAction":[{"@type":"ReadAction","target":["https:\/\/www.domstavpro.com\/index.php\/produkt\/autenticky-makita-ur014gz-aku-krovinorez-li-ion-xgt-40v-bez-aku-z-7555\/"]}]},{"@type":"ImageObject","inLanguage":"cs","@id":"https:\/\/www.domstavpro.com\/index.php\/produkt\/autenticky-makita-ur014gz-aku-krovinorez-li-ion-xgt-40v-bez-aku-z-7555\/#primaryimage","url":"https:\/\/www.domstavpro.com\/wp-content\/uploads\/2026\/SK0029570-CZ20260425-092328-0-1777080210-ur014gz_c1l0_s100.webp","contentUrl":"https:\/\/www.domstavpro.com\/wp-content\/uploads\/2026\/SK0029570-CZ20260425-092328-0-1777080210-ur014gz_c1l0_s100.webp","width":699,"height":398},{"@type":"BreadcrumbList","@id":"https:\/\/www.domstavpro.com\/index.php\/produkt\/autenticky-makita-ur014gz-aku-krovinorez-li-ion-xgt-40v-bez-aku-z-7555\/#breadcrumb","itemListElement":[{"@type":"ListItem","position":1,"name":"Home","item":"https:\/\/www.domstavpro.com\/"},{"@type":"ListItem","position":2,"name":"Products","item":"https:\/\/www.domstavpro.com\/index.php\/products\/"},{"@type":"ListItem","position":3,"name":"Autentick\u00fd Makita UR014GZ Aku k\u0159ovino\u0159ez Li-ion XGT 40V,bez aku Z"}]},{"@type":"WebSite","@id":"https:\/\/www.domstavpro.com\/#website","url":"https:\/\/www.domstavpro.com\/","name":"","description":"","potentialAction":[{"@type":"SearchAction","target":{"@type":"EntryPoint","urlTemplate":"https:\/\/www.domstavpro.com\/?s={search_term_string}"},"query-input":{"@type":"PropertyValueSpecification","valueRequired":true,"valueName":"search_term_string"}}],"inLanguage":"cs"}]}},"_links":{"self":[{"href":"https:\/\/www.domstavpro.com\/index.php\/wp-json\/wp\/v2\/product\/7555","targetHints":{"allow":["GET"]}}],"collection":[{"href":"https:\/\/www.domstavpro.com\/index.php\/wp-json\/wp\/v2\/product"}],"about":[{"href":"https:\/\/www.domstavpro.com\/index.php\/wp-json\/wp\/v2\/types\/product"}],"replies":[{"embeddable":true,"href":"https:\/\/www.domstavpro.com\/index.php\/wp-json\/wp\/v2\/comments?post=7555"}],"wp:featuredmedia":[{"embeddable":true,"href":"https:\/\/www.domstavpro.com\/index.php\/wp-json\/wp\/v2\/media\/7655"}],"wp:attachment":[{"href":"https:\/\/www.domstavpro.com\/index.php\/wp-json\/wp\/v2\/media?parent=7555"}],"wp:term":[{"taxonomy":"product_brand","embeddable":true,"href":"https:\/\/www.domstavpro.com\/index.php\/wp-json\/wp\/v2\/product_brand?post=7555"},{"taxonomy":"product_cat","embeddable":true,"href":"https:\/\/www.domstavpro.com\/index.php\/wp-json\/wp\/v2\/product_cat?post=7555"},{"taxonomy":"product_tag","embeddable":true,"href":"https:\/\/www.domstavpro.com\/index.php\/wp-json\/wp\/v2\/product_tag?post=7555"}],"curies":[{"name":"wp","href":"https:\/\/api.w.org\/{rel}","templated":true}]}}