{"id":7370,"date":"2026-04-27T15:08:10","date_gmt":"2026-04-27T15:08:10","guid":{"rendered":""},"modified":"2026-04-27T15:08:10","modified_gmt":"2026-04-27T15:08:10","slug":"activa-halifax-plynovy-lavovy-gril-s-bocnim-varicem-horka-nabidka-7370","status":"publish","type":"product","link":"https:\/\/www.domstavpro.com\/index.php\/produkt\/activa-halifax-plynovy-lavovy-gril-s-bocnim-varicem-horka-nabidka-7370\/","title":{"rendered":"Activa Halifax &#8211; plynov\u00fd l\u00e1vov\u00fd gril s bo\u010dn\u00edm va\u0159i\u010dem Hork\u00e1 Nab\u00eddka"},"content":{"rendered":"<table>\n<div class=\"tab-pane active product-description\" id=\"popis\" role=\"tabpanel\">\n<div class=\"short-description\" itemprop=\"description\"><\/div>\n<div class=\"description\"><span class='bullet-line'>Doporu\u010dujeme dopravu TopTrans<br \/><\/span><span class='bullet-line'>L\u00e1vov\u00e9 grily jsou velmi popul\u00e1rn\u00ed, jeliko\u017e spojuj\u00ed v\u00fdhody snadnosti pou\u017e\u00edv\u00e1n\u00ed plynov\u00fdch gril\u016f s atmosf\u00e9rou grilov\u00e1n\u00ed na roz\u017ehaven\u00e9m uhl\u00ed. <br \/><\/span><span class='bullet-line'>P\u0159\u00edrodn\u00ed l\u00e1vov\u00e9 kameny v\u00fdborn\u011b p\u0159ev\u00e1d\u011bj\u00ed teplo z nerezov\u00fdch ho\u0159\u00e1k\u016f ke grilovan\u00e9mu pokrmu, kter\u00fd se d\u00edky tomu velmi rychle zat\u00e1hne a vy tak budete moci v\u017edy vykouzlit b\u00e1je\u010dn\u011b \u0161\u0165avnat\u00e9 maso. <br \/><\/span><span class='bullet-line'>Mno\u017estv\u00ed p\u00f3r\u016f v l\u00e1vov\u00fdch kamenech nav\u00edc \u00fa\u010dinn\u011b pohlcuj\u00ed odkap\u00e1vaj\u00edc\u00ed tuk a zabra\u0148uj\u00ed vzniku \u0161kodlivin z p\u0159ep\u00e1len\u00fdch tuk\u016f i ne\u017e\u00e1douc\u00edmu ho\u0159en\u00ed tuku. <br \/><\/span><span class='bullet-line'>L\u00e1vov\u00fd gril Activa je skv\u011ble vybaven\u00fd. <br \/><\/span><span class='bullet-line'>M\u00e1 dva v\u00fdkonn\u00e9 ploch\u00e9 ho\u0159\u00e1ky z nerezu, co\u017e m\u00e1 v\u00fdrazn\u00fd vliv na jejich \u017eivotnost a jeden integrovan\u00fd bo\u010dn\u00ed va\u0159i\u010d na p\u0159\u00edpravu om\u00e1\u010dek, hork\u00fdch n\u00e1poj\u016f nebo p\u0159\u00edloh. <br \/><\/span><span class='bullet-line'>Gril je d\u00e1le vybaven kvalitn\u00edm smaltovan\u00fdm grilovac\u00edm ro\u0161tem a dal\u0161\u00edm vykl\u00e1p\u011bc\u00edm ro\u0161tem, kter\u00fd je vhodn\u00fd na nep\u0159\u00edm\u00e9 grilov\u00e1n\u00ed masa \u010di zeleniny anebo na oh\u0159\u00edv\u00e1n\u00ed ji\u017e ugrilovan\u00fdch pokrm\u016f. <br \/><\/span><span class='bullet-line'>Gril m\u00e1 v\u00edko s velk\u00fdm kontroln\u00edm ok\u00e9nkem a zabudovan\u00fdm teplom\u011brem, praktickou p\u0159ihr\u00e1dku na ko\u0159enky a modern\u00ed bez\u00fadr\u017ebov\u00e9 piezo zapalov\u00e1n\u00ed. <br \/><\/span><span class='bullet-line'>Pro snadn\u00fd transport je vybaven velk\u00fdmi kole\u010dky. <br \/><\/span><span class='bullet-line'>Na rozd\u00edl od mnoha jin\u00fdch gril\u016f je ji\u017e v z\u00e1kladu vybaven v\u0161\u00edm pot\u0159ebn\u00fdm pro p\u0159ipojen\u00ed k plynov\u00e9 lahvi 5 nebo 10 kg, n\u00e1pln\u00ed kvalitn\u00edch l\u00e1vov\u00fdch kamen\u016f a tak\u00e9 ochrann\u00fdm krytem. <br \/><\/span><span class='bullet-line'>L\u00e1vov\u00fd gril Activa je nositelem bezpe\u010dnostn\u00edho certifik\u00e1tu presti\u017en\u00ed n\u011bmeck\u00e9 spole\u010dnosti Intertek.<\/span><\/div>\n<div class=\"parameters\">\n<tr>\n<td>P\u0159\u00edkon ho\u0159\u00e1ku  (kW):<\/td>\n<td>5,5 + 2,5<\/td>\n<\/tr>\n<tr>\n<td>Spot\u0159eba plynu  (g\/h):<\/td>\n<td>&#8211;<\/td>\n<\/tr>\n<tr>\n<td>Ho\u0159\u00e1k<\/td>\n<td>2x nerezov\u00e1 ocel<\/td>\n<\/tr>\n<tr>\n<td>Grilovac\u00ed ro\u0161t<\/td>\n<td>smaltovan\u00fd<\/td>\n<\/tr>\n<tr>\n<td>Zapalov\u00e1n\u00ed<\/td>\n<td>piezo<\/td>\n<\/tr>\n<tr>\n<td>Bo\u010dn\u00ed va\u0159i\u010d<\/td>\n<td>Ano, aluminizovan\u00e1 ocel<\/td>\n<\/tr>\n<tr>\n<td>Grilovac\u00ed plocha  (cm2):<\/td>\n<td>1776<\/td>\n<\/tr>\n<tr>\n<td>Rozm\u011bry grilovac\u00ed plochy  (cm):<\/td>\n<td>48 x 37<\/td>\n<\/tr>\n<tr>\n<td>P\u0159edn\u00ed kryt<\/td>\n<td>pln\u00fd plechov\u00fd s poli\u010dkou<\/td>\n<\/tr>\n<tr>\n<td>V\u00fd\u0161ka pracovn\u00ed plochy  (cm):<\/td>\n<td>&#8211;<\/td>\n<\/tr>\n<tr>\n<td>Teplom\u011br<\/td>\n<td>Ano<\/td>\n<\/tr>\n<tr>\n<td>Materi\u00e1l v\u00edka<\/td>\n<td>&#8211;<\/td>\n<\/tr>\n<tr>\n<td>Obslou\u017e\u00ed po\u010det osob<\/td>\n<td>8<\/td>\n<\/tr><\/div>\n<\/table>\n","protected":false},"excerpt":{"rendered":"<p>Doporu\u010dujeme dopravu TopTransL\u00e1vov\u00e9 grily jsou velmi popul\u00e1rn\u00ed, jeliko\u017e spojuj\u00ed v\u00fdhody snadnosti pou\u017e\u00edv\u00e1n\u00ed plynov\u00fdch gril\u016f s atmosf\u00e9rou grilov\u00e1n\u00ed na roz\u017ehaven\u00e9m uhl\u00ed. P\u0159\u00edrodn\u00ed l\u00e1vov\u00e9 kameny v\u00fdborn\u011b p\u0159ev\u00e1d\u011bj\u00ed teplo z nerezov\u00fdch ho\u0159\u00e1k\u016f ke grilovan\u00e9mu pokrmu, kter\u00fd se d\u00edky tomu velmi rychle zat\u00e1hne a vy tak budete moci v\u017edy vykouzlit b\u00e1je\u010dn\u011b \u0161\u0165avnat\u00e9 maso. Mno\u017estv\u00ed p\u00f3r\u016f v l\u00e1vov\u00fdch kamenech nav\u00edc [&hellip;]<\/p>\n","protected":false},"featured_media":7470,"comment_status":"open","ping_status":"open","template":"","meta":[],"product_brand":[],"product_cat":[39],"product_tag":[],"class_list":{"0":"post-7370","1":"product","2":"type-product","3":"status-publish","4":"has-post-thumbnail","6":"product_cat-zahrada","8":"first","9":"instock","10":"sale","11":"shipping-taxable","12":"purchasable","13":"product-type-simple"},"yoast_head":"<!-- This site is optimized with the Yoast SEO plugin v26.8 - https:\/\/yoast.com\/product\/yoast-seo-wordpress\/ -->\n<title>Activa Halifax - plynov\u00fd l\u00e1vov\u00fd gril s bo\u010dn\u00edm va\u0159i\u010dem Hork\u00e1 Nab\u00eddka -<\/title>\n<meta name=\"robots\" content=\"index, follow, max-snippet:-1, max-image-preview:large, max-video-preview:-1\" \/>\n<link rel=\"canonical\" href=\"https:\/\/www.domstavpro.com\/index.php\/produkt\/activa-halifax-plynovy-lavovy-gril-s-bocnim-varicem-horka-nabidka-7370\/\" \/>\n<meta property=\"og:locale\" content=\"cs_CZ\" \/>\n<meta property=\"og:type\" content=\"article\" \/>\n<meta property=\"og:title\" content=\"Activa Halifax - plynov\u00fd l\u00e1vov\u00fd gril s bo\u010dn\u00edm va\u0159i\u010dem Hork\u00e1 Nab\u00eddka -\" \/>\n<meta property=\"og:description\" content=\"Doporu\u010dujeme dopravu TopTransL\u00e1vov\u00e9 grily jsou velmi popul\u00e1rn\u00ed, jeliko\u017e spojuj\u00ed v\u00fdhody snadnosti pou\u017e\u00edv\u00e1n\u00ed plynov\u00fdch gril\u016f s atmosf\u00e9rou grilov\u00e1n\u00ed na roz\u017ehaven\u00e9m uhl\u00ed. P\u0159\u00edrodn\u00ed l\u00e1vov\u00e9 kameny v\u00fdborn\u011b p\u0159ev\u00e1d\u011bj\u00ed teplo z nerezov\u00fdch ho\u0159\u00e1k\u016f ke grilovan\u00e9mu pokrmu, kter\u00fd se d\u00edky tomu velmi rychle zat\u00e1hne a vy tak budete moci v\u017edy vykouzlit b\u00e1je\u010dn\u011b \u0161\u0165avnat\u00e9 maso. Mno\u017estv\u00ed p\u00f3r\u016f v l\u00e1vov\u00fdch kamenech nav\u00edc [&hellip;]\" \/>\n<meta property=\"og:url\" content=\"https:\/\/www.domstavpro.com\/index.php\/produkt\/activa-halifax-plynovy-lavovy-gril-s-bocnim-varicem-horka-nabidka-7370\/\" \/>\n<meta property=\"og:image\" content=\"https:\/\/www.domstavpro.com\/wp-content\/uploads\/2026\/SK0029455-CZ20260425-092328-0-1777080210-11993.webp\" \/>\n\t<meta property=\"og:image:width\" content=\"800\" \/>\n\t<meta property=\"og:image:height\" content=\"800\" \/>\n\t<meta property=\"og:image:type\" content=\"image\/webp\" \/>\n<meta name=\"twitter:card\" content=\"summary_large_image\" \/>\n<meta name=\"twitter:label1\" content=\"Odhadovan\u00e1 doba \u010dten\u00ed\" \/>\n\t<meta name=\"twitter:data1\" content=\"2 minuty\" \/>\n<script type=\"application\/ld+json\" class=\"yoast-schema-graph\">{\"@context\":\"https:\/\/schema.org\",\"@graph\":[{\"@type\":\"WebPage\",\"@id\":\"https:\/\/www.domstavpro.com\/index.php\/produkt\/activa-halifax-plynovy-lavovy-gril-s-bocnim-varicem-horka-nabidka-7370\/\",\"url\":\"https:\/\/www.domstavpro.com\/index.php\/produkt\/activa-halifax-plynovy-lavovy-gril-s-bocnim-varicem-horka-nabidka-7370\/\",\"name\":\"Activa Halifax - plynov\u00fd l\u00e1vov\u00fd gril s bo\u010dn\u00edm va\u0159i\u010dem Hork\u00e1 Nab\u00eddka -\",\"isPartOf\":{\"@id\":\"https:\/\/www.domstavpro.com\/#website\"},\"primaryImageOfPage\":{\"@id\":\"https:\/\/www.domstavpro.com\/index.php\/produkt\/activa-halifax-plynovy-lavovy-gril-s-bocnim-varicem-horka-nabidka-7370\/#primaryimage\"},\"image\":{\"@id\":\"https:\/\/www.domstavpro.com\/index.php\/produkt\/activa-halifax-plynovy-lavovy-gril-s-bocnim-varicem-horka-nabidka-7370\/#primaryimage\"},\"thumbnailUrl\":\"https:\/\/www.domstavpro.com\/wp-content\/uploads\/2026\/SK0029455-CZ20260425-092328-0-1777080210-11993.webp\",\"datePublished\":\"2026-04-27T15:08:10+00:00\",\"breadcrumb\":{\"@id\":\"https:\/\/www.domstavpro.com\/index.php\/produkt\/activa-halifax-plynovy-lavovy-gril-s-bocnim-varicem-horka-nabidka-7370\/#breadcrumb\"},\"inLanguage\":\"cs\",\"potentialAction\":[{\"@type\":\"ReadAction\",\"target\":[\"https:\/\/www.domstavpro.com\/index.php\/produkt\/activa-halifax-plynovy-lavovy-gril-s-bocnim-varicem-horka-nabidka-7370\/\"]}]},{\"@type\":\"ImageObject\",\"inLanguage\":\"cs\",\"@id\":\"https:\/\/www.domstavpro.com\/index.php\/produkt\/activa-halifax-plynovy-lavovy-gril-s-bocnim-varicem-horka-nabidka-7370\/#primaryimage\",\"url\":\"https:\/\/www.domstavpro.com\/wp-content\/uploads\/2026\/SK0029455-CZ20260425-092328-0-1777080210-11993.webp\",\"contentUrl\":\"https:\/\/www.domstavpro.com\/wp-content\/uploads\/2026\/SK0029455-CZ20260425-092328-0-1777080210-11993.webp\",\"width\":800,\"height\":800},{\"@type\":\"BreadcrumbList\",\"@id\":\"https:\/\/www.domstavpro.com\/index.php\/produkt\/activa-halifax-plynovy-lavovy-gril-s-bocnim-varicem-horka-nabidka-7370\/#breadcrumb\",\"itemListElement\":[{\"@type\":\"ListItem\",\"position\":1,\"name\":\"Home\",\"item\":\"https:\/\/www.domstavpro.com\/\"},{\"@type\":\"ListItem\",\"position\":2,\"name\":\"Products\",\"item\":\"https:\/\/www.domstavpro.com\/index.php\/products\/\"},{\"@type\":\"ListItem\",\"position\":3,\"name\":\"Activa Halifax &#8211; plynov\u00fd l\u00e1vov\u00fd gril s bo\u010dn\u00edm va\u0159i\u010dem Hork\u00e1 Nab\u00eddka\"}]},{\"@type\":\"WebSite\",\"@id\":\"https:\/\/www.domstavpro.com\/#website\",\"url\":\"https:\/\/www.domstavpro.com\/\",\"name\":\"\",\"description\":\"\",\"potentialAction\":[{\"@type\":\"SearchAction\",\"target\":{\"@type\":\"EntryPoint\",\"urlTemplate\":\"https:\/\/www.domstavpro.com\/?s={search_term_string}\"},\"query-input\":{\"@type\":\"PropertyValueSpecification\",\"valueRequired\":true,\"valueName\":\"search_term_string\"}}],\"inLanguage\":\"cs\"}]}<\/script>\n<!-- \/ Yoast SEO plugin. -->","yoast_head_json":{"title":"Activa Halifax - plynov\u00fd l\u00e1vov\u00fd gril s bo\u010dn\u00edm va\u0159i\u010dem Hork\u00e1 Nab\u00eddka -","robots":{"index":"index","follow":"follow","max-snippet":"max-snippet:-1","max-image-preview":"max-image-preview:large","max-video-preview":"max-video-preview:-1"},"canonical":"https:\/\/www.domstavpro.com\/index.php\/produkt\/activa-halifax-plynovy-lavovy-gril-s-bocnim-varicem-horka-nabidka-7370\/","og_locale":"cs_CZ","og_type":"article","og_title":"Activa Halifax - plynov\u00fd l\u00e1vov\u00fd gril s bo\u010dn\u00edm va\u0159i\u010dem Hork\u00e1 Nab\u00eddka -","og_description":"Doporu\u010dujeme dopravu TopTransL\u00e1vov\u00e9 grily jsou velmi popul\u00e1rn\u00ed, jeliko\u017e spojuj\u00ed v\u00fdhody snadnosti pou\u017e\u00edv\u00e1n\u00ed plynov\u00fdch gril\u016f s atmosf\u00e9rou grilov\u00e1n\u00ed na roz\u017ehaven\u00e9m uhl\u00ed. P\u0159\u00edrodn\u00ed l\u00e1vov\u00e9 kameny v\u00fdborn\u011b p\u0159ev\u00e1d\u011bj\u00ed teplo z nerezov\u00fdch ho\u0159\u00e1k\u016f ke grilovan\u00e9mu pokrmu, kter\u00fd se d\u00edky tomu velmi rychle zat\u00e1hne a vy tak budete moci v\u017edy vykouzlit b\u00e1je\u010dn\u011b \u0161\u0165avnat\u00e9 maso. Mno\u017estv\u00ed p\u00f3r\u016f v l\u00e1vov\u00fdch kamenech nav\u00edc [&hellip;]","og_url":"https:\/\/www.domstavpro.com\/index.php\/produkt\/activa-halifax-plynovy-lavovy-gril-s-bocnim-varicem-horka-nabidka-7370\/","og_image":[{"width":800,"height":800,"url":"https:\/\/www.domstavpro.com\/wp-content\/uploads\/2026\/SK0029455-CZ20260425-092328-0-1777080210-11993.webp","type":"image\/webp"}],"twitter_card":"summary_large_image","twitter_misc":{"Odhadovan\u00e1 doba \u010dten\u00ed":"2 minuty"},"schema":{"@context":"https:\/\/schema.org","@graph":[{"@type":"WebPage","@id":"https:\/\/www.domstavpro.com\/index.php\/produkt\/activa-halifax-plynovy-lavovy-gril-s-bocnim-varicem-horka-nabidka-7370\/","url":"https:\/\/www.domstavpro.com\/index.php\/produkt\/activa-halifax-plynovy-lavovy-gril-s-bocnim-varicem-horka-nabidka-7370\/","name":"Activa Halifax - plynov\u00fd l\u00e1vov\u00fd gril s bo\u010dn\u00edm va\u0159i\u010dem Hork\u00e1 Nab\u00eddka -","isPartOf":{"@id":"https:\/\/www.domstavpro.com\/#website"},"primaryImageOfPage":{"@id":"https:\/\/www.domstavpro.com\/index.php\/produkt\/activa-halifax-plynovy-lavovy-gril-s-bocnim-varicem-horka-nabidka-7370\/#primaryimage"},"image":{"@id":"https:\/\/www.domstavpro.com\/index.php\/produkt\/activa-halifax-plynovy-lavovy-gril-s-bocnim-varicem-horka-nabidka-7370\/#primaryimage"},"thumbnailUrl":"https:\/\/www.domstavpro.com\/wp-content\/uploads\/2026\/SK0029455-CZ20260425-092328-0-1777080210-11993.webp","datePublished":"2026-04-27T15:08:10+00:00","breadcrumb":{"@id":"https:\/\/www.domstavpro.com\/index.php\/produkt\/activa-halifax-plynovy-lavovy-gril-s-bocnim-varicem-horka-nabidka-7370\/#breadcrumb"},"inLanguage":"cs","potentialAction":[{"@type":"ReadAction","target":["https:\/\/www.domstavpro.com\/index.php\/produkt\/activa-halifax-plynovy-lavovy-gril-s-bocnim-varicem-horka-nabidka-7370\/"]}]},{"@type":"ImageObject","inLanguage":"cs","@id":"https:\/\/www.domstavpro.com\/index.php\/produkt\/activa-halifax-plynovy-lavovy-gril-s-bocnim-varicem-horka-nabidka-7370\/#primaryimage","url":"https:\/\/www.domstavpro.com\/wp-content\/uploads\/2026\/SK0029455-CZ20260425-092328-0-1777080210-11993.webp","contentUrl":"https:\/\/www.domstavpro.com\/wp-content\/uploads\/2026\/SK0029455-CZ20260425-092328-0-1777080210-11993.webp","width":800,"height":800},{"@type":"BreadcrumbList","@id":"https:\/\/www.domstavpro.com\/index.php\/produkt\/activa-halifax-plynovy-lavovy-gril-s-bocnim-varicem-horka-nabidka-7370\/#breadcrumb","itemListElement":[{"@type":"ListItem","position":1,"name":"Home","item":"https:\/\/www.domstavpro.com\/"},{"@type":"ListItem","position":2,"name":"Products","item":"https:\/\/www.domstavpro.com\/index.php\/products\/"},{"@type":"ListItem","position":3,"name":"Activa Halifax &#8211; plynov\u00fd l\u00e1vov\u00fd gril s bo\u010dn\u00edm va\u0159i\u010dem Hork\u00e1 Nab\u00eddka"}]},{"@type":"WebSite","@id":"https:\/\/www.domstavpro.com\/#website","url":"https:\/\/www.domstavpro.com\/","name":"","description":"","potentialAction":[{"@type":"SearchAction","target":{"@type":"EntryPoint","urlTemplate":"https:\/\/www.domstavpro.com\/?s={search_term_string}"},"query-input":{"@type":"PropertyValueSpecification","valueRequired":true,"valueName":"search_term_string"}}],"inLanguage":"cs"}]}},"_links":{"self":[{"href":"https:\/\/www.domstavpro.com\/index.php\/wp-json\/wp\/v2\/product\/7370","targetHints":{"allow":["GET"]}}],"collection":[{"href":"https:\/\/www.domstavpro.com\/index.php\/wp-json\/wp\/v2\/product"}],"about":[{"href":"https:\/\/www.domstavpro.com\/index.php\/wp-json\/wp\/v2\/types\/product"}],"replies":[{"embeddable":true,"href":"https:\/\/www.domstavpro.com\/index.php\/wp-json\/wp\/v2\/comments?post=7370"}],"wp:featuredmedia":[{"embeddable":true,"href":"https:\/\/www.domstavpro.com\/index.php\/wp-json\/wp\/v2\/media\/7470"}],"wp:attachment":[{"href":"https:\/\/www.domstavpro.com\/index.php\/wp-json\/wp\/v2\/media?parent=7370"}],"wp:term":[{"taxonomy":"product_brand","embeddable":true,"href":"https:\/\/www.domstavpro.com\/index.php\/wp-json\/wp\/v2\/product_brand?post=7370"},{"taxonomy":"product_cat","embeddable":true,"href":"https:\/\/www.domstavpro.com\/index.php\/wp-json\/wp\/v2\/product_cat?post=7370"},{"taxonomy":"product_tag","embeddable":true,"href":"https:\/\/www.domstavpro.com\/index.php\/wp-json\/wp\/v2\/product_tag?post=7370"}],"curies":[{"name":"wp","href":"https:\/\/api.w.org\/{rel}","templated":true}]}}