{"id":7306,"date":"2026-04-27T15:08:10","date_gmt":"2026-04-27T15:08:10","guid":{"rendered":""},"modified":"2026-04-27T15:08:10","modified_gmt":"2026-04-27T15:08:10","slug":"omezena-nabidka-austis-eternal-renovacni-lak-5-kg-7306","status":"publish","type":"product","link":"https:\/\/www.domstavpro.com\/index.php\/produkt\/omezena-nabidka-austis-eternal-renovacni-lak-5-kg-7306\/","title":{"rendered":"Omezen\u00e1 Nab\u00eddka AUSTIS ETERNAL renova\u010dn\u00ed lak 5 kg"},"content":{"rendered":"<table>\n<div class=\"tab-pane active product-description\" id=\"popis\" role=\"tabpanel\">\n<div class=\"short-description\" itemprop=\"description\">jednoslo\u017ekov\u00fd vodou \u0159editeln\u00fd akryl\u00e1tov\u00fd lak pro venkovn\u00ed pou\u017eit\u00ed<\/div>\n<div class=\"description\"><span class='bullet-line'>ETERNAL renova\u010dn\u00ed lak je ur\u010den zejm\u00e9na pro obnovovac\u00ed n\u00e1t\u011bry star\u0161\u00edch mozaikov\u00fdch om\u00edtek, betonov\u00fdch nepochoz\u00edch v\u00fdrobk\u016f, betonov\u00e9 st\u0159e\u0161n\u00ed krytiny, granulovan\u00e9 st\u0159e\u0161n\u00ed krytiny, n\u00e1t\u011bry kamene, cihel, vl\u00e1knocementov\u00fdch a cementot\u0159\u00edskov\u00fdch desek a jin\u00fdch miner\u00e1ln\u00edch podklad\u016f. <br \/><\/span><span class='bullet-line'>M\u016f\u017ee b\u00fdt tak\u00e9 pou\u017eit k n\u00e1t\u011br\u016fm d\u0159ev\u011bn\u00fdch \u010di kovov\u00fdch podklad\u016f opat\u0159en\u00fdch akryl\u00e1tov\u00fdmi n\u00e1t\u011brov\u00fdmi hmotami. <br \/><\/span><span class='bullet-line'>ETERNAL renova\u010dn\u00ed lak nen\u00ed ur\u010den pro p\u0159\u00edm\u00fd styk s potravinami a pitnou vodou.<br \/><\/span><br \/>\u27a4 Zpracov\u00e1n\u00ed<span class='bullet-line'>ETERNAL renova\u010dn\u00ed lak se po dokonal\u00e9m prom\u00edch\u00e1n\u00ed nan\u00e1\u0161\u00ed \u0161t\u011btcem, v\u00e1le\u010dkem nebo st\u0159\u00edk\u00e1n\u00edm na p\u0159ipraven\u00fd podklad <br \/><\/span><span class='bullet-line'>Teplota podkladu a okol\u00ed mus\u00ed b\u00fdt p\u0159i aplikaci v rozmez\u00ed 10 \u00b0C a\u017e 30 \u00b0C. <br \/><\/span><span class='bullet-line'>Aplikace se prov\u00e1d\u00ed ve dvou vrstv\u00e1ch. <br \/><\/span><span class='bullet-line'>Technologick\u00e1 p\u0159est\u00e1vka mezi n\u00e1t\u011bry je 2 hodiny. <br \/><\/span><span class='bullet-line'>N\u00e1\u0159ad\u00ed a za\u0159\u00edzen\u00ed je nutn\u00e9 ihned po ukon\u010den\u00ed pr\u00e1ce um\u00fdt vodou.<br \/><\/span><br \/>\u27a4 Spot\u0159eba<span class='bullet-line'>0,20 \u2013 0,25 kg \/m\u00b2 ve dvou vrstv\u00e1ch (dle savosti a struktury podkladu)<\/span><\/div>\n<div class=\"parameters\">\n<tr>\n<td>Spot\u0159eba na 10m2<\/td>\n<td>2 kg\/dv\u011b vrstvy<\/td>\n<\/tr><\/div>\n<\/table>\n","protected":false},"excerpt":{"rendered":"<p>jednoslo\u017ekov\u00fd vodou \u0159editeln\u00fd akryl\u00e1tov\u00fd lak pro venkovn\u00ed pou\u017eit\u00ed ETERNAL renova\u010dn\u00ed lak je ur\u010den zejm\u00e9na pro obnovovac\u00ed n\u00e1t\u011bry star\u0161\u00edch mozaikov\u00fdch om\u00edtek, betonov\u00fdch nepochoz\u00edch v\u00fdrobk\u016f, betonov\u00e9 st\u0159e\u0161n\u00ed krytiny, granulovan\u00e9 st\u0159e\u0161n\u00ed krytiny, n\u00e1t\u011bry kamene, cihel, vl\u00e1knocementov\u00fdch a cementot\u0159\u00edskov\u00fdch desek a jin\u00fdch miner\u00e1ln\u00edch podklad\u016f. M\u016f\u017ee b\u00fdt tak\u00e9 pou\u017eit k n\u00e1t\u011br\u016fm d\u0159ev\u011bn\u00fdch \u010di kovov\u00fdch podklad\u016f opat\u0159en\u00fdch akryl\u00e1tov\u00fdmi n\u00e1t\u011brov\u00fdmi hmotami. ETERNAL [&hellip;]<\/p>\n","protected":false},"featured_media":7406,"comment_status":"open","ping_status":"open","template":"","meta":[],"product_brand":[],"product_cat":[46,48,47],"product_tag":[],"class_list":{"0":"post-7306","1":"product","2":"type-product","3":"status-publish","4":"has-post-thumbnail","6":"product_cat-barvy","7":"product_cat-chemie","8":"product_cat-laky","10":"first","11":"instock","12":"sale","13":"shipping-taxable","14":"purchasable","15":"product-type-simple"},"yoast_head":"<!-- This site is optimized with the Yoast SEO plugin v26.8 - https:\/\/yoast.com\/product\/yoast-seo-wordpress\/ -->\n<title>Omezen\u00e1 Nab\u00eddka AUSTIS ETERNAL renova\u010dn\u00ed lak 5 kg -<\/title>\n<meta name=\"robots\" content=\"index, follow, max-snippet:-1, max-image-preview:large, max-video-preview:-1\" \/>\n<link rel=\"canonical\" href=\"https:\/\/www.domstavpro.com\/index.php\/produkt\/omezena-nabidka-austis-eternal-renovacni-lak-5-kg-7306\/\" \/>\n<meta property=\"og:locale\" content=\"cs_CZ\" \/>\n<meta property=\"og:type\" content=\"article\" \/>\n<meta property=\"og:title\" content=\"Omezen\u00e1 Nab\u00eddka AUSTIS ETERNAL renova\u010dn\u00ed lak 5 kg -\" \/>\n<meta property=\"og:description\" content=\"jednoslo\u017ekov\u00fd vodou \u0159editeln\u00fd akryl\u00e1tov\u00fd lak pro venkovn\u00ed pou\u017eit\u00ed ETERNAL renova\u010dn\u00ed lak je ur\u010den zejm\u00e9na pro obnovovac\u00ed n\u00e1t\u011bry star\u0161\u00edch mozaikov\u00fdch om\u00edtek, betonov\u00fdch nepochoz\u00edch v\u00fdrobk\u016f, betonov\u00e9 st\u0159e\u0161n\u00ed krytiny, granulovan\u00e9 st\u0159e\u0161n\u00ed krytiny, n\u00e1t\u011bry kamene, cihel, vl\u00e1knocementov\u00fdch a cementot\u0159\u00edskov\u00fdch desek a jin\u00fdch miner\u00e1ln\u00edch podklad\u016f. M\u016f\u017ee b\u00fdt tak\u00e9 pou\u017eit k n\u00e1t\u011br\u016fm d\u0159ev\u011bn\u00fdch \u010di kovov\u00fdch podklad\u016f opat\u0159en\u00fdch akryl\u00e1tov\u00fdmi n\u00e1t\u011brov\u00fdmi hmotami. ETERNAL [&hellip;]\" \/>\n<meta property=\"og:url\" content=\"https:\/\/www.domstavpro.com\/index.php\/produkt\/omezena-nabidka-austis-eternal-renovacni-lak-5-kg-7306\/\" \/>\n<meta property=\"og:image\" content=\"https:\/\/www.domstavpro.com\/wp-content\/uploads\/2026\/SK0029389-CZ20260425-092328-0-1777080210-f744bcead7e40ce454f0657342397fce-et-renovacni-lak-5kg-web.p.webp\" \/>\n\t<meta property=\"og:image:width\" content=\"699\" \/>\n\t<meta property=\"og:image:height\" content=\"404\" \/>\n\t<meta property=\"og:image:type\" content=\"image\/webp\" \/>\n<meta name=\"twitter:card\" content=\"summary_large_image\" \/>\n<meta name=\"twitter:label1\" content=\"Odhadovan\u00e1 doba \u010dten\u00ed\" \/>\n\t<meta name=\"twitter:data1\" content=\"1 minuta\" \/>\n<script type=\"application\/ld+json\" class=\"yoast-schema-graph\">{\"@context\":\"https:\/\/schema.org\",\"@graph\":[{\"@type\":\"WebPage\",\"@id\":\"https:\/\/www.domstavpro.com\/index.php\/produkt\/omezena-nabidka-austis-eternal-renovacni-lak-5-kg-7306\/\",\"url\":\"https:\/\/www.domstavpro.com\/index.php\/produkt\/omezena-nabidka-austis-eternal-renovacni-lak-5-kg-7306\/\",\"name\":\"Omezen\u00e1 Nab\u00eddka AUSTIS ETERNAL renova\u010dn\u00ed lak 5 kg -\",\"isPartOf\":{\"@id\":\"https:\/\/www.domstavpro.com\/#website\"},\"primaryImageOfPage\":{\"@id\":\"https:\/\/www.domstavpro.com\/index.php\/produkt\/omezena-nabidka-austis-eternal-renovacni-lak-5-kg-7306\/#primaryimage\"},\"image\":{\"@id\":\"https:\/\/www.domstavpro.com\/index.php\/produkt\/omezena-nabidka-austis-eternal-renovacni-lak-5-kg-7306\/#primaryimage\"},\"thumbnailUrl\":\"https:\/\/www.domstavpro.com\/wp-content\/uploads\/2026\/SK0029389-CZ20260425-092328-0-1777080210-f744bcead7e40ce454f0657342397fce-et-renovacni-lak-5kg-web.p.webp\",\"datePublished\":\"2026-04-27T15:08:10+00:00\",\"breadcrumb\":{\"@id\":\"https:\/\/www.domstavpro.com\/index.php\/produkt\/omezena-nabidka-austis-eternal-renovacni-lak-5-kg-7306\/#breadcrumb\"},\"inLanguage\":\"cs\",\"potentialAction\":[{\"@type\":\"ReadAction\",\"target\":[\"https:\/\/www.domstavpro.com\/index.php\/produkt\/omezena-nabidka-austis-eternal-renovacni-lak-5-kg-7306\/\"]}]},{\"@type\":\"ImageObject\",\"inLanguage\":\"cs\",\"@id\":\"https:\/\/www.domstavpro.com\/index.php\/produkt\/omezena-nabidka-austis-eternal-renovacni-lak-5-kg-7306\/#primaryimage\",\"url\":\"https:\/\/www.domstavpro.com\/wp-content\/uploads\/2026\/SK0029389-CZ20260425-092328-0-1777080210-f744bcead7e40ce454f0657342397fce-et-renovacni-lak-5kg-web.p.webp\",\"contentUrl\":\"https:\/\/www.domstavpro.com\/wp-content\/uploads\/2026\/SK0029389-CZ20260425-092328-0-1777080210-f744bcead7e40ce454f0657342397fce-et-renovacni-lak-5kg-web.p.webp\",\"width\":699,\"height\":404},{\"@type\":\"BreadcrumbList\",\"@id\":\"https:\/\/www.domstavpro.com\/index.php\/produkt\/omezena-nabidka-austis-eternal-renovacni-lak-5-kg-7306\/#breadcrumb\",\"itemListElement\":[{\"@type\":\"ListItem\",\"position\":1,\"name\":\"Home\",\"item\":\"https:\/\/www.domstavpro.com\/\"},{\"@type\":\"ListItem\",\"position\":2,\"name\":\"Products\",\"item\":\"https:\/\/www.domstavpro.com\/index.php\/products\/\"},{\"@type\":\"ListItem\",\"position\":3,\"name\":\"Omezen\u00e1 Nab\u00eddka AUSTIS ETERNAL renova\u010dn\u00ed lak 5 kg\"}]},{\"@type\":\"WebSite\",\"@id\":\"https:\/\/www.domstavpro.com\/#website\",\"url\":\"https:\/\/www.domstavpro.com\/\",\"name\":\"\",\"description\":\"\",\"potentialAction\":[{\"@type\":\"SearchAction\",\"target\":{\"@type\":\"EntryPoint\",\"urlTemplate\":\"https:\/\/www.domstavpro.com\/?s={search_term_string}\"},\"query-input\":{\"@type\":\"PropertyValueSpecification\",\"valueRequired\":true,\"valueName\":\"search_term_string\"}}],\"inLanguage\":\"cs\"}]}<\/script>\n<!-- \/ Yoast SEO plugin. -->","yoast_head_json":{"title":"Omezen\u00e1 Nab\u00eddka AUSTIS ETERNAL renova\u010dn\u00ed lak 5 kg -","robots":{"index":"index","follow":"follow","max-snippet":"max-snippet:-1","max-image-preview":"max-image-preview:large","max-video-preview":"max-video-preview:-1"},"canonical":"https:\/\/www.domstavpro.com\/index.php\/produkt\/omezena-nabidka-austis-eternal-renovacni-lak-5-kg-7306\/","og_locale":"cs_CZ","og_type":"article","og_title":"Omezen\u00e1 Nab\u00eddka AUSTIS ETERNAL renova\u010dn\u00ed lak 5 kg -","og_description":"jednoslo\u017ekov\u00fd vodou \u0159editeln\u00fd akryl\u00e1tov\u00fd lak pro venkovn\u00ed pou\u017eit\u00ed ETERNAL renova\u010dn\u00ed lak je ur\u010den zejm\u00e9na pro obnovovac\u00ed n\u00e1t\u011bry star\u0161\u00edch mozaikov\u00fdch om\u00edtek, betonov\u00fdch nepochoz\u00edch v\u00fdrobk\u016f, betonov\u00e9 st\u0159e\u0161n\u00ed krytiny, granulovan\u00e9 st\u0159e\u0161n\u00ed krytiny, n\u00e1t\u011bry kamene, cihel, vl\u00e1knocementov\u00fdch a cementot\u0159\u00edskov\u00fdch desek a jin\u00fdch miner\u00e1ln\u00edch podklad\u016f. M\u016f\u017ee b\u00fdt tak\u00e9 pou\u017eit k n\u00e1t\u011br\u016fm d\u0159ev\u011bn\u00fdch \u010di kovov\u00fdch podklad\u016f opat\u0159en\u00fdch akryl\u00e1tov\u00fdmi n\u00e1t\u011brov\u00fdmi hmotami. ETERNAL [&hellip;]","og_url":"https:\/\/www.domstavpro.com\/index.php\/produkt\/omezena-nabidka-austis-eternal-renovacni-lak-5-kg-7306\/","og_image":[{"width":699,"height":404,"url":"https:\/\/www.domstavpro.com\/wp-content\/uploads\/2026\/SK0029389-CZ20260425-092328-0-1777080210-f744bcead7e40ce454f0657342397fce-et-renovacni-lak-5kg-web.p.webp","type":"image\/webp"}],"twitter_card":"summary_large_image","twitter_misc":{"Odhadovan\u00e1 doba \u010dten\u00ed":"1 minuta"},"schema":{"@context":"https:\/\/schema.org","@graph":[{"@type":"WebPage","@id":"https:\/\/www.domstavpro.com\/index.php\/produkt\/omezena-nabidka-austis-eternal-renovacni-lak-5-kg-7306\/","url":"https:\/\/www.domstavpro.com\/index.php\/produkt\/omezena-nabidka-austis-eternal-renovacni-lak-5-kg-7306\/","name":"Omezen\u00e1 Nab\u00eddka AUSTIS ETERNAL renova\u010dn\u00ed lak 5 kg -","isPartOf":{"@id":"https:\/\/www.domstavpro.com\/#website"},"primaryImageOfPage":{"@id":"https:\/\/www.domstavpro.com\/index.php\/produkt\/omezena-nabidka-austis-eternal-renovacni-lak-5-kg-7306\/#primaryimage"},"image":{"@id":"https:\/\/www.domstavpro.com\/index.php\/produkt\/omezena-nabidka-austis-eternal-renovacni-lak-5-kg-7306\/#primaryimage"},"thumbnailUrl":"https:\/\/www.domstavpro.com\/wp-content\/uploads\/2026\/SK0029389-CZ20260425-092328-0-1777080210-f744bcead7e40ce454f0657342397fce-et-renovacni-lak-5kg-web.p.webp","datePublished":"2026-04-27T15:08:10+00:00","breadcrumb":{"@id":"https:\/\/www.domstavpro.com\/index.php\/produkt\/omezena-nabidka-austis-eternal-renovacni-lak-5-kg-7306\/#breadcrumb"},"inLanguage":"cs","potentialAction":[{"@type":"ReadAction","target":["https:\/\/www.domstavpro.com\/index.php\/produkt\/omezena-nabidka-austis-eternal-renovacni-lak-5-kg-7306\/"]}]},{"@type":"ImageObject","inLanguage":"cs","@id":"https:\/\/www.domstavpro.com\/index.php\/produkt\/omezena-nabidka-austis-eternal-renovacni-lak-5-kg-7306\/#primaryimage","url":"https:\/\/www.domstavpro.com\/wp-content\/uploads\/2026\/SK0029389-CZ20260425-092328-0-1777080210-f744bcead7e40ce454f0657342397fce-et-renovacni-lak-5kg-web.p.webp","contentUrl":"https:\/\/www.domstavpro.com\/wp-content\/uploads\/2026\/SK0029389-CZ20260425-092328-0-1777080210-f744bcead7e40ce454f0657342397fce-et-renovacni-lak-5kg-web.p.webp","width":699,"height":404},{"@type":"BreadcrumbList","@id":"https:\/\/www.domstavpro.com\/index.php\/produkt\/omezena-nabidka-austis-eternal-renovacni-lak-5-kg-7306\/#breadcrumb","itemListElement":[{"@type":"ListItem","position":1,"name":"Home","item":"https:\/\/www.domstavpro.com\/"},{"@type":"ListItem","position":2,"name":"Products","item":"https:\/\/www.domstavpro.com\/index.php\/products\/"},{"@type":"ListItem","position":3,"name":"Omezen\u00e1 Nab\u00eddka AUSTIS ETERNAL renova\u010dn\u00ed lak 5 kg"}]},{"@type":"WebSite","@id":"https:\/\/www.domstavpro.com\/#website","url":"https:\/\/www.domstavpro.com\/","name":"","description":"","potentialAction":[{"@type":"SearchAction","target":{"@type":"EntryPoint","urlTemplate":"https:\/\/www.domstavpro.com\/?s={search_term_string}"},"query-input":{"@type":"PropertyValueSpecification","valueRequired":true,"valueName":"search_term_string"}}],"inLanguage":"cs"}]}},"_links":{"self":[{"href":"https:\/\/www.domstavpro.com\/index.php\/wp-json\/wp\/v2\/product\/7306","targetHints":{"allow":["GET"]}}],"collection":[{"href":"https:\/\/www.domstavpro.com\/index.php\/wp-json\/wp\/v2\/product"}],"about":[{"href":"https:\/\/www.domstavpro.com\/index.php\/wp-json\/wp\/v2\/types\/product"}],"replies":[{"embeddable":true,"href":"https:\/\/www.domstavpro.com\/index.php\/wp-json\/wp\/v2\/comments?post=7306"}],"wp:featuredmedia":[{"embeddable":true,"href":"https:\/\/www.domstavpro.com\/index.php\/wp-json\/wp\/v2\/media\/7406"}],"wp:attachment":[{"href":"https:\/\/www.domstavpro.com\/index.php\/wp-json\/wp\/v2\/media?parent=7306"}],"wp:term":[{"taxonomy":"product_brand","embeddable":true,"href":"https:\/\/www.domstavpro.com\/index.php\/wp-json\/wp\/v2\/product_brand?post=7306"},{"taxonomy":"product_cat","embeddable":true,"href":"https:\/\/www.domstavpro.com\/index.php\/wp-json\/wp\/v2\/product_cat?post=7306"},{"taxonomy":"product_tag","embeddable":true,"href":"https:\/\/www.domstavpro.com\/index.php\/wp-json\/wp\/v2\/product_tag?post=7306"}],"curies":[{"name":"wp","href":"https:\/\/api.w.org\/{rel}","templated":true}]}}