{"id":7304,"date":"2026-04-27T15:08:10","date_gmt":"2026-04-27T15:08:10","guid":{"rendered":""},"modified":"2026-04-27T15:08:10","modified_gmt":"2026-04-27T15:08:10","slug":"austis-eternal-stabil-5-kg-seda-04-jen-po-omezenou-doba-7304","status":"publish","type":"product","link":"https:\/\/www.domstavpro.com\/index.php\/produkt\/austis-eternal-stabil-5-kg-seda-04-jen-po-omezenou-doba-7304\/","title":{"rendered":"AUSTIS ETERNAL stabil 5 kg \u0161ed\u00e1 04 Jen Po Omezenou Doba"},"content":{"rendered":"<table>\n<div class=\"tab-pane active product-description\" id=\"popis\" role=\"tabpanel\">\n<div class=\"short-description\" itemprop=\"description\"><\/div>\n<div class=\"description\"><span class='bullet-line'>N\u00c1T\u011aROV\u00c1 HMOTA NA PODLAHY S PROTISKLUZNOU \u00daPRAVOU<br \/><\/span><span class='bullet-line'>k povrchov\u00e9 \u00faprav\u011b betonov\u00fdch podlah, z\u00e1mkov\u00e9<br \/><\/span>dla\u017eby, podlah gar\u00e1\u017e\u00ed, balk\u00f3n\u016f, teras, sklep\u016f, skladi\u0161\u0165<span class='bullet-line'>m\u00e1 velmi dobrou odolnost od\u011bru a p\u016fsoben\u00ed pov\u011btrnosti<br \/><\/span><span class='bullet-line'>barva na betonov\u00e9 podlahy s hydroizola\u010dn\u00edmi vlastnostmi do interi\u00e9ru i exteri\u00e9ru<br \/><\/span><br \/>\u25ba Pou\u017eit\u00ed<span class='bullet-line'>ETERNAL stabil je ur\u010den k povrchov\u00e9 \u00faprav\u011b betonov\u00fdch ploch, betonov\u00fdch dla\u017edic, betonov\u00e9 z\u00e1mkov\u00e9 dla\u017eby. <br \/><\/span><span class='bullet-line'>Je vhodn\u00fd k povrchov\u00e9 \u00faprav\u011b betonov\u00fdch podlah ve sklepech, schodi\u0161t\u00edch, skladi\u0161t\u00edch, v\u00fdstavn\u00edch prostorech apod. <br \/><\/span><span class='bullet-line'>Spolehliv\u011b odol\u00e1v\u00e1 b\u011b\u017en\u00e9mu zat\u00ed\u017een\u00ed, nen\u00ed vhodn\u00fd pro povrchovou \u00fapravu podlah zat\u00ed\u017een\u00fdch posouv\u00e1n\u00edm b\u0159emen. <br \/><\/span><span class='bullet-line'>Hotov\u00e1 \u00faprava m\u00e1 matn\u00fd vzhled a protiskluzov\u00e9 vlastnosti. <br \/><\/span><span class='bullet-line'>Barvou ETERNAL stabil je mo\u017en\u00e9 upravit i betonov\u00fd povrch balk\u00f3n\u016f, teras, schod\u016f, chodn\u00edk\u016f a podobn\u011b. <br \/><\/span><span class='bullet-line'>Kone\u010dn\u00fd n\u00e1t\u011br m\u00e1 velmi dobrou odolnost od\u011bru, dobrou adhezi na betonov\u00fdch podkladech, hydroizola\u010dn\u00ed vlastnosti a velmi dobrou odolnost na pov\u011btrnosti.<br \/><\/span><span class='bullet-line'>Nen\u00ed jej v\u0161ak mo\u017en\u00e9 pou\u017e\u00edt pro n\u00e1t\u011bry trvale um\u00edst\u011bn\u00e9 pod vodou a dlouhodob\u011b vystaven\u00e9 vysok\u00e9 vlhkosti.<br \/><\/span><span class='bullet-line'>Vysoce hlazen\u00e9 povrchy je t\u0159eba p\u0159ed aplikac\u00ed barvy zdrsnit. <br \/><\/span><span class='bullet-line'>ETERNAL stabil je v b\u00edl\u00e9m a sv\u011btle \u0161ed\u00e9m odst\u00ednu certifikov\u00e1n pro styk s potravinami.<br \/><\/span><br \/>\u25ba ZPRACOV\u00c1N\u00cd<span class='bullet-line'>ETERNAL stabil se aplikuje na vyzr\u00e1l\u00fd, such\u00fd, soudr\u017en\u00fd, vyspraven\u00fd, o\u010di\u0161t\u011bn\u00fd povrch ve 2 vrstv\u00e1ch s p\u0159est\u00e1vkou mezi n\u00e1t\u011bry 4\u201324 hod. <br \/><\/span><span class='bullet-line'>Nov\u00e9 a hlazen\u00e9 betonov\u00e9 podlahy je nutn\u00e9 otryskat nebo obrousit. <br \/><\/span><span class='bullet-line'>Na v\u00edce nam\u00e1han\u00e9 betonov\u00e9 povrchy je vhodn\u00e9 prov\u00e9st 3 n\u00e1t\u011bry. <br \/><\/span><span class='bullet-line'>N\u00e1t\u011brovou hmotu lze aplikovat p\u0159i teplot\u00e1ch 5\u201330\u00b0C. <br \/><\/span><span class='bullet-line'>Betonov\u00fd podklad mus\u00ed b\u00fdt p\u0159ed aplikac\u00ed ETERNAL stabilu napenetrovan\u00fd<br \/><\/span>ne\u0159ed\u011bn\u00fdm penetra\u010dn\u00edm prost\u0159edkem FORTE penetral.<\/p>\n<p>\u25ba Zp\u016fsoby aplikace<span class='bullet-line'>\u0160t\u011btcem<br \/><\/span><span class='bullet-line'>V\u00e1le\u010dkem<br \/><\/span><span class='bullet-line'>Kulatou \u0161tetkou<\/span><\/div>\n<div class=\"parameters\">\n<tr>\n<td>Velikost<\/td>\n<td>5 Kg<\/td>\n<\/tr>\n<tr>\n<td>Spot\u0159eba<\/td>\n<td>0,40\u20130,50 kg\/m2 (na 2\u20133 vrstvy)<\/td>\n<\/tr><\/div>\n<\/table>\n","protected":false},"excerpt":{"rendered":"<p>N\u00c1T\u011aROV\u00c1 HMOTA NA PODLAHY S PROTISKLUZNOU \u00daPRAVOUk povrchov\u00e9 \u00faprav\u011b betonov\u00fdch podlah, z\u00e1mkov\u00e9dla\u017eby, podlah gar\u00e1\u017e\u00ed, balk\u00f3n\u016f, teras, sklep\u016f, skladi\u0161\u0165m\u00e1 velmi dobrou odolnost od\u011bru a p\u016fsoben\u00ed pov\u011btrnostibarva na betonov\u00e9 podlahy s hydroizola\u010dn\u00edmi vlastnostmi do interi\u00e9ru i exteri\u00e9ru\u25ba Pou\u017eit\u00edETERNAL stabil je ur\u010den k povrchov\u00e9 \u00faprav\u011b betonov\u00fdch ploch, betonov\u00fdch dla\u017edic, betonov\u00e9 z\u00e1mkov\u00e9 dla\u017eby. Je vhodn\u00fd k povrchov\u00e9 \u00faprav\u011b betonov\u00fdch [&hellip;]<\/p>\n","protected":false},"featured_media":7404,"comment_status":"open","ping_status":"open","template":"","meta":[],"product_brand":[],"product_cat":[46,48,47],"product_tag":[],"class_list":{"0":"post-7304","1":"product","2":"type-product","3":"status-publish","4":"has-post-thumbnail","6":"product_cat-barvy","7":"product_cat-chemie","8":"product_cat-laky","10":"first","11":"instock","12":"sale","13":"shipping-taxable","14":"purchasable","15":"product-type-simple"},"yoast_head":"<!-- This site is optimized with the Yoast SEO plugin v26.8 - https:\/\/yoast.com\/product\/yoast-seo-wordpress\/ -->\n<title>AUSTIS ETERNAL stabil 5 kg \u0161ed\u00e1 04 Jen Po Omezenou Doba -<\/title>\n<meta name=\"robots\" content=\"index, follow, max-snippet:-1, max-image-preview:large, max-video-preview:-1\" \/>\n<link rel=\"canonical\" href=\"https:\/\/www.domstavpro.com\/index.php\/produkt\/austis-eternal-stabil-5-kg-seda-04-jen-po-omezenou-doba-7304\/\" \/>\n<meta property=\"og:locale\" content=\"cs_CZ\" \/>\n<meta property=\"og:type\" content=\"article\" \/>\n<meta property=\"og:title\" content=\"AUSTIS ETERNAL stabil 5 kg \u0161ed\u00e1 04 Jen Po Omezenou Doba -\" \/>\n<meta property=\"og:description\" content=\"N\u00c1T\u011aROV\u00c1 HMOTA NA PODLAHY S PROTISKLUZNOU \u00daPRAVOUk povrchov\u00e9 \u00faprav\u011b betonov\u00fdch podlah, z\u00e1mkov\u00e9dla\u017eby, podlah gar\u00e1\u017e\u00ed, balk\u00f3n\u016f, teras, sklep\u016f, skladi\u0161\u0165m\u00e1 velmi dobrou odolnost od\u011bru a p\u016fsoben\u00ed pov\u011btrnostibarva na betonov\u00e9 podlahy s hydroizola\u010dn\u00edmi vlastnostmi do interi\u00e9ru i exteri\u00e9ru\u25ba Pou\u017eit\u00edETERNAL stabil je ur\u010den k povrchov\u00e9 \u00faprav\u011b betonov\u00fdch ploch, betonov\u00fdch dla\u017edic, betonov\u00e9 z\u00e1mkov\u00e9 dla\u017eby. Je vhodn\u00fd k povrchov\u00e9 \u00faprav\u011b betonov\u00fdch [&hellip;]\" \/>\n<meta property=\"og:url\" content=\"https:\/\/www.domstavpro.com\/index.php\/produkt\/austis-eternal-stabil-5-kg-seda-04-jen-po-omezenou-doba-7304\/\" \/>\n<meta property=\"og:image\" content=\"https:\/\/www.domstavpro.com\/wp-content\/uploads\/2026\/SK0029387-CZ20260425-092328-0-1777080210-5kg-sede.webp\" \/>\n\t<meta property=\"og:image:width\" content=\"700\" \/>\n\t<meta property=\"og:image:height\" content=\"455\" \/>\n\t<meta property=\"og:image:type\" content=\"image\/webp\" \/>\n<meta name=\"twitter:card\" content=\"summary_large_image\" \/>\n<meta name=\"twitter:label1\" content=\"Odhadovan\u00e1 doba \u010dten\u00ed\" \/>\n\t<meta name=\"twitter:data1\" content=\"2 minuty\" \/>\n<script type=\"application\/ld+json\" class=\"yoast-schema-graph\">{\"@context\":\"https:\/\/schema.org\",\"@graph\":[{\"@type\":\"WebPage\",\"@id\":\"https:\/\/www.domstavpro.com\/index.php\/produkt\/austis-eternal-stabil-5-kg-seda-04-jen-po-omezenou-doba-7304\/\",\"url\":\"https:\/\/www.domstavpro.com\/index.php\/produkt\/austis-eternal-stabil-5-kg-seda-04-jen-po-omezenou-doba-7304\/\",\"name\":\"AUSTIS ETERNAL stabil 5 kg \u0161ed\u00e1 04 Jen Po Omezenou Doba -\",\"isPartOf\":{\"@id\":\"https:\/\/www.domstavpro.com\/#website\"},\"primaryImageOfPage\":{\"@id\":\"https:\/\/www.domstavpro.com\/index.php\/produkt\/austis-eternal-stabil-5-kg-seda-04-jen-po-omezenou-doba-7304\/#primaryimage\"},\"image\":{\"@id\":\"https:\/\/www.domstavpro.com\/index.php\/produkt\/austis-eternal-stabil-5-kg-seda-04-jen-po-omezenou-doba-7304\/#primaryimage\"},\"thumbnailUrl\":\"https:\/\/www.domstavpro.com\/wp-content\/uploads\/2026\/SK0029387-CZ20260425-092328-0-1777080210-5kg-sede.webp\",\"datePublished\":\"2026-04-27T15:08:10+00:00\",\"breadcrumb\":{\"@id\":\"https:\/\/www.domstavpro.com\/index.php\/produkt\/austis-eternal-stabil-5-kg-seda-04-jen-po-omezenou-doba-7304\/#breadcrumb\"},\"inLanguage\":\"cs\",\"potentialAction\":[{\"@type\":\"ReadAction\",\"target\":[\"https:\/\/www.domstavpro.com\/index.php\/produkt\/austis-eternal-stabil-5-kg-seda-04-jen-po-omezenou-doba-7304\/\"]}]},{\"@type\":\"ImageObject\",\"inLanguage\":\"cs\",\"@id\":\"https:\/\/www.domstavpro.com\/index.php\/produkt\/austis-eternal-stabil-5-kg-seda-04-jen-po-omezenou-doba-7304\/#primaryimage\",\"url\":\"https:\/\/www.domstavpro.com\/wp-content\/uploads\/2026\/SK0029387-CZ20260425-092328-0-1777080210-5kg-sede.webp\",\"contentUrl\":\"https:\/\/www.domstavpro.com\/wp-content\/uploads\/2026\/SK0029387-CZ20260425-092328-0-1777080210-5kg-sede.webp\",\"width\":700,\"height\":455},{\"@type\":\"BreadcrumbList\",\"@id\":\"https:\/\/www.domstavpro.com\/index.php\/produkt\/austis-eternal-stabil-5-kg-seda-04-jen-po-omezenou-doba-7304\/#breadcrumb\",\"itemListElement\":[{\"@type\":\"ListItem\",\"position\":1,\"name\":\"Home\",\"item\":\"https:\/\/www.domstavpro.com\/\"},{\"@type\":\"ListItem\",\"position\":2,\"name\":\"Products\",\"item\":\"https:\/\/www.domstavpro.com\/index.php\/products\/\"},{\"@type\":\"ListItem\",\"position\":3,\"name\":\"AUSTIS ETERNAL stabil 5 kg \u0161ed\u00e1 04 Jen Po Omezenou Doba\"}]},{\"@type\":\"WebSite\",\"@id\":\"https:\/\/www.domstavpro.com\/#website\",\"url\":\"https:\/\/www.domstavpro.com\/\",\"name\":\"\",\"description\":\"\",\"potentialAction\":[{\"@type\":\"SearchAction\",\"target\":{\"@type\":\"EntryPoint\",\"urlTemplate\":\"https:\/\/www.domstavpro.com\/?s={search_term_string}\"},\"query-input\":{\"@type\":\"PropertyValueSpecification\",\"valueRequired\":true,\"valueName\":\"search_term_string\"}}],\"inLanguage\":\"cs\"}]}<\/script>\n<!-- \/ Yoast SEO plugin. -->","yoast_head_json":{"title":"AUSTIS ETERNAL stabil 5 kg \u0161ed\u00e1 04 Jen Po Omezenou Doba -","robots":{"index":"index","follow":"follow","max-snippet":"max-snippet:-1","max-image-preview":"max-image-preview:large","max-video-preview":"max-video-preview:-1"},"canonical":"https:\/\/www.domstavpro.com\/index.php\/produkt\/austis-eternal-stabil-5-kg-seda-04-jen-po-omezenou-doba-7304\/","og_locale":"cs_CZ","og_type":"article","og_title":"AUSTIS ETERNAL stabil 5 kg \u0161ed\u00e1 04 Jen Po Omezenou Doba -","og_description":"N\u00c1T\u011aROV\u00c1 HMOTA NA PODLAHY S PROTISKLUZNOU \u00daPRAVOUk povrchov\u00e9 \u00faprav\u011b betonov\u00fdch podlah, z\u00e1mkov\u00e9dla\u017eby, podlah gar\u00e1\u017e\u00ed, balk\u00f3n\u016f, teras, sklep\u016f, skladi\u0161\u0165m\u00e1 velmi dobrou odolnost od\u011bru a p\u016fsoben\u00ed pov\u011btrnostibarva na betonov\u00e9 podlahy s hydroizola\u010dn\u00edmi vlastnostmi do interi\u00e9ru i exteri\u00e9ru\u25ba Pou\u017eit\u00edETERNAL stabil je ur\u010den k povrchov\u00e9 \u00faprav\u011b betonov\u00fdch ploch, betonov\u00fdch dla\u017edic, betonov\u00e9 z\u00e1mkov\u00e9 dla\u017eby. Je vhodn\u00fd k povrchov\u00e9 \u00faprav\u011b betonov\u00fdch [&hellip;]","og_url":"https:\/\/www.domstavpro.com\/index.php\/produkt\/austis-eternal-stabil-5-kg-seda-04-jen-po-omezenou-doba-7304\/","og_image":[{"width":700,"height":455,"url":"https:\/\/www.domstavpro.com\/wp-content\/uploads\/2026\/SK0029387-CZ20260425-092328-0-1777080210-5kg-sede.webp","type":"image\/webp"}],"twitter_card":"summary_large_image","twitter_misc":{"Odhadovan\u00e1 doba \u010dten\u00ed":"2 minuty"},"schema":{"@context":"https:\/\/schema.org","@graph":[{"@type":"WebPage","@id":"https:\/\/www.domstavpro.com\/index.php\/produkt\/austis-eternal-stabil-5-kg-seda-04-jen-po-omezenou-doba-7304\/","url":"https:\/\/www.domstavpro.com\/index.php\/produkt\/austis-eternal-stabil-5-kg-seda-04-jen-po-omezenou-doba-7304\/","name":"AUSTIS ETERNAL stabil 5 kg \u0161ed\u00e1 04 Jen Po Omezenou Doba -","isPartOf":{"@id":"https:\/\/www.domstavpro.com\/#website"},"primaryImageOfPage":{"@id":"https:\/\/www.domstavpro.com\/index.php\/produkt\/austis-eternal-stabil-5-kg-seda-04-jen-po-omezenou-doba-7304\/#primaryimage"},"image":{"@id":"https:\/\/www.domstavpro.com\/index.php\/produkt\/austis-eternal-stabil-5-kg-seda-04-jen-po-omezenou-doba-7304\/#primaryimage"},"thumbnailUrl":"https:\/\/www.domstavpro.com\/wp-content\/uploads\/2026\/SK0029387-CZ20260425-092328-0-1777080210-5kg-sede.webp","datePublished":"2026-04-27T15:08:10+00:00","breadcrumb":{"@id":"https:\/\/www.domstavpro.com\/index.php\/produkt\/austis-eternal-stabil-5-kg-seda-04-jen-po-omezenou-doba-7304\/#breadcrumb"},"inLanguage":"cs","potentialAction":[{"@type":"ReadAction","target":["https:\/\/www.domstavpro.com\/index.php\/produkt\/austis-eternal-stabil-5-kg-seda-04-jen-po-omezenou-doba-7304\/"]}]},{"@type":"ImageObject","inLanguage":"cs","@id":"https:\/\/www.domstavpro.com\/index.php\/produkt\/austis-eternal-stabil-5-kg-seda-04-jen-po-omezenou-doba-7304\/#primaryimage","url":"https:\/\/www.domstavpro.com\/wp-content\/uploads\/2026\/SK0029387-CZ20260425-092328-0-1777080210-5kg-sede.webp","contentUrl":"https:\/\/www.domstavpro.com\/wp-content\/uploads\/2026\/SK0029387-CZ20260425-092328-0-1777080210-5kg-sede.webp","width":700,"height":455},{"@type":"BreadcrumbList","@id":"https:\/\/www.domstavpro.com\/index.php\/produkt\/austis-eternal-stabil-5-kg-seda-04-jen-po-omezenou-doba-7304\/#breadcrumb","itemListElement":[{"@type":"ListItem","position":1,"name":"Home","item":"https:\/\/www.domstavpro.com\/"},{"@type":"ListItem","position":2,"name":"Products","item":"https:\/\/www.domstavpro.com\/index.php\/products\/"},{"@type":"ListItem","position":3,"name":"AUSTIS ETERNAL stabil 5 kg \u0161ed\u00e1 04 Jen Po Omezenou Doba"}]},{"@type":"WebSite","@id":"https:\/\/www.domstavpro.com\/#website","url":"https:\/\/www.domstavpro.com\/","name":"","description":"","potentialAction":[{"@type":"SearchAction","target":{"@type":"EntryPoint","urlTemplate":"https:\/\/www.domstavpro.com\/?s={search_term_string}"},"query-input":{"@type":"PropertyValueSpecification","valueRequired":true,"valueName":"search_term_string"}}],"inLanguage":"cs"}]}},"_links":{"self":[{"href":"https:\/\/www.domstavpro.com\/index.php\/wp-json\/wp\/v2\/product\/7304","targetHints":{"allow":["GET"]}}],"collection":[{"href":"https:\/\/www.domstavpro.com\/index.php\/wp-json\/wp\/v2\/product"}],"about":[{"href":"https:\/\/www.domstavpro.com\/index.php\/wp-json\/wp\/v2\/types\/product"}],"replies":[{"embeddable":true,"href":"https:\/\/www.domstavpro.com\/index.php\/wp-json\/wp\/v2\/comments?post=7304"}],"wp:featuredmedia":[{"embeddable":true,"href":"https:\/\/www.domstavpro.com\/index.php\/wp-json\/wp\/v2\/media\/7404"}],"wp:attachment":[{"href":"https:\/\/www.domstavpro.com\/index.php\/wp-json\/wp\/v2\/media?parent=7304"}],"wp:term":[{"taxonomy":"product_brand","embeddable":true,"href":"https:\/\/www.domstavpro.com\/index.php\/wp-json\/wp\/v2\/product_brand?post=7304"},{"taxonomy":"product_cat","embeddable":true,"href":"https:\/\/www.domstavpro.com\/index.php\/wp-json\/wp\/v2\/product_cat?post=7304"},{"taxonomy":"product_tag","embeddable":true,"href":"https:\/\/www.domstavpro.com\/index.php\/wp-json\/wp\/v2\/product_tag?post=7304"}],"curies":[{"name":"wp","href":"https:\/\/api.w.org\/{rel}","templated":true}]}}