{"id":7164,"date":"2026-04-27T15:08:10","date_gmt":"2026-04-27T15:08:10","guid":{"rendered":""},"modified":"2026-04-27T15:08:10","modified_gmt":"2026-04-27T15:08:10","slug":"dewalt-dxpw003cekart-vysokotlaky-cistic-150-bar-must-have-7164","status":"publish","type":"product","link":"https:\/\/www.domstavpro.com\/index.php\/produkt\/dewalt-dxpw003cekart-vysokotlaky-cistic-150-bar-must-have-7164\/","title":{"rendered":"DeWalt DXPW003CEKART Vysokotlak\u00fd \u010disti\u010d 150 bar Must-Have"},"content":{"rendered":"<table>\n<div class=\"tab-pane active product-description\" id=\"popis\" role=\"tabpanel\">\n<div class=\"short-description\" itemprop=\"description\"><\/div>\n<div class=\"description\">\n<p><span class=\"bullet-line\">Univerz\u00e1ln\u00ed \u010disti\u010d vhodn\u00fd pro r\u016fzn\u00e9 aplikace a prost\u0159ed\u00ed. Perfektn\u00ed n\u00e1stroj pro profesion\u00e1ln\u00ed \u0159emesln\u00edky se schopnost\u00ed pracovat p\u0159i trval\u00e9m pracovn\u00edm zat\u00ed\u017een\u00ed na nerovn\u00fdch ter\u00e9nech, jako jsou nap\u0159\u00edklad stavby.<\/span><br \/><span class=\"bullet-line\">Extra velk\u00e1 pry\u017eov\u00e1 kole\u010dka udr\u017euj\u00ed \u010disti\u010d dokonale vyv\u00e1\u017een\u00fd.<\/span><br \/><span class=\"bullet-line\">Odoln\u00fd ocelov\u00fd r\u00e1m s pr\u00e1\u0161kov\u00fdm n\u00e1st\u0159ikem, kter\u00fd lze snadno slo\u017eit, aby se u\u0161et\u0159il prostor pro p\u0159epravu nebo skladov\u00e1n\u00ed v d\u00edln\u011b.<\/span><br \/><span class=\"bullet-line\">Pevn\u00fd ochrann\u00fd kryt vyroben\u00fd z pr\u00e9miov\u00e9ho plastu BASF odoln\u00e9ho v\u016f\u010di n\u00e1raz\u016fm.<\/span><br \/><span class=\"bullet-line\">Motorov\u00e1 \u010derpadla nejvy\u0161\u0161\u00ed kvality zkonstruovan\u00e1 tak, aby vydr\u017eela a fungovala spolehliv\u011b, v\u017edy s vysok\u00fdm v\u00fdkonem a v nejn\u00e1ro\u010dn\u011bj\u0161\u00edch prost\u0159ed\u00edch.<\/span><br \/><span class=\"bullet-line\">M\u011bkk\u00e1 rukoje\u0165.<\/span><br \/><span class=\"bullet-line\">Pevn\u00fd dr\u017e\u00e1k p\u0159\u00edslu\u0161enstv\u00ed.<\/span><br \/><span class=\"bullet-line\">Vestav\u011bn\u00fd vypou\u0161t\u011bc\u00ed ventil s TSS.<\/span><br \/><span class=\"bullet-line\">P\u0159esn\u00fd tlakom\u011br.<\/span><br \/><span class=\"bullet-line\">Olejov\u00e1 n\u00e1dr\u017e s m\u011brkou pro lep\u0161\u00ed kontrolu.<\/span><\/p>\n<\/div>\n<div class=\"parameters\">\n<tr>\n<td>Mechanick\u00fd syst\u00e9m \u010derpadla<\/td>\n<td>ojnice<\/td>\n<\/tr>\n<tr>\n<td>Materi\u00e1l hlavy \u010derpadla<\/td>\n<td>mosaz<\/td>\n<\/tr>\n<tr>\n<td>Max. tlak (bar)<\/td>\n<td>150<\/td>\n<\/tr>\n<tr>\n<td>Max. pr\u016ftok (l\/h)<\/td>\n<td>630<\/td>\n<\/tr>\n<tr>\n<td>V\u00fdkon motoru (kW)<\/td>\n<td>2,9<\/td>\n<\/tr>\n<tr>\n<td>Typ motoru (f\u00e1ze \/ t\u0159\u00edda)<\/td>\n<td>1 ~ \\\\ indukce<\/td>\n<\/tr>\n<tr>\n<td>Ot.\/min (\u010derpadlo)<\/td>\n<td>2800<\/td>\n<\/tr>\n<tr>\n<td>Nap\u011bt\u00ed (V &#8211; Hz)<\/td>\n<td>230 \/ 50<\/td>\n<\/tr>\n<tr>\n<td>Max. vstupn\u00ed teplota vody \u00b0C<\/td>\n<td>60<\/td>\n<\/tr>\n<tr>\n<td>Hmotnost stroje (kg)<\/td>\n<td>29,0<\/td>\n<\/tr>\n<tr>\n<td>Total Stop System (TSS)<\/td>\n<td>ano<\/td>\n<\/tr>\n<tr>\n<td>Samonas\u00e1v\u00e1n\u00ed<\/td>\n<td>ano<\/td>\n<\/tr>\n<tr>\n<td>Nastaven\u00ed tlaku<\/td>\n<td>ano<\/td>\n<\/tr>\n<tr>\n<td>Pr\u016fhledn\u00fd vodn\u00ed filtr<\/td>\n<td>ano<\/td>\n<\/tr>\n<tr>\n<td>Syst\u00e9m snadn\u00e9ho uvoln\u011bn\u00ed<\/td>\n<td>ano<\/td>\n<\/tr>\n<tr>\n<td>P\u0159\u00edslu\u0161enstv\u00ed<\/td>\n<td><\/td>\n<\/tr>\n<tr>\n<td>Typ pistole<\/td>\n<td>Mv2008<\/td>\n<\/tr>\n<tr>\n<td>D\u00e9lka hadice (m)<\/td>\n<td>10<\/td>\n<\/tr>\n<tr>\n<td>Materi\u00e1l hadice<\/td>\n<td>ocelov\u00e9 rameno<\/td>\n<\/tr>\n<tr>\n<td>Tryska s nastavitelnou rozpra\u0161ovac\u00ed tryskou<\/td>\n<td>3 funkce<\/td>\n<\/tr><\/div>\n<\/table>\n","protected":false},"excerpt":{"rendered":"<p>Univerz\u00e1ln\u00ed \u010disti\u010d vhodn\u00fd pro r\u016fzn\u00e9 aplikace a prost\u0159ed\u00ed. Perfektn\u00ed n\u00e1stroj pro profesion\u00e1ln\u00ed \u0159emesln\u00edky se schopnost\u00ed pracovat p\u0159i trval\u00e9m pracovn\u00edm zat\u00ed\u017een\u00ed na nerovn\u00fdch ter\u00e9nech, jako jsou nap\u0159\u00edklad stavby.Extra velk\u00e1 pry\u017eov\u00e1 kole\u010dka udr\u017euj\u00ed \u010disti\u010d dokonale vyv\u00e1\u017een\u00fd.Odoln\u00fd ocelov\u00fd r\u00e1m s pr\u00e1\u0161kov\u00fdm n\u00e1st\u0159ikem, kter\u00fd lze snadno slo\u017eit, aby se u\u0161et\u0159il prostor pro p\u0159epravu nebo skladov\u00e1n\u00ed v d\u00edln\u011b.Pevn\u00fd ochrann\u00fd kryt [&hellip;]<\/p>\n","protected":false},"featured_media":7264,"comment_status":"open","ping_status":"open","template":"","meta":[],"product_brand":[],"product_cat":[44],"product_tag":[],"class_list":{"0":"post-7164","1":"product","2":"type-product","3":"status-publish","4":"has-post-thumbnail","6":"product_cat-cistici-technika","8":"first","9":"instock","10":"sale","11":"shipping-taxable","12":"purchasable","13":"product-type-simple"},"yoast_head":"<!-- This site is optimized with the Yoast SEO plugin v26.8 - https:\/\/yoast.com\/product\/yoast-seo-wordpress\/ -->\n<title>DeWalt DXPW003CEKART Vysokotlak\u00fd \u010disti\u010d 150 bar Must-Have -<\/title>\n<meta name=\"robots\" content=\"index, follow, max-snippet:-1, max-image-preview:large, max-video-preview:-1\" \/>\n<link rel=\"canonical\" href=\"https:\/\/www.domstavpro.com\/index.php\/produkt\/dewalt-dxpw003cekart-vysokotlaky-cistic-150-bar-must-have-7164\/\" \/>\n<meta property=\"og:locale\" content=\"cs_CZ\" \/>\n<meta property=\"og:type\" content=\"article\" \/>\n<meta property=\"og:title\" content=\"DeWalt DXPW003CEKART Vysokotlak\u00fd \u010disti\u010d 150 bar Must-Have -\" \/>\n<meta property=\"og:description\" content=\"Univerz\u00e1ln\u00ed \u010disti\u010d vhodn\u00fd pro r\u016fzn\u00e9 aplikace a prost\u0159ed\u00ed. Perfektn\u00ed n\u00e1stroj pro profesion\u00e1ln\u00ed \u0159emesln\u00edky se schopnost\u00ed pracovat p\u0159i trval\u00e9m pracovn\u00edm zat\u00ed\u017een\u00ed na nerovn\u00fdch ter\u00e9nech, jako jsou nap\u0159\u00edklad stavby.Extra velk\u00e1 pry\u017eov\u00e1 kole\u010dka udr\u017euj\u00ed \u010disti\u010d dokonale vyv\u00e1\u017een\u00fd.Odoln\u00fd ocelov\u00fd r\u00e1m s pr\u00e1\u0161kov\u00fdm n\u00e1st\u0159ikem, kter\u00fd lze snadno slo\u017eit, aby se u\u0161et\u0159il prostor pro p\u0159epravu nebo skladov\u00e1n\u00ed v d\u00edln\u011b.Pevn\u00fd ochrann\u00fd kryt [&hellip;]\" \/>\n<meta property=\"og:url\" content=\"https:\/\/www.domstavpro.com\/index.php\/produkt\/dewalt-dxpw003cekart-vysokotlaky-cistic-150-bar-must-have-7164\/\" \/>\n<meta property=\"og:image\" content=\"https:\/\/www.domstavpro.com\/wp-content\/uploads\/2026\/SK0029347-CZ20260425-092328-0-1777080210-dewalt-dxpw003cekart-vysokotlakovy-cistic-150-bar-46962-siz.webp\" \/>\n\t<meta property=\"og:image:width\" content=\"600\" \/>\n\t<meta property=\"og:image:height\" content=\"600\" \/>\n\t<meta property=\"og:image:type\" content=\"image\/webp\" \/>\n<meta name=\"twitter:card\" content=\"summary_large_image\" \/>\n<meta name=\"twitter:label1\" content=\"Odhadovan\u00e1 doba \u010dten\u00ed\" \/>\n\t<meta name=\"twitter:data1\" content=\"1 minuta\" \/>\n<script type=\"application\/ld+json\" class=\"yoast-schema-graph\">{\"@context\":\"https:\/\/schema.org\",\"@graph\":[{\"@type\":\"WebPage\",\"@id\":\"https:\/\/www.domstavpro.com\/index.php\/produkt\/dewalt-dxpw003cekart-vysokotlaky-cistic-150-bar-must-have-7164\/\",\"url\":\"https:\/\/www.domstavpro.com\/index.php\/produkt\/dewalt-dxpw003cekart-vysokotlaky-cistic-150-bar-must-have-7164\/\",\"name\":\"DeWalt DXPW003CEKART Vysokotlak\u00fd \u010disti\u010d 150 bar Must-Have -\",\"isPartOf\":{\"@id\":\"https:\/\/www.domstavpro.com\/#website\"},\"primaryImageOfPage\":{\"@id\":\"https:\/\/www.domstavpro.com\/index.php\/produkt\/dewalt-dxpw003cekart-vysokotlaky-cistic-150-bar-must-have-7164\/#primaryimage\"},\"image\":{\"@id\":\"https:\/\/www.domstavpro.com\/index.php\/produkt\/dewalt-dxpw003cekart-vysokotlaky-cistic-150-bar-must-have-7164\/#primaryimage\"},\"thumbnailUrl\":\"https:\/\/www.domstavpro.com\/wp-content\/uploads\/2026\/SK0029347-CZ20260425-092328-0-1777080210-dewalt-dxpw003cekart-vysokotlakovy-cistic-150-bar-46962-siz.webp\",\"datePublished\":\"2026-04-27T15:08:10+00:00\",\"breadcrumb\":{\"@id\":\"https:\/\/www.domstavpro.com\/index.php\/produkt\/dewalt-dxpw003cekart-vysokotlaky-cistic-150-bar-must-have-7164\/#breadcrumb\"},\"inLanguage\":\"cs\",\"potentialAction\":[{\"@type\":\"ReadAction\",\"target\":[\"https:\/\/www.domstavpro.com\/index.php\/produkt\/dewalt-dxpw003cekart-vysokotlaky-cistic-150-bar-must-have-7164\/\"]}]},{\"@type\":\"ImageObject\",\"inLanguage\":\"cs\",\"@id\":\"https:\/\/www.domstavpro.com\/index.php\/produkt\/dewalt-dxpw003cekart-vysokotlaky-cistic-150-bar-must-have-7164\/#primaryimage\",\"url\":\"https:\/\/www.domstavpro.com\/wp-content\/uploads\/2026\/SK0029347-CZ20260425-092328-0-1777080210-dewalt-dxpw003cekart-vysokotlakovy-cistic-150-bar-46962-siz.webp\",\"contentUrl\":\"https:\/\/www.domstavpro.com\/wp-content\/uploads\/2026\/SK0029347-CZ20260425-092328-0-1777080210-dewalt-dxpw003cekart-vysokotlakovy-cistic-150-bar-46962-siz.webp\",\"width\":600,\"height\":600},{\"@type\":\"BreadcrumbList\",\"@id\":\"https:\/\/www.domstavpro.com\/index.php\/produkt\/dewalt-dxpw003cekart-vysokotlaky-cistic-150-bar-must-have-7164\/#breadcrumb\",\"itemListElement\":[{\"@type\":\"ListItem\",\"position\":1,\"name\":\"Home\",\"item\":\"https:\/\/www.domstavpro.com\/\"},{\"@type\":\"ListItem\",\"position\":2,\"name\":\"Products\",\"item\":\"https:\/\/www.domstavpro.com\/index.php\/products\/\"},{\"@type\":\"ListItem\",\"position\":3,\"name\":\"DeWalt DXPW003CEKART Vysokotlak\u00fd \u010disti\u010d 150 bar Must-Have\"}]},{\"@type\":\"WebSite\",\"@id\":\"https:\/\/www.domstavpro.com\/#website\",\"url\":\"https:\/\/www.domstavpro.com\/\",\"name\":\"\",\"description\":\"\",\"potentialAction\":[{\"@type\":\"SearchAction\",\"target\":{\"@type\":\"EntryPoint\",\"urlTemplate\":\"https:\/\/www.domstavpro.com\/?s={search_term_string}\"},\"query-input\":{\"@type\":\"PropertyValueSpecification\",\"valueRequired\":true,\"valueName\":\"search_term_string\"}}],\"inLanguage\":\"cs\"}]}<\/script>\n<!-- \/ Yoast SEO plugin. -->","yoast_head_json":{"title":"DeWalt DXPW003CEKART Vysokotlak\u00fd \u010disti\u010d 150 bar Must-Have -","robots":{"index":"index","follow":"follow","max-snippet":"max-snippet:-1","max-image-preview":"max-image-preview:large","max-video-preview":"max-video-preview:-1"},"canonical":"https:\/\/www.domstavpro.com\/index.php\/produkt\/dewalt-dxpw003cekart-vysokotlaky-cistic-150-bar-must-have-7164\/","og_locale":"cs_CZ","og_type":"article","og_title":"DeWalt DXPW003CEKART Vysokotlak\u00fd \u010disti\u010d 150 bar Must-Have -","og_description":"Univerz\u00e1ln\u00ed \u010disti\u010d vhodn\u00fd pro r\u016fzn\u00e9 aplikace a prost\u0159ed\u00ed. Perfektn\u00ed n\u00e1stroj pro profesion\u00e1ln\u00ed \u0159emesln\u00edky se schopnost\u00ed pracovat p\u0159i trval\u00e9m pracovn\u00edm zat\u00ed\u017een\u00ed na nerovn\u00fdch ter\u00e9nech, jako jsou nap\u0159\u00edklad stavby.Extra velk\u00e1 pry\u017eov\u00e1 kole\u010dka udr\u017euj\u00ed \u010disti\u010d dokonale vyv\u00e1\u017een\u00fd.Odoln\u00fd ocelov\u00fd r\u00e1m s pr\u00e1\u0161kov\u00fdm n\u00e1st\u0159ikem, kter\u00fd lze snadno slo\u017eit, aby se u\u0161et\u0159il prostor pro p\u0159epravu nebo skladov\u00e1n\u00ed v d\u00edln\u011b.Pevn\u00fd ochrann\u00fd kryt [&hellip;]","og_url":"https:\/\/www.domstavpro.com\/index.php\/produkt\/dewalt-dxpw003cekart-vysokotlaky-cistic-150-bar-must-have-7164\/","og_image":[{"width":600,"height":600,"url":"https:\/\/www.domstavpro.com\/wp-content\/uploads\/2026\/SK0029347-CZ20260425-092328-0-1777080210-dewalt-dxpw003cekart-vysokotlakovy-cistic-150-bar-46962-siz.webp","type":"image\/webp"}],"twitter_card":"summary_large_image","twitter_misc":{"Odhadovan\u00e1 doba \u010dten\u00ed":"1 minuta"},"schema":{"@context":"https:\/\/schema.org","@graph":[{"@type":"WebPage","@id":"https:\/\/www.domstavpro.com\/index.php\/produkt\/dewalt-dxpw003cekart-vysokotlaky-cistic-150-bar-must-have-7164\/","url":"https:\/\/www.domstavpro.com\/index.php\/produkt\/dewalt-dxpw003cekart-vysokotlaky-cistic-150-bar-must-have-7164\/","name":"DeWalt DXPW003CEKART Vysokotlak\u00fd \u010disti\u010d 150 bar Must-Have -","isPartOf":{"@id":"https:\/\/www.domstavpro.com\/#website"},"primaryImageOfPage":{"@id":"https:\/\/www.domstavpro.com\/index.php\/produkt\/dewalt-dxpw003cekart-vysokotlaky-cistic-150-bar-must-have-7164\/#primaryimage"},"image":{"@id":"https:\/\/www.domstavpro.com\/index.php\/produkt\/dewalt-dxpw003cekart-vysokotlaky-cistic-150-bar-must-have-7164\/#primaryimage"},"thumbnailUrl":"https:\/\/www.domstavpro.com\/wp-content\/uploads\/2026\/SK0029347-CZ20260425-092328-0-1777080210-dewalt-dxpw003cekart-vysokotlakovy-cistic-150-bar-46962-siz.webp","datePublished":"2026-04-27T15:08:10+00:00","breadcrumb":{"@id":"https:\/\/www.domstavpro.com\/index.php\/produkt\/dewalt-dxpw003cekart-vysokotlaky-cistic-150-bar-must-have-7164\/#breadcrumb"},"inLanguage":"cs","potentialAction":[{"@type":"ReadAction","target":["https:\/\/www.domstavpro.com\/index.php\/produkt\/dewalt-dxpw003cekart-vysokotlaky-cistic-150-bar-must-have-7164\/"]}]},{"@type":"ImageObject","inLanguage":"cs","@id":"https:\/\/www.domstavpro.com\/index.php\/produkt\/dewalt-dxpw003cekart-vysokotlaky-cistic-150-bar-must-have-7164\/#primaryimage","url":"https:\/\/www.domstavpro.com\/wp-content\/uploads\/2026\/SK0029347-CZ20260425-092328-0-1777080210-dewalt-dxpw003cekart-vysokotlakovy-cistic-150-bar-46962-siz.webp","contentUrl":"https:\/\/www.domstavpro.com\/wp-content\/uploads\/2026\/SK0029347-CZ20260425-092328-0-1777080210-dewalt-dxpw003cekart-vysokotlakovy-cistic-150-bar-46962-siz.webp","width":600,"height":600},{"@type":"BreadcrumbList","@id":"https:\/\/www.domstavpro.com\/index.php\/produkt\/dewalt-dxpw003cekart-vysokotlaky-cistic-150-bar-must-have-7164\/#breadcrumb","itemListElement":[{"@type":"ListItem","position":1,"name":"Home","item":"https:\/\/www.domstavpro.com\/"},{"@type":"ListItem","position":2,"name":"Products","item":"https:\/\/www.domstavpro.com\/index.php\/products\/"},{"@type":"ListItem","position":3,"name":"DeWalt DXPW003CEKART Vysokotlak\u00fd \u010disti\u010d 150 bar Must-Have"}]},{"@type":"WebSite","@id":"https:\/\/www.domstavpro.com\/#website","url":"https:\/\/www.domstavpro.com\/","name":"","description":"","potentialAction":[{"@type":"SearchAction","target":{"@type":"EntryPoint","urlTemplate":"https:\/\/www.domstavpro.com\/?s={search_term_string}"},"query-input":{"@type":"PropertyValueSpecification","valueRequired":true,"valueName":"search_term_string"}}],"inLanguage":"cs"}]}},"_links":{"self":[{"href":"https:\/\/www.domstavpro.com\/index.php\/wp-json\/wp\/v2\/product\/7164","targetHints":{"allow":["GET"]}}],"collection":[{"href":"https:\/\/www.domstavpro.com\/index.php\/wp-json\/wp\/v2\/product"}],"about":[{"href":"https:\/\/www.domstavpro.com\/index.php\/wp-json\/wp\/v2\/types\/product"}],"replies":[{"embeddable":true,"href":"https:\/\/www.domstavpro.com\/index.php\/wp-json\/wp\/v2\/comments?post=7164"}],"wp:featuredmedia":[{"embeddable":true,"href":"https:\/\/www.domstavpro.com\/index.php\/wp-json\/wp\/v2\/media\/7264"}],"wp:attachment":[{"href":"https:\/\/www.domstavpro.com\/index.php\/wp-json\/wp\/v2\/media?parent=7164"}],"wp:term":[{"taxonomy":"product_brand","embeddable":true,"href":"https:\/\/www.domstavpro.com\/index.php\/wp-json\/wp\/v2\/product_brand?post=7164"},{"taxonomy":"product_cat","embeddable":true,"href":"https:\/\/www.domstavpro.com\/index.php\/wp-json\/wp\/v2\/product_cat?post=7164"},{"taxonomy":"product_tag","embeddable":true,"href":"https:\/\/www.domstavpro.com\/index.php\/wp-json\/wp\/v2\/product_tag?post=7164"}],"curies":[{"name":"wp","href":"https:\/\/api.w.org\/{rel}","templated":true}]}}