{"id":7152,"date":"2026-04-27T15:08:10","date_gmt":"2026-04-27T15:08:10","guid":{"rendered":""},"modified":"2026-04-27T15:08:10","modified_gmt":"2026-04-27T15:08:10","slug":"dewalt-dxpw001e-vysokotlaky-cistic-130-bar-2-3-kw-objednat-nyni-7152","status":"publish","type":"product","link":"https:\/\/www.domstavpro.com\/index.php\/produkt\/dewalt-dxpw001e-vysokotlaky-cistic-130-bar-2-3-kw-objednat-nyni-7152\/","title":{"rendered":"DeWalt DXPW001E Vysokotlak\u00fd \u010disti\u010d 130 BAR, 2,3 KW Objednat Nyn\u00ed"},"content":{"rendered":"<table>\n<div class=\"tab-pane active product-description\" id=\"popis\" role=\"tabpanel\">\n<div class=\"short-description\" itemprop=\"description\"><\/div>\n<div class=\"description\">\n<p><span class=\"bullet-line\">V\u00fd\u0161kov\u011b nastaviteln\u00e1 kovov\u00e1 rukoje\u0165 s m\u011bkk\u00fdm uchopen\u00edm<\/span><br \/><span class=\"bullet-line\">Oto\u010dn\u00fd sp\u00edna\u010d ON\/OFF<\/span><br \/><span class=\"bullet-line\">Funkce samo nas\u00e1v\u00e1n\u00ed<\/span><br \/><span class=\"bullet-line\">Zabudovan\u00e9 ods\u00e1v\u00e1n\u00ed \u010dist\u00edc\u00edho prost\u0159edku<\/span><br \/><span class=\"bullet-line\">P\u0159\u00edvod a v\u00fdvod vody s rychloup\u00ednac\u00edm syst\u00e9mem<\/span><br \/><span class=\"bullet-line\">Odoln\u00e9 gumov\u00e9 kole\u010dka pro dokonal\u00e9 vyv\u00e1\u017een\u00ed<\/span><br \/><span class=\"bullet-line\">V.STOP antivibra\u010dn\u00ed syst\u00e9m<\/span><\/p>\n<\/div>\n<div class=\"parameters\">\n<tr>\n<td>Model \u010derpadla:<\/td>\n<td>HRM-A<\/td>\n<\/tr>\n<tr>\n<td>Materi\u00e1l hlavy \u010derpadla:<\/td>\n<td>Hlin\u00edk<\/td>\n<\/tr>\n<tr>\n<td>Maxim\u00e1ln\u00ed tlak (Bar):<\/td>\n<td>130<\/td>\n<\/tr>\n<tr>\n<td>Pr\u016ftok l\/h (vysok\u00fd tlak):<\/td>\n<td>540<\/td>\n<\/tr>\n<tr>\n<td>V\u00fdkon motoru (kW):<\/td>\n<td>2,3<\/td>\n<\/tr>\n<tr>\n<td>Typ motoru (f\u00e1zov\u00fd):<\/td>\n<td>1~<\/td>\n<\/tr>\n<tr>\n<td>Ot.\/min (\u010derpadlo):<\/td>\n<td>2800<\/td>\n<\/tr>\n<tr>\n<td>Nap\u011bt\u00ed (V) \/ Frekvence (Hz):<\/td>\n<td>230\/50<\/td>\n<\/tr>\n<tr>\n<td>Maxim\u00e1ln\u00ed teplota vody (\u00b0C):<\/td>\n<td>60<\/td>\n<\/tr>\n<tr>\n<td>Hmotnost (Kg):<\/td>\n<td>19,5<\/td>\n<\/tr>\n<tr>\n<td>Funkce autom. spu\u0161t\u011bn\u00ed\/zastaven\u00ed:<\/td>\n<td>ANO<\/td>\n<\/tr>\n<tr>\n<td>\u010cist\u00edc\u00ed syst\u00e9m (Vnit\u0159n\u00ed\/Venkovn\u00ed):<\/td>\n<td>ANO<\/td>\n<\/tr>\n<tr>\n<td>Nastaven\u00ed tlaku:<\/td>\n<td>NE<\/td>\n<\/tr>\n<tr>\n<td>Tlakom\u011br:<\/td>\n<td>NE<\/td>\n<\/tr>\n<tr>\n<td>P\u0159\u00edslu\u0161enstv\u00ed<\/td>\n<td><\/td>\n<\/tr>\n<tr>\n<td>Typ pistole:<\/td>\n<td>Mv2008<\/td>\n<\/tr>\n<tr>\n<td>D\u00e9lka hadice (m):<\/td>\n<td>8<\/td>\n<\/tr>\n<tr>\n<td>Materi\u00e1l hadide:<\/td>\n<td>Ocel<\/td>\n<\/tr>\n<tr>\n<td>Nastav. rozpra\u0161ovac\u00ed tryska:<\/td>\n<td>ANO<\/td>\n<\/tr><\/div>\n<\/table>\n","protected":false},"excerpt":{"rendered":"<p>V\u00fd\u0161kov\u011b nastaviteln\u00e1 kovov\u00e1 rukoje\u0165 s m\u011bkk\u00fdm uchopen\u00edmOto\u010dn\u00fd sp\u00edna\u010d ON\/OFFFunkce samo nas\u00e1v\u00e1n\u00edZabudovan\u00e9 ods\u00e1v\u00e1n\u00ed \u010dist\u00edc\u00edho prost\u0159edkuP\u0159\u00edvod a v\u00fdvod vody s rychloup\u00ednac\u00edm syst\u00e9memOdoln\u00e9 gumov\u00e9 kole\u010dka pro dokonal\u00e9 vyv\u00e1\u017een\u00edV.STOP antivibra\u010dn\u00ed syst\u00e9m Model \u010derpadla: HRM-A Materi\u00e1l hlavy \u010derpadla: Hlin\u00edk Maxim\u00e1ln\u00ed tlak (Bar): 130 Pr\u016ftok l\/h (vysok\u00fd tlak): 540 V\u00fdkon motoru (kW): 2,3 Typ motoru (f\u00e1zov\u00fd): 1~ Ot.\/min (\u010derpadlo): 2800 Nap\u011bt\u00ed [&hellip;]<\/p>\n","protected":false},"featured_media":7252,"comment_status":"open","ping_status":"open","template":"","meta":[],"product_brand":[],"product_cat":[44],"product_tag":[],"class_list":{"0":"post-7152","1":"product","2":"type-product","3":"status-publish","4":"has-post-thumbnail","6":"product_cat-cistici-technika","8":"first","9":"instock","10":"sale","11":"shipping-taxable","12":"purchasable","13":"product-type-simple"},"yoast_head":"<!-- This site is optimized with the Yoast SEO plugin v26.8 - https:\/\/yoast.com\/product\/yoast-seo-wordpress\/ -->\n<title>DeWalt DXPW001E Vysokotlak\u00fd \u010disti\u010d 130 BAR, 2,3 KW Objednat Nyn\u00ed -<\/title>\n<meta name=\"robots\" content=\"index, follow, max-snippet:-1, max-image-preview:large, max-video-preview:-1\" \/>\n<link rel=\"canonical\" href=\"https:\/\/www.domstavpro.com\/index.php\/produkt\/dewalt-dxpw001e-vysokotlaky-cistic-130-bar-2-3-kw-objednat-nyni-7152\/\" \/>\n<meta property=\"og:locale\" content=\"cs_CZ\" \/>\n<meta property=\"og:type\" content=\"article\" \/>\n<meta property=\"og:title\" content=\"DeWalt DXPW001E Vysokotlak\u00fd \u010disti\u010d 130 BAR, 2,3 KW Objednat Nyn\u00ed -\" \/>\n<meta property=\"og:description\" content=\"V\u00fd\u0161kov\u011b nastaviteln\u00e1 kovov\u00e1 rukoje\u0165 s m\u011bkk\u00fdm uchopen\u00edmOto\u010dn\u00fd sp\u00edna\u010d ON\/OFFFunkce samo nas\u00e1v\u00e1n\u00edZabudovan\u00e9 ods\u00e1v\u00e1n\u00ed \u010dist\u00edc\u00edho prost\u0159edkuP\u0159\u00edvod a v\u00fdvod vody s rychloup\u00ednac\u00edm syst\u00e9memOdoln\u00e9 gumov\u00e9 kole\u010dka pro dokonal\u00e9 vyv\u00e1\u017een\u00edV.STOP antivibra\u010dn\u00ed syst\u00e9m Model \u010derpadla: HRM-A Materi\u00e1l hlavy \u010derpadla: Hlin\u00edk Maxim\u00e1ln\u00ed tlak (Bar): 130 Pr\u016ftok l\/h (vysok\u00fd tlak): 540 V\u00fdkon motoru (kW): 2,3 Typ motoru (f\u00e1zov\u00fd): 1~ Ot.\/min (\u010derpadlo): 2800 Nap\u011bt\u00ed [&hellip;]\" \/>\n<meta property=\"og:url\" content=\"https:\/\/www.domstavpro.com\/index.php\/produkt\/dewalt-dxpw001e-vysokotlaky-cistic-130-bar-2-3-kw-objednat-nyni-7152\/\" \/>\n<meta property=\"og:image\" content=\"https:\/\/www.domstavpro.com\/wp-content\/uploads\/2026\/SK0029333-CZ20260425-092328-0-1777080210-dxpw001e-pro-high-pressure-dewalt-washers-130bar-2300w.webp\" \/>\n\t<meta property=\"og:image:width\" content=\"600\" \/>\n\t<meta property=\"og:image:height\" content=\"600\" \/>\n\t<meta property=\"og:image:type\" content=\"image\/webp\" \/>\n<meta name=\"twitter:card\" content=\"summary_large_image\" \/>\n<meta name=\"twitter:label1\" content=\"Odhadovan\u00e1 doba \u010dten\u00ed\" \/>\n\t<meta name=\"twitter:data1\" content=\"1 minuta\" \/>\n<script type=\"application\/ld+json\" class=\"yoast-schema-graph\">{\"@context\":\"https:\/\/schema.org\",\"@graph\":[{\"@type\":\"WebPage\",\"@id\":\"https:\/\/www.domstavpro.com\/index.php\/produkt\/dewalt-dxpw001e-vysokotlaky-cistic-130-bar-2-3-kw-objednat-nyni-7152\/\",\"url\":\"https:\/\/www.domstavpro.com\/index.php\/produkt\/dewalt-dxpw001e-vysokotlaky-cistic-130-bar-2-3-kw-objednat-nyni-7152\/\",\"name\":\"DeWalt DXPW001E Vysokotlak\u00fd \u010disti\u010d 130 BAR, 2,3 KW Objednat Nyn\u00ed -\",\"isPartOf\":{\"@id\":\"https:\/\/www.domstavpro.com\/#website\"},\"primaryImageOfPage\":{\"@id\":\"https:\/\/www.domstavpro.com\/index.php\/produkt\/dewalt-dxpw001e-vysokotlaky-cistic-130-bar-2-3-kw-objednat-nyni-7152\/#primaryimage\"},\"image\":{\"@id\":\"https:\/\/www.domstavpro.com\/index.php\/produkt\/dewalt-dxpw001e-vysokotlaky-cistic-130-bar-2-3-kw-objednat-nyni-7152\/#primaryimage\"},\"thumbnailUrl\":\"https:\/\/www.domstavpro.com\/wp-content\/uploads\/2026\/SK0029333-CZ20260425-092328-0-1777080210-dxpw001e-pro-high-pressure-dewalt-washers-130bar-2300w.webp\",\"datePublished\":\"2026-04-27T15:08:10+00:00\",\"breadcrumb\":{\"@id\":\"https:\/\/www.domstavpro.com\/index.php\/produkt\/dewalt-dxpw001e-vysokotlaky-cistic-130-bar-2-3-kw-objednat-nyni-7152\/#breadcrumb\"},\"inLanguage\":\"cs\",\"potentialAction\":[{\"@type\":\"ReadAction\",\"target\":[\"https:\/\/www.domstavpro.com\/index.php\/produkt\/dewalt-dxpw001e-vysokotlaky-cistic-130-bar-2-3-kw-objednat-nyni-7152\/\"]}]},{\"@type\":\"ImageObject\",\"inLanguage\":\"cs\",\"@id\":\"https:\/\/www.domstavpro.com\/index.php\/produkt\/dewalt-dxpw001e-vysokotlaky-cistic-130-bar-2-3-kw-objednat-nyni-7152\/#primaryimage\",\"url\":\"https:\/\/www.domstavpro.com\/wp-content\/uploads\/2026\/SK0029333-CZ20260425-092328-0-1777080210-dxpw001e-pro-high-pressure-dewalt-washers-130bar-2300w.webp\",\"contentUrl\":\"https:\/\/www.domstavpro.com\/wp-content\/uploads\/2026\/SK0029333-CZ20260425-092328-0-1777080210-dxpw001e-pro-high-pressure-dewalt-washers-130bar-2300w.webp\",\"width\":600,\"height\":600},{\"@type\":\"BreadcrumbList\",\"@id\":\"https:\/\/www.domstavpro.com\/index.php\/produkt\/dewalt-dxpw001e-vysokotlaky-cistic-130-bar-2-3-kw-objednat-nyni-7152\/#breadcrumb\",\"itemListElement\":[{\"@type\":\"ListItem\",\"position\":1,\"name\":\"Home\",\"item\":\"https:\/\/www.domstavpro.com\/\"},{\"@type\":\"ListItem\",\"position\":2,\"name\":\"Products\",\"item\":\"https:\/\/www.domstavpro.com\/index.php\/products\/\"},{\"@type\":\"ListItem\",\"position\":3,\"name\":\"DeWalt DXPW001E Vysokotlak\u00fd \u010disti\u010d 130 BAR, 2,3 KW Objednat Nyn\u00ed\"}]},{\"@type\":\"WebSite\",\"@id\":\"https:\/\/www.domstavpro.com\/#website\",\"url\":\"https:\/\/www.domstavpro.com\/\",\"name\":\"\",\"description\":\"\",\"potentialAction\":[{\"@type\":\"SearchAction\",\"target\":{\"@type\":\"EntryPoint\",\"urlTemplate\":\"https:\/\/www.domstavpro.com\/?s={search_term_string}\"},\"query-input\":{\"@type\":\"PropertyValueSpecification\",\"valueRequired\":true,\"valueName\":\"search_term_string\"}}],\"inLanguage\":\"cs\"}]}<\/script>\n<!-- \/ Yoast SEO plugin. -->","yoast_head_json":{"title":"DeWalt DXPW001E Vysokotlak\u00fd \u010disti\u010d 130 BAR, 2,3 KW Objednat Nyn\u00ed -","robots":{"index":"index","follow":"follow","max-snippet":"max-snippet:-1","max-image-preview":"max-image-preview:large","max-video-preview":"max-video-preview:-1"},"canonical":"https:\/\/www.domstavpro.com\/index.php\/produkt\/dewalt-dxpw001e-vysokotlaky-cistic-130-bar-2-3-kw-objednat-nyni-7152\/","og_locale":"cs_CZ","og_type":"article","og_title":"DeWalt DXPW001E Vysokotlak\u00fd \u010disti\u010d 130 BAR, 2,3 KW Objednat Nyn\u00ed -","og_description":"V\u00fd\u0161kov\u011b nastaviteln\u00e1 kovov\u00e1 rukoje\u0165 s m\u011bkk\u00fdm uchopen\u00edmOto\u010dn\u00fd sp\u00edna\u010d ON\/OFFFunkce samo nas\u00e1v\u00e1n\u00edZabudovan\u00e9 ods\u00e1v\u00e1n\u00ed \u010dist\u00edc\u00edho prost\u0159edkuP\u0159\u00edvod a v\u00fdvod vody s rychloup\u00ednac\u00edm syst\u00e9memOdoln\u00e9 gumov\u00e9 kole\u010dka pro dokonal\u00e9 vyv\u00e1\u017een\u00edV.STOP antivibra\u010dn\u00ed syst\u00e9m Model \u010derpadla: HRM-A Materi\u00e1l hlavy \u010derpadla: Hlin\u00edk Maxim\u00e1ln\u00ed tlak (Bar): 130 Pr\u016ftok l\/h (vysok\u00fd tlak): 540 V\u00fdkon motoru (kW): 2,3 Typ motoru (f\u00e1zov\u00fd): 1~ Ot.\/min (\u010derpadlo): 2800 Nap\u011bt\u00ed [&hellip;]","og_url":"https:\/\/www.domstavpro.com\/index.php\/produkt\/dewalt-dxpw001e-vysokotlaky-cistic-130-bar-2-3-kw-objednat-nyni-7152\/","og_image":[{"width":600,"height":600,"url":"https:\/\/www.domstavpro.com\/wp-content\/uploads\/2026\/SK0029333-CZ20260425-092328-0-1777080210-dxpw001e-pro-high-pressure-dewalt-washers-130bar-2300w.webp","type":"image\/webp"}],"twitter_card":"summary_large_image","twitter_misc":{"Odhadovan\u00e1 doba \u010dten\u00ed":"1 minuta"},"schema":{"@context":"https:\/\/schema.org","@graph":[{"@type":"WebPage","@id":"https:\/\/www.domstavpro.com\/index.php\/produkt\/dewalt-dxpw001e-vysokotlaky-cistic-130-bar-2-3-kw-objednat-nyni-7152\/","url":"https:\/\/www.domstavpro.com\/index.php\/produkt\/dewalt-dxpw001e-vysokotlaky-cistic-130-bar-2-3-kw-objednat-nyni-7152\/","name":"DeWalt DXPW001E Vysokotlak\u00fd \u010disti\u010d 130 BAR, 2,3 KW Objednat Nyn\u00ed -","isPartOf":{"@id":"https:\/\/www.domstavpro.com\/#website"},"primaryImageOfPage":{"@id":"https:\/\/www.domstavpro.com\/index.php\/produkt\/dewalt-dxpw001e-vysokotlaky-cistic-130-bar-2-3-kw-objednat-nyni-7152\/#primaryimage"},"image":{"@id":"https:\/\/www.domstavpro.com\/index.php\/produkt\/dewalt-dxpw001e-vysokotlaky-cistic-130-bar-2-3-kw-objednat-nyni-7152\/#primaryimage"},"thumbnailUrl":"https:\/\/www.domstavpro.com\/wp-content\/uploads\/2026\/SK0029333-CZ20260425-092328-0-1777080210-dxpw001e-pro-high-pressure-dewalt-washers-130bar-2300w.webp","datePublished":"2026-04-27T15:08:10+00:00","breadcrumb":{"@id":"https:\/\/www.domstavpro.com\/index.php\/produkt\/dewalt-dxpw001e-vysokotlaky-cistic-130-bar-2-3-kw-objednat-nyni-7152\/#breadcrumb"},"inLanguage":"cs","potentialAction":[{"@type":"ReadAction","target":["https:\/\/www.domstavpro.com\/index.php\/produkt\/dewalt-dxpw001e-vysokotlaky-cistic-130-bar-2-3-kw-objednat-nyni-7152\/"]}]},{"@type":"ImageObject","inLanguage":"cs","@id":"https:\/\/www.domstavpro.com\/index.php\/produkt\/dewalt-dxpw001e-vysokotlaky-cistic-130-bar-2-3-kw-objednat-nyni-7152\/#primaryimage","url":"https:\/\/www.domstavpro.com\/wp-content\/uploads\/2026\/SK0029333-CZ20260425-092328-0-1777080210-dxpw001e-pro-high-pressure-dewalt-washers-130bar-2300w.webp","contentUrl":"https:\/\/www.domstavpro.com\/wp-content\/uploads\/2026\/SK0029333-CZ20260425-092328-0-1777080210-dxpw001e-pro-high-pressure-dewalt-washers-130bar-2300w.webp","width":600,"height":600},{"@type":"BreadcrumbList","@id":"https:\/\/www.domstavpro.com\/index.php\/produkt\/dewalt-dxpw001e-vysokotlaky-cistic-130-bar-2-3-kw-objednat-nyni-7152\/#breadcrumb","itemListElement":[{"@type":"ListItem","position":1,"name":"Home","item":"https:\/\/www.domstavpro.com\/"},{"@type":"ListItem","position":2,"name":"Products","item":"https:\/\/www.domstavpro.com\/index.php\/products\/"},{"@type":"ListItem","position":3,"name":"DeWalt DXPW001E Vysokotlak\u00fd \u010disti\u010d 130 BAR, 2,3 KW Objednat Nyn\u00ed"}]},{"@type":"WebSite","@id":"https:\/\/www.domstavpro.com\/#website","url":"https:\/\/www.domstavpro.com\/","name":"","description":"","potentialAction":[{"@type":"SearchAction","target":{"@type":"EntryPoint","urlTemplate":"https:\/\/www.domstavpro.com\/?s={search_term_string}"},"query-input":{"@type":"PropertyValueSpecification","valueRequired":true,"valueName":"search_term_string"}}],"inLanguage":"cs"}]}},"_links":{"self":[{"href":"https:\/\/www.domstavpro.com\/index.php\/wp-json\/wp\/v2\/product\/7152","targetHints":{"allow":["GET"]}}],"collection":[{"href":"https:\/\/www.domstavpro.com\/index.php\/wp-json\/wp\/v2\/product"}],"about":[{"href":"https:\/\/www.domstavpro.com\/index.php\/wp-json\/wp\/v2\/types\/product"}],"replies":[{"embeddable":true,"href":"https:\/\/www.domstavpro.com\/index.php\/wp-json\/wp\/v2\/comments?post=7152"}],"wp:featuredmedia":[{"embeddable":true,"href":"https:\/\/www.domstavpro.com\/index.php\/wp-json\/wp\/v2\/media\/7252"}],"wp:attachment":[{"href":"https:\/\/www.domstavpro.com\/index.php\/wp-json\/wp\/v2\/media?parent=7152"}],"wp:term":[{"taxonomy":"product_brand","embeddable":true,"href":"https:\/\/www.domstavpro.com\/index.php\/wp-json\/wp\/v2\/product_brand?post=7152"},{"taxonomy":"product_cat","embeddable":true,"href":"https:\/\/www.domstavpro.com\/index.php\/wp-json\/wp\/v2\/product_cat?post=7152"},{"taxonomy":"product_tag","embeddable":true,"href":"https:\/\/www.domstavpro.com\/index.php\/wp-json\/wp\/v2\/product_tag?post=7152"}],"curies":[{"name":"wp","href":"https:\/\/api.w.org\/{rel}","templated":true}]}}