{"id":6958,"date":"2026-04-27T15:08:09","date_gmt":"2026-04-27T15:08:09","guid":{"rendered":""},"modified":"2026-04-27T15:08:09","modified_gmt":"2026-04-27T15:08:09","slug":"cenova-bomba-powerplus-powxg9100-benzinova-tlakova-mycka-s-cerpadlem-210cc-270bar-6958","status":"publish","type":"product","link":"https:\/\/www.domstavpro.com\/index.php\/produkt\/cenova-bomba-powerplus-powxg9100-benzinova-tlakova-mycka-s-cerpadlem-210cc-270bar-6958\/","title":{"rendered":"Cenov\u00e1 Bomba POWERPLUS POWXG9100 Benzinov\u00e1 tlakov\u00e1 my\u010dka s \u010derpadlem 210cc 270bar"},"content":{"rendered":"<table>\n<div class=\"tab-pane active product-description\" id=\"popis\" role=\"tabpanel\">\n<div class=\"short-description\" itemprop=\"description\"><\/div>\n<div class=\"description\"><span class='bullet-line'>D\u00edky v\u00fdkonn\u00e9mu benz\u00ednov\u00e9mu motoru o objemu 210 ccm zvl\u00e1dne tlakov\u00fd \u010disti\u010d POWXG9100 POWERPLUS i ty nejn\u00e1ro\u010dn\u011bj\u0161\u00ed pr\u00e1ce. \u010cty\u0159taktn\u00ed motor poskytuje v\u00fdkon a\u017e 5100 W. Pr\u016ftok vody 540 litr\u016f za hodinu a maxim\u00e1ln\u00ed tlak a\u017e 270 bar\u016f zaji\u0161\u0165uj\u00ed v\u017edy \u010dist\u00fd v\u00fdsledek. Je to ide\u00e1ln\u00ed benzinov\u00e1 tlakov\u00e1 my\u010dka pro nejn\u00e1ro\u010dn\u011bj\u0161\u00ed \u00fakoly. \u010ci\u0161t\u011bn\u00ed teplou vodou je mo\u017en\u00e9, proto\u017ee tlakov\u00fd \u010disti\u010d vydr\u017e\u00ed teploty a\u017e 60\u00b0 C. <br \/><\/span><span class='bullet-line'>Integrovan\u00e1 n\u00e1dr\u017e na \u010distic\u00ed prost\u0159edek zaji\u0161\u0165uje nej\u010dist\u0161\u00ed v\u00fdsledky. POWXG9100 je vybaven vysoce kvalitn\u00edm m\u011bd\u011bn\u00fdm \u010derpadlem, kter\u00e9 zaji\u0161\u0165uje lep\u0161\u00ed v\u00fdkon a prodlu\u017euje \u017eivotnost tlakov\u00e9 my\u010dky. Za\u0159\u00edzen\u00ed lze p\u0159ipojit k b\u011b\u017en\u00e9mu vodovodn\u00edmu \u0159\u00e1du, ale je tak\u00e9 vybaveno re\u017eimem s\u00e1n\u00ed. <br \/><\/span><span class='bullet-line'>P\u0159i pou\u017eit\u00ed tohoto re\u017eimu lze 2 metry dlouhou hadici pou\u017e\u00edt k \u010derp\u00e1n\u00ed vody z kbel\u00edk\u016f, rybn\u00edk\u016f a studn\u00ed. D\u00edky obtokov\u00e9mu syst\u00e9mu je tlakov\u00fd \u010disti\u010d bezpe\u010dn\u00fdm n\u00e1strojem pro \u010di\u0161t\u011bn\u00ed. Kdy\u017e se uvoln\u00ed spou\u0161\u0165 tlakov\u00e9 my\u010dky, voda bude p\u0159iv\u00e1d\u011bna samostatn\u00fdm obtokov\u00fdm okruhem. Tam se \u010derp\u00e1 \u010derpadlem p\u0159i konstantn\u00edm tlaku 10 bar. T\u00edm se zabr\u00e1n\u00ed prasknut\u00ed hlavy \u010derpadla tlakov\u00e9 my\u010dky v d\u016fsledku p\u0159etlaku a motor se nevypne p\u0159i ka\u017ed\u00e9m uvoln\u011bn\u00ed spou\u0161t\u011b. <br \/><\/span><span class='bullet-line'>Vzhledem k 3litrov\u00e9 benzinov\u00e9 n\u00e1dr\u017ei nen\u00ed t\u0159eba otravn\u00fdch prodlu\u017eovac\u00edch kabel\u016f. 20 metr\u016f dlouh\u00e1 tlakov\u00e1 hadice poskytuje pot\u0159ebnou volnost pohybu. Krom\u011b toho je tlakov\u00e1 my\u010dka p\u0159ipevn\u011bna na robustn\u00edm podvozku se dv\u011bma koly, tak\u017ee jej lze snadno p\u0159epravovat.<br \/><\/span><br \/>\u27a4 VLASTNOSTI<span class='bullet-line'>Vysoce kvalitn\u00ed m\u011bd\u011bn\u00e9 \u010derpadlo<br \/><\/span><span class='bullet-line'>Dlouh\u00e1 \u017eivotnost \u010derpadla<br \/><\/span><span class='bullet-line'>Vylep\u0161en\u00fd v\u00fdkon motoru<br \/><\/span><span class='bullet-line'>P\u0159epravn\u00ed kola pro snadnou manipulaci<br \/><\/span><span class='bullet-line'>N\u00e1dr\u017eka na \u010distic\u00ed prost\u0159edky<br \/><\/span><span class='bullet-line'>Funkce samonas\u00e1vac\u00edho \u010derpadla<br \/><\/span><span class='bullet-line'>Tepeln\u00fd p\u0159etlakov\u00fd ventil<br \/><\/span><span class='bullet-line'>Funkce ochrany teploty vody<br \/><\/span><span class='bullet-line'>Hadicov\u00fd navij\u00e1k<br \/><\/span><span class='bullet-line'>M\u011bk\u010den\u00e1 rukoje\u0165<br \/><\/span><br \/>\u27a4 BALEN\u00cd OBSAHUJE<span class='bullet-line'>1x tlakov\u00e1 my\u010dka<br \/><\/span><span class='bullet-line'>1x vysokotlak\u00e1 hadice<br \/><\/span><span class='bullet-line'>4x rozpra\u0161ovac\u00ed tryska \/ 1x tryska na sapon\u00e1t<br \/><\/span><span class='bullet-line'>1x pistole s ocelov\u00fdm n\u00e1stavcem<br \/><\/span><span class='bullet-line'>1x samonas\u00e1vac\u00ed hadice 2m<br \/><\/span><span class='bullet-line'>1x \u010distic\u00ed jehla<br \/><\/span><span class='bullet-line'>Sada kl\u00ed\u010d\u016f<br \/><\/span><br \/>\u27a4 VHODN\u00c9 P\u0158\u00cdSLU\u0160ENSTV\u00cd<span class='bullet-line'>POWOIL033 Olej do 4-taktn\u00edch motor\u016f 1l<br \/><\/span><span class='bullet-line'>POWOIL035 Olej do 4-taktn\u00edch motor\u016f 5l<br \/><\/span><span class='bullet-line'>POWACG2011 Zapalovac\u00ed sv\u00ed\u010dka BOSCH WR8DC+<br \/><\/span><span class='bullet-line'>POWXG90091 Set na \u010di\u0161t\u011bn\u00ed potrub\u00ed 15m<br \/><\/span><span class='bullet-line'>POWXG90980 Adapt\u00e9r k tlakov\u00fdm my\u010dk\u00e1m<\/span><\/div>\n<div class=\"parameters\">\n<tr>\n<td>Obsah motoru<\/td>\n<td>210 ccm<\/td>\n<\/tr>\n<tr>\n<td>V\u00fdkon motoru<\/td>\n<td>5,1 kW<\/td>\n<\/tr>\n<tr>\n<td>Typ motoru<\/td>\n<td>Powerplus OHV \u010dty\u0159taktn\u00ed benzinov\u00fd (ECO DRIVER POWER)<\/td>\n<\/tr>\n<tr>\n<td>Ot\u00e1\u010dky napr\u00e1zdno<\/td>\n<td>3.600 min-1<\/td>\n<\/tr>\n<tr>\n<td>Max. tlak<\/td>\n<td>270 bar<\/td>\n<\/tr>\n<tr>\n<td>Pr\u016ftok<\/td>\n<td>540 l\/h<\/td>\n<\/tr>\n<tr>\n<td>Palivov\u00e1 n\u00e1dr\u017e<\/td>\n<td>3 L<\/td>\n<\/tr>\n<tr>\n<td>Integrovan\u00e1 n\u00e1dr\u017e na \u010distic\u00ed prost\u0159edek<\/td>\n<td>6 l<\/td>\n<\/tr>\n<tr>\n<td>Max. teplota vody<\/td>\n<td>60\u00b0C<\/td>\n<\/tr>\n<tr>\n<td>D\u00e9lka hadice<\/td>\n<td>20 m<\/td>\n<\/tr>\n<tr>\n<td>Hmotnost<\/td>\n<td>34 kg<\/td>\n<\/tr>\n<tr>\n<td>Jmenovit\u00fd(pracovn\u00ed) tlak<\/td>\n<td>170 bar<\/td>\n<\/tr><\/div>\n<\/table>\n","protected":false},"excerpt":{"rendered":"<p>D\u00edky v\u00fdkonn\u00e9mu benz\u00ednov\u00e9mu motoru o objemu 210 ccm zvl\u00e1dne tlakov\u00fd \u010disti\u010d POWXG9100 POWERPLUS i ty nejn\u00e1ro\u010dn\u011bj\u0161\u00ed pr\u00e1ce. \u010cty\u0159taktn\u00ed motor poskytuje v\u00fdkon a\u017e 5100 W. Pr\u016ftok vody 540 litr\u016f za hodinu a maxim\u00e1ln\u00ed tlak a\u017e 270 bar\u016f zaji\u0161\u0165uj\u00ed v\u017edy \u010dist\u00fd v\u00fdsledek. Je to ide\u00e1ln\u00ed benzinov\u00e1 tlakov\u00e1 my\u010dka pro nejn\u00e1ro\u010dn\u011bj\u0161\u00ed \u00fakoly. \u010ci\u0161t\u011bn\u00ed teplou vodou je mo\u017en\u00e9, proto\u017ee [&hellip;]<\/p>\n","protected":false},"featured_media":7058,"comment_status":"open","ping_status":"open","template":"","meta":[],"product_brand":[],"product_cat":[44],"product_tag":[],"class_list":{"0":"post-6958","1":"product","2":"type-product","3":"status-publish","4":"has-post-thumbnail","6":"product_cat-cistici-technika","8":"first","9":"instock","10":"sale","11":"shipping-taxable","12":"purchasable","13":"product-type-simple"},"yoast_head":"<!-- This site is optimized with the Yoast SEO plugin v26.8 - https:\/\/yoast.com\/product\/yoast-seo-wordpress\/ -->\n<title>Cenov\u00e1 Bomba POWERPLUS POWXG9100 Benzinov\u00e1 tlakov\u00e1 my\u010dka s \u010derpadlem 210cc 270bar -<\/title>\n<meta name=\"robots\" content=\"index, follow, max-snippet:-1, max-image-preview:large, max-video-preview:-1\" \/>\n<link rel=\"canonical\" href=\"https:\/\/www.domstavpro.com\/index.php\/produkt\/cenova-bomba-powerplus-powxg9100-benzinova-tlakova-mycka-s-cerpadlem-210cc-270bar-6958\/\" \/>\n<meta property=\"og:locale\" content=\"cs_CZ\" \/>\n<meta property=\"og:type\" content=\"article\" \/>\n<meta property=\"og:title\" content=\"Cenov\u00e1 Bomba POWERPLUS POWXG9100 Benzinov\u00e1 tlakov\u00e1 my\u010dka s \u010derpadlem 210cc 270bar -\" \/>\n<meta property=\"og:description\" content=\"D\u00edky v\u00fdkonn\u00e9mu benz\u00ednov\u00e9mu motoru o objemu 210 ccm zvl\u00e1dne tlakov\u00fd \u010disti\u010d POWXG9100 POWERPLUS i ty nejn\u00e1ro\u010dn\u011bj\u0161\u00ed pr\u00e1ce. \u010cty\u0159taktn\u00ed motor poskytuje v\u00fdkon a\u017e 5100 W. Pr\u016ftok vody 540 litr\u016f za hodinu a maxim\u00e1ln\u00ed tlak a\u017e 270 bar\u016f zaji\u0161\u0165uj\u00ed v\u017edy \u010dist\u00fd v\u00fdsledek. Je to ide\u00e1ln\u00ed benzinov\u00e1 tlakov\u00e1 my\u010dka pro nejn\u00e1ro\u010dn\u011bj\u0161\u00ed \u00fakoly. \u010ci\u0161t\u011bn\u00ed teplou vodou je mo\u017en\u00e9, proto\u017ee [&hellip;]\" \/>\n<meta property=\"og:url\" content=\"https:\/\/www.domstavpro.com\/index.php\/produkt\/cenova-bomba-powerplus-powxg9100-benzinova-tlakova-mycka-s-cerpadlem-210cc-270bar-6958\/\" \/>\n<meta property=\"og:image\" content=\"https:\/\/www.domstavpro.com\/wp-content\/uploads\/2026\/SK0029227-CZ20260425-092328-0-1777080210-4469_9743.webp\" \/>\n\t<meta property=\"og:image:width\" content=\"808\" \/>\n\t<meta property=\"og:image:height\" content=\"800\" \/>\n\t<meta property=\"og:image:type\" content=\"image\/webp\" \/>\n<meta name=\"twitter:card\" content=\"summary_large_image\" \/>\n<meta name=\"twitter:label1\" content=\"Odhadovan\u00e1 doba \u010dten\u00ed\" \/>\n\t<meta name=\"twitter:data1\" content=\"2 minuty\" \/>\n<script type=\"application\/ld+json\" class=\"yoast-schema-graph\">{\"@context\":\"https:\/\/schema.org\",\"@graph\":[{\"@type\":\"WebPage\",\"@id\":\"https:\/\/www.domstavpro.com\/index.php\/produkt\/cenova-bomba-powerplus-powxg9100-benzinova-tlakova-mycka-s-cerpadlem-210cc-270bar-6958\/\",\"url\":\"https:\/\/www.domstavpro.com\/index.php\/produkt\/cenova-bomba-powerplus-powxg9100-benzinova-tlakova-mycka-s-cerpadlem-210cc-270bar-6958\/\",\"name\":\"Cenov\u00e1 Bomba POWERPLUS POWXG9100 Benzinov\u00e1 tlakov\u00e1 my\u010dka s \u010derpadlem 210cc 270bar -\",\"isPartOf\":{\"@id\":\"https:\/\/www.domstavpro.com\/#website\"},\"primaryImageOfPage\":{\"@id\":\"https:\/\/www.domstavpro.com\/index.php\/produkt\/cenova-bomba-powerplus-powxg9100-benzinova-tlakova-mycka-s-cerpadlem-210cc-270bar-6958\/#primaryimage\"},\"image\":{\"@id\":\"https:\/\/www.domstavpro.com\/index.php\/produkt\/cenova-bomba-powerplus-powxg9100-benzinova-tlakova-mycka-s-cerpadlem-210cc-270bar-6958\/#primaryimage\"},\"thumbnailUrl\":\"https:\/\/www.domstavpro.com\/wp-content\/uploads\/2026\/SK0029227-CZ20260425-092328-0-1777080210-4469_9743.webp\",\"datePublished\":\"2026-04-27T15:08:09+00:00\",\"breadcrumb\":{\"@id\":\"https:\/\/www.domstavpro.com\/index.php\/produkt\/cenova-bomba-powerplus-powxg9100-benzinova-tlakova-mycka-s-cerpadlem-210cc-270bar-6958\/#breadcrumb\"},\"inLanguage\":\"cs\",\"potentialAction\":[{\"@type\":\"ReadAction\",\"target\":[\"https:\/\/www.domstavpro.com\/index.php\/produkt\/cenova-bomba-powerplus-powxg9100-benzinova-tlakova-mycka-s-cerpadlem-210cc-270bar-6958\/\"]}]},{\"@type\":\"ImageObject\",\"inLanguage\":\"cs\",\"@id\":\"https:\/\/www.domstavpro.com\/index.php\/produkt\/cenova-bomba-powerplus-powxg9100-benzinova-tlakova-mycka-s-cerpadlem-210cc-270bar-6958\/#primaryimage\",\"url\":\"https:\/\/www.domstavpro.com\/wp-content\/uploads\/2026\/SK0029227-CZ20260425-092328-0-1777080210-4469_9743.webp\",\"contentUrl\":\"https:\/\/www.domstavpro.com\/wp-content\/uploads\/2026\/SK0029227-CZ20260425-092328-0-1777080210-4469_9743.webp\",\"width\":808,\"height\":800},{\"@type\":\"BreadcrumbList\",\"@id\":\"https:\/\/www.domstavpro.com\/index.php\/produkt\/cenova-bomba-powerplus-powxg9100-benzinova-tlakova-mycka-s-cerpadlem-210cc-270bar-6958\/#breadcrumb\",\"itemListElement\":[{\"@type\":\"ListItem\",\"position\":1,\"name\":\"Home\",\"item\":\"https:\/\/www.domstavpro.com\/\"},{\"@type\":\"ListItem\",\"position\":2,\"name\":\"Products\",\"item\":\"https:\/\/www.domstavpro.com\/index.php\/products\/\"},{\"@type\":\"ListItem\",\"position\":3,\"name\":\"Cenov\u00e1 Bomba POWERPLUS POWXG9100 Benzinov\u00e1 tlakov\u00e1 my\u010dka s \u010derpadlem 210cc 270bar\"}]},{\"@type\":\"WebSite\",\"@id\":\"https:\/\/www.domstavpro.com\/#website\",\"url\":\"https:\/\/www.domstavpro.com\/\",\"name\":\"\",\"description\":\"\",\"potentialAction\":[{\"@type\":\"SearchAction\",\"target\":{\"@type\":\"EntryPoint\",\"urlTemplate\":\"https:\/\/www.domstavpro.com\/?s={search_term_string}\"},\"query-input\":{\"@type\":\"PropertyValueSpecification\",\"valueRequired\":true,\"valueName\":\"search_term_string\"}}],\"inLanguage\":\"cs\"}]}<\/script>\n<!-- \/ Yoast SEO plugin. -->","yoast_head_json":{"title":"Cenov\u00e1 Bomba POWERPLUS POWXG9100 Benzinov\u00e1 tlakov\u00e1 my\u010dka s \u010derpadlem 210cc 270bar -","robots":{"index":"index","follow":"follow","max-snippet":"max-snippet:-1","max-image-preview":"max-image-preview:large","max-video-preview":"max-video-preview:-1"},"canonical":"https:\/\/www.domstavpro.com\/index.php\/produkt\/cenova-bomba-powerplus-powxg9100-benzinova-tlakova-mycka-s-cerpadlem-210cc-270bar-6958\/","og_locale":"cs_CZ","og_type":"article","og_title":"Cenov\u00e1 Bomba POWERPLUS POWXG9100 Benzinov\u00e1 tlakov\u00e1 my\u010dka s \u010derpadlem 210cc 270bar -","og_description":"D\u00edky v\u00fdkonn\u00e9mu benz\u00ednov\u00e9mu motoru o objemu 210 ccm zvl\u00e1dne tlakov\u00fd \u010disti\u010d POWXG9100 POWERPLUS i ty nejn\u00e1ro\u010dn\u011bj\u0161\u00ed pr\u00e1ce. \u010cty\u0159taktn\u00ed motor poskytuje v\u00fdkon a\u017e 5100 W. Pr\u016ftok vody 540 litr\u016f za hodinu a maxim\u00e1ln\u00ed tlak a\u017e 270 bar\u016f zaji\u0161\u0165uj\u00ed v\u017edy \u010dist\u00fd v\u00fdsledek. Je to ide\u00e1ln\u00ed benzinov\u00e1 tlakov\u00e1 my\u010dka pro nejn\u00e1ro\u010dn\u011bj\u0161\u00ed \u00fakoly. \u010ci\u0161t\u011bn\u00ed teplou vodou je mo\u017en\u00e9, proto\u017ee [&hellip;]","og_url":"https:\/\/www.domstavpro.com\/index.php\/produkt\/cenova-bomba-powerplus-powxg9100-benzinova-tlakova-mycka-s-cerpadlem-210cc-270bar-6958\/","og_image":[{"width":808,"height":800,"url":"https:\/\/www.domstavpro.com\/wp-content\/uploads\/2026\/SK0029227-CZ20260425-092328-0-1777080210-4469_9743.webp","type":"image\/webp"}],"twitter_card":"summary_large_image","twitter_misc":{"Odhadovan\u00e1 doba \u010dten\u00ed":"2 minuty"},"schema":{"@context":"https:\/\/schema.org","@graph":[{"@type":"WebPage","@id":"https:\/\/www.domstavpro.com\/index.php\/produkt\/cenova-bomba-powerplus-powxg9100-benzinova-tlakova-mycka-s-cerpadlem-210cc-270bar-6958\/","url":"https:\/\/www.domstavpro.com\/index.php\/produkt\/cenova-bomba-powerplus-powxg9100-benzinova-tlakova-mycka-s-cerpadlem-210cc-270bar-6958\/","name":"Cenov\u00e1 Bomba POWERPLUS POWXG9100 Benzinov\u00e1 tlakov\u00e1 my\u010dka s \u010derpadlem 210cc 270bar -","isPartOf":{"@id":"https:\/\/www.domstavpro.com\/#website"},"primaryImageOfPage":{"@id":"https:\/\/www.domstavpro.com\/index.php\/produkt\/cenova-bomba-powerplus-powxg9100-benzinova-tlakova-mycka-s-cerpadlem-210cc-270bar-6958\/#primaryimage"},"image":{"@id":"https:\/\/www.domstavpro.com\/index.php\/produkt\/cenova-bomba-powerplus-powxg9100-benzinova-tlakova-mycka-s-cerpadlem-210cc-270bar-6958\/#primaryimage"},"thumbnailUrl":"https:\/\/www.domstavpro.com\/wp-content\/uploads\/2026\/SK0029227-CZ20260425-092328-0-1777080210-4469_9743.webp","datePublished":"2026-04-27T15:08:09+00:00","breadcrumb":{"@id":"https:\/\/www.domstavpro.com\/index.php\/produkt\/cenova-bomba-powerplus-powxg9100-benzinova-tlakova-mycka-s-cerpadlem-210cc-270bar-6958\/#breadcrumb"},"inLanguage":"cs","potentialAction":[{"@type":"ReadAction","target":["https:\/\/www.domstavpro.com\/index.php\/produkt\/cenova-bomba-powerplus-powxg9100-benzinova-tlakova-mycka-s-cerpadlem-210cc-270bar-6958\/"]}]},{"@type":"ImageObject","inLanguage":"cs","@id":"https:\/\/www.domstavpro.com\/index.php\/produkt\/cenova-bomba-powerplus-powxg9100-benzinova-tlakova-mycka-s-cerpadlem-210cc-270bar-6958\/#primaryimage","url":"https:\/\/www.domstavpro.com\/wp-content\/uploads\/2026\/SK0029227-CZ20260425-092328-0-1777080210-4469_9743.webp","contentUrl":"https:\/\/www.domstavpro.com\/wp-content\/uploads\/2026\/SK0029227-CZ20260425-092328-0-1777080210-4469_9743.webp","width":808,"height":800},{"@type":"BreadcrumbList","@id":"https:\/\/www.domstavpro.com\/index.php\/produkt\/cenova-bomba-powerplus-powxg9100-benzinova-tlakova-mycka-s-cerpadlem-210cc-270bar-6958\/#breadcrumb","itemListElement":[{"@type":"ListItem","position":1,"name":"Home","item":"https:\/\/www.domstavpro.com\/"},{"@type":"ListItem","position":2,"name":"Products","item":"https:\/\/www.domstavpro.com\/index.php\/products\/"},{"@type":"ListItem","position":3,"name":"Cenov\u00e1 Bomba POWERPLUS POWXG9100 Benzinov\u00e1 tlakov\u00e1 my\u010dka s \u010derpadlem 210cc 270bar"}]},{"@type":"WebSite","@id":"https:\/\/www.domstavpro.com\/#website","url":"https:\/\/www.domstavpro.com\/","name":"","description":"","potentialAction":[{"@type":"SearchAction","target":{"@type":"EntryPoint","urlTemplate":"https:\/\/www.domstavpro.com\/?s={search_term_string}"},"query-input":{"@type":"PropertyValueSpecification","valueRequired":true,"valueName":"search_term_string"}}],"inLanguage":"cs"}]}},"_links":{"self":[{"href":"https:\/\/www.domstavpro.com\/index.php\/wp-json\/wp\/v2\/product\/6958","targetHints":{"allow":["GET"]}}],"collection":[{"href":"https:\/\/www.domstavpro.com\/index.php\/wp-json\/wp\/v2\/product"}],"about":[{"href":"https:\/\/www.domstavpro.com\/index.php\/wp-json\/wp\/v2\/types\/product"}],"replies":[{"embeddable":true,"href":"https:\/\/www.domstavpro.com\/index.php\/wp-json\/wp\/v2\/comments?post=6958"}],"wp:featuredmedia":[{"embeddable":true,"href":"https:\/\/www.domstavpro.com\/index.php\/wp-json\/wp\/v2\/media\/7058"}],"wp:attachment":[{"href":"https:\/\/www.domstavpro.com\/index.php\/wp-json\/wp\/v2\/media?parent=6958"}],"wp:term":[{"taxonomy":"product_brand","embeddable":true,"href":"https:\/\/www.domstavpro.com\/index.php\/wp-json\/wp\/v2\/product_brand?post=6958"},{"taxonomy":"product_cat","embeddable":true,"href":"https:\/\/www.domstavpro.com\/index.php\/wp-json\/wp\/v2\/product_cat?post=6958"},{"taxonomy":"product_tag","embeddable":true,"href":"https:\/\/www.domstavpro.com\/index.php\/wp-json\/wp\/v2\/product_tag?post=6958"}],"curies":[{"name":"wp","href":"https:\/\/api.w.org\/{rel}","templated":true}]}}