{"id":6956,"date":"2026-04-27T15:08:09","date_gmt":"2026-04-27T15:08:09","guid":{"rendered":""},"modified":"2026-04-27T15:08:09","modified_gmt":"2026-04-27T15:08:09","slug":"doprava-zdarma-powerplus-powxg90408-elektricka-tlakova-mycka-1800w-140bar-6956","status":"publish","type":"product","link":"https:\/\/www.domstavpro.com\/index.php\/produkt\/doprava-zdarma-powerplus-powxg90408-elektricka-tlakova-mycka-1800w-140bar-6956\/","title":{"rendered":"Doprava Zdarma POWERPLUS POWXG90408 Elektrick\u00e1 tlakov\u00e1 my\u010dka 1800W 140bar"},"content":{"rendered":"<table>\n<div class=\"tab-pane active product-description\" id=\"popis\" role=\"tabpanel\">\n<div class=\"short-description\" itemprop=\"description\"><\/div>\n<div class=\"description\"><span class='bullet-line'>S motorem o v\u00fdkonu 1 800 W, pr\u016ftokem vody 420 l\/h a maxim\u00e1ln\u00edm tlakem 140 bar\u016f je tento vysokotlak\u00fd \u010disti\u010d POWXG90408 od spole\u010dnosti Powerplus v\u00edce ne\u017e dostate\u010dn\u011b v\u00fdkonn\u00fd, aby zvl\u00e1dl \u0161irokou \u0161k\u00e1lu \u010distic\u00edch \u00fakol\u016f. Tento vysokotlak\u00fd \u010disti\u010d je lehk\u00fd, ale v\u00fdkonn\u00fd stroj &#8211; k \u010di\u0161t\u011bn\u00ed kola, motocyklu, venkovn\u00edho n\u00e1bytku, plotu a dal\u0161\u00edch. <br \/><\/span><span class='bullet-line'>S tlakem a\u017e 140 bar\u016f a pr\u016ftokem vody 420 litr\u016f za hodinu odstran\u00edte i ty nejodoln\u011bj\u0161\u00ed ne\u010distoty. Tento vysokotlak\u00fd \u010disti\u010d je nav\u00edc dod\u00e1v\u00e1n s p\u0159ipojitelnou lahvi\u010dkou, tak\u017ee p\u0159i \u010di\u0161t\u011bn\u00ed m\u016f\u017eete pou\u017e\u00edvat i sapon\u00e1ty. <br \/><\/span><span class='bullet-line'>D\u00edky nastaviteln\u00e9 trysce si m\u016f\u017eete vybrat mezi v\u00fdkonn\u00fdm p\u0159esn\u00fdm paprskem a m\u011bk\u010d\u00edm paprskem. Pomoc\u00ed dodan\u00e9 \u010distic\u00ed jehly udr\u017eujte trysku \u010distou a zabra\u0148te ucp\u00e1n\u00ed. Vestav\u011bn\u00fd filtr chr\u00e1n\u00ed vysokotlak\u00fd \u010disti\u010d p\u0159ed \u010d\u00e1sticemi ne\u010distot.<br \/><\/span><span class='bullet-line'>Volnost pohybu: 5 m hadice v kombinaci s 5 m kabelem poskytuje \u0161irok\u00fd dosah, tak\u017ee nemus\u00edte tlakov\u00fd \u010disti\u010d p\u0159\u00edli\u0161 \u010dasto p\u0159emis\u0165ovat. Za\u0159\u00edzen\u00ed je vybaveno ochranou proti p\u0159et\u00ed\u017een\u00ed, kter\u00e1 zabra\u0148uje p\u0159eh\u0159\u00e1t\u00ed nebo p\u0159et\u00ed\u017een\u00ed motoru.<br \/><\/span><br \/>\u27a4 VLASTNOSTI<span class='bullet-line'>Auto start \/ stop syst\u00e9m<br \/><\/span><span class='bullet-line'>Sk\u0159\u00ed\u0148 \u010derpadla z hlin\u00edku<br \/><\/span><span class='bullet-line'>Jednoduch\u00e1 manipulace<br \/><\/span><span class='bullet-line'>P\u0159epravn\u00ed madlo<br \/><\/span><span class='bullet-line'>N\u00edzk\u00e1 hmotnost<br \/><\/span><br \/>\u27a4 BALEN\u00cd OBSAHUJE<span class='bullet-line'>1x tlakov\u00e1 my\u010dka<br \/><\/span><span class='bullet-line'>1x tlakov\u00e1 pistole<br \/><\/span><span class='bullet-line'>1x prodlou\u017een\u00e1 post\u0159ikov\u00e1 trubka<br \/><\/span><span class='bullet-line'>1x nastaviteln\u00e1 tryska<br \/><\/span><span class='bullet-line'>1x n\u00e1dr\u017eka na sapon\u00e1t s tryskou<br \/><\/span><span class='bullet-line'>1x spojka p\u0159\u00edvodu vody s filtrem<br \/><\/span><span class='bullet-line'>1x \u010distic\u00ed jehla<br \/><\/span><span class='bullet-line'>1x tlakov\u00e1 hadice 5m<br \/><\/span><br \/>\u27a4 VHODN\u00c9 P\u0158\u00cdSLU\u0160ENSTV\u00cd<span class='bullet-line'>POWXG90950 Set na \u010di\u0161t\u011bn\u00ed potrub\u00ed 10m<br \/><\/span><span class='bullet-line'>POWXG90951 Set na \u010di\u0161t\u011bn\u00ed potrub\u00ed 15m<br \/><\/span><span class='bullet-line'>POWXG90960 N\u00e1hradn\u00ed hadice k tlakov\u00fdm my\u010dk\u00e1m 6m<br \/><\/span><span class='bullet-line'>POWXG90970 \u010cist\u00edc\u00ed kart\u00e1\u010d k tlakov\u00fdm my\u010dk\u00e1m<br \/><\/span><span class='bullet-line'>POWXG90971 \u010cist\u00edc\u00ed kart\u00e1\u010d rota\u010dn\u00ed k tlakov\u00fdm my\u010dk\u00e1m<br \/><\/span><span class='bullet-line'>POWXG90972 \u010cisti\u010d na terasy k tlakov\u00fdm my\u010dk\u00e1m<\/span><\/div>\n<div class=\"parameters\">\n<tr>\n<td>Nap\u011bt\u00ed<\/td>\n<td>220 &#8211; 240V \/ 50Hz<\/td>\n<\/tr>\n<tr>\n<td>P\u0159\u00edkon<\/td>\n<td>1.800 W<\/td>\n<\/tr>\n<tr>\n<td>Max. tlak<\/td>\n<td>140 bar<\/td>\n<\/tr>\n<tr>\n<td>Pr\u016ftok<\/td>\n<td>420 l\/h<\/td>\n<\/tr>\n<tr>\n<td>Max. teplota vody<\/td>\n<td>50 \u00b0C<\/td>\n<\/tr>\n<tr>\n<td>D\u00e9lka hadice<\/td>\n<td>5 m<\/td>\n<\/tr>\n<tr>\n<td>D\u00e9lka el. kabelu<\/td>\n<td>5 m<\/td>\n<\/tr>\n<tr>\n<td>Hmotnost<\/td>\n<td>5,4 kg<\/td>\n<\/tr><\/div>\n<\/table>\n","protected":false},"excerpt":{"rendered":"<p>S motorem o v\u00fdkonu 1 800 W, pr\u016ftokem vody 420 l\/h a maxim\u00e1ln\u00edm tlakem 140 bar\u016f je tento vysokotlak\u00fd \u010disti\u010d POWXG90408 od spole\u010dnosti Powerplus v\u00edce ne\u017e dostate\u010dn\u011b v\u00fdkonn\u00fd, aby zvl\u00e1dl \u0161irokou \u0161k\u00e1lu \u010distic\u00edch \u00fakol\u016f. Tento vysokotlak\u00fd \u010disti\u010d je lehk\u00fd, ale v\u00fdkonn\u00fd stroj &#8211; k \u010di\u0161t\u011bn\u00ed kola, motocyklu, venkovn\u00edho n\u00e1bytku, plotu a dal\u0161\u00edch. S tlakem a\u017e [&hellip;]<\/p>\n","protected":false},"featured_media":7056,"comment_status":"open","ping_status":"open","template":"","meta":[],"product_brand":[],"product_cat":[44],"product_tag":[],"class_list":{"0":"post-6956","1":"product","2":"type-product","3":"status-publish","4":"has-post-thumbnail","6":"product_cat-cistici-technika","8":"first","9":"instock","10":"sale","11":"shipping-taxable","12":"purchasable","13":"product-type-simple"},"yoast_head":"<!-- This site is optimized with the Yoast SEO plugin v26.8 - https:\/\/yoast.com\/product\/yoast-seo-wordpress\/ -->\n<title>Doprava Zdarma POWERPLUS POWXG90408 Elektrick\u00e1 tlakov\u00e1 my\u010dka 1800W 140bar -<\/title>\n<meta name=\"robots\" content=\"index, follow, max-snippet:-1, max-image-preview:large, max-video-preview:-1\" \/>\n<link rel=\"canonical\" href=\"https:\/\/www.domstavpro.com\/index.php\/produkt\/doprava-zdarma-powerplus-powxg90408-elektricka-tlakova-mycka-1800w-140bar-6956\/\" \/>\n<meta property=\"og:locale\" content=\"cs_CZ\" \/>\n<meta property=\"og:type\" content=\"article\" \/>\n<meta property=\"og:title\" content=\"Doprava Zdarma POWERPLUS POWXG90408 Elektrick\u00e1 tlakov\u00e1 my\u010dka 1800W 140bar -\" \/>\n<meta property=\"og:description\" content=\"S motorem o v\u00fdkonu 1 800 W, pr\u016ftokem vody 420 l\/h a maxim\u00e1ln\u00edm tlakem 140 bar\u016f je tento vysokotlak\u00fd \u010disti\u010d POWXG90408 od spole\u010dnosti Powerplus v\u00edce ne\u017e dostate\u010dn\u011b v\u00fdkonn\u00fd, aby zvl\u00e1dl \u0161irokou \u0161k\u00e1lu \u010distic\u00edch \u00fakol\u016f. Tento vysokotlak\u00fd \u010disti\u010d je lehk\u00fd, ale v\u00fdkonn\u00fd stroj &#8211; k \u010di\u0161t\u011bn\u00ed kola, motocyklu, venkovn\u00edho n\u00e1bytku, plotu a dal\u0161\u00edch. S tlakem a\u017e [&hellip;]\" \/>\n<meta property=\"og:url\" content=\"https:\/\/www.domstavpro.com\/index.php\/produkt\/doprava-zdarma-powerplus-powxg90408-elektricka-tlakova-mycka-1800w-140bar-6956\/\" \/>\n<meta property=\"og:image\" content=\"https:\/\/www.domstavpro.com\/wp-content\/uploads\/2026\/SK0029225-CZ20260425-092328-0-1777080210-4637_10324.webp\" \/>\n\t<meta property=\"og:image:width\" content=\"800\" \/>\n\t<meta property=\"og:image:height\" content=\"800\" \/>\n\t<meta property=\"og:image:type\" content=\"image\/webp\" \/>\n<meta name=\"twitter:card\" content=\"summary_large_image\" \/>\n<meta name=\"twitter:label1\" content=\"Odhadovan\u00e1 doba \u010dten\u00ed\" \/>\n\t<meta name=\"twitter:data1\" content=\"2 minuty\" \/>\n<script type=\"application\/ld+json\" class=\"yoast-schema-graph\">{\"@context\":\"https:\/\/schema.org\",\"@graph\":[{\"@type\":\"WebPage\",\"@id\":\"https:\/\/www.domstavpro.com\/index.php\/produkt\/doprava-zdarma-powerplus-powxg90408-elektricka-tlakova-mycka-1800w-140bar-6956\/\",\"url\":\"https:\/\/www.domstavpro.com\/index.php\/produkt\/doprava-zdarma-powerplus-powxg90408-elektricka-tlakova-mycka-1800w-140bar-6956\/\",\"name\":\"Doprava Zdarma POWERPLUS POWXG90408 Elektrick\u00e1 tlakov\u00e1 my\u010dka 1800W 140bar -\",\"isPartOf\":{\"@id\":\"https:\/\/www.domstavpro.com\/#website\"},\"primaryImageOfPage\":{\"@id\":\"https:\/\/www.domstavpro.com\/index.php\/produkt\/doprava-zdarma-powerplus-powxg90408-elektricka-tlakova-mycka-1800w-140bar-6956\/#primaryimage\"},\"image\":{\"@id\":\"https:\/\/www.domstavpro.com\/index.php\/produkt\/doprava-zdarma-powerplus-powxg90408-elektricka-tlakova-mycka-1800w-140bar-6956\/#primaryimage\"},\"thumbnailUrl\":\"https:\/\/www.domstavpro.com\/wp-content\/uploads\/2026\/SK0029225-CZ20260425-092328-0-1777080210-4637_10324.webp\",\"datePublished\":\"2026-04-27T15:08:09+00:00\",\"breadcrumb\":{\"@id\":\"https:\/\/www.domstavpro.com\/index.php\/produkt\/doprava-zdarma-powerplus-powxg90408-elektricka-tlakova-mycka-1800w-140bar-6956\/#breadcrumb\"},\"inLanguage\":\"cs\",\"potentialAction\":[{\"@type\":\"ReadAction\",\"target\":[\"https:\/\/www.domstavpro.com\/index.php\/produkt\/doprava-zdarma-powerplus-powxg90408-elektricka-tlakova-mycka-1800w-140bar-6956\/\"]}]},{\"@type\":\"ImageObject\",\"inLanguage\":\"cs\",\"@id\":\"https:\/\/www.domstavpro.com\/index.php\/produkt\/doprava-zdarma-powerplus-powxg90408-elektricka-tlakova-mycka-1800w-140bar-6956\/#primaryimage\",\"url\":\"https:\/\/www.domstavpro.com\/wp-content\/uploads\/2026\/SK0029225-CZ20260425-092328-0-1777080210-4637_10324.webp\",\"contentUrl\":\"https:\/\/www.domstavpro.com\/wp-content\/uploads\/2026\/SK0029225-CZ20260425-092328-0-1777080210-4637_10324.webp\",\"width\":800,\"height\":800},{\"@type\":\"BreadcrumbList\",\"@id\":\"https:\/\/www.domstavpro.com\/index.php\/produkt\/doprava-zdarma-powerplus-powxg90408-elektricka-tlakova-mycka-1800w-140bar-6956\/#breadcrumb\",\"itemListElement\":[{\"@type\":\"ListItem\",\"position\":1,\"name\":\"Home\",\"item\":\"https:\/\/www.domstavpro.com\/\"},{\"@type\":\"ListItem\",\"position\":2,\"name\":\"Products\",\"item\":\"https:\/\/www.domstavpro.com\/index.php\/products\/\"},{\"@type\":\"ListItem\",\"position\":3,\"name\":\"Doprava Zdarma POWERPLUS POWXG90408 Elektrick\u00e1 tlakov\u00e1 my\u010dka 1800W 140bar\"}]},{\"@type\":\"WebSite\",\"@id\":\"https:\/\/www.domstavpro.com\/#website\",\"url\":\"https:\/\/www.domstavpro.com\/\",\"name\":\"\",\"description\":\"\",\"potentialAction\":[{\"@type\":\"SearchAction\",\"target\":{\"@type\":\"EntryPoint\",\"urlTemplate\":\"https:\/\/www.domstavpro.com\/?s={search_term_string}\"},\"query-input\":{\"@type\":\"PropertyValueSpecification\",\"valueRequired\":true,\"valueName\":\"search_term_string\"}}],\"inLanguage\":\"cs\"}]}<\/script>\n<!-- \/ Yoast SEO plugin. -->","yoast_head_json":{"title":"Doprava Zdarma POWERPLUS POWXG90408 Elektrick\u00e1 tlakov\u00e1 my\u010dka 1800W 140bar -","robots":{"index":"index","follow":"follow","max-snippet":"max-snippet:-1","max-image-preview":"max-image-preview:large","max-video-preview":"max-video-preview:-1"},"canonical":"https:\/\/www.domstavpro.com\/index.php\/produkt\/doprava-zdarma-powerplus-powxg90408-elektricka-tlakova-mycka-1800w-140bar-6956\/","og_locale":"cs_CZ","og_type":"article","og_title":"Doprava Zdarma POWERPLUS POWXG90408 Elektrick\u00e1 tlakov\u00e1 my\u010dka 1800W 140bar -","og_description":"S motorem o v\u00fdkonu 1 800 W, pr\u016ftokem vody 420 l\/h a maxim\u00e1ln\u00edm tlakem 140 bar\u016f je tento vysokotlak\u00fd \u010disti\u010d POWXG90408 od spole\u010dnosti Powerplus v\u00edce ne\u017e dostate\u010dn\u011b v\u00fdkonn\u00fd, aby zvl\u00e1dl \u0161irokou \u0161k\u00e1lu \u010distic\u00edch \u00fakol\u016f. Tento vysokotlak\u00fd \u010disti\u010d je lehk\u00fd, ale v\u00fdkonn\u00fd stroj &#8211; k \u010di\u0161t\u011bn\u00ed kola, motocyklu, venkovn\u00edho n\u00e1bytku, plotu a dal\u0161\u00edch. S tlakem a\u017e [&hellip;]","og_url":"https:\/\/www.domstavpro.com\/index.php\/produkt\/doprava-zdarma-powerplus-powxg90408-elektricka-tlakova-mycka-1800w-140bar-6956\/","og_image":[{"width":800,"height":800,"url":"https:\/\/www.domstavpro.com\/wp-content\/uploads\/2026\/SK0029225-CZ20260425-092328-0-1777080210-4637_10324.webp","type":"image\/webp"}],"twitter_card":"summary_large_image","twitter_misc":{"Odhadovan\u00e1 doba \u010dten\u00ed":"2 minuty"},"schema":{"@context":"https:\/\/schema.org","@graph":[{"@type":"WebPage","@id":"https:\/\/www.domstavpro.com\/index.php\/produkt\/doprava-zdarma-powerplus-powxg90408-elektricka-tlakova-mycka-1800w-140bar-6956\/","url":"https:\/\/www.domstavpro.com\/index.php\/produkt\/doprava-zdarma-powerplus-powxg90408-elektricka-tlakova-mycka-1800w-140bar-6956\/","name":"Doprava Zdarma POWERPLUS POWXG90408 Elektrick\u00e1 tlakov\u00e1 my\u010dka 1800W 140bar -","isPartOf":{"@id":"https:\/\/www.domstavpro.com\/#website"},"primaryImageOfPage":{"@id":"https:\/\/www.domstavpro.com\/index.php\/produkt\/doprava-zdarma-powerplus-powxg90408-elektricka-tlakova-mycka-1800w-140bar-6956\/#primaryimage"},"image":{"@id":"https:\/\/www.domstavpro.com\/index.php\/produkt\/doprava-zdarma-powerplus-powxg90408-elektricka-tlakova-mycka-1800w-140bar-6956\/#primaryimage"},"thumbnailUrl":"https:\/\/www.domstavpro.com\/wp-content\/uploads\/2026\/SK0029225-CZ20260425-092328-0-1777080210-4637_10324.webp","datePublished":"2026-04-27T15:08:09+00:00","breadcrumb":{"@id":"https:\/\/www.domstavpro.com\/index.php\/produkt\/doprava-zdarma-powerplus-powxg90408-elektricka-tlakova-mycka-1800w-140bar-6956\/#breadcrumb"},"inLanguage":"cs","potentialAction":[{"@type":"ReadAction","target":["https:\/\/www.domstavpro.com\/index.php\/produkt\/doprava-zdarma-powerplus-powxg90408-elektricka-tlakova-mycka-1800w-140bar-6956\/"]}]},{"@type":"ImageObject","inLanguage":"cs","@id":"https:\/\/www.domstavpro.com\/index.php\/produkt\/doprava-zdarma-powerplus-powxg90408-elektricka-tlakova-mycka-1800w-140bar-6956\/#primaryimage","url":"https:\/\/www.domstavpro.com\/wp-content\/uploads\/2026\/SK0029225-CZ20260425-092328-0-1777080210-4637_10324.webp","contentUrl":"https:\/\/www.domstavpro.com\/wp-content\/uploads\/2026\/SK0029225-CZ20260425-092328-0-1777080210-4637_10324.webp","width":800,"height":800},{"@type":"BreadcrumbList","@id":"https:\/\/www.domstavpro.com\/index.php\/produkt\/doprava-zdarma-powerplus-powxg90408-elektricka-tlakova-mycka-1800w-140bar-6956\/#breadcrumb","itemListElement":[{"@type":"ListItem","position":1,"name":"Home","item":"https:\/\/www.domstavpro.com\/"},{"@type":"ListItem","position":2,"name":"Products","item":"https:\/\/www.domstavpro.com\/index.php\/products\/"},{"@type":"ListItem","position":3,"name":"Doprava Zdarma POWERPLUS POWXG90408 Elektrick\u00e1 tlakov\u00e1 my\u010dka 1800W 140bar"}]},{"@type":"WebSite","@id":"https:\/\/www.domstavpro.com\/#website","url":"https:\/\/www.domstavpro.com\/","name":"","description":"","potentialAction":[{"@type":"SearchAction","target":{"@type":"EntryPoint","urlTemplate":"https:\/\/www.domstavpro.com\/?s={search_term_string}"},"query-input":{"@type":"PropertyValueSpecification","valueRequired":true,"valueName":"search_term_string"}}],"inLanguage":"cs"}]}},"_links":{"self":[{"href":"https:\/\/www.domstavpro.com\/index.php\/wp-json\/wp\/v2\/product\/6956","targetHints":{"allow":["GET"]}}],"collection":[{"href":"https:\/\/www.domstavpro.com\/index.php\/wp-json\/wp\/v2\/product"}],"about":[{"href":"https:\/\/www.domstavpro.com\/index.php\/wp-json\/wp\/v2\/types\/product"}],"replies":[{"embeddable":true,"href":"https:\/\/www.domstavpro.com\/index.php\/wp-json\/wp\/v2\/comments?post=6956"}],"wp:featuredmedia":[{"embeddable":true,"href":"https:\/\/www.domstavpro.com\/index.php\/wp-json\/wp\/v2\/media\/7056"}],"wp:attachment":[{"href":"https:\/\/www.domstavpro.com\/index.php\/wp-json\/wp\/v2\/media?parent=6956"}],"wp:term":[{"taxonomy":"product_brand","embeddable":true,"href":"https:\/\/www.domstavpro.com\/index.php\/wp-json\/wp\/v2\/product_brand?post=6956"},{"taxonomy":"product_cat","embeddable":true,"href":"https:\/\/www.domstavpro.com\/index.php\/wp-json\/wp\/v2\/product_cat?post=6956"},{"taxonomy":"product_tag","embeddable":true,"href":"https:\/\/www.domstavpro.com\/index.php\/wp-json\/wp\/v2\/product_tag?post=6956"}],"curies":[{"name":"wp","href":"https:\/\/api.w.org\/{rel}","templated":true}]}}