{"id":6924,"date":"2026-04-27T15:08:09","date_gmt":"2026-04-27T15:08:09","guid":{"rendered":""},"modified":"2026-04-27T15:08:09","modified_gmt":"2026-04-27T15:08:09","slug":"zlevneny-powerplus-powxg60245x-benzinova-sekacka-s-pojezdem-173cc-510mm-6924","status":"publish","type":"product","link":"https:\/\/www.domstavpro.com\/index.php\/produkt\/zlevneny-powerplus-powxg60245x-benzinova-sekacka-s-pojezdem-173cc-510mm-6924\/","title":{"rendered":"Zlevn\u011bn\u00fd POWERPLUS POWXG60245X Benzinov\u00e1 seka\u010dka s pojezdem 173cc 510mm"},"content":{"rendered":"<table>\n<div class=\"tab-pane active product-description\" id=\"popis\" role=\"tabpanel\">\n<div class=\"short-description\" itemprop=\"description\"><\/div>\n<div class=\"description\"><span class='bullet-line'>Tato seka\u010dka na tr\u00e1vu POWXG60245X Powerplus je vybavena v\u00fdkonn\u00fdm, ale \u00fasporn\u00fdm 4-taktn\u00edm motorem o objemu 170 cm3 s funkc\u00ed snadn\u00e9ho startov\u00e1n\u00ed, tak\u017ee se m\u016f\u017eete ihned pustit do pr\u00e1ce. <br \/><\/span><span class='bullet-line'>D\u00edky \u0161\u00ed\u0159ce se\u010den\u00ed 510 mm je ide\u00e1ln\u00ed pro sek\u00e1n\u00ed v\u011bt\u0161\u00edch travnat\u00fdch ploch. Vyberte si optim\u00e1ln\u00ed v\u00fd\u0161ku pro svou tr\u00e1vu pomoc\u00ed 7 r\u016fzn\u00fdch v\u00fd\u0161ek se\u010den\u00ed mezi 25 a 75 mm. Pose\u010den\u00e1 tr\u00e1va m\u016f\u017ee b\u00fdt pot\u00e9 bu\u010f jemn\u011b mul\u010dov\u00e1na a pou\u017eita k hnojen\u00ed va\u0161eho tr\u00e1vn\u00edku, vyhozena na zadn\u00ed nebo bo\u010dn\u00ed stranu seka\u010dky, nebo m\u016f\u017ee b\u00fdt sb\u00edr\u00e1na p\u0159\u00edmo do velk\u00e9ho sb\u011brn\u00e9ho ko\u0161e. <br \/><\/span><span class='bullet-line'>Indik\u00e1tor v\u00e1m d\u00e1 v\u011bd\u011bt, kdy je t\u0159eba n\u00e1dr\u017eku vypr\u00e1zdnit. S kapacitou 60 litr\u016f chv\u00edli potrv\u00e1, ne\u017e se napln\u00ed. Pro va\u0161e pohodl\u00ed je tento stroj tak\u00e9 vybaven m\u011bk\u010denou rukojet\u00ed, kter\u00e1 poskytuje lep\u0161\u00ed komfort a p\u0159ilnavost, a d\u00edky kole\u010dk\u016fm s kuli\u010dkov\u00fdmi lo\u017eisky m\u016f\u017eete se seka\u010dkou bez n\u00e1mahy man\u00e9vrovat po va\u0161\u00ed zahrad\u011b <br \/><\/span><span class='bullet-line'>Nav\u00edc je zde zabudovan\u00fd konektor pro p\u0159ipojen\u00ed zahradn\u00ed hadice, kter\u00fd usnad\u0148uje \u010di\u0161t\u011bn\u00ed. P\u0159ipojte hadici, otev\u0159ete vodovodn\u00ed kohoutek, nastartujte motor a seka\u010dka se sama vy\u010dist\u00ed.<br \/><\/span><br \/>\u27a4 VLASTNOSTI<span class='bullet-line'>Zadn\u00ed v\u00fdhoz<br \/><\/span><span class='bullet-line'>Bo\u010dn\u00ed v\u00fdhoz<br \/><\/span><span class='bullet-line'>Sb\u011br do ko\u0161e<br \/><\/span><span class='bullet-line'>Mul\u010dov\u00e1n\u00ed<br \/><\/span><span class='bullet-line'>Ide\u00e1ln\u00ed pro sek\u00e1n\u00ed v\u011bt\u0161\u00edch travnat\u00fdch ploch do 1.500 m2<br \/><\/span><span class='bullet-line'>Kuli\u010dkov\u00e9 lo\u017eiska<br \/><\/span><span class='bullet-line'>Centr\u00e1ln\u00ed nastaven\u00ed v\u00fd\u0161ky se\u010den\u00ed<br \/><\/span><span class='bullet-line'>Pou\u017eit\u00ed paliva: 95, 98, E10<br \/><\/span><span class='bullet-line'>P\u0159edn\u00ed dr\u017eadlo pro snadnou manipulaci<br \/><\/span><span class='bullet-line'>Nastaviteln\u00e1 v\u00fd\u0161ka rukojeti<br \/><\/span><span class='bullet-line'>Ergonomick\u00e1 m\u011bk\u010den\u00e1 rukoje\u0165<br \/><\/span><span class='bullet-line'>Vlastn\u00ed pojezd<br \/><\/span><span class='bullet-line'>Ukazatel n\u00e1pln\u011b ko\u0161e<br \/><\/span><span class='bullet-line'>Konektor pro p\u0159ipojen\u00ed hadice na vodu<br \/><\/span><span class='bullet-line'>Sklopn\u00e1 rukoje\u0165<br \/><\/span><br \/>\u27a4 BALEN\u00cd OBSAHUJE<span class='bullet-line'>1x benzinov\u00e1 seka\u010dka<br \/><\/span><span class='bullet-line'>1x sb\u011brn\u00fd ko\u0161<br \/><\/span><span class='bullet-line'>1x mul\u010dovac\u00ed kl\u00edn<br \/><\/span><span class='bullet-line'>1x adapt\u00e9r pro bo\u010dn\u00ed v\u00fdhoz<br \/><\/span><br \/>\u27a4 VHODN\u00c9 P\u0158\u00cdSLU\u0160ENSTV\u00cd<span class='bullet-line'>POWOIL033 Olej do 4-taktn\u00edch motor\u016f 1l<br \/><\/span><span class='bullet-line'>POWOIL035 Olej do 4-taktn\u00edch motor\u016f 5l<br \/><\/span><span class='bullet-line'>POWACG2011 Zapalovac\u00ed sv\u00ed\u010dka BOSCH WR8DC+<br \/><\/span><span class='bullet-line'>POWACG9010 Kart\u00e1\u010d na \u010di\u0161t\u011bn\u00ed seka\u010dek<br \/><\/span><span class='bullet-line'>POWXGSG2 Zahradn\u00ed vak 85L<br \/><\/span><span class='bullet-line'>POWXGSG4 Zahradn\u00ed vak 270L<br \/><\/span><span class='bullet-line'>POWACG8015 Odsava\u010d oleje \/ paliva<\/span><\/div>\n<div class=\"parameters\">\n<tr>\n<td>Objem motoru<\/td>\n<td>170 cm3 &#8211; eco driver power<\/td>\n<\/tr>\n<tr>\n<td>V\u00fdkon motoru<\/td>\n<td>2,9 kW \/ 4,0 HP<\/td>\n<\/tr>\n<tr>\n<td>Max. ot\u00e1\u010dky motoru<\/td>\n<td>2.800 min-1<\/td>\n<\/tr>\n<tr>\n<td>Z\u00e1b\u011br se\u010den\u00ed<\/td>\n<td>510 mm<\/td>\n<\/tr>\n<tr>\n<td>Centr\u00e1ln\u00ed nastaven\u00ed v\u00fd\u0161ky se\u010den\u00ed<\/td>\n<td>25 &#8211; 75 mm<\/td>\n<\/tr>\n<tr>\n<td>Proveden\u00ed \u0161asi<\/td>\n<td>Kvalitn\u00ed ocel<\/td>\n<\/tr>\n<tr>\n<td>Objem ko\u0161e<\/td>\n<td>60 l<\/td>\n<\/tr>\n<tr>\n<td>Velikost p\u0159edn\u00edch kol<\/td>\n<td>173 mm<\/td>\n<\/tr>\n<tr>\n<td>Velikost zadn\u00edch kol<\/td>\n<td>228 mm<\/td>\n<\/tr>\n<tr>\n<td>Kuli\u010dkov\u00e9 lo\u017eiska<\/td>\n<td>ANO<\/td>\n<\/tr>\n<tr>\n<td>Vlastn\u00ed pojezd<\/td>\n<td>ANO<\/td>\n<\/tr>\n<tr>\n<td>Mul\u010dov\u00e1n\u00ed<\/td>\n<td>ANO<\/td>\n<\/tr>\n<tr>\n<td>Bo\u010dn\u00ed v\u00fdhoz<\/td>\n<td>ANO<\/td>\n<\/tr>\n<tr>\n<td>Hmotnost<\/td>\n<td>30 kg<\/td>\n<\/tr><\/div>\n<\/table>\n","protected":false},"excerpt":{"rendered":"<p>Tato seka\u010dka na tr\u00e1vu POWXG60245X Powerplus je vybavena v\u00fdkonn\u00fdm, ale \u00fasporn\u00fdm 4-taktn\u00edm motorem o objemu 170 cm3 s funkc\u00ed snadn\u00e9ho startov\u00e1n\u00ed, tak\u017ee se m\u016f\u017eete ihned pustit do pr\u00e1ce. D\u00edky \u0161\u00ed\u0159ce se\u010den\u00ed 510 mm je ide\u00e1ln\u00ed pro sek\u00e1n\u00ed v\u011bt\u0161\u00edch travnat\u00fdch ploch. Vyberte si optim\u00e1ln\u00ed v\u00fd\u0161ku pro svou tr\u00e1vu pomoc\u00ed 7 r\u016fzn\u00fdch v\u00fd\u0161ek se\u010den\u00ed mezi 25 a [&hellip;]<\/p>\n","protected":false},"featured_media":7024,"comment_status":"open","ping_status":"open","template":"","meta":[],"product_brand":[],"product_cat":[39],"product_tag":[],"class_list":{"0":"post-6924","1":"product","2":"type-product","3":"status-publish","4":"has-post-thumbnail","6":"product_cat-zahrada","8":"first","9":"instock","10":"sale","11":"shipping-taxable","12":"purchasable","13":"product-type-simple"},"yoast_head":"<!-- This site is optimized with the Yoast SEO plugin v26.8 - https:\/\/yoast.com\/product\/yoast-seo-wordpress\/ -->\n<title>Zlevn\u011bn\u00fd POWERPLUS POWXG60245X Benzinov\u00e1 seka\u010dka s pojezdem 173cc 510mm -<\/title>\n<meta name=\"robots\" content=\"index, follow, max-snippet:-1, max-image-preview:large, max-video-preview:-1\" \/>\n<link rel=\"canonical\" href=\"https:\/\/www.domstavpro.com\/index.php\/produkt\/zlevneny-powerplus-powxg60245x-benzinova-sekacka-s-pojezdem-173cc-510mm-6924\/\" \/>\n<meta property=\"og:locale\" content=\"cs_CZ\" \/>\n<meta property=\"og:type\" content=\"article\" \/>\n<meta property=\"og:title\" content=\"Zlevn\u011bn\u00fd POWERPLUS POWXG60245X Benzinov\u00e1 seka\u010dka s pojezdem 173cc 510mm -\" \/>\n<meta property=\"og:description\" content=\"Tato seka\u010dka na tr\u00e1vu POWXG60245X Powerplus je vybavena v\u00fdkonn\u00fdm, ale \u00fasporn\u00fdm 4-taktn\u00edm motorem o objemu 170 cm3 s funkc\u00ed snadn\u00e9ho startov\u00e1n\u00ed, tak\u017ee se m\u016f\u017eete ihned pustit do pr\u00e1ce. D\u00edky \u0161\u00ed\u0159ce se\u010den\u00ed 510 mm je ide\u00e1ln\u00ed pro sek\u00e1n\u00ed v\u011bt\u0161\u00edch travnat\u00fdch ploch. Vyberte si optim\u00e1ln\u00ed v\u00fd\u0161ku pro svou tr\u00e1vu pomoc\u00ed 7 r\u016fzn\u00fdch v\u00fd\u0161ek se\u010den\u00ed mezi 25 a [&hellip;]\" \/>\n<meta property=\"og:url\" content=\"https:\/\/www.domstavpro.com\/index.php\/produkt\/zlevneny-powerplus-powxg60245x-benzinova-sekacka-s-pojezdem-173cc-510mm-6924\/\" \/>\n<meta property=\"og:image\" content=\"https:\/\/www.domstavpro.com\/wp-content\/uploads\/2026\/SK0029193-CZ20260425-092328-0-1777080210-4573_9714.webp\" \/>\n\t<meta property=\"og:image:width\" content=\"949\" \/>\n\t<meta property=\"og:image:height\" content=\"800\" \/>\n\t<meta property=\"og:image:type\" content=\"image\/webp\" \/>\n<meta name=\"twitter:card\" content=\"summary_large_image\" \/>\n<meta name=\"twitter:label1\" content=\"Odhadovan\u00e1 doba \u010dten\u00ed\" \/>\n\t<meta name=\"twitter:data1\" content=\"2 minuty\" \/>\n<script type=\"application\/ld+json\" class=\"yoast-schema-graph\">{\"@context\":\"https:\/\/schema.org\",\"@graph\":[{\"@type\":\"WebPage\",\"@id\":\"https:\/\/www.domstavpro.com\/index.php\/produkt\/zlevneny-powerplus-powxg60245x-benzinova-sekacka-s-pojezdem-173cc-510mm-6924\/\",\"url\":\"https:\/\/www.domstavpro.com\/index.php\/produkt\/zlevneny-powerplus-powxg60245x-benzinova-sekacka-s-pojezdem-173cc-510mm-6924\/\",\"name\":\"Zlevn\u011bn\u00fd POWERPLUS POWXG60245X Benzinov\u00e1 seka\u010dka s pojezdem 173cc 510mm -\",\"isPartOf\":{\"@id\":\"https:\/\/www.domstavpro.com\/#website\"},\"primaryImageOfPage\":{\"@id\":\"https:\/\/www.domstavpro.com\/index.php\/produkt\/zlevneny-powerplus-powxg60245x-benzinova-sekacka-s-pojezdem-173cc-510mm-6924\/#primaryimage\"},\"image\":{\"@id\":\"https:\/\/www.domstavpro.com\/index.php\/produkt\/zlevneny-powerplus-powxg60245x-benzinova-sekacka-s-pojezdem-173cc-510mm-6924\/#primaryimage\"},\"thumbnailUrl\":\"https:\/\/www.domstavpro.com\/wp-content\/uploads\/2026\/SK0029193-CZ20260425-092328-0-1777080210-4573_9714.webp\",\"datePublished\":\"2026-04-27T15:08:09+00:00\",\"breadcrumb\":{\"@id\":\"https:\/\/www.domstavpro.com\/index.php\/produkt\/zlevneny-powerplus-powxg60245x-benzinova-sekacka-s-pojezdem-173cc-510mm-6924\/#breadcrumb\"},\"inLanguage\":\"cs\",\"potentialAction\":[{\"@type\":\"ReadAction\",\"target\":[\"https:\/\/www.domstavpro.com\/index.php\/produkt\/zlevneny-powerplus-powxg60245x-benzinova-sekacka-s-pojezdem-173cc-510mm-6924\/\"]}]},{\"@type\":\"ImageObject\",\"inLanguage\":\"cs\",\"@id\":\"https:\/\/www.domstavpro.com\/index.php\/produkt\/zlevneny-powerplus-powxg60245x-benzinova-sekacka-s-pojezdem-173cc-510mm-6924\/#primaryimage\",\"url\":\"https:\/\/www.domstavpro.com\/wp-content\/uploads\/2026\/SK0029193-CZ20260425-092328-0-1777080210-4573_9714.webp\",\"contentUrl\":\"https:\/\/www.domstavpro.com\/wp-content\/uploads\/2026\/SK0029193-CZ20260425-092328-0-1777080210-4573_9714.webp\",\"width\":949,\"height\":800},{\"@type\":\"BreadcrumbList\",\"@id\":\"https:\/\/www.domstavpro.com\/index.php\/produkt\/zlevneny-powerplus-powxg60245x-benzinova-sekacka-s-pojezdem-173cc-510mm-6924\/#breadcrumb\",\"itemListElement\":[{\"@type\":\"ListItem\",\"position\":1,\"name\":\"Home\",\"item\":\"https:\/\/www.domstavpro.com\/\"},{\"@type\":\"ListItem\",\"position\":2,\"name\":\"Products\",\"item\":\"https:\/\/www.domstavpro.com\/index.php\/products\/\"},{\"@type\":\"ListItem\",\"position\":3,\"name\":\"Zlevn\u011bn\u00fd POWERPLUS POWXG60245X Benzinov\u00e1 seka\u010dka s pojezdem 173cc 510mm\"}]},{\"@type\":\"WebSite\",\"@id\":\"https:\/\/www.domstavpro.com\/#website\",\"url\":\"https:\/\/www.domstavpro.com\/\",\"name\":\"\",\"description\":\"\",\"potentialAction\":[{\"@type\":\"SearchAction\",\"target\":{\"@type\":\"EntryPoint\",\"urlTemplate\":\"https:\/\/www.domstavpro.com\/?s={search_term_string}\"},\"query-input\":{\"@type\":\"PropertyValueSpecification\",\"valueRequired\":true,\"valueName\":\"search_term_string\"}}],\"inLanguage\":\"cs\"}]}<\/script>\n<!-- \/ Yoast SEO plugin. -->","yoast_head_json":{"title":"Zlevn\u011bn\u00fd POWERPLUS POWXG60245X Benzinov\u00e1 seka\u010dka s pojezdem 173cc 510mm -","robots":{"index":"index","follow":"follow","max-snippet":"max-snippet:-1","max-image-preview":"max-image-preview:large","max-video-preview":"max-video-preview:-1"},"canonical":"https:\/\/www.domstavpro.com\/index.php\/produkt\/zlevneny-powerplus-powxg60245x-benzinova-sekacka-s-pojezdem-173cc-510mm-6924\/","og_locale":"cs_CZ","og_type":"article","og_title":"Zlevn\u011bn\u00fd POWERPLUS POWXG60245X Benzinov\u00e1 seka\u010dka s pojezdem 173cc 510mm -","og_description":"Tato seka\u010dka na tr\u00e1vu POWXG60245X Powerplus je vybavena v\u00fdkonn\u00fdm, ale \u00fasporn\u00fdm 4-taktn\u00edm motorem o objemu 170 cm3 s funkc\u00ed snadn\u00e9ho startov\u00e1n\u00ed, tak\u017ee se m\u016f\u017eete ihned pustit do pr\u00e1ce. D\u00edky \u0161\u00ed\u0159ce se\u010den\u00ed 510 mm je ide\u00e1ln\u00ed pro sek\u00e1n\u00ed v\u011bt\u0161\u00edch travnat\u00fdch ploch. Vyberte si optim\u00e1ln\u00ed v\u00fd\u0161ku pro svou tr\u00e1vu pomoc\u00ed 7 r\u016fzn\u00fdch v\u00fd\u0161ek se\u010den\u00ed mezi 25 a [&hellip;]","og_url":"https:\/\/www.domstavpro.com\/index.php\/produkt\/zlevneny-powerplus-powxg60245x-benzinova-sekacka-s-pojezdem-173cc-510mm-6924\/","og_image":[{"width":949,"height":800,"url":"https:\/\/www.domstavpro.com\/wp-content\/uploads\/2026\/SK0029193-CZ20260425-092328-0-1777080210-4573_9714.webp","type":"image\/webp"}],"twitter_card":"summary_large_image","twitter_misc":{"Odhadovan\u00e1 doba \u010dten\u00ed":"2 minuty"},"schema":{"@context":"https:\/\/schema.org","@graph":[{"@type":"WebPage","@id":"https:\/\/www.domstavpro.com\/index.php\/produkt\/zlevneny-powerplus-powxg60245x-benzinova-sekacka-s-pojezdem-173cc-510mm-6924\/","url":"https:\/\/www.domstavpro.com\/index.php\/produkt\/zlevneny-powerplus-powxg60245x-benzinova-sekacka-s-pojezdem-173cc-510mm-6924\/","name":"Zlevn\u011bn\u00fd POWERPLUS POWXG60245X Benzinov\u00e1 seka\u010dka s pojezdem 173cc 510mm -","isPartOf":{"@id":"https:\/\/www.domstavpro.com\/#website"},"primaryImageOfPage":{"@id":"https:\/\/www.domstavpro.com\/index.php\/produkt\/zlevneny-powerplus-powxg60245x-benzinova-sekacka-s-pojezdem-173cc-510mm-6924\/#primaryimage"},"image":{"@id":"https:\/\/www.domstavpro.com\/index.php\/produkt\/zlevneny-powerplus-powxg60245x-benzinova-sekacka-s-pojezdem-173cc-510mm-6924\/#primaryimage"},"thumbnailUrl":"https:\/\/www.domstavpro.com\/wp-content\/uploads\/2026\/SK0029193-CZ20260425-092328-0-1777080210-4573_9714.webp","datePublished":"2026-04-27T15:08:09+00:00","breadcrumb":{"@id":"https:\/\/www.domstavpro.com\/index.php\/produkt\/zlevneny-powerplus-powxg60245x-benzinova-sekacka-s-pojezdem-173cc-510mm-6924\/#breadcrumb"},"inLanguage":"cs","potentialAction":[{"@type":"ReadAction","target":["https:\/\/www.domstavpro.com\/index.php\/produkt\/zlevneny-powerplus-powxg60245x-benzinova-sekacka-s-pojezdem-173cc-510mm-6924\/"]}]},{"@type":"ImageObject","inLanguage":"cs","@id":"https:\/\/www.domstavpro.com\/index.php\/produkt\/zlevneny-powerplus-powxg60245x-benzinova-sekacka-s-pojezdem-173cc-510mm-6924\/#primaryimage","url":"https:\/\/www.domstavpro.com\/wp-content\/uploads\/2026\/SK0029193-CZ20260425-092328-0-1777080210-4573_9714.webp","contentUrl":"https:\/\/www.domstavpro.com\/wp-content\/uploads\/2026\/SK0029193-CZ20260425-092328-0-1777080210-4573_9714.webp","width":949,"height":800},{"@type":"BreadcrumbList","@id":"https:\/\/www.domstavpro.com\/index.php\/produkt\/zlevneny-powerplus-powxg60245x-benzinova-sekacka-s-pojezdem-173cc-510mm-6924\/#breadcrumb","itemListElement":[{"@type":"ListItem","position":1,"name":"Home","item":"https:\/\/www.domstavpro.com\/"},{"@type":"ListItem","position":2,"name":"Products","item":"https:\/\/www.domstavpro.com\/index.php\/products\/"},{"@type":"ListItem","position":3,"name":"Zlevn\u011bn\u00fd POWERPLUS POWXG60245X Benzinov\u00e1 seka\u010dka s pojezdem 173cc 510mm"}]},{"@type":"WebSite","@id":"https:\/\/www.domstavpro.com\/#website","url":"https:\/\/www.domstavpro.com\/","name":"","description":"","potentialAction":[{"@type":"SearchAction","target":{"@type":"EntryPoint","urlTemplate":"https:\/\/www.domstavpro.com\/?s={search_term_string}"},"query-input":{"@type":"PropertyValueSpecification","valueRequired":true,"valueName":"search_term_string"}}],"inLanguage":"cs"}]}},"_links":{"self":[{"href":"https:\/\/www.domstavpro.com\/index.php\/wp-json\/wp\/v2\/product\/6924","targetHints":{"allow":["GET"]}}],"collection":[{"href":"https:\/\/www.domstavpro.com\/index.php\/wp-json\/wp\/v2\/product"}],"about":[{"href":"https:\/\/www.domstavpro.com\/index.php\/wp-json\/wp\/v2\/types\/product"}],"replies":[{"embeddable":true,"href":"https:\/\/www.domstavpro.com\/index.php\/wp-json\/wp\/v2\/comments?post=6924"}],"wp:featuredmedia":[{"embeddable":true,"href":"https:\/\/www.domstavpro.com\/index.php\/wp-json\/wp\/v2\/media\/7024"}],"wp:attachment":[{"href":"https:\/\/www.domstavpro.com\/index.php\/wp-json\/wp\/v2\/media?parent=6924"}],"wp:term":[{"taxonomy":"product_brand","embeddable":true,"href":"https:\/\/www.domstavpro.com\/index.php\/wp-json\/wp\/v2\/product_brand?post=6924"},{"taxonomy":"product_cat","embeddable":true,"href":"https:\/\/www.domstavpro.com\/index.php\/wp-json\/wp\/v2\/product_cat?post=6924"},{"taxonomy":"product_tag","embeddable":true,"href":"https:\/\/www.domstavpro.com\/index.php\/wp-json\/wp\/v2\/product_tag?post=6924"}],"curies":[{"name":"wp","href":"https:\/\/api.w.org\/{rel}","templated":true}]}}