{"id":68378,"date":"2026-04-27T15:10:39","date_gmt":"2026-04-27T15:10:39","guid":{"rendered":""},"modified":"2026-04-27T15:10:39","modified_gmt":"2026-04-27T15:10:39","slug":"zlevneny-gelco-mitia-sprchova-vanicka-z-liteho-mramoru-obdelnik-120x90cm-bila-68378","status":"publish","type":"product","link":"https:\/\/www.domstavpro.com\/produkt\/zlevneny-gelco-mitia-sprchova-vanicka-z-liteho-mramoru-obdelnik-120x90cm-bila-68378\/","title":{"rendered":"Zlevn\u011bn\u00fd GELCO MITIA sprchov\u00e1 vani\u010dka z lit\u00e9ho mramoru, obd\u00e9ln\u00edk 120x90cm, b\u00edl\u00e1"},"content":{"rendered":"<div id=\"e10274820\" class=\"pages\">\n<div>\n<div id=\"PDDescription\" class=\"UserContentView userContent v1a v1 bs-view dcon dc164 PDDescription\" ><dc-con><dc-con><bs-empty><\/bs-empty><\/dc-con><dc-con>        <\/p>\n<div class=\"customDescription\">                    <\/div>\n<p><\/dc-con><dc-con><\/p>\n<p>Vani\u010dka z lit\u00e9ho mramoru MITIA na prvn\u00ed pohled zaujme sv\u00fdm profilovan\u00fdm dnem v imitaci kamene.&nbsp;<\/p>\n<ul>\n<li>Profilovan\u00e9 dno, imitace kamene<\/li>\n<li>Nulov\u00fd pr\u016fhyb<\/li>\n<li>Nosnost 300 kg<\/li>\n<li>V\u00fd\u0161ka vani\u010dky 2,6 cm<\/li>\n<li>Kryt sifonu nerez m\u0159\u00ed\u017eka (sifon nen\u00ed sou\u010d\u00e1st\u00ed vani\u010dky)<\/li>\n<li>P\u0159i instalaci do niky je mo\u017en\u00e9 vani\u010dku upravit \u0159ezem na po\u017eadovan\u00fd rozm\u011br. Jeden \u0159ez je zdarma, ka\u017ed\u00fd dal\u0161\u00ed je zpoplatn\u011bn dle platn\u00e9ho cen\u00edku.&nbsp;Term\u00edn dod\u00e1n\u00ed cca 5-6 t\u00fddn\u016f.&nbsp;<span>Po\u017eadavek na \u00fapravu rozm\u011bru uv\u00e1d\u011bjte z\u00e1rove\u0148 s&nbsp;objedn\u00e1vkou vani\u010dky.<\/span><\/li>\n<li>Vani\u010dku je mo\u017en\u00e9 objednat v barv\u011b b\u00edl\u00e1, \u0161ed\u00e1, sv\u011btle \u0161ed\u00e1 a \u010dern\u00e1\n<\/li>\n<\/ul>\n<p><img decoding=\"async\" title=\"Prodlou\u017een\u00e1 z\u00e1ruka\" src=\"https:\/\/eshop.sapho.cz\/img\/_\/p.14236\/zaruka_3.png\" width=\"59\" height=\"59\" \/><\/p>\n<h2 class=\"props-title\">Vlastnosti<\/h2>\n<table>\n<tr>\n<th>Zna\u010dka<\/th>\n<td>GELCO<\/td>\n<\/tr>\n<tr>\n<th>S\u00e9rie<\/th>\n<td>MITIA<\/td>\n<\/tr>\n<tr>\n<th>Rozm\u011br<\/th>\n<td>120x90x2,6 cm<\/td>\n<\/tr>\n<tr>\n<th>D\u00e9lka<\/th>\n<td>1200&nbsp;mm<\/td>\n<\/tr>\n<tr>\n<th>\u0160\u00ed\u0159ka<\/th>\n<td>900&nbsp;mm<\/td>\n<\/tr>\n<tr>\n<th>V\u00fd\u0161ka<\/th>\n<td>26&nbsp;mm<\/td>\n<\/tr>\n<tr>\n<th>Barva<\/th>\n<td>B\u00edl\u00e1 mat<\/td>\n<\/tr>\n<tr>\n<th>Materi\u00e1l<\/th>\n<td>Lit\u00fd mramor<\/td>\n<\/tr>\n<tr>\n<th>Tvar<\/th>\n<td>Obd\u00e9ln\u00edkov\u00e9<\/td>\n<\/tr>\n<tr>\n<th>Pr\u016fm\u011br odpadu<\/th>\n<td>90&nbsp;mm<\/td>\n<\/tr>\n<tr>\n<th>Reli\u00e9f (povrch) dna<\/th>\n<td>Dekor k\u00e1men<\/td>\n<\/tr>\n<tr>\n<th>Balen\u00ed obsahuje<\/th>\n<td>Kryt sifonu<\/td>\n<\/tr>\n<tr>\n<th>Hmotnost \/ ks<\/th>\n<td>83.0000&nbsp;kg<\/td>\n<\/tr>\n<tr>\n<th>Balen\u00ed<\/th>\n<td>1&nbsp;ks<\/td>\n<\/tr>\n<tr>\n<th>EAN<\/th>\n<td>8590913893209<\/td>\n<\/tr>\n<tr>\n<th>Taric<\/th>\n<td>39221000<\/td>\n<\/tr>\n<tr>\n<th>Z\u00e1ruka<\/th>\n<td>3 roky<\/td>\n<\/tr>\n<\/table>\n<div class=\"product-explanation-item\">\n<h3><strong>Lit\u00fd mramor &#8211; materi\u00e1l s tepeln\u011b-izola\u010dn\u00edmi vlastnostmi, kter\u00e9 ocen\u00edte p\u0159i ka\u017ed\u00e9m doteku<\/strong><\/h3>\n<p style=\"text-align: justify;\">Pou\u017e\u00edv\u00e1 se pro v\u00fdrobu sprchov\u00fdch vani\u010dek, van, umyvadel i dal\u0161\u00edch produkt\u016f. Vyr\u00e1b\u00ed se ze sm\u011bsi mlet\u00e9ho v\u00e1pence, skl\u00e1\u0159sk\u00e9ho p\u00edsku, polyesterov\u00e9 prysky\u0159ice a barviv. V\u00fdrobky z lit\u00e9ho mramoru se vyzna\u010duj\u00ed vysokou pevnost\u00ed, nulov\u00fdm pr\u016fhybem, stabilitou a elegantn\u00edm designem.<\/p>\n<\/div>\n<p><\/dc-con><\/dc-con><\/div>\n<\/p><\/div>\n<div id=\"PDTable3\" class=\"ProductDetailTableView v3a v3 bs-view dcon dc185 PDTable3\" >\n<table>\n<thead><\/thead>\n<tbody>\n<tr class=\"attribute attr_typ\">\n<td class=\"caption\">Typ<\/td>\n<td class=\"value\">Obd\u00e9ln\u00edkov\u00e9<\/td>\n<\/tr>\n<tr class=\"attribute attr_material\">\n<td class=\"caption\">Materi\u00e1l<\/td>\n<td class=\"value\">Lit\u00fd mramor<\/td>\n<\/tr>\n<tr class=\"attribute attr_bsshop_maker\">\n<td class=\"caption\">V\u00fdrobce<\/td>\n<td class=\"value\">Gelco<\/td>\n<\/tr>\n<tr class=\"attribute attr_sirka\">\n<td class=\"caption\">\u0160\u00ed\u0159ka v mm<\/td>\n<td class=\"value\">1420<\/td>\n<\/tr>\n<tr class=\"attribute attr_Vyska\">\n<td class=\"caption\">V\u00fd\u0161ka v mm<\/td>\n<td class=\"value\">60<\/td>\n<\/tr>\n<tr class=\"weight\">\n<td class=\"caption\"><span>Hmotnost<\/span><\/td>\n<td class=\"value\"><span>83,00 kg<\/span><\/td>\n<\/tr>\n<\/tbody>\n<\/table>\n<\/div>\n<div id=\"ProductMedia\" class=\"ProductMediaView MediaViewBase v1a v1 bs-view dcon dc409 ProductMedia\" ><bs-empty><\/bs-empty><\/p>\n<div class=\"files\">\n<div class=\"title sub\">Soubory<\/div>\n<p><a href=\"\/media\/23662\/45814-montazni-navod-vanicky-2021.PDF?&amp;key=ZGpmIyQwNUZfMjM2NjI=\" class=\"PDF\">Dokumenty &#8211; N&#225;vod_priloha_0<\/a><\/div>\n<p><bs-empty><\/bs-empty><\/div>\n<\/div>\n<div id=\"e10274821\" class=\"tabs\">\n","protected":false},"excerpt":{"rendered":"<p>Vani\u010dka z lit\u00e9ho mramoru MITIA na prvn\u00ed pohled zaujme sv\u00fdm profilovan\u00fdm dnem v imitaci kamene.&nbsp; Profilovan\u00e9 dno, imitace kamene Nulov\u00fd pr\u016fhyb Nosnost 300 kg V\u00fd\u0161ka vani\u010dky 2,6 cm Kryt sifonu nerez m\u0159\u00ed\u017eka (sifon nen\u00ed sou\u010d\u00e1st\u00ed vani\u010dky) P\u0159i instalaci do niky je mo\u017en\u00e9 vani\u010dku upravit \u0159ezem na po\u017eadovan\u00fd rozm\u011br. Jeden \u0159ez je zdarma, ka\u017ed\u00fd dal\u0161\u00ed je [&hellip;]<\/p>\n","protected":false},"featured_media":68478,"template":"","meta":[],"product_brand":[],"product_cat":[61],"product_tag":[],"class_list":{"0":"post-68378","1":"product","2":"type-product","3":"status-publish","4":"has-post-thumbnail","6":"product_cat-vybaven-237-koupelny","8":"first","9":"instock","10":"sale","11":"shipping-taxable","12":"purchasable","13":"product-type-simple"},"yoast_head":"<!-- This site is optimized with the Yoast SEO plugin v26.8 - https:\/\/yoast.com\/product\/yoast-seo-wordpress\/ -->\n<title>Zlevn\u011bn\u00fd GELCO MITIA sprchov\u00e1 vani\u010dka z lit\u00e9ho mramoru, obd\u00e9ln\u00edk 120x90cm, b\u00edl\u00e1 - Hlavn\u00ed kl\u00ed\u010dov\u00e1 slova<\/title>\n<meta name=\"robots\" content=\"index, follow, max-snippet:-1, max-image-preview:large, max-video-preview:-1\" \/>\n<link rel=\"canonical\" href=\"https:\/\/www.domstavpro.com\/index.php\/produkt\/zlevneny-gelco-mitia-sprchova-vanicka-z-liteho-mramoru-obdelnik-120x90cm-bila-68378\/\" \/>\n<meta property=\"og:locale\" content=\"cs_CZ\" \/>\n<meta property=\"og:type\" content=\"article\" \/>\n<meta property=\"og:title\" content=\"Zlevn\u011bn\u00fd GELCO MITIA sprchov\u00e1 vani\u010dka z lit\u00e9ho mramoru, obd\u00e9ln\u00edk 120x90cm, b\u00edl\u00e1 - Hlavn\u00ed kl\u00ed\u010dov\u00e1 slova\" \/>\n<meta property=\"og:description\" content=\"Vani\u010dka z lit\u00e9ho mramoru MITIA na prvn\u00ed pohled zaujme sv\u00fdm profilovan\u00fdm dnem v imitaci kamene.&nbsp; Profilovan\u00e9 dno, imitace kamene Nulov\u00fd pr\u016fhyb Nosnost 300 kg V\u00fd\u0161ka vani\u010dky 2,6 cm Kryt sifonu nerez m\u0159\u00ed\u017eka (sifon nen\u00ed sou\u010d\u00e1st\u00ed vani\u010dky) P\u0159i instalaci do niky je mo\u017en\u00e9 vani\u010dku upravit \u0159ezem na po\u017eadovan\u00fd rozm\u011br. Jeden \u0159ez je zdarma, ka\u017ed\u00fd dal\u0161\u00ed je [&hellip;]\" \/>\n<meta property=\"og:url\" content=\"https:\/\/www.domstavpro.com\/index.php\/produkt\/zlevneny-gelco-mitia-sprchova-vanicka-z-liteho-mramoru-obdelnik-120x90cm-bila-68378\/\" \/>\n<meta property=\"og:site_name\" content=\"Hlavn\u00ed kl\u00ed\u010dov\u00e1 slova\" \/>\n<meta property=\"og:image\" content=\"https:\/\/www.domstavpro.com\/wp-content\/uploads\/2026\/SK0032866-CZ20260425-093449-0-1777080896-gelco-mitia-sprchova-vanicka-z-liteho-mramoru-obdelnik-120x.webp\" \/>\n\t<meta property=\"og:image:width\" content=\"1000\" \/>\n\t<meta property=\"og:image:height\" content=\"525\" \/>\n\t<meta property=\"og:image:type\" content=\"image\/webp\" \/>\n<meta name=\"twitter:card\" content=\"summary_large_image\" \/>\n<meta name=\"twitter:label1\" content=\"Odhadovan\u00e1 doba \u010dten\u00ed\" \/>\n\t<meta name=\"twitter:data1\" content=\"1 minuta\" \/>\n<script type=\"application\/ld+json\" class=\"yoast-schema-graph\">{\"@context\":\"https:\/\/schema.org\",\"@graph\":[{\"@type\":\"WebPage\",\"@id\":\"https:\/\/www.domstavpro.com\/index.php\/produkt\/zlevneny-gelco-mitia-sprchova-vanicka-z-liteho-mramoru-obdelnik-120x90cm-bila-68378\/\",\"url\":\"https:\/\/www.domstavpro.com\/index.php\/produkt\/zlevneny-gelco-mitia-sprchova-vanicka-z-liteho-mramoru-obdelnik-120x90cm-bila-68378\/\",\"name\":\"Zlevn\u011bn\u00fd GELCO MITIA sprchov\u00e1 vani\u010dka z lit\u00e9ho mramoru, obd\u00e9ln\u00edk 120x90cm, b\u00edl\u00e1 - Hlavn\u00ed kl\u00ed\u010dov\u00e1 slova\",\"isPartOf\":{\"@id\":\"https:\/\/www.domstavpro.com\/#website\"},\"primaryImageOfPage\":{\"@id\":\"https:\/\/www.domstavpro.com\/index.php\/produkt\/zlevneny-gelco-mitia-sprchova-vanicka-z-liteho-mramoru-obdelnik-120x90cm-bila-68378\/#primaryimage\"},\"image\":{\"@id\":\"https:\/\/www.domstavpro.com\/index.php\/produkt\/zlevneny-gelco-mitia-sprchova-vanicka-z-liteho-mramoru-obdelnik-120x90cm-bila-68378\/#primaryimage\"},\"thumbnailUrl\":\"https:\/\/www.domstavpro.com\/wp-content\/uploads\/2026\/SK0032866-CZ20260425-093449-0-1777080896-gelco-mitia-sprchova-vanicka-z-liteho-mramoru-obdelnik-120x.webp\",\"datePublished\":\"2026-04-27T15:10:39+00:00\",\"breadcrumb\":{\"@id\":\"https:\/\/www.domstavpro.com\/index.php\/produkt\/zlevneny-gelco-mitia-sprchova-vanicka-z-liteho-mramoru-obdelnik-120x90cm-bila-68378\/#breadcrumb\"},\"inLanguage\":\"cs\",\"potentialAction\":[{\"@type\":\"ReadAction\",\"target\":[\"https:\/\/www.domstavpro.com\/index.php\/produkt\/zlevneny-gelco-mitia-sprchova-vanicka-z-liteho-mramoru-obdelnik-120x90cm-bila-68378\/\"]}]},{\"@type\":\"ImageObject\",\"inLanguage\":\"cs\",\"@id\":\"https:\/\/www.domstavpro.com\/index.php\/produkt\/zlevneny-gelco-mitia-sprchova-vanicka-z-liteho-mramoru-obdelnik-120x90cm-bila-68378\/#primaryimage\",\"url\":\"https:\/\/www.domstavpro.com\/wp-content\/uploads\/2026\/SK0032866-CZ20260425-093449-0-1777080896-gelco-mitia-sprchova-vanicka-z-liteho-mramoru-obdelnik-120x.webp\",\"contentUrl\":\"https:\/\/www.domstavpro.com\/wp-content\/uploads\/2026\/SK0032866-CZ20260425-093449-0-1777080896-gelco-mitia-sprchova-vanicka-z-liteho-mramoru-obdelnik-120x.webp\",\"width\":1000,\"height\":525},{\"@type\":\"BreadcrumbList\",\"@id\":\"https:\/\/www.domstavpro.com\/index.php\/produkt\/zlevneny-gelco-mitia-sprchova-vanicka-z-liteho-mramoru-obdelnik-120x90cm-bila-68378\/#breadcrumb\",\"itemListElement\":[{\"@type\":\"ListItem\",\"position\":1,\"name\":\"Home\",\"item\":\"https:\/\/www.domstavpro.com\/\"},{\"@type\":\"ListItem\",\"position\":2,\"name\":\"Products\",\"item\":\"https:\/\/www.domstavpro.com\/products\/\"},{\"@type\":\"ListItem\",\"position\":3,\"name\":\"Zlevn\u011bn\u00fd GELCO MITIA sprchov\u00e1 vani\u010dka z lit\u00e9ho mramoru, obd\u00e9ln\u00edk 120x90cm, b\u00edl\u00e1\"}]},{\"@type\":\"WebSite\",\"@id\":\"https:\/\/www.domstavpro.com\/#website\",\"url\":\"https:\/\/www.domstavpro.com\/\",\"name\":\"Hlavn\u00ed kl\u00ed\u010dov\u00e1 slova\",\"description\":\"Hlavn\u00ed kl\u00ed\u010dov\u00e1 slova\",\"publisher\":{\"@id\":\"https:\/\/www.domstavpro.com\/#organization\"},\"potentialAction\":[{\"@type\":\"SearchAction\",\"target\":{\"@type\":\"EntryPoint\",\"urlTemplate\":\"https:\/\/www.domstavpro.com\/?s={search_term_string}\"},\"query-input\":{\"@type\":\"PropertyValueSpecification\",\"valueRequired\":true,\"valueName\":\"search_term_string\"}}],\"inLanguage\":\"cs\"},{\"@type\":\"Organization\",\"@id\":\"https:\/\/www.domstavpro.com\/#organization\",\"name\":\"Hlavn\u00ed kl\u00ed\u010dov\u00e1 slova\",\"url\":\"https:\/\/www.domstavpro.com\/\",\"logo\":{\"@type\":\"ImageObject\",\"inLanguage\":\"cs\",\"@id\":\"https:\/\/www.domstavpro.com\/#\/schema\/logo\/image\/\",\"url\":\"https:\/\/www.domstavpro.com\/wp-content\/uploads\/2026\/04\/domstavpro_vector_logo.svg\",\"contentUrl\":\"https:\/\/www.domstavpro.com\/wp-content\/uploads\/2026\/04\/domstavpro_vector_logo.svg\",\"width\":820,\"height\":180,\"caption\":\"Hlavn\u00ed kl\u00ed\u010dov\u00e1 slova\"},\"image\":{\"@id\":\"https:\/\/www.domstavpro.com\/#\/schema\/logo\/image\/\"}}]}<\/script>\n<!-- \/ Yoast SEO plugin. -->","yoast_head_json":{"title":"Zlevn\u011bn\u00fd GELCO MITIA sprchov\u00e1 vani\u010dka z lit\u00e9ho mramoru, obd\u00e9ln\u00edk 120x90cm, b\u00edl\u00e1 - Hlavn\u00ed kl\u00ed\u010dov\u00e1 slova","robots":{"index":"index","follow":"follow","max-snippet":"max-snippet:-1","max-image-preview":"max-image-preview:large","max-video-preview":"max-video-preview:-1"},"canonical":"https:\/\/www.domstavpro.com\/index.php\/produkt\/zlevneny-gelco-mitia-sprchova-vanicka-z-liteho-mramoru-obdelnik-120x90cm-bila-68378\/","og_locale":"cs_CZ","og_type":"article","og_title":"Zlevn\u011bn\u00fd GELCO MITIA sprchov\u00e1 vani\u010dka z lit\u00e9ho mramoru, obd\u00e9ln\u00edk 120x90cm, b\u00edl\u00e1 - Hlavn\u00ed kl\u00ed\u010dov\u00e1 slova","og_description":"Vani\u010dka z lit\u00e9ho mramoru MITIA na prvn\u00ed pohled zaujme sv\u00fdm profilovan\u00fdm dnem v imitaci kamene.&nbsp; Profilovan\u00e9 dno, imitace kamene Nulov\u00fd pr\u016fhyb Nosnost 300 kg V\u00fd\u0161ka vani\u010dky 2,6 cm Kryt sifonu nerez m\u0159\u00ed\u017eka (sifon nen\u00ed sou\u010d\u00e1st\u00ed vani\u010dky) P\u0159i instalaci do niky je mo\u017en\u00e9 vani\u010dku upravit \u0159ezem na po\u017eadovan\u00fd rozm\u011br. Jeden \u0159ez je zdarma, ka\u017ed\u00fd dal\u0161\u00ed je [&hellip;]","og_url":"https:\/\/www.domstavpro.com\/index.php\/produkt\/zlevneny-gelco-mitia-sprchova-vanicka-z-liteho-mramoru-obdelnik-120x90cm-bila-68378\/","og_site_name":"Hlavn\u00ed kl\u00ed\u010dov\u00e1 slova","og_image":[{"width":1000,"height":525,"url":"https:\/\/www.domstavpro.com\/wp-content\/uploads\/2026\/SK0032866-CZ20260425-093449-0-1777080896-gelco-mitia-sprchova-vanicka-z-liteho-mramoru-obdelnik-120x.webp","type":"image\/webp"}],"twitter_card":"summary_large_image","twitter_misc":{"Odhadovan\u00e1 doba \u010dten\u00ed":"1 minuta"},"schema":{"@context":"https:\/\/schema.org","@graph":[{"@type":"WebPage","@id":"https:\/\/www.domstavpro.com\/index.php\/produkt\/zlevneny-gelco-mitia-sprchova-vanicka-z-liteho-mramoru-obdelnik-120x90cm-bila-68378\/","url":"https:\/\/www.domstavpro.com\/index.php\/produkt\/zlevneny-gelco-mitia-sprchova-vanicka-z-liteho-mramoru-obdelnik-120x90cm-bila-68378\/","name":"Zlevn\u011bn\u00fd GELCO MITIA sprchov\u00e1 vani\u010dka z lit\u00e9ho mramoru, obd\u00e9ln\u00edk 120x90cm, b\u00edl\u00e1 - Hlavn\u00ed kl\u00ed\u010dov\u00e1 slova","isPartOf":{"@id":"https:\/\/www.domstavpro.com\/#website"},"primaryImageOfPage":{"@id":"https:\/\/www.domstavpro.com\/index.php\/produkt\/zlevneny-gelco-mitia-sprchova-vanicka-z-liteho-mramoru-obdelnik-120x90cm-bila-68378\/#primaryimage"},"image":{"@id":"https:\/\/www.domstavpro.com\/index.php\/produkt\/zlevneny-gelco-mitia-sprchova-vanicka-z-liteho-mramoru-obdelnik-120x90cm-bila-68378\/#primaryimage"},"thumbnailUrl":"https:\/\/www.domstavpro.com\/wp-content\/uploads\/2026\/SK0032866-CZ20260425-093449-0-1777080896-gelco-mitia-sprchova-vanicka-z-liteho-mramoru-obdelnik-120x.webp","datePublished":"2026-04-27T15:10:39+00:00","breadcrumb":{"@id":"https:\/\/www.domstavpro.com\/index.php\/produkt\/zlevneny-gelco-mitia-sprchova-vanicka-z-liteho-mramoru-obdelnik-120x90cm-bila-68378\/#breadcrumb"},"inLanguage":"cs","potentialAction":[{"@type":"ReadAction","target":["https:\/\/www.domstavpro.com\/index.php\/produkt\/zlevneny-gelco-mitia-sprchova-vanicka-z-liteho-mramoru-obdelnik-120x90cm-bila-68378\/"]}]},{"@type":"ImageObject","inLanguage":"cs","@id":"https:\/\/www.domstavpro.com\/index.php\/produkt\/zlevneny-gelco-mitia-sprchova-vanicka-z-liteho-mramoru-obdelnik-120x90cm-bila-68378\/#primaryimage","url":"https:\/\/www.domstavpro.com\/wp-content\/uploads\/2026\/SK0032866-CZ20260425-093449-0-1777080896-gelco-mitia-sprchova-vanicka-z-liteho-mramoru-obdelnik-120x.webp","contentUrl":"https:\/\/www.domstavpro.com\/wp-content\/uploads\/2026\/SK0032866-CZ20260425-093449-0-1777080896-gelco-mitia-sprchova-vanicka-z-liteho-mramoru-obdelnik-120x.webp","width":1000,"height":525},{"@type":"BreadcrumbList","@id":"https:\/\/www.domstavpro.com\/index.php\/produkt\/zlevneny-gelco-mitia-sprchova-vanicka-z-liteho-mramoru-obdelnik-120x90cm-bila-68378\/#breadcrumb","itemListElement":[{"@type":"ListItem","position":1,"name":"Home","item":"https:\/\/www.domstavpro.com\/"},{"@type":"ListItem","position":2,"name":"Products","item":"https:\/\/www.domstavpro.com\/products\/"},{"@type":"ListItem","position":3,"name":"Zlevn\u011bn\u00fd GELCO MITIA sprchov\u00e1 vani\u010dka z lit\u00e9ho mramoru, obd\u00e9ln\u00edk 120x90cm, b\u00edl\u00e1"}]},{"@type":"WebSite","@id":"https:\/\/www.domstavpro.com\/#website","url":"https:\/\/www.domstavpro.com\/","name":"Hlavn\u00ed kl\u00ed\u010dov\u00e1 slova","description":"Hlavn\u00ed kl\u00ed\u010dov\u00e1 slova","publisher":{"@id":"https:\/\/www.domstavpro.com\/#organization"},"potentialAction":[{"@type":"SearchAction","target":{"@type":"EntryPoint","urlTemplate":"https:\/\/www.domstavpro.com\/?s={search_term_string}"},"query-input":{"@type":"PropertyValueSpecification","valueRequired":true,"valueName":"search_term_string"}}],"inLanguage":"cs"},{"@type":"Organization","@id":"https:\/\/www.domstavpro.com\/#organization","name":"Hlavn\u00ed kl\u00ed\u010dov\u00e1 slova","url":"https:\/\/www.domstavpro.com\/","logo":{"@type":"ImageObject","inLanguage":"cs","@id":"https:\/\/www.domstavpro.com\/#\/schema\/logo\/image\/","url":"https:\/\/www.domstavpro.com\/wp-content\/uploads\/2026\/04\/domstavpro_vector_logo.svg","contentUrl":"https:\/\/www.domstavpro.com\/wp-content\/uploads\/2026\/04\/domstavpro_vector_logo.svg","width":820,"height":180,"caption":"Hlavn\u00ed kl\u00ed\u010dov\u00e1 slova"},"image":{"@id":"https:\/\/www.domstavpro.com\/#\/schema\/logo\/image\/"}}]}},"_links":{"self":[{"href":"https:\/\/www.domstavpro.com\/wp-json\/wp\/v2\/product\/68378","targetHints":{"allow":["GET"]}}],"collection":[{"href":"https:\/\/www.domstavpro.com\/wp-json\/wp\/v2\/product"}],"about":[{"href":"https:\/\/www.domstavpro.com\/wp-json\/wp\/v2\/types\/product"}],"wp:featuredmedia":[{"embeddable":true,"href":"https:\/\/www.domstavpro.com\/wp-json\/wp\/v2\/media\/68478"}],"wp:attachment":[{"href":"https:\/\/www.domstavpro.com\/wp-json\/wp\/v2\/media?parent=68378"}],"wp:term":[{"taxonomy":"product_brand","embeddable":true,"href":"https:\/\/www.domstavpro.com\/wp-json\/wp\/v2\/product_brand?post=68378"},{"taxonomy":"product_cat","embeddable":true,"href":"https:\/\/www.domstavpro.com\/wp-json\/wp\/v2\/product_cat?post=68378"},{"taxonomy":"product_tag","embeddable":true,"href":"https:\/\/www.domstavpro.com\/wp-json\/wp\/v2\/product_tag?post=68378"}],"curies":[{"name":"wp","href":"https:\/\/api.w.org\/{rel}","templated":true}]}}