{"id":67972,"date":"2026-04-27T15:10:38","date_gmt":"2026-04-27T15:10:38","guid":{"rendered":""},"modified":"2026-04-27T15:10:38","modified_gmt":"2026-04-27T15:10:38","slug":"akce-polysan-flexia-vanickovy-sifon-prumer-90mm-dn40-krytka-cerna-67972","status":"publish","type":"product","link":"https:\/\/www.domstavpro.com\/index.php\/produkt\/akce-polysan-flexia-vanickovy-sifon-prumer-90mm-dn40-krytka-cerna-67972\/","title":{"rendered":"Akce POLYSAN FLEXIA vani\u010dkov\u00fd sifon, pr\u016fm\u011br 90mm, DN40, krytka \u010dern\u00e1"},"content":{"rendered":"<div id=\"e10150834\" class=\"pages\">\n<div>\n<div id=\"PDDescription\" class=\"UserContentView userContent v1a v1 bs-view dcon dc164 PDDescription\" ><dc-con><dc-con><bs-empty><\/bs-empty><\/dc-con><dc-con>        <\/p>\n<div class=\"customDescription\">                    <\/div>\n<p><\/dc-con><dc-con><\/p>\n<div>\n<p>Ur\u010deno pro vani\u010dky z\u00a0lit\u00e9ho mramoru FLEXIA<\/p>\n<ul>\n<li>Pr\u016ftok\u00a030 l\/min   <\/li>\n<li>Shora \u010distiteln\u00fd odpadn\u00ed syst\u00e9m   <\/li>\n<li>P\u0159\u00edruba nerez ocel se 3 \u0161rouby   <\/li>\n<li>Krytka &#8211;\u00a0materi\u00e1l: nerez<\/li>\n<\/ul>\n<p><span lang=\"CS\"><\/p>\n<p dir=\"ltr\" align=\"left\">P\u0159\u00edplatek za barevn\u00e9 proveden\u00ed dle vzorn\u00edku RAL: 30 %<\/p>\n<p><\/span><\/div>\n<h2 class=\"props-title\">Vlastnosti<\/h2>\n<table>\n<tr>\n<th>Zna\u010dka<\/th>\n<td>POLYSAN<\/td>\n<\/tr>\n<tr>\n<th>Barva<\/th>\n<td>\u010cern\u00e1<\/td>\n<\/tr>\n<tr>\n<th>Materi\u00e1l<\/th>\n<td>Plast<\/td>\n<\/tr>\n<tr>\n<th>Sifon pro otvor vani\u010dky<\/th>\n<td>90&nbsp;mm<\/td>\n<\/tr>\n<tr>\n<th>Pr\u016fm\u011br odpadu<\/th>\n<td>40&nbsp;mm<\/td>\n<\/tr>\n<tr>\n<th>V\u00fdbava<\/th>\n<td>N\u00edzk\u00fd<\/td>\n<\/tr>\n<tr>\n<th>Hmotnost \/ ks<\/th>\n<td>0.3000&nbsp;kg<\/td>\n<\/tr>\n<tr>\n<th>Balen\u00ed<\/th>\n<td>1&nbsp;ks<\/td>\n<\/tr>\n<tr>\n<th>EAN<\/th>\n<td>8590729040422<\/td>\n<\/tr>\n<tr>\n<th>Taric<\/th>\n<td>69109000<\/td>\n<\/tr>\n<tr>\n<th>Z\u00e1ruka<\/th>\n<td>2 roky<\/td>\n<\/tr>\n<\/table>\n<p><\/dc-con><\/dc-con><\/div>\n<\/p><\/div>\n<div id=\"PDTable3\" class=\"ProductDetailTableView v3a v3 bs-view dcon dc185 PDTable3\" >\n<table>\n<thead><\/thead>\n<tbody>\n<tr class=\"attribute attr_bsshop_maker\">\n<td class=\"caption\">V\u00fdrobce<\/td>\n<td class=\"value\">Polysan<\/td>\n<\/tr>\n<tr class=\"attribute attr_sirka\">\n<td class=\"caption\">\u0160\u00ed\u0159ka v mm<\/td>\n<td class=\"value\">41<\/td>\n<\/tr>\n<tr class=\"attribute attr_Vyska\">\n<td class=\"caption\">V\u00fd\u0161ka v mm<\/td>\n<td class=\"value\">81<\/td>\n<\/tr>\n<tr class=\"weight\">\n<td class=\"caption\"><span>Hmotnost<\/span><\/td>\n<td class=\"value\"><span>0,30 kg<\/span><\/td>\n<\/tr>\n<\/tbody>\n<\/table>\n<\/div>\n<div id=\"ProductMedia\" class=\"ProductMediaView MediaViewBase v1a v1 bs-view dcon dc409 ProductMedia\" ><bs-empty><\/bs-empty><\/p>\n<div class=\"files\">\n<div class=\"title sub\">Soubory<\/div>\n<p><a href=\"\/media\/36516\/47541-web-03-cleaning-manual.pdf?&amp;key=ZGpmIyQwNUZfMzY1MTY=\" class=\"pdf\">Dokumenty &#8211; &#218;dr\u017eba_priloha_1<\/a><a href=\"\/media\/36517\/47541-web-03-instalacni-manual.pdf?&amp;key=ZGpmIyQwNUZfMzY1MTc=\" class=\"pdf\">Dokumenty &#8211; N&#225;vod_priloha_0<\/a><\/div>\n<p><bs-empty><\/bs-empty><\/div>\n<\/div>\n<div id=\"e10150835\" class=\"tabs\">\n","protected":false},"excerpt":{"rendered":"<p>Ur\u010deno pro vani\u010dky z\u00a0lit\u00e9ho mramoru FLEXIA Pr\u016ftok\u00a030 l\/min Shora \u010distiteln\u00fd odpadn\u00ed syst\u00e9m P\u0159\u00edruba nerez ocel se 3 \u0161rouby Krytka &#8211;\u00a0materi\u00e1l: nerez P\u0159\u00edplatek za barevn\u00e9 proveden\u00ed dle vzorn\u00edku RAL: 30 % Vlastnosti Zna\u010dka POLYSAN Barva \u010cern\u00e1 Materi\u00e1l Plast Sifon pro otvor vani\u010dky 90&nbsp;mm Pr\u016fm\u011br odpadu 40&nbsp;mm V\u00fdbava N\u00edzk\u00fd Hmotnost \/ ks 0.3000&nbsp;kg Balen\u00ed 1&nbsp;ks EAN 8590729040422 [&hellip;]<\/p>\n","protected":false},"featured_media":68072,"comment_status":"open","ping_status":"open","template":"","meta":[],"product_brand":[],"product_cat":[61],"product_tag":[],"class_list":{"0":"post-67972","1":"product","2":"type-product","3":"status-publish","4":"has-post-thumbnail","6":"product_cat-vybaven-237-koupelny","8":"first","9":"instock","10":"sale","11":"shipping-taxable","12":"purchasable","13":"product-type-simple"},"yoast_head":"<!-- This site is optimized with the Yoast SEO plugin v26.8 - https:\/\/yoast.com\/product\/yoast-seo-wordpress\/ -->\n<title>Akce POLYSAN FLEXIA vani\u010dkov\u00fd sifon, pr\u016fm\u011br 90mm, DN40, krytka \u010dern\u00e1 -<\/title>\n<meta name=\"robots\" content=\"index, follow, max-snippet:-1, max-image-preview:large, max-video-preview:-1\" \/>\n<link rel=\"canonical\" href=\"https:\/\/www.domstavpro.com\/index.php\/produkt\/akce-polysan-flexia-vanickovy-sifon-prumer-90mm-dn40-krytka-cerna-67972\/\" \/>\n<meta property=\"og:locale\" content=\"cs_CZ\" \/>\n<meta property=\"og:type\" content=\"article\" \/>\n<meta property=\"og:title\" content=\"Akce POLYSAN FLEXIA vani\u010dkov\u00fd sifon, pr\u016fm\u011br 90mm, DN40, krytka \u010dern\u00e1 -\" \/>\n<meta property=\"og:description\" content=\"Ur\u010deno pro vani\u010dky z\u00a0lit\u00e9ho mramoru FLEXIA Pr\u016ftok\u00a030 l\/min Shora \u010distiteln\u00fd odpadn\u00ed syst\u00e9m P\u0159\u00edruba nerez ocel se 3 \u0161rouby Krytka &#8211;\u00a0materi\u00e1l: nerez P\u0159\u00edplatek za barevn\u00e9 proveden\u00ed dle vzorn\u00edku RAL: 30 % Vlastnosti Zna\u010dka POLYSAN Barva \u010cern\u00e1 Materi\u00e1l Plast Sifon pro otvor vani\u010dky 90&nbsp;mm Pr\u016fm\u011br odpadu 40&nbsp;mm V\u00fdbava N\u00edzk\u00fd Hmotnost \/ ks 0.3000&nbsp;kg Balen\u00ed 1&nbsp;ks EAN 8590729040422 [&hellip;]\" \/>\n<meta property=\"og:url\" content=\"https:\/\/www.domstavpro.com\/index.php\/produkt\/akce-polysan-flexia-vanickovy-sifon-prumer-90mm-dn40-krytka-cerna-67972\/\" \/>\n<meta property=\"og:image\" content=\"https:\/\/www.domstavpro.com\/wp-content\/uploads\/2026\/SK0032636-CZ20260425-093449-0-1777080896-polysan-flexia-vanickovy-sifon-prumer-90mm-dn40-krytka-cern.webp\" \/>\n\t<meta property=\"og:image:width\" content=\"1000\" \/>\n\t<meta property=\"og:image:height\" content=\"525\" \/>\n\t<meta property=\"og:image:type\" content=\"image\/webp\" \/>\n<meta name=\"twitter:card\" content=\"summary_large_image\" \/>\n<script type=\"application\/ld+json\" class=\"yoast-schema-graph\">{\"@context\":\"https:\/\/schema.org\",\"@graph\":[{\"@type\":\"WebPage\",\"@id\":\"https:\/\/www.domstavpro.com\/index.php\/produkt\/akce-polysan-flexia-vanickovy-sifon-prumer-90mm-dn40-krytka-cerna-67972\/\",\"url\":\"https:\/\/www.domstavpro.com\/index.php\/produkt\/akce-polysan-flexia-vanickovy-sifon-prumer-90mm-dn40-krytka-cerna-67972\/\",\"name\":\"Akce POLYSAN FLEXIA vani\u010dkov\u00fd sifon, pr\u016fm\u011br 90mm, DN40, krytka \u010dern\u00e1 -\",\"isPartOf\":{\"@id\":\"https:\/\/www.domstavpro.com\/#website\"},\"primaryImageOfPage\":{\"@id\":\"https:\/\/www.domstavpro.com\/index.php\/produkt\/akce-polysan-flexia-vanickovy-sifon-prumer-90mm-dn40-krytka-cerna-67972\/#primaryimage\"},\"image\":{\"@id\":\"https:\/\/www.domstavpro.com\/index.php\/produkt\/akce-polysan-flexia-vanickovy-sifon-prumer-90mm-dn40-krytka-cerna-67972\/#primaryimage\"},\"thumbnailUrl\":\"https:\/\/www.domstavpro.com\/wp-content\/uploads\/2026\/SK0032636-CZ20260425-093449-0-1777080896-polysan-flexia-vanickovy-sifon-prumer-90mm-dn40-krytka-cern.webp\",\"datePublished\":\"2026-04-27T15:10:38+00:00\",\"breadcrumb\":{\"@id\":\"https:\/\/www.domstavpro.com\/index.php\/produkt\/akce-polysan-flexia-vanickovy-sifon-prumer-90mm-dn40-krytka-cerna-67972\/#breadcrumb\"},\"inLanguage\":\"cs\",\"potentialAction\":[{\"@type\":\"ReadAction\",\"target\":[\"https:\/\/www.domstavpro.com\/index.php\/produkt\/akce-polysan-flexia-vanickovy-sifon-prumer-90mm-dn40-krytka-cerna-67972\/\"]}]},{\"@type\":\"ImageObject\",\"inLanguage\":\"cs\",\"@id\":\"https:\/\/www.domstavpro.com\/index.php\/produkt\/akce-polysan-flexia-vanickovy-sifon-prumer-90mm-dn40-krytka-cerna-67972\/#primaryimage\",\"url\":\"https:\/\/www.domstavpro.com\/wp-content\/uploads\/2026\/SK0032636-CZ20260425-093449-0-1777080896-polysan-flexia-vanickovy-sifon-prumer-90mm-dn40-krytka-cern.webp\",\"contentUrl\":\"https:\/\/www.domstavpro.com\/wp-content\/uploads\/2026\/SK0032636-CZ20260425-093449-0-1777080896-polysan-flexia-vanickovy-sifon-prumer-90mm-dn40-krytka-cern.webp\",\"width\":1000,\"height\":525},{\"@type\":\"BreadcrumbList\",\"@id\":\"https:\/\/www.domstavpro.com\/index.php\/produkt\/akce-polysan-flexia-vanickovy-sifon-prumer-90mm-dn40-krytka-cerna-67972\/#breadcrumb\",\"itemListElement\":[{\"@type\":\"ListItem\",\"position\":1,\"name\":\"Home\",\"item\":\"https:\/\/www.domstavpro.com\/\"},{\"@type\":\"ListItem\",\"position\":2,\"name\":\"Products\",\"item\":\"https:\/\/www.domstavpro.com\/index.php\/products\/\"},{\"@type\":\"ListItem\",\"position\":3,\"name\":\"Akce POLYSAN FLEXIA vani\u010dkov\u00fd sifon, pr\u016fm\u011br 90mm, DN40, krytka \u010dern\u00e1\"}]},{\"@type\":\"WebSite\",\"@id\":\"https:\/\/www.domstavpro.com\/#website\",\"url\":\"https:\/\/www.domstavpro.com\/\",\"name\":\"\",\"description\":\"\",\"potentialAction\":[{\"@type\":\"SearchAction\",\"target\":{\"@type\":\"EntryPoint\",\"urlTemplate\":\"https:\/\/www.domstavpro.com\/?s={search_term_string}\"},\"query-input\":{\"@type\":\"PropertyValueSpecification\",\"valueRequired\":true,\"valueName\":\"search_term_string\"}}],\"inLanguage\":\"cs\"}]}<\/script>\n<!-- \/ Yoast SEO plugin. -->","yoast_head_json":{"title":"Akce POLYSAN FLEXIA vani\u010dkov\u00fd sifon, pr\u016fm\u011br 90mm, DN40, krytka \u010dern\u00e1 -","robots":{"index":"index","follow":"follow","max-snippet":"max-snippet:-1","max-image-preview":"max-image-preview:large","max-video-preview":"max-video-preview:-1"},"canonical":"https:\/\/www.domstavpro.com\/index.php\/produkt\/akce-polysan-flexia-vanickovy-sifon-prumer-90mm-dn40-krytka-cerna-67972\/","og_locale":"cs_CZ","og_type":"article","og_title":"Akce POLYSAN FLEXIA vani\u010dkov\u00fd sifon, pr\u016fm\u011br 90mm, DN40, krytka \u010dern\u00e1 -","og_description":"Ur\u010deno pro vani\u010dky z\u00a0lit\u00e9ho mramoru FLEXIA Pr\u016ftok\u00a030 l\/min Shora \u010distiteln\u00fd odpadn\u00ed syst\u00e9m P\u0159\u00edruba nerez ocel se 3 \u0161rouby Krytka &#8211;\u00a0materi\u00e1l: nerez P\u0159\u00edplatek za barevn\u00e9 proveden\u00ed dle vzorn\u00edku RAL: 30 % Vlastnosti Zna\u010dka POLYSAN Barva \u010cern\u00e1 Materi\u00e1l Plast Sifon pro otvor vani\u010dky 90&nbsp;mm Pr\u016fm\u011br odpadu 40&nbsp;mm V\u00fdbava N\u00edzk\u00fd Hmotnost \/ ks 0.3000&nbsp;kg Balen\u00ed 1&nbsp;ks EAN 8590729040422 [&hellip;]","og_url":"https:\/\/www.domstavpro.com\/index.php\/produkt\/akce-polysan-flexia-vanickovy-sifon-prumer-90mm-dn40-krytka-cerna-67972\/","og_image":[{"width":1000,"height":525,"url":"https:\/\/www.domstavpro.com\/wp-content\/uploads\/2026\/SK0032636-CZ20260425-093449-0-1777080896-polysan-flexia-vanickovy-sifon-prumer-90mm-dn40-krytka-cern.webp","type":"image\/webp"}],"twitter_card":"summary_large_image","schema":{"@context":"https:\/\/schema.org","@graph":[{"@type":"WebPage","@id":"https:\/\/www.domstavpro.com\/index.php\/produkt\/akce-polysan-flexia-vanickovy-sifon-prumer-90mm-dn40-krytka-cerna-67972\/","url":"https:\/\/www.domstavpro.com\/index.php\/produkt\/akce-polysan-flexia-vanickovy-sifon-prumer-90mm-dn40-krytka-cerna-67972\/","name":"Akce POLYSAN FLEXIA vani\u010dkov\u00fd sifon, pr\u016fm\u011br 90mm, DN40, krytka \u010dern\u00e1 -","isPartOf":{"@id":"https:\/\/www.domstavpro.com\/#website"},"primaryImageOfPage":{"@id":"https:\/\/www.domstavpro.com\/index.php\/produkt\/akce-polysan-flexia-vanickovy-sifon-prumer-90mm-dn40-krytka-cerna-67972\/#primaryimage"},"image":{"@id":"https:\/\/www.domstavpro.com\/index.php\/produkt\/akce-polysan-flexia-vanickovy-sifon-prumer-90mm-dn40-krytka-cerna-67972\/#primaryimage"},"thumbnailUrl":"https:\/\/www.domstavpro.com\/wp-content\/uploads\/2026\/SK0032636-CZ20260425-093449-0-1777080896-polysan-flexia-vanickovy-sifon-prumer-90mm-dn40-krytka-cern.webp","datePublished":"2026-04-27T15:10:38+00:00","breadcrumb":{"@id":"https:\/\/www.domstavpro.com\/index.php\/produkt\/akce-polysan-flexia-vanickovy-sifon-prumer-90mm-dn40-krytka-cerna-67972\/#breadcrumb"},"inLanguage":"cs","potentialAction":[{"@type":"ReadAction","target":["https:\/\/www.domstavpro.com\/index.php\/produkt\/akce-polysan-flexia-vanickovy-sifon-prumer-90mm-dn40-krytka-cerna-67972\/"]}]},{"@type":"ImageObject","inLanguage":"cs","@id":"https:\/\/www.domstavpro.com\/index.php\/produkt\/akce-polysan-flexia-vanickovy-sifon-prumer-90mm-dn40-krytka-cerna-67972\/#primaryimage","url":"https:\/\/www.domstavpro.com\/wp-content\/uploads\/2026\/SK0032636-CZ20260425-093449-0-1777080896-polysan-flexia-vanickovy-sifon-prumer-90mm-dn40-krytka-cern.webp","contentUrl":"https:\/\/www.domstavpro.com\/wp-content\/uploads\/2026\/SK0032636-CZ20260425-093449-0-1777080896-polysan-flexia-vanickovy-sifon-prumer-90mm-dn40-krytka-cern.webp","width":1000,"height":525},{"@type":"BreadcrumbList","@id":"https:\/\/www.domstavpro.com\/index.php\/produkt\/akce-polysan-flexia-vanickovy-sifon-prumer-90mm-dn40-krytka-cerna-67972\/#breadcrumb","itemListElement":[{"@type":"ListItem","position":1,"name":"Home","item":"https:\/\/www.domstavpro.com\/"},{"@type":"ListItem","position":2,"name":"Products","item":"https:\/\/www.domstavpro.com\/index.php\/products\/"},{"@type":"ListItem","position":3,"name":"Akce POLYSAN FLEXIA vani\u010dkov\u00fd sifon, pr\u016fm\u011br 90mm, DN40, krytka \u010dern\u00e1"}]},{"@type":"WebSite","@id":"https:\/\/www.domstavpro.com\/#website","url":"https:\/\/www.domstavpro.com\/","name":"","description":"","potentialAction":[{"@type":"SearchAction","target":{"@type":"EntryPoint","urlTemplate":"https:\/\/www.domstavpro.com\/?s={search_term_string}"},"query-input":{"@type":"PropertyValueSpecification","valueRequired":true,"valueName":"search_term_string"}}],"inLanguage":"cs"}]}},"_links":{"self":[{"href":"https:\/\/www.domstavpro.com\/index.php\/wp-json\/wp\/v2\/product\/67972","targetHints":{"allow":["GET"]}}],"collection":[{"href":"https:\/\/www.domstavpro.com\/index.php\/wp-json\/wp\/v2\/product"}],"about":[{"href":"https:\/\/www.domstavpro.com\/index.php\/wp-json\/wp\/v2\/types\/product"}],"replies":[{"embeddable":true,"href":"https:\/\/www.domstavpro.com\/index.php\/wp-json\/wp\/v2\/comments?post=67972"}],"wp:featuredmedia":[{"embeddable":true,"href":"https:\/\/www.domstavpro.com\/index.php\/wp-json\/wp\/v2\/media\/68072"}],"wp:attachment":[{"href":"https:\/\/www.domstavpro.com\/index.php\/wp-json\/wp\/v2\/media?parent=67972"}],"wp:term":[{"taxonomy":"product_brand","embeddable":true,"href":"https:\/\/www.domstavpro.com\/index.php\/wp-json\/wp\/v2\/product_brand?post=67972"},{"taxonomy":"product_cat","embeddable":true,"href":"https:\/\/www.domstavpro.com\/index.php\/wp-json\/wp\/v2\/product_cat?post=67972"},{"taxonomy":"product_tag","embeddable":true,"href":"https:\/\/www.domstavpro.com\/index.php\/wp-json\/wp\/v2\/product_tag?post=67972"}],"curies":[{"name":"wp","href":"https:\/\/api.w.org\/{rel}","templated":true}]}}