{"id":6757,"date":"2026-04-27T15:08:09","date_gmt":"2026-04-27T15:08:09","guid":{"rendered":""},"modified":"2026-04-27T15:08:09","modified_gmt":"2026-04-27T15:08:09","slug":"pouze-dnes-powerplus-powx2040-protahovacka-hoblovka-1-500w-6757","status":"publish","type":"product","link":"https:\/\/www.domstavpro.com\/index.php\/produkt\/pouze-dnes-powerplus-powx2040-protahovacka-hoblovka-1-500w-6757\/","title":{"rendered":"Pouze Dnes POWERPLUS POWX2040 Protahova\u010dka \/ hoblovka 1 500W"},"content":{"rendered":"<table>\n<div class=\"tab-pane active product-description\" id=\"popis\" role=\"tabpanel\">\n<div class=\"short-description\" itemprop=\"description\"><\/div>\n<div class=\"description\"><span class='bullet-line'>Tato hoblovka \/ protahova\u010dka POWX2040 od PowerPlus je d\u0159evoobr\u00e1b\u011bc\u00ed stroj, kter\u00fd hobluje d\u0159evo na konzistentn\u00ed tlou\u0161\u0165ku po cel\u00e9 d\u00e9lce s vysokou p\u0159esnost\u00ed. Je vybavena 2 no\u017ei o tlou\u0161\u0165ce 1,8 mm a pracovn\u00edm stolem 210 x 740 mm. Za\u0159\u00edzen\u00ed m\u016f\u017eete pou\u017e\u00edt k hoblov\u00e1n\u00ed a protahov\u00e1n\u00ed kus\u016f d\u0159eva a\u017e do \u0161\u00ed\u0159ky 204 mm<br \/><\/span><span class='bullet-line'>Krom\u011b toho, aby bylo va\u0161e pracovi\u0161t\u011b \u010dist\u00e9 a zdrav\u00e9, se doporu\u010duje pou\u017e\u00edvat odsava\u010d prachu, jako je nap\u0159\u00edklad POWX2090. A kone\u010dn\u011b, p\u0159i pr\u00e1ci s dlouh\u00fdmi obrobky se m\u016f\u017ee v\u017edy hodit v\u00e1le\u010dkov\u00fd podp\u011brn\u00fd stojan, jako je POWX0700T.<br \/><\/span><br \/>\u27a4 VLASTNOSTI<span class='bullet-line'>Siln\u00fd motor<br \/><\/span><span class='bullet-line'>\u0160irok\u00fd pracovn\u00ed z\u00e1b\u011br<br \/><\/span><span class='bullet-line'>Stabiln\u00ed z\u00e1kladna<br \/><\/span><span class='bullet-line'>Kvalitn\u00ed hoblovac\u00ed no\u017ee<br \/><\/span><span class='bullet-line'>Bezpe\u010dnostn\u00ed sp\u00edna\u010d<br \/><\/span><br \/>\u27a4 BALEN\u00cd OBSAHUJE<span class='bullet-line'>1x hoblovka \/ protahova\u010dka<br \/><\/span><span class='bullet-line'>1x rovnob\u011b\u017en\u00e9 veden\u00ed<br \/><\/span><span class='bullet-line'>1x ods\u00e1vac\u00ed adapt\u00e9r<br \/><\/span><br \/>\u27a4 VHODN\u00c9 P\u0158\u00cdSLU\u0160ENSTV\u00cd<span class='bullet-line'>POWX204A Sada no\u017e\u016f pro POWX204<br \/><\/span><span class='bullet-line'>POWX0700T Podp\u011bra s rolnou<br \/><\/span><span class='bullet-line'>POWX2090 Odsava\u010d pilin 550W<\/span><\/div>\n<div class=\"parameters\">\n<tr>\n<td>Nap\u011bt\u00ed<\/td>\n<td>230 &#8211; 240V \/ 50Hz<\/td>\n<\/tr>\n<tr>\n<td>P\u0159\u00edkon<\/td>\n<td>1.500 W<\/td>\n<\/tr>\n<tr>\n<td>Ot\u00e1\u010dky napr\u00e1zdno<\/td>\n<td>9.000 min-1<\/td>\n<\/tr>\n<tr>\n<td>Po\u010det \u0159ez\u016f \/ min<\/td>\n<td>18.000<\/td>\n<\/tr>\n<tr>\n<td>Rozm\u011br no\u017e\u016f<\/td>\n<td>210 \u00d7 22 \u00d7 1,8 mm<\/td>\n<\/tr>\n<tr>\n<td>Rozm\u011bry hoblovac\u00edho stolu<\/td>\n<td>740 \u00d7 210 mm<\/td>\n<\/tr>\n<tr>\n<td>Rozm\u011bry protahovac\u00edho stolu<\/td>\n<td>270 \u00d7 204 mm<\/td>\n<\/tr>\n<tr>\n<td>Rozm\u011bry paraleln\u00edho veden\u00ed<\/td>\n<td>630 \u00d7 128 mm<\/td>\n<\/tr>\n<tr>\n<td>\u00dahel nastaven\u00ed paraleln\u00edho veden\u00ed<\/td>\n<td>Od 0\u00b0 do 45\u00b0<\/td>\n<\/tr>\n<tr>\n<td>Rychlost posuvu<\/td>\n<td>5 m\/min<\/td>\n<\/tr>\n<tr>\n<td>Max protahovac\u00ed \u0161\u00ed\u0159ka<\/td>\n<td>204 mm<\/td>\n<\/tr>\n<tr>\n<td>Protahovac\u00ed v\u00fd\u0161ka<\/td>\n<td>5\u2013120 mm<\/td>\n<\/tr>\n<tr>\n<td>Max \u00fab\u011br (hoblovka)<\/td>\n<td>0 &#8211; 2,5 mm<\/td>\n<\/tr>\n<tr>\n<td>Max protahovac\u00ed \u00fab\u011br (protahova\u010dka)<\/td>\n<td>0 &#8211; 2 mm<\/td>\n<\/tr>\n<tr>\n<td>D\u00e9lka el. kabelu<\/td>\n<td>2 m<\/td>\n<\/tr>\n<tr>\n<td>Hmotnost<\/td>\n<td>24 kg<\/td>\n<\/tr><\/div>\n<\/table>\n","protected":false},"excerpt":{"rendered":"<p>Tato hoblovka \/ protahova\u010dka POWX2040 od PowerPlus je d\u0159evoobr\u00e1b\u011bc\u00ed stroj, kter\u00fd hobluje d\u0159evo na konzistentn\u00ed tlou\u0161\u0165ku po cel\u00e9 d\u00e9lce s vysokou p\u0159esnost\u00ed. Je vybavena 2 no\u017ei o tlou\u0161\u0165ce 1,8 mm a pracovn\u00edm stolem 210 x 740 mm. Za\u0159\u00edzen\u00ed m\u016f\u017eete pou\u017e\u00edt k hoblov\u00e1n\u00ed a protahov\u00e1n\u00ed kus\u016f d\u0159eva a\u017e do \u0161\u00ed\u0159ky 204 mmKrom\u011b toho, aby bylo va\u0161e [&hellip;]<\/p>\n","protected":false},"featured_media":6857,"comment_status":"open","ping_status":"open","template":"","meta":[],"product_brand":[],"product_cat":[41],"product_tag":[],"class_list":{"0":"post-6757","1":"product","2":"type-product","3":"status-publish","4":"has-post-thumbnail","6":"product_cat-stroje","8":"first","9":"instock","10":"sale","11":"shipping-taxable","12":"purchasable","13":"product-type-simple"},"yoast_head":"<!-- This site is optimized with the Yoast SEO plugin v26.8 - https:\/\/yoast.com\/product\/yoast-seo-wordpress\/ -->\n<title>Pouze Dnes POWERPLUS POWX2040 Protahova\u010dka \/ hoblovka 1 500W -<\/title>\n<meta name=\"robots\" content=\"index, follow, max-snippet:-1, max-image-preview:large, max-video-preview:-1\" \/>\n<link rel=\"canonical\" href=\"https:\/\/www.domstavpro.com\/index.php\/produkt\/pouze-dnes-powerplus-powx2040-protahovacka-hoblovka-1-500w-6757\/\" \/>\n<meta property=\"og:locale\" content=\"cs_CZ\" \/>\n<meta property=\"og:type\" content=\"article\" \/>\n<meta property=\"og:title\" content=\"Pouze Dnes POWERPLUS POWX2040 Protahova\u010dka \/ hoblovka 1 500W -\" \/>\n<meta property=\"og:description\" content=\"Tato hoblovka \/ protahova\u010dka POWX2040 od PowerPlus je d\u0159evoobr\u00e1b\u011bc\u00ed stroj, kter\u00fd hobluje d\u0159evo na konzistentn\u00ed tlou\u0161\u0165ku po cel\u00e9 d\u00e9lce s vysokou p\u0159esnost\u00ed. Je vybavena 2 no\u017ei o tlou\u0161\u0165ce 1,8 mm a pracovn\u00edm stolem 210 x 740 mm. Za\u0159\u00edzen\u00ed m\u016f\u017eete pou\u017e\u00edt k hoblov\u00e1n\u00ed a protahov\u00e1n\u00ed kus\u016f d\u0159eva a\u017e do \u0161\u00ed\u0159ky 204 mmKrom\u011b toho, aby bylo va\u0161e [&hellip;]\" \/>\n<meta property=\"og:url\" content=\"https:\/\/www.domstavpro.com\/index.php\/produkt\/pouze-dnes-powerplus-powx2040-protahovacka-hoblovka-1-500w-6757\/\" \/>\n<meta property=\"og:image\" content=\"https:\/\/www.domstavpro.com\/wp-content\/uploads\/2026\/SK0029126-CZ20260425-092328-0-1777080210-4583_9840.webp\" \/>\n\t<meta property=\"og:image:width\" content=\"1000\" \/>\n\t<meta property=\"og:image:height\" content=\"714\" \/>\n\t<meta property=\"og:image:type\" content=\"image\/webp\" \/>\n<meta name=\"twitter:card\" content=\"summary_large_image\" \/>\n<meta name=\"twitter:label1\" content=\"Odhadovan\u00e1 doba \u010dten\u00ed\" \/>\n\t<meta name=\"twitter:data1\" content=\"1 minuta\" \/>\n<script type=\"application\/ld+json\" class=\"yoast-schema-graph\">{\"@context\":\"https:\/\/schema.org\",\"@graph\":[{\"@type\":\"WebPage\",\"@id\":\"https:\/\/www.domstavpro.com\/index.php\/produkt\/pouze-dnes-powerplus-powx2040-protahovacka-hoblovka-1-500w-6757\/\",\"url\":\"https:\/\/www.domstavpro.com\/index.php\/produkt\/pouze-dnes-powerplus-powx2040-protahovacka-hoblovka-1-500w-6757\/\",\"name\":\"Pouze Dnes POWERPLUS POWX2040 Protahova\u010dka \/ hoblovka 1 500W -\",\"isPartOf\":{\"@id\":\"https:\/\/www.domstavpro.com\/#website\"},\"primaryImageOfPage\":{\"@id\":\"https:\/\/www.domstavpro.com\/index.php\/produkt\/pouze-dnes-powerplus-powx2040-protahovacka-hoblovka-1-500w-6757\/#primaryimage\"},\"image\":{\"@id\":\"https:\/\/www.domstavpro.com\/index.php\/produkt\/pouze-dnes-powerplus-powx2040-protahovacka-hoblovka-1-500w-6757\/#primaryimage\"},\"thumbnailUrl\":\"https:\/\/www.domstavpro.com\/wp-content\/uploads\/2026\/SK0029126-CZ20260425-092328-0-1777080210-4583_9840.webp\",\"datePublished\":\"2026-04-27T15:08:09+00:00\",\"breadcrumb\":{\"@id\":\"https:\/\/www.domstavpro.com\/index.php\/produkt\/pouze-dnes-powerplus-powx2040-protahovacka-hoblovka-1-500w-6757\/#breadcrumb\"},\"inLanguage\":\"cs\",\"potentialAction\":[{\"@type\":\"ReadAction\",\"target\":[\"https:\/\/www.domstavpro.com\/index.php\/produkt\/pouze-dnes-powerplus-powx2040-protahovacka-hoblovka-1-500w-6757\/\"]}]},{\"@type\":\"ImageObject\",\"inLanguage\":\"cs\",\"@id\":\"https:\/\/www.domstavpro.com\/index.php\/produkt\/pouze-dnes-powerplus-powx2040-protahovacka-hoblovka-1-500w-6757\/#primaryimage\",\"url\":\"https:\/\/www.domstavpro.com\/wp-content\/uploads\/2026\/SK0029126-CZ20260425-092328-0-1777080210-4583_9840.webp\",\"contentUrl\":\"https:\/\/www.domstavpro.com\/wp-content\/uploads\/2026\/SK0029126-CZ20260425-092328-0-1777080210-4583_9840.webp\",\"width\":1000,\"height\":714},{\"@type\":\"BreadcrumbList\",\"@id\":\"https:\/\/www.domstavpro.com\/index.php\/produkt\/pouze-dnes-powerplus-powx2040-protahovacka-hoblovka-1-500w-6757\/#breadcrumb\",\"itemListElement\":[{\"@type\":\"ListItem\",\"position\":1,\"name\":\"Home\",\"item\":\"https:\/\/www.domstavpro.com\/\"},{\"@type\":\"ListItem\",\"position\":2,\"name\":\"Products\",\"item\":\"https:\/\/www.domstavpro.com\/index.php\/products\/\"},{\"@type\":\"ListItem\",\"position\":3,\"name\":\"Pouze Dnes POWERPLUS POWX2040 Protahova\u010dka \/ hoblovka 1 500W\"}]},{\"@type\":\"WebSite\",\"@id\":\"https:\/\/www.domstavpro.com\/#website\",\"url\":\"https:\/\/www.domstavpro.com\/\",\"name\":\"\",\"description\":\"\",\"potentialAction\":[{\"@type\":\"SearchAction\",\"target\":{\"@type\":\"EntryPoint\",\"urlTemplate\":\"https:\/\/www.domstavpro.com\/?s={search_term_string}\"},\"query-input\":{\"@type\":\"PropertyValueSpecification\",\"valueRequired\":true,\"valueName\":\"search_term_string\"}}],\"inLanguage\":\"cs\"}]}<\/script>\n<!-- \/ Yoast SEO plugin. -->","yoast_head_json":{"title":"Pouze Dnes POWERPLUS POWX2040 Protahova\u010dka \/ hoblovka 1 500W -","robots":{"index":"index","follow":"follow","max-snippet":"max-snippet:-1","max-image-preview":"max-image-preview:large","max-video-preview":"max-video-preview:-1"},"canonical":"https:\/\/www.domstavpro.com\/index.php\/produkt\/pouze-dnes-powerplus-powx2040-protahovacka-hoblovka-1-500w-6757\/","og_locale":"cs_CZ","og_type":"article","og_title":"Pouze Dnes POWERPLUS POWX2040 Protahova\u010dka \/ hoblovka 1 500W -","og_description":"Tato hoblovka \/ protahova\u010dka POWX2040 od PowerPlus je d\u0159evoobr\u00e1b\u011bc\u00ed stroj, kter\u00fd hobluje d\u0159evo na konzistentn\u00ed tlou\u0161\u0165ku po cel\u00e9 d\u00e9lce s vysokou p\u0159esnost\u00ed. Je vybavena 2 no\u017ei o tlou\u0161\u0165ce 1,8 mm a pracovn\u00edm stolem 210 x 740 mm. Za\u0159\u00edzen\u00ed m\u016f\u017eete pou\u017e\u00edt k hoblov\u00e1n\u00ed a protahov\u00e1n\u00ed kus\u016f d\u0159eva a\u017e do \u0161\u00ed\u0159ky 204 mmKrom\u011b toho, aby bylo va\u0161e [&hellip;]","og_url":"https:\/\/www.domstavpro.com\/index.php\/produkt\/pouze-dnes-powerplus-powx2040-protahovacka-hoblovka-1-500w-6757\/","og_image":[{"width":1000,"height":714,"url":"https:\/\/www.domstavpro.com\/wp-content\/uploads\/2026\/SK0029126-CZ20260425-092328-0-1777080210-4583_9840.webp","type":"image\/webp"}],"twitter_card":"summary_large_image","twitter_misc":{"Odhadovan\u00e1 doba \u010dten\u00ed":"1 minuta"},"schema":{"@context":"https:\/\/schema.org","@graph":[{"@type":"WebPage","@id":"https:\/\/www.domstavpro.com\/index.php\/produkt\/pouze-dnes-powerplus-powx2040-protahovacka-hoblovka-1-500w-6757\/","url":"https:\/\/www.domstavpro.com\/index.php\/produkt\/pouze-dnes-powerplus-powx2040-protahovacka-hoblovka-1-500w-6757\/","name":"Pouze Dnes POWERPLUS POWX2040 Protahova\u010dka \/ hoblovka 1 500W -","isPartOf":{"@id":"https:\/\/www.domstavpro.com\/#website"},"primaryImageOfPage":{"@id":"https:\/\/www.domstavpro.com\/index.php\/produkt\/pouze-dnes-powerplus-powx2040-protahovacka-hoblovka-1-500w-6757\/#primaryimage"},"image":{"@id":"https:\/\/www.domstavpro.com\/index.php\/produkt\/pouze-dnes-powerplus-powx2040-protahovacka-hoblovka-1-500w-6757\/#primaryimage"},"thumbnailUrl":"https:\/\/www.domstavpro.com\/wp-content\/uploads\/2026\/SK0029126-CZ20260425-092328-0-1777080210-4583_9840.webp","datePublished":"2026-04-27T15:08:09+00:00","breadcrumb":{"@id":"https:\/\/www.domstavpro.com\/index.php\/produkt\/pouze-dnes-powerplus-powx2040-protahovacka-hoblovka-1-500w-6757\/#breadcrumb"},"inLanguage":"cs","potentialAction":[{"@type":"ReadAction","target":["https:\/\/www.domstavpro.com\/index.php\/produkt\/pouze-dnes-powerplus-powx2040-protahovacka-hoblovka-1-500w-6757\/"]}]},{"@type":"ImageObject","inLanguage":"cs","@id":"https:\/\/www.domstavpro.com\/index.php\/produkt\/pouze-dnes-powerplus-powx2040-protahovacka-hoblovka-1-500w-6757\/#primaryimage","url":"https:\/\/www.domstavpro.com\/wp-content\/uploads\/2026\/SK0029126-CZ20260425-092328-0-1777080210-4583_9840.webp","contentUrl":"https:\/\/www.domstavpro.com\/wp-content\/uploads\/2026\/SK0029126-CZ20260425-092328-0-1777080210-4583_9840.webp","width":1000,"height":714},{"@type":"BreadcrumbList","@id":"https:\/\/www.domstavpro.com\/index.php\/produkt\/pouze-dnes-powerplus-powx2040-protahovacka-hoblovka-1-500w-6757\/#breadcrumb","itemListElement":[{"@type":"ListItem","position":1,"name":"Home","item":"https:\/\/www.domstavpro.com\/"},{"@type":"ListItem","position":2,"name":"Products","item":"https:\/\/www.domstavpro.com\/index.php\/products\/"},{"@type":"ListItem","position":3,"name":"Pouze Dnes POWERPLUS POWX2040 Protahova\u010dka \/ hoblovka 1 500W"}]},{"@type":"WebSite","@id":"https:\/\/www.domstavpro.com\/#website","url":"https:\/\/www.domstavpro.com\/","name":"","description":"","potentialAction":[{"@type":"SearchAction","target":{"@type":"EntryPoint","urlTemplate":"https:\/\/www.domstavpro.com\/?s={search_term_string}"},"query-input":{"@type":"PropertyValueSpecification","valueRequired":true,"valueName":"search_term_string"}}],"inLanguage":"cs"}]}},"_links":{"self":[{"href":"https:\/\/www.domstavpro.com\/index.php\/wp-json\/wp\/v2\/product\/6757","targetHints":{"allow":["GET"]}}],"collection":[{"href":"https:\/\/www.domstavpro.com\/index.php\/wp-json\/wp\/v2\/product"}],"about":[{"href":"https:\/\/www.domstavpro.com\/index.php\/wp-json\/wp\/v2\/types\/product"}],"replies":[{"embeddable":true,"href":"https:\/\/www.domstavpro.com\/index.php\/wp-json\/wp\/v2\/comments?post=6757"}],"wp:featuredmedia":[{"embeddable":true,"href":"https:\/\/www.domstavpro.com\/index.php\/wp-json\/wp\/v2\/media\/6857"}],"wp:attachment":[{"href":"https:\/\/www.domstavpro.com\/index.php\/wp-json\/wp\/v2\/media?parent=6757"}],"wp:term":[{"taxonomy":"product_brand","embeddable":true,"href":"https:\/\/www.domstavpro.com\/index.php\/wp-json\/wp\/v2\/product_brand?post=6757"},{"taxonomy":"product_cat","embeddable":true,"href":"https:\/\/www.domstavpro.com\/index.php\/wp-json\/wp\/v2\/product_cat?post=6757"},{"taxonomy":"product_tag","embeddable":true,"href":"https:\/\/www.domstavpro.com\/index.php\/wp-json\/wp\/v2\/product_tag?post=6757"}],"curies":[{"name":"wp","href":"https:\/\/api.w.org\/{rel}","templated":true}]}}