{"id":6730,"date":"2026-04-27T15:08:09","date_gmt":"2026-04-27T15:08:09","guid":{"rendered":""},"modified":"2026-04-27T15:08:09","modified_gmt":"2026-04-27T15:08:09","slug":"top-prodej-scheppach-ts-310-stolova-pila-380-v-6730","status":"publish","type":"product","link":"https:\/\/www.domstavpro.com\/index.php\/produkt\/top-prodej-scheppach-ts-310-stolova-pila-380-v-6730\/","title":{"rendered":"Top Prodej Scheppach TS 310 &#8211; stolov\u00e1 pila 380 V"},"content":{"rendered":"<table>\n<div class=\"tab-pane active product-description\" id=\"popis\" role=\"tabpanel\">\n<div class=\"short-description\" itemprop=\"description\"><\/div>\n<div class=\"description\"><span class='bullet-line'>Stabiln\u00ed stoln\u00ed pila 315 mm se standardn\u00edm posuvn\u00fdm voz\u00edkem, roz\u0161\u00ed\u0159en\u00edm\/prodlou\u017een\u00edm stolu a 2. pilov\u00fdm kotou\u010dem. P\u0159esn\u00e9 nastaven\u00ed v\u00fd\u0161ky se\u010den\u00ed pomoc\u00ed velk\u00e9ho ru\u010dn\u00edho kola. Ide\u00e1ln\u00ed pro kutily a profesion\u00e1ln\u00ed u\u017eivatele.<\/span><span class='bullet-line'>V\u00fdkonn\u00fd induk\u010dn\u00ed motor 2800 W<\/span><span class='bullet-line'>Standardn\u00ed posuvn\u00fd voz\u00edk s dorazovou li\u0161tou<\/span><span class='bullet-line'>Stabiln\u00ed ocelov\u00fd r\u00e1m s pr\u00e1\u0161kov\u00fdm n\u00e1st\u0159ikem a pozinkovan\u00fdm pracovn\u00edm stolem<\/span><span class='bullet-line'>Prodlou\u017een\u00ed stolu a prodlou\u017een\u00ed stolu jako standard<\/span><span class='bullet-line'>Ochrana pilov\u00e9ho kotou\u010de se sac\u00ed hadic\u00ed<\/span><span class='bullet-line'>Pohodln\u00e9 nastaven\u00ed v\u00fd\u0161ky se\u010den\u00ed pomoc\u00ed velk\u00e9ho ru\u010dn\u00edho kola<\/span><span class='bullet-line'>Hloubka \u0159ezu 83 mm<\/span><span class='bullet-line'>2 odoln\u00e9 315 mm HM pilov\u00e9 listy pro konzistentn\u00ed a p\u0159esn\u00e9 v\u00fdsledky \u0159ez\u00e1n\u00ed<\/span><span class='bullet-line'>Ochrana pilov\u00e9ho kotou\u010de pro maxim\u00e1ln\u00ed bezpe\u010dnost pr\u00e1ce<\/span><span class='bullet-line'>Stabiln\u00ed paraleln\u00ed dorazov\u00e1 li\u0161ta pro vertik\u00e1ln\u00ed a diagon\u00e1ln\u00ed \u0159ezy<\/span><span class='bullet-line'>Pohodln\u00e1 p\u0159eprava d\u00edky sklopn\u00fdm rukojet\u00edm a stabiln\u00edmu hnac\u00edmu mechanismu<\/span><span class='bullet-line'>Jemn\u00fd start pro tichou pr\u00e1ci<\/span><\/div>\n<div class=\"parameters\">\n<tr>\n<td>P\u0159\u00edkon (W)<\/td>\n<td>2800<\/td>\n<\/tr>\n<tr>\n<td>Typ motoru<\/td>\n<td>400 V, 50 Hz<\/td>\n<\/tr>\n<tr>\n<td>Hloubka \u0159ezu p\u0159i 90\u00b0 (mm)<\/td>\n<td>83<\/td>\n<\/tr>\n<tr>\n<td>Hloubka \u0159ezu p\u0159i 45\u00b0 (mm)<\/td>\n<td>49<\/td>\n<\/tr>\n<tr>\n<td>Pr\u016fm\u011br kotou\u010de (mm)<\/td>\n<td>315<\/td>\n<\/tr>\n<tr>\n<td>Vnit\u0159n\u00ed pr\u016fm\u011br kotou\u010de (mm)<\/td>\n<td>30<\/td>\n<\/tr>\n<tr>\n<td>Po\u010det zub\u016f kotou\u010de (z)<\/td>\n<td>48<\/td>\n<\/tr>\n<tr>\n<td>Rozm\u011br stolu (mm)<\/td>\n<td>800&#215;550<\/td>\n<\/tr>\n<tr>\n<td>V\u00fd\u0161ka stolu (mm)<\/td>\n<td>850<\/td>\n<\/tr>\n<tr>\n<td>Rozsah nato\u010den\u00ed stolu (\u00b0)<\/td>\n<td>90-45<\/td>\n<\/tr>\n<tr>\n<td>Ot\u00e1\u010dky kotou\u010de (ot\/min)<\/td>\n<td>2800<\/td>\n<\/tr>\n<tr>\n<td>\u0158ezn\u00e1 rychlost (m\/min)<\/td>\n<td>46<\/td>\n<\/tr>\n<tr>\n<td>Hmotnost (Kg):<\/td>\n<td>56.00<\/td>\n<\/tr>\n<tr>\n<td>Rozm\u011bry (cm):<\/td>\n<td>175 x 124 x 115<\/td>\n<\/tr>\n<tr>\n<td>Obj. \u010d.:<\/td>\n<td>4901305902<\/td>\n<\/tr><\/div>\n<\/table>\n","protected":false},"excerpt":{"rendered":"<p>Stabiln\u00ed stoln\u00ed pila 315 mm se standardn\u00edm posuvn\u00fdm voz\u00edkem, roz\u0161\u00ed\u0159en\u00edm\/prodlou\u017een\u00edm stolu a 2. pilov\u00fdm kotou\u010dem. P\u0159esn\u00e9 nastaven\u00ed v\u00fd\u0161ky se\u010den\u00ed pomoc\u00ed velk\u00e9ho ru\u010dn\u00edho kola. Ide\u00e1ln\u00ed pro kutily a profesion\u00e1ln\u00ed u\u017eivatele.V\u00fdkonn\u00fd induk\u010dn\u00ed motor 2800 WStandardn\u00ed posuvn\u00fd voz\u00edk s dorazovou li\u0161touStabiln\u00ed ocelov\u00fd r\u00e1m s pr\u00e1\u0161kov\u00fdm n\u00e1st\u0159ikem a pozinkovan\u00fdm pracovn\u00edm stolemProdlou\u017een\u00ed stolu a prodlou\u017een\u00ed stolu jako standardOchrana pilov\u00e9ho kotou\u010de [&hellip;]<\/p>\n","protected":false},"featured_media":6830,"comment_status":"open","ping_status":"open","template":"","meta":[],"product_brand":[],"product_cat":[41],"product_tag":[],"class_list":{"0":"post-6730","1":"product","2":"type-product","3":"status-publish","4":"has-post-thumbnail","6":"product_cat-stroje","8":"first","9":"instock","10":"sale","11":"shipping-taxable","12":"purchasable","13":"product-type-simple"},"yoast_head":"<!-- This site is optimized with the Yoast SEO plugin v26.8 - https:\/\/yoast.com\/product\/yoast-seo-wordpress\/ -->\n<title>Top Prodej Scheppach TS 310 - stolov\u00e1 pila 380 V -<\/title>\n<meta name=\"robots\" content=\"index, follow, max-snippet:-1, max-image-preview:large, max-video-preview:-1\" \/>\n<link rel=\"canonical\" href=\"https:\/\/www.domstavpro.com\/index.php\/produkt\/top-prodej-scheppach-ts-310-stolova-pila-380-v-6730\/\" \/>\n<meta property=\"og:locale\" content=\"cs_CZ\" \/>\n<meta property=\"og:type\" content=\"article\" \/>\n<meta property=\"og:title\" content=\"Top Prodej Scheppach TS 310 - stolov\u00e1 pila 380 V -\" \/>\n<meta property=\"og:description\" content=\"Stabiln\u00ed stoln\u00ed pila 315 mm se standardn\u00edm posuvn\u00fdm voz\u00edkem, roz\u0161\u00ed\u0159en\u00edm\/prodlou\u017een\u00edm stolu a 2. pilov\u00fdm kotou\u010dem. P\u0159esn\u00e9 nastaven\u00ed v\u00fd\u0161ky se\u010den\u00ed pomoc\u00ed velk\u00e9ho ru\u010dn\u00edho kola. Ide\u00e1ln\u00ed pro kutily a profesion\u00e1ln\u00ed u\u017eivatele.V\u00fdkonn\u00fd induk\u010dn\u00ed motor 2800 WStandardn\u00ed posuvn\u00fd voz\u00edk s dorazovou li\u0161touStabiln\u00ed ocelov\u00fd r\u00e1m s pr\u00e1\u0161kov\u00fdm n\u00e1st\u0159ikem a pozinkovan\u00fdm pracovn\u00edm stolemProdlou\u017een\u00ed stolu a prodlou\u017een\u00ed stolu jako standardOchrana pilov\u00e9ho kotou\u010de [&hellip;]\" \/>\n<meta property=\"og:url\" content=\"https:\/\/www.domstavpro.com\/index.php\/produkt\/top-prodej-scheppach-ts-310-stolova-pila-380-v-6730\/\" \/>\n<meta property=\"og:image\" content=\"https:\/\/www.domstavpro.com\/wp-content\/uploads\/2026\/SK0029098-CZ20260425-092328-0-1777080210-1253325-1_160413.webp\" \/>\n\t<meta property=\"og:image:width\" content=\"800\" \/>\n\t<meta property=\"og:image:height\" content=\"800\" \/>\n\t<meta property=\"og:image:type\" content=\"image\/webp\" \/>\n<meta name=\"twitter:card\" content=\"summary_large_image\" \/>\n<meta name=\"twitter:label1\" content=\"Odhadovan\u00e1 doba \u010dten\u00ed\" \/>\n\t<meta name=\"twitter:data1\" content=\"1 minuta\" \/>\n<script type=\"application\/ld+json\" class=\"yoast-schema-graph\">{\"@context\":\"https:\/\/schema.org\",\"@graph\":[{\"@type\":\"WebPage\",\"@id\":\"https:\/\/www.domstavpro.com\/index.php\/produkt\/top-prodej-scheppach-ts-310-stolova-pila-380-v-6730\/\",\"url\":\"https:\/\/www.domstavpro.com\/index.php\/produkt\/top-prodej-scheppach-ts-310-stolova-pila-380-v-6730\/\",\"name\":\"Top Prodej Scheppach TS 310 - stolov\u00e1 pila 380 V -\",\"isPartOf\":{\"@id\":\"https:\/\/www.domstavpro.com\/#website\"},\"primaryImageOfPage\":{\"@id\":\"https:\/\/www.domstavpro.com\/index.php\/produkt\/top-prodej-scheppach-ts-310-stolova-pila-380-v-6730\/#primaryimage\"},\"image\":{\"@id\":\"https:\/\/www.domstavpro.com\/index.php\/produkt\/top-prodej-scheppach-ts-310-stolova-pila-380-v-6730\/#primaryimage\"},\"thumbnailUrl\":\"https:\/\/www.domstavpro.com\/wp-content\/uploads\/2026\/SK0029098-CZ20260425-092328-0-1777080210-1253325-1_160413.webp\",\"datePublished\":\"2026-04-27T15:08:09+00:00\",\"breadcrumb\":{\"@id\":\"https:\/\/www.domstavpro.com\/index.php\/produkt\/top-prodej-scheppach-ts-310-stolova-pila-380-v-6730\/#breadcrumb\"},\"inLanguage\":\"cs\",\"potentialAction\":[{\"@type\":\"ReadAction\",\"target\":[\"https:\/\/www.domstavpro.com\/index.php\/produkt\/top-prodej-scheppach-ts-310-stolova-pila-380-v-6730\/\"]}]},{\"@type\":\"ImageObject\",\"inLanguage\":\"cs\",\"@id\":\"https:\/\/www.domstavpro.com\/index.php\/produkt\/top-prodej-scheppach-ts-310-stolova-pila-380-v-6730\/#primaryimage\",\"url\":\"https:\/\/www.domstavpro.com\/wp-content\/uploads\/2026\/SK0029098-CZ20260425-092328-0-1777080210-1253325-1_160413.webp\",\"contentUrl\":\"https:\/\/www.domstavpro.com\/wp-content\/uploads\/2026\/SK0029098-CZ20260425-092328-0-1777080210-1253325-1_160413.webp\",\"width\":800,\"height\":800},{\"@type\":\"BreadcrumbList\",\"@id\":\"https:\/\/www.domstavpro.com\/index.php\/produkt\/top-prodej-scheppach-ts-310-stolova-pila-380-v-6730\/#breadcrumb\",\"itemListElement\":[{\"@type\":\"ListItem\",\"position\":1,\"name\":\"Home\",\"item\":\"https:\/\/www.domstavpro.com\/\"},{\"@type\":\"ListItem\",\"position\":2,\"name\":\"Products\",\"item\":\"https:\/\/www.domstavpro.com\/index.php\/products\/\"},{\"@type\":\"ListItem\",\"position\":3,\"name\":\"Top Prodej Scheppach TS 310 &#8211; stolov\u00e1 pila 380 V\"}]},{\"@type\":\"WebSite\",\"@id\":\"https:\/\/www.domstavpro.com\/#website\",\"url\":\"https:\/\/www.domstavpro.com\/\",\"name\":\"\",\"description\":\"\",\"potentialAction\":[{\"@type\":\"SearchAction\",\"target\":{\"@type\":\"EntryPoint\",\"urlTemplate\":\"https:\/\/www.domstavpro.com\/?s={search_term_string}\"},\"query-input\":{\"@type\":\"PropertyValueSpecification\",\"valueRequired\":true,\"valueName\":\"search_term_string\"}}],\"inLanguage\":\"cs\"}]}<\/script>\n<!-- \/ Yoast SEO plugin. -->","yoast_head_json":{"title":"Top Prodej Scheppach TS 310 - stolov\u00e1 pila 380 V -","robots":{"index":"index","follow":"follow","max-snippet":"max-snippet:-1","max-image-preview":"max-image-preview:large","max-video-preview":"max-video-preview:-1"},"canonical":"https:\/\/www.domstavpro.com\/index.php\/produkt\/top-prodej-scheppach-ts-310-stolova-pila-380-v-6730\/","og_locale":"cs_CZ","og_type":"article","og_title":"Top Prodej Scheppach TS 310 - stolov\u00e1 pila 380 V -","og_description":"Stabiln\u00ed stoln\u00ed pila 315 mm se standardn\u00edm posuvn\u00fdm voz\u00edkem, roz\u0161\u00ed\u0159en\u00edm\/prodlou\u017een\u00edm stolu a 2. pilov\u00fdm kotou\u010dem. P\u0159esn\u00e9 nastaven\u00ed v\u00fd\u0161ky se\u010den\u00ed pomoc\u00ed velk\u00e9ho ru\u010dn\u00edho kola. Ide\u00e1ln\u00ed pro kutily a profesion\u00e1ln\u00ed u\u017eivatele.V\u00fdkonn\u00fd induk\u010dn\u00ed motor 2800 WStandardn\u00ed posuvn\u00fd voz\u00edk s dorazovou li\u0161touStabiln\u00ed ocelov\u00fd r\u00e1m s pr\u00e1\u0161kov\u00fdm n\u00e1st\u0159ikem a pozinkovan\u00fdm pracovn\u00edm stolemProdlou\u017een\u00ed stolu a prodlou\u017een\u00ed stolu jako standardOchrana pilov\u00e9ho kotou\u010de [&hellip;]","og_url":"https:\/\/www.domstavpro.com\/index.php\/produkt\/top-prodej-scheppach-ts-310-stolova-pila-380-v-6730\/","og_image":[{"width":800,"height":800,"url":"https:\/\/www.domstavpro.com\/wp-content\/uploads\/2026\/SK0029098-CZ20260425-092328-0-1777080210-1253325-1_160413.webp","type":"image\/webp"}],"twitter_card":"summary_large_image","twitter_misc":{"Odhadovan\u00e1 doba \u010dten\u00ed":"1 minuta"},"schema":{"@context":"https:\/\/schema.org","@graph":[{"@type":"WebPage","@id":"https:\/\/www.domstavpro.com\/index.php\/produkt\/top-prodej-scheppach-ts-310-stolova-pila-380-v-6730\/","url":"https:\/\/www.domstavpro.com\/index.php\/produkt\/top-prodej-scheppach-ts-310-stolova-pila-380-v-6730\/","name":"Top Prodej Scheppach TS 310 - stolov\u00e1 pila 380 V -","isPartOf":{"@id":"https:\/\/www.domstavpro.com\/#website"},"primaryImageOfPage":{"@id":"https:\/\/www.domstavpro.com\/index.php\/produkt\/top-prodej-scheppach-ts-310-stolova-pila-380-v-6730\/#primaryimage"},"image":{"@id":"https:\/\/www.domstavpro.com\/index.php\/produkt\/top-prodej-scheppach-ts-310-stolova-pila-380-v-6730\/#primaryimage"},"thumbnailUrl":"https:\/\/www.domstavpro.com\/wp-content\/uploads\/2026\/SK0029098-CZ20260425-092328-0-1777080210-1253325-1_160413.webp","datePublished":"2026-04-27T15:08:09+00:00","breadcrumb":{"@id":"https:\/\/www.domstavpro.com\/index.php\/produkt\/top-prodej-scheppach-ts-310-stolova-pila-380-v-6730\/#breadcrumb"},"inLanguage":"cs","potentialAction":[{"@type":"ReadAction","target":["https:\/\/www.domstavpro.com\/index.php\/produkt\/top-prodej-scheppach-ts-310-stolova-pila-380-v-6730\/"]}]},{"@type":"ImageObject","inLanguage":"cs","@id":"https:\/\/www.domstavpro.com\/index.php\/produkt\/top-prodej-scheppach-ts-310-stolova-pila-380-v-6730\/#primaryimage","url":"https:\/\/www.domstavpro.com\/wp-content\/uploads\/2026\/SK0029098-CZ20260425-092328-0-1777080210-1253325-1_160413.webp","contentUrl":"https:\/\/www.domstavpro.com\/wp-content\/uploads\/2026\/SK0029098-CZ20260425-092328-0-1777080210-1253325-1_160413.webp","width":800,"height":800},{"@type":"BreadcrumbList","@id":"https:\/\/www.domstavpro.com\/index.php\/produkt\/top-prodej-scheppach-ts-310-stolova-pila-380-v-6730\/#breadcrumb","itemListElement":[{"@type":"ListItem","position":1,"name":"Home","item":"https:\/\/www.domstavpro.com\/"},{"@type":"ListItem","position":2,"name":"Products","item":"https:\/\/www.domstavpro.com\/index.php\/products\/"},{"@type":"ListItem","position":3,"name":"Top Prodej Scheppach TS 310 &#8211; stolov\u00e1 pila 380 V"}]},{"@type":"WebSite","@id":"https:\/\/www.domstavpro.com\/#website","url":"https:\/\/www.domstavpro.com\/","name":"","description":"","potentialAction":[{"@type":"SearchAction","target":{"@type":"EntryPoint","urlTemplate":"https:\/\/www.domstavpro.com\/?s={search_term_string}"},"query-input":{"@type":"PropertyValueSpecification","valueRequired":true,"valueName":"search_term_string"}}],"inLanguage":"cs"}]}},"_links":{"self":[{"href":"https:\/\/www.domstavpro.com\/index.php\/wp-json\/wp\/v2\/product\/6730","targetHints":{"allow":["GET"]}}],"collection":[{"href":"https:\/\/www.domstavpro.com\/index.php\/wp-json\/wp\/v2\/product"}],"about":[{"href":"https:\/\/www.domstavpro.com\/index.php\/wp-json\/wp\/v2\/types\/product"}],"replies":[{"embeddable":true,"href":"https:\/\/www.domstavpro.com\/index.php\/wp-json\/wp\/v2\/comments?post=6730"}],"wp:featuredmedia":[{"embeddable":true,"href":"https:\/\/www.domstavpro.com\/index.php\/wp-json\/wp\/v2\/media\/6830"}],"wp:attachment":[{"href":"https:\/\/www.domstavpro.com\/index.php\/wp-json\/wp\/v2\/media?parent=6730"}],"wp:term":[{"taxonomy":"product_brand","embeddable":true,"href":"https:\/\/www.domstavpro.com\/index.php\/wp-json\/wp\/v2\/product_brand?post=6730"},{"taxonomy":"product_cat","embeddable":true,"href":"https:\/\/www.domstavpro.com\/index.php\/wp-json\/wp\/v2\/product_cat?post=6730"},{"taxonomy":"product_tag","embeddable":true,"href":"https:\/\/www.domstavpro.com\/index.php\/wp-json\/wp\/v2\/product_tag?post=6730"}],"curies":[{"name":"wp","href":"https:\/\/api.w.org\/{rel}","templated":true}]}}