{"id":6719,"date":"2026-04-27T15:08:09","date_gmt":"2026-04-27T15:08:09","guid":{"rendered":""},"modified":"2026-04-27T15:08:09","modified_gmt":"2026-04-27T15:08:09","slug":"scheppach-sg-3200-ramova-elektrocentrala-2800-w-s-regulaci-avr-hit-sezony-6719","status":"publish","type":"product","link":"https:\/\/www.domstavpro.com\/index.php\/produkt\/scheppach-sg-3200-ramova-elektrocentrala-2800-w-s-regulaci-avr-hit-sezony-6719\/","title":{"rendered":"Scheppach SG 3200 &#8211; R\u00e1mov\u00e1 elektrocentr\u00e1la 2800 W s regulac\u00ed AVR Hit Sez\u00f3ny"},"content":{"rendered":"<table>\n<div class=\"tab-pane active product-description\" id=\"popis\" role=\"tabpanel\">\n<div class=\"short-description\" itemprop=\"description\"><\/div>\n<div class=\"description\"><span class='bullet-line'>Gener\u00e1tor SG3200 od Scheppachu je poh\u00e1n\u011bn 196 cm\u00b3 4-taktn\u00edm motorem a s maxim\u00e1ln\u00edm v\u00fdkonem 2800 W v\u017edy dod\u00e1v\u00e1 dostatek energie pro pr\u00e1ci kolem domu nebo na staveni\u0161ti. D\u00edky stabiln\u00edmu ocelov\u00e9mu r\u00e1mu, pohonu a sklopn\u00fdm rukojet\u00edm je elektrocentr\u00e1la mobiln\u00ed a v\u0161estrann\u00e1. Benz\u00ednov\u00e1 n\u00e1dr\u017e o objemu 15 litr\u016f zajist\u00ed, \u017ee budete z\u00e1sobov\u00e1ni elekt\u0159inou a\u017e 12 hodin.<\/span><span class='bullet-line'>Benzinov\u00fd motor 6,5 hp s ta\u017en\u00fdm start\u00e9rem<\/span><span class='bullet-line'>V\u00fdkonn\u00fd a vzduchem chlazen\u00fd 4taktn\u00ed benz\u00ednov\u00fd motor se zdvihov\u00fdm objemem 196 cm\u00b3<\/span><span class='bullet-line'>Max. v\u00fdstupn\u00ed v\u00fdkon 2800W, jmenovit\u00fd v\u00fdkon 2500W<\/span><span class='bullet-line'>Dv\u011b p\u0159\u00edpojky 230 V a jeden 12 V DC konektor<\/span><span class='bullet-line'>Stabiln\u00ed a robustn\u00ed ocelov\u00fd r\u00e1m s pohonem a sklopn\u00fdmi rukoje\u0165mi<\/span><span class='bullet-line'>Benz\u00ednov\u00e1 n\u00e1dr\u017e o objemu 15 litr\u016f na 12 hodin provozu p\u0159i pln\u00e9m zat\u00ed\u017een\u00ed<\/span><span class='bullet-line'>Integrovan\u00e1 ochrana proti p\u0159et\u00ed\u017een\u00ed, voltmetr a upozorn\u011bn\u00ed na hladinu oleje7<\/span><span class='bullet-line'>Elektrocentr\u00e1la SG3200 od Scheppachu v\u00e1m spolehliv\u011b dod\u00e1 energii na staveni\u0161ti nebo jinde, tak\u017ee m\u016f\u017eete pracovat nez\u00e1visle na elektrick\u00e9 s\u00edti. A\u0165 u\u017e v prostorn\u00e9 zahrad\u011b, v kempu, v lese nebo na staveni\u0161ti \u2013 SG3200 dod\u00e1v\u00e1 dostatek energie na n\u011bkolik hodin.<\/span><span class='bullet-line'>O v\u00fdkon se star\u00e1 vzduchem chlazen\u00fd 4-taktn\u00ed benz\u00ednov\u00fd motor o v\u00fdkonu 4,8 kW a zdvihov\u00e9m objemu 196 ccm. SG3200 je z\u00e1sobov\u00e1n palivem z 15litrov\u00e9 benz\u00ednov\u00e9 n\u00e1dr\u017ee. Motor se spou\u0161t\u00ed tahem za lanko. Spot\u0159eba p\u0159i 2\/3 z\u00e1t\u011b\u017ei se pohybuje kolem 1100 g\/kWh, tak\u017ee gener\u00e1tor lze pou\u017e\u00edvat v pln\u00e9 z\u00e1t\u011b\u017ei cca 12 hodin bez dopl\u0148ov\u00e1n\u00ed paliva. S pomoc\u00ed palivom\u011bru m\u00e1te v\u017edy p\u0159ehled o aktu\u00e1ln\u00ed hladin\u011b. Integrovan\u00e1 ochrana proti nedostatku oleje chr\u00e1n\u00ed motor p\u0159ed po\u0161kozen\u00edm zp\u016fsoben\u00fdm nedostatkem oleje.<\/span><span class='bullet-line'>SG3200 generuje maxim\u00e1ln\u00ed v\u00fdstupn\u00ed v\u00fdkon 2800 watt\u016f. Elektrocentr\u00e1la je nav\u00edc vybavena ochranou proti p\u0159et\u00ed\u017een\u00ed, kter\u00e1 vypne z\u00e1suvku, pokud dojde k nejhor\u0161\u00edmu.<\/span><span class='bullet-line'>Integrovan\u00e9 \u0159\u00edzen\u00ed AVR (Automatic Voltage Regulation) zaji\u0161\u0165uje stabiln\u00ed v\u00fdstupn\u00ed veden\u00ed rychlou kompenzac\u00ed kol\u00eds\u00e1n\u00ed nap\u011bt\u00ed s m\u011bn\u00edc\u00ed se z\u00e1t\u011b\u017e\u00ed. To prosp\u00edv\u00e1 p\u0159ipojen\u00fdm spot\u0159ebitel\u016fm, pokud bu\u010f citliv\u011b reaguj\u00ed na zm\u011bny nap\u011bt\u00ed, nebo pat\u0159\u00ed k elektrick\u00fdm za\u0159\u00edzen\u00edm, kter\u00e1 se spou\u0161t\u011bj\u00ed obt\u00ed\u017en\u011b.<\/span><span class='bullet-line'>Gener\u00e1tor je pevn\u011b postaven a v\u00e1\u017e\u00ed t\u00e9m\u011b\u0159 44 kg. Celoobvodov\u00fd dr\u017e\u00e1k chr\u00e1n\u00ed okraje elektrocentr\u00e1ly b\u011bhem p\u0159epravy a lze jej pou\u017e\u00edt jako rukoje\u0165 pro p\u0159en\u00e1\u0161en\u00ed. Pro snadnou p\u0159epravu jednou osobou m\u00e1 SG3200 hnac\u00ed za\u0159\u00edzen\u00ed s prostorov\u011b \u00fasporn\u00fdmi sklopn\u00fdmi p\u0159epravn\u00edmi madly.<\/span><span class='bullet-line'>SG3200 je standardn\u011b vybaven dv\u011bma z\u00e1suvkami 230 V~ (16 A) AC s ochrann\u00fdm sp\u00edna\u010dem proti p\u0159et\u00ed\u017een\u00ed a jednou z\u00e1suvkou 12 V~ (10 A)<\/span><\/div>\n<div class=\"parameters\">\n<tr>\n<td>Typ motoru<\/td>\n<td>benzinov\u00fd, 1-v\u00e1lec, 4-takt, vzduchem chlazen\u00fd<\/td>\n<\/tr>\n<tr>\n<td>Objem motoru (ccm)<\/td>\n<td>196<\/td>\n<\/tr>\n<tr>\n<td>V\u00fdkon motoru &#8211; maxim\u00e1ln\u00ed (kW\/HP)<\/td>\n<td>4,8 \/ 6,5<\/td>\n<\/tr>\n<tr>\n<td>Startov\u00e1n\u00ed<\/td>\n<td>ru\u010dn\u00ed<\/td>\n<\/tr>\n<tr>\n<td>Palivo<\/td>\n<td>bezolovnat\u00e9<\/td>\n<\/tr>\n<tr>\n<td>Objem palivov\u00e9 n\u00e1dr\u017ee (l)<\/td>\n<td>15<\/td>\n<\/tr>\n<tr>\n<td>Objem olejov\u00e9 n\u00e1pln\u011b (l)<\/td>\n<td>0.6<\/td>\n<\/tr>\n<tr>\n<td>Spot\u0159eba paliva (e-centr\u00e1ly) (l\/kWh)<\/td>\n<td>&#8211;<\/td>\n<\/tr>\n<tr>\n<td>Doba provozu na n\u00e1dr\u017e (hod)<\/td>\n<td>a\u017e 7<\/td>\n<\/tr>\n<tr>\n<td>Regulace nap\u00e1jen\u00ed<\/td>\n<td>automatick\u00e1 AVR<\/td>\n<\/tr>\n<tr>\n<td>V\u00fdkon (max.\/trval\u00fd)-e-centr\u00e1ly (kW)<\/td>\n<td>2,8\/2,5<\/td>\n<\/tr>\n<tr>\n<td>V\u00fdstupn\u00ed nap\u011bt\u00ed<\/td>\n<td>2&#215;230<\/td>\n<\/tr>\n<tr>\n<td>V\u00fdstupn\u00ed frekvence (Hz)<\/td>\n<td>50<\/td>\n<\/tr>\n<tr>\n<td>Ochrana proti p\u0159et\u00ed\u017een\u00ed<\/td>\n<td>Ano<\/td>\n<\/tr>\n<tr>\n<td>Ochrana p\u0159i nedostatku oleje<\/td>\n<td>Ano<\/td>\n<\/tr>\n<tr>\n<td>Voltmetr<\/td>\n<td>Ano<\/td>\n<\/tr>\n<tr>\n<td>T\u0159\u00edda ochrany<\/td>\n<td>IP 23<\/td>\n<\/tr>\n<tr>\n<td>Hmotnost (Kg):<\/td>\n<td>43.00<\/td>\n<\/tr>\n<tr>\n<td>Rozm\u011bry (cm):<\/td>\n<td>90.5 x 51 x 57.5<\/td>\n<\/tr>\n<tr>\n<td>Rozm\u011bry balen\u00ed (cm):<\/td>\n<td>73.5 x 45.5 x 45<\/td>\n<\/tr>\n<tr>\n<td>Obj. \u010d.:<\/td>\n<td>5906220903<\/td>\n<\/tr><\/div>\n<\/table>\n","protected":false},"excerpt":{"rendered":"<p>Gener\u00e1tor SG3200 od Scheppachu je poh\u00e1n\u011bn 196 cm\u00b3 4-taktn\u00edm motorem a s maxim\u00e1ln\u00edm v\u00fdkonem 2800 W v\u017edy dod\u00e1v\u00e1 dostatek energie pro pr\u00e1ci kolem domu nebo na staveni\u0161ti. D\u00edky stabiln\u00edmu ocelov\u00e9mu r\u00e1mu, pohonu a sklopn\u00fdm rukojet\u00edm je elektrocentr\u00e1la mobiln\u00ed a v\u0161estrann\u00e1. Benz\u00ednov\u00e1 n\u00e1dr\u017e o objemu 15 litr\u016f zajist\u00ed, \u017ee budete z\u00e1sobov\u00e1ni elekt\u0159inou a\u017e 12 hodin.Benzinov\u00fd motor [&hellip;]<\/p>\n","protected":false},"featured_media":6819,"comment_status":"open","ping_status":"open","template":"","meta":[],"product_brand":[],"product_cat":[40],"product_tag":[],"class_list":{"0":"post-6719","1":"product","2":"type-product","3":"status-publish","4":"has-post-thumbnail","6":"product_cat-stavebni-technika","8":"first","9":"instock","10":"sale","11":"shipping-taxable","12":"purchasable","13":"product-type-simple"},"yoast_head":"<!-- This site is optimized with the Yoast SEO plugin v26.8 - https:\/\/yoast.com\/product\/yoast-seo-wordpress\/ -->\n<title>Scheppach SG 3200 - R\u00e1mov\u00e1 elektrocentr\u00e1la 2800 W s regulac\u00ed AVR Hit Sez\u00f3ny -<\/title>\n<meta name=\"robots\" content=\"index, follow, max-snippet:-1, max-image-preview:large, max-video-preview:-1\" \/>\n<link rel=\"canonical\" href=\"https:\/\/www.domstavpro.com\/index.php\/produkt\/scheppach-sg-3200-ramova-elektrocentrala-2800-w-s-regulaci-avr-hit-sezony-6719\/\" \/>\n<meta property=\"og:locale\" content=\"cs_CZ\" \/>\n<meta property=\"og:type\" content=\"article\" \/>\n<meta property=\"og:title\" content=\"Scheppach SG 3200 - R\u00e1mov\u00e1 elektrocentr\u00e1la 2800 W s regulac\u00ed AVR Hit Sez\u00f3ny -\" \/>\n<meta property=\"og:description\" content=\"Gener\u00e1tor SG3200 od Scheppachu je poh\u00e1n\u011bn 196 cm\u00b3 4-taktn\u00edm motorem a s maxim\u00e1ln\u00edm v\u00fdkonem 2800 W v\u017edy dod\u00e1v\u00e1 dostatek energie pro pr\u00e1ci kolem domu nebo na staveni\u0161ti. D\u00edky stabiln\u00edmu ocelov\u00e9mu r\u00e1mu, pohonu a sklopn\u00fdm rukojet\u00edm je elektrocentr\u00e1la mobiln\u00ed a v\u0161estrann\u00e1. Benz\u00ednov\u00e1 n\u00e1dr\u017e o objemu 15 litr\u016f zajist\u00ed, \u017ee budete z\u00e1sobov\u00e1ni elekt\u0159inou a\u017e 12 hodin.Benzinov\u00fd motor [&hellip;]\" \/>\n<meta property=\"og:url\" content=\"https:\/\/www.domstavpro.com\/index.php\/produkt\/scheppach-sg-3200-ramova-elektrocentrala-2800-w-s-regulaci-avr-hit-sezony-6719\/\" \/>\n<meta property=\"og:image\" content=\"https:\/\/www.domstavpro.com\/wp-content\/uploads\/2026\/SK0029085-CZ20260425-092328-0-1777080210-1253311-1_160113.webp\" \/>\n\t<meta property=\"og:image:width\" content=\"800\" \/>\n\t<meta property=\"og:image:height\" content=\"800\" \/>\n\t<meta property=\"og:image:type\" content=\"image\/webp\" \/>\n<meta name=\"twitter:card\" content=\"summary_large_image\" \/>\n<meta name=\"twitter:label1\" content=\"Odhadovan\u00e1 doba \u010dten\u00ed\" \/>\n\t<meta name=\"twitter:data1\" content=\"3 minuty\" \/>\n<script type=\"application\/ld+json\" class=\"yoast-schema-graph\">{\"@context\":\"https:\/\/schema.org\",\"@graph\":[{\"@type\":\"WebPage\",\"@id\":\"https:\/\/www.domstavpro.com\/index.php\/produkt\/scheppach-sg-3200-ramova-elektrocentrala-2800-w-s-regulaci-avr-hit-sezony-6719\/\",\"url\":\"https:\/\/www.domstavpro.com\/index.php\/produkt\/scheppach-sg-3200-ramova-elektrocentrala-2800-w-s-regulaci-avr-hit-sezony-6719\/\",\"name\":\"Scheppach SG 3200 - R\u00e1mov\u00e1 elektrocentr\u00e1la 2800 W s regulac\u00ed AVR Hit Sez\u00f3ny -\",\"isPartOf\":{\"@id\":\"https:\/\/www.domstavpro.com\/#website\"},\"primaryImageOfPage\":{\"@id\":\"https:\/\/www.domstavpro.com\/index.php\/produkt\/scheppach-sg-3200-ramova-elektrocentrala-2800-w-s-regulaci-avr-hit-sezony-6719\/#primaryimage\"},\"image\":{\"@id\":\"https:\/\/www.domstavpro.com\/index.php\/produkt\/scheppach-sg-3200-ramova-elektrocentrala-2800-w-s-regulaci-avr-hit-sezony-6719\/#primaryimage\"},\"thumbnailUrl\":\"https:\/\/www.domstavpro.com\/wp-content\/uploads\/2026\/SK0029085-CZ20260425-092328-0-1777080210-1253311-1_160113.webp\",\"datePublished\":\"2026-04-27T15:08:09+00:00\",\"breadcrumb\":{\"@id\":\"https:\/\/www.domstavpro.com\/index.php\/produkt\/scheppach-sg-3200-ramova-elektrocentrala-2800-w-s-regulaci-avr-hit-sezony-6719\/#breadcrumb\"},\"inLanguage\":\"cs\",\"potentialAction\":[{\"@type\":\"ReadAction\",\"target\":[\"https:\/\/www.domstavpro.com\/index.php\/produkt\/scheppach-sg-3200-ramova-elektrocentrala-2800-w-s-regulaci-avr-hit-sezony-6719\/\"]}]},{\"@type\":\"ImageObject\",\"inLanguage\":\"cs\",\"@id\":\"https:\/\/www.domstavpro.com\/index.php\/produkt\/scheppach-sg-3200-ramova-elektrocentrala-2800-w-s-regulaci-avr-hit-sezony-6719\/#primaryimage\",\"url\":\"https:\/\/www.domstavpro.com\/wp-content\/uploads\/2026\/SK0029085-CZ20260425-092328-0-1777080210-1253311-1_160113.webp\",\"contentUrl\":\"https:\/\/www.domstavpro.com\/wp-content\/uploads\/2026\/SK0029085-CZ20260425-092328-0-1777080210-1253311-1_160113.webp\",\"width\":800,\"height\":800},{\"@type\":\"BreadcrumbList\",\"@id\":\"https:\/\/www.domstavpro.com\/index.php\/produkt\/scheppach-sg-3200-ramova-elektrocentrala-2800-w-s-regulaci-avr-hit-sezony-6719\/#breadcrumb\",\"itemListElement\":[{\"@type\":\"ListItem\",\"position\":1,\"name\":\"Home\",\"item\":\"https:\/\/www.domstavpro.com\/\"},{\"@type\":\"ListItem\",\"position\":2,\"name\":\"Products\",\"item\":\"https:\/\/www.domstavpro.com\/index.php\/products\/\"},{\"@type\":\"ListItem\",\"position\":3,\"name\":\"Scheppach SG 3200 &#8211; R\u00e1mov\u00e1 elektrocentr\u00e1la 2800 W s regulac\u00ed AVR Hit Sez\u00f3ny\"}]},{\"@type\":\"WebSite\",\"@id\":\"https:\/\/www.domstavpro.com\/#website\",\"url\":\"https:\/\/www.domstavpro.com\/\",\"name\":\"\",\"description\":\"\",\"potentialAction\":[{\"@type\":\"SearchAction\",\"target\":{\"@type\":\"EntryPoint\",\"urlTemplate\":\"https:\/\/www.domstavpro.com\/?s={search_term_string}\"},\"query-input\":{\"@type\":\"PropertyValueSpecification\",\"valueRequired\":true,\"valueName\":\"search_term_string\"}}],\"inLanguage\":\"cs\"}]}<\/script>\n<!-- \/ Yoast SEO plugin. -->","yoast_head_json":{"title":"Scheppach SG 3200 - R\u00e1mov\u00e1 elektrocentr\u00e1la 2800 W s regulac\u00ed AVR Hit Sez\u00f3ny -","robots":{"index":"index","follow":"follow","max-snippet":"max-snippet:-1","max-image-preview":"max-image-preview:large","max-video-preview":"max-video-preview:-1"},"canonical":"https:\/\/www.domstavpro.com\/index.php\/produkt\/scheppach-sg-3200-ramova-elektrocentrala-2800-w-s-regulaci-avr-hit-sezony-6719\/","og_locale":"cs_CZ","og_type":"article","og_title":"Scheppach SG 3200 - R\u00e1mov\u00e1 elektrocentr\u00e1la 2800 W s regulac\u00ed AVR Hit Sez\u00f3ny -","og_description":"Gener\u00e1tor SG3200 od Scheppachu je poh\u00e1n\u011bn 196 cm\u00b3 4-taktn\u00edm motorem a s maxim\u00e1ln\u00edm v\u00fdkonem 2800 W v\u017edy dod\u00e1v\u00e1 dostatek energie pro pr\u00e1ci kolem domu nebo na staveni\u0161ti. D\u00edky stabiln\u00edmu ocelov\u00e9mu r\u00e1mu, pohonu a sklopn\u00fdm rukojet\u00edm je elektrocentr\u00e1la mobiln\u00ed a v\u0161estrann\u00e1. Benz\u00ednov\u00e1 n\u00e1dr\u017e o objemu 15 litr\u016f zajist\u00ed, \u017ee budete z\u00e1sobov\u00e1ni elekt\u0159inou a\u017e 12 hodin.Benzinov\u00fd motor [&hellip;]","og_url":"https:\/\/www.domstavpro.com\/index.php\/produkt\/scheppach-sg-3200-ramova-elektrocentrala-2800-w-s-regulaci-avr-hit-sezony-6719\/","og_image":[{"width":800,"height":800,"url":"https:\/\/www.domstavpro.com\/wp-content\/uploads\/2026\/SK0029085-CZ20260425-092328-0-1777080210-1253311-1_160113.webp","type":"image\/webp"}],"twitter_card":"summary_large_image","twitter_misc":{"Odhadovan\u00e1 doba \u010dten\u00ed":"3 minuty"},"schema":{"@context":"https:\/\/schema.org","@graph":[{"@type":"WebPage","@id":"https:\/\/www.domstavpro.com\/index.php\/produkt\/scheppach-sg-3200-ramova-elektrocentrala-2800-w-s-regulaci-avr-hit-sezony-6719\/","url":"https:\/\/www.domstavpro.com\/index.php\/produkt\/scheppach-sg-3200-ramova-elektrocentrala-2800-w-s-regulaci-avr-hit-sezony-6719\/","name":"Scheppach SG 3200 - R\u00e1mov\u00e1 elektrocentr\u00e1la 2800 W s regulac\u00ed AVR Hit Sez\u00f3ny -","isPartOf":{"@id":"https:\/\/www.domstavpro.com\/#website"},"primaryImageOfPage":{"@id":"https:\/\/www.domstavpro.com\/index.php\/produkt\/scheppach-sg-3200-ramova-elektrocentrala-2800-w-s-regulaci-avr-hit-sezony-6719\/#primaryimage"},"image":{"@id":"https:\/\/www.domstavpro.com\/index.php\/produkt\/scheppach-sg-3200-ramova-elektrocentrala-2800-w-s-regulaci-avr-hit-sezony-6719\/#primaryimage"},"thumbnailUrl":"https:\/\/www.domstavpro.com\/wp-content\/uploads\/2026\/SK0029085-CZ20260425-092328-0-1777080210-1253311-1_160113.webp","datePublished":"2026-04-27T15:08:09+00:00","breadcrumb":{"@id":"https:\/\/www.domstavpro.com\/index.php\/produkt\/scheppach-sg-3200-ramova-elektrocentrala-2800-w-s-regulaci-avr-hit-sezony-6719\/#breadcrumb"},"inLanguage":"cs","potentialAction":[{"@type":"ReadAction","target":["https:\/\/www.domstavpro.com\/index.php\/produkt\/scheppach-sg-3200-ramova-elektrocentrala-2800-w-s-regulaci-avr-hit-sezony-6719\/"]}]},{"@type":"ImageObject","inLanguage":"cs","@id":"https:\/\/www.domstavpro.com\/index.php\/produkt\/scheppach-sg-3200-ramova-elektrocentrala-2800-w-s-regulaci-avr-hit-sezony-6719\/#primaryimage","url":"https:\/\/www.domstavpro.com\/wp-content\/uploads\/2026\/SK0029085-CZ20260425-092328-0-1777080210-1253311-1_160113.webp","contentUrl":"https:\/\/www.domstavpro.com\/wp-content\/uploads\/2026\/SK0029085-CZ20260425-092328-0-1777080210-1253311-1_160113.webp","width":800,"height":800},{"@type":"BreadcrumbList","@id":"https:\/\/www.domstavpro.com\/index.php\/produkt\/scheppach-sg-3200-ramova-elektrocentrala-2800-w-s-regulaci-avr-hit-sezony-6719\/#breadcrumb","itemListElement":[{"@type":"ListItem","position":1,"name":"Home","item":"https:\/\/www.domstavpro.com\/"},{"@type":"ListItem","position":2,"name":"Products","item":"https:\/\/www.domstavpro.com\/index.php\/products\/"},{"@type":"ListItem","position":3,"name":"Scheppach SG 3200 &#8211; R\u00e1mov\u00e1 elektrocentr\u00e1la 2800 W s regulac\u00ed AVR Hit Sez\u00f3ny"}]},{"@type":"WebSite","@id":"https:\/\/www.domstavpro.com\/#website","url":"https:\/\/www.domstavpro.com\/","name":"","description":"","potentialAction":[{"@type":"SearchAction","target":{"@type":"EntryPoint","urlTemplate":"https:\/\/www.domstavpro.com\/?s={search_term_string}"},"query-input":{"@type":"PropertyValueSpecification","valueRequired":true,"valueName":"search_term_string"}}],"inLanguage":"cs"}]}},"_links":{"self":[{"href":"https:\/\/www.domstavpro.com\/index.php\/wp-json\/wp\/v2\/product\/6719","targetHints":{"allow":["GET"]}}],"collection":[{"href":"https:\/\/www.domstavpro.com\/index.php\/wp-json\/wp\/v2\/product"}],"about":[{"href":"https:\/\/www.domstavpro.com\/index.php\/wp-json\/wp\/v2\/types\/product"}],"replies":[{"embeddable":true,"href":"https:\/\/www.domstavpro.com\/index.php\/wp-json\/wp\/v2\/comments?post=6719"}],"wp:featuredmedia":[{"embeddable":true,"href":"https:\/\/www.domstavpro.com\/index.php\/wp-json\/wp\/v2\/media\/6819"}],"wp:attachment":[{"href":"https:\/\/www.domstavpro.com\/index.php\/wp-json\/wp\/v2\/media?parent=6719"}],"wp:term":[{"taxonomy":"product_brand","embeddable":true,"href":"https:\/\/www.domstavpro.com\/index.php\/wp-json\/wp\/v2\/product_brand?post=6719"},{"taxonomy":"product_cat","embeddable":true,"href":"https:\/\/www.domstavpro.com\/index.php\/wp-json\/wp\/v2\/product_cat?post=6719"},{"taxonomy":"product_tag","embeddable":true,"href":"https:\/\/www.domstavpro.com\/index.php\/wp-json\/wp\/v2\/product_tag?post=6719"}],"curies":[{"name":"wp","href":"https:\/\/api.w.org\/{rel}","templated":true}]}}