{"id":6717,"date":"2026-04-27T15:08:09","date_gmt":"2026-04-27T15:08:09","guid":{"rendered":""},"modified":"2026-04-27T15:08:09","modified_gmt":"2026-04-27T15:08:09","slug":"posledni-sance-scheppach-sg-2500i-invertorova-elektrocentrala-2000-w-6717","status":"publish","type":"product","link":"https:\/\/www.domstavpro.com\/index.php\/produkt\/posledni-sance-scheppach-sg-2500i-invertorova-elektrocentrala-2000-w-6717\/","title":{"rendered":"Posledn\u00ed \u0160ance Scheppach SG 2500i &#8211; invertorov\u00e1 elektrocentr\u00e1la 2000 W"},"content":{"rendered":"<table>\n<div class=\"tab-pane active product-description\" id=\"popis\" role=\"tabpanel\">\n<div class=\"short-description\" itemprop=\"description\"><\/div>\n<div class=\"description\"><span class='bullet-line'>S 64,1 dB* je Scheppach SG2500i obzvl\u00e1\u0161t\u011b tich\u00fd gener\u00e1tor elektrick\u00e9 energie se \u0161pi\u010dkov\u00fdm v\u00fdkonem 2000 watt\u016f. Disponuje tak\u00e9 modern\u00ed invertorovou technologi\u00ed, kter\u00e1 dod\u00e1v\u00e1 konstantn\u00ed nap\u011bt\u00ed, tak\u017ee lze bez probl\u00e9m\u016f provozovat i citliv\u00e1 za\u0159\u00edzen\u00ed, jako jsou notebooky. Kompaktn\u00ed, \u0161ikovn\u00fd, v\u00fdkonn\u00fd \u2013 SG2500i je ide\u00e1ln\u00edm spole\u010dn\u00edkem pro kempov\u00e1n\u00ed nebo v dod\u00e1vce.<\/span><span class='bullet-line'>Maxim\u00e1ln\u00ed v\u00fdkon 2000W pro za\u0159\u00edzen\u00ed s citlivou elektronikou, elektrick\u00e9 n\u00e1\u0159ad\u00ed atd.<\/span><span class='bullet-line'>Vybaven dv\u011bma z\u00e1suvkami 230 V AC a dv\u011bma 2,1 A USB porty (rychlonab\u00edjen\u00ed)<\/span><span class='bullet-line'>Vzduchem chlazen\u00fd \u010dty\u0159taktn\u00ed benz\u00ednov\u00fd motor o objemu 79 cm3 s ta\u017en\u00fdm start\u00e9rem<\/span><span class='bullet-line'>Kompaktn\u00ed proveden\u00ed ve form\u00e1tu pouzdra z n\u00e1razuvzdorn\u00e9ho plastu s rukojet\u00ed<\/span><span class='bullet-line'>Automatick\u00e9 vypnut\u00ed v p\u0159\u00edpad\u011b nedostatku oleje<\/span><span class='bullet-line'>Palivov\u00e1 n\u00e1dr\u017e 4,1 l a objem motorov\u00e9ho oleje 350 ml<\/span><span class='bullet-line'>Invertorov\u00e1 elektrocentr\u00e1la SG2500i od Scheppachu je praktick\u00e1 benz\u00ednov\u00e1 elektrocentr\u00e1la a spole\u010dn\u00edk na v\u00fdlety do p\u0159\u00edrody, abyste mohli pracovat nez\u00e1visle na elektrick\u00e9 s\u00edti. A\u0165 u\u017e v prostorn\u00e9 zahrad\u011b nebo na lovu \u010di kempov\u00e1n\u00ed, SG2500i poskytuje spolehliv\u00fd v\u00fdkon na n\u011bkolik hodin.<\/span><span class='bullet-line'>D\u00edky pou\u017eit\u00e9 invertorov\u00e9 technologii dod\u00e1v\u00e1 SG2500i \u010distou elekt\u0159inu bez kol\u00eds\u00e1n\u00ed nap\u011bt\u00ed a s ide\u00e1ln\u00ed frekvenc\u00ed, tak\u017ee lze p\u0159ipojit i citlivou elektrotechniku \u200b\u200ba kvalitn\u00ed za\u0159\u00edzen\u00ed jako jsou televize, notebooky, mrazni\u010dky nebo chytr\u00e9 telefony.<\/span><span class='bullet-line'>Vestav\u011bn\u00fd motor je vzduchem chlazen\u00fd jednov\u00e1lcov\u00fd 4-taktn\u00ed benz\u00ednov\u00fd motor o v\u00fdkonu 2,2 kW nebo 3 hp a zdvihov\u00e9m objemu 79 cm\u00b3. SG2500i je z\u00e1sobov\u00e1n palivem z benzinov\u00e9 n\u00e1dr\u017ee o objemu 4,1 litru. Spot\u0159eba p\u0159i pln\u00e9 z\u00e1t\u011b\u017ei se pohybuje kolem 1,27 litru za hodinu. Motor se startuje pomoc\u00ed kabelu.<\/span><span class='bullet-line'>SG2500i generuje maxim\u00e1ln\u00ed v\u00fdstupn\u00ed v\u00fdkon 2000 watt\u016f. Pro nep\u0159etr\u017eit\u00fd provoz dod\u00e1v\u00e1 jmenovit\u00fd v\u00fdkon 1600 watt\u016f. Aby se ochr\u00e1nil, vypne hl\u00edda\u010d oleje za\u0159\u00edzen\u00ed, pokud je hladina oleje p\u0159\u00edli\u0161 n\u00edzk\u00e1.<\/span><span class='bullet-line'>Standardn\u011b je SG2500i vybaven dv\u011bma 230 V~ AC z\u00e1suvkami s ochrann\u00fdm sp\u00edna\u010dem proti p\u0159et\u00ed\u017een\u00ed a dv\u011bma 2,1 A USB porty. Pokud je spot\u0159eba p\u0159\u00edli\u0161 vysok\u00e1, ochrana proti p\u0159et\u00ed\u017een\u00ed vypne z\u00e1suvky, aby chr\u00e1nila za\u0159\u00edzen\u00ed.<\/span><span class='bullet-line'>Gener\u00e1tor je kompaktn\u00ed a v\u00e1\u017e\u00ed cca 17,5 kg. D\u00edky transportn\u00edmu madlu jej lze p\u0159en\u00e1\u0161et jako kufr a lze jej tedy pou\u017e\u00edt jako mobiln\u00ed elektrocentr\u00e1lu na zahrad\u011b nebo na v\u00fdlet\u011b.<\/span><\/div>\n<div class=\"parameters\">\n<tr>\n<td>Typ motoru<\/td>\n<td>benzinov\u00fd, 1-v\u00e1lec, 4-takt, vzduchem chlazen\u00fd<\/td>\n<\/tr>\n<tr>\n<td>Objem motoru (ccm)<\/td>\n<td>79<\/td>\n<\/tr>\n<tr>\n<td>V\u00fdkon motoru &#8211; maxim\u00e1ln\u00ed (kW\/HP)<\/td>\n<td>2,2 \/ 3<\/td>\n<\/tr>\n<tr>\n<td>V\u00fdkon elektrocentr\u00e1ly (max.\/trval\u00fd &#8211; kW)<\/td>\n<td>2,0\/1,6<\/td>\n<\/tr>\n<tr>\n<td>Startov\u00e1n\u00ed<\/td>\n<td>ru\u010dn\u00ed<\/td>\n<\/tr>\n<tr>\n<td>Palivo<\/td>\n<td>bezolovnat\u00e9<\/td>\n<\/tr>\n<tr>\n<td>Objem palivov\u00e9 n\u00e1dr\u017ee (l)<\/td>\n<td>4.1<\/td>\n<\/tr>\n<tr>\n<td>Objem olejov\u00e9 n\u00e1dr\u017ee (l)<\/td>\n<td>0,35<\/td>\n<\/tr>\n<tr>\n<td>Spot\u0159eba paliva (centr\u00e1ly) (l\/hod)<\/td>\n<td>cca 1,07<\/td>\n<\/tr>\n<tr>\n<td>Regulace nap\u00e1jen\u00ed<\/td>\n<td>digit\u00e1ln\u00ed invertor<\/td>\n<\/tr>\n<tr>\n<td>V\u00fdstupn\u00ed nap\u011bt\u00ed<\/td>\n<td>2&#215;230 V st\u0159\u00eddav\u00fd, 2x 5V DC\/2,1A USB port<\/td>\n<\/tr>\n<tr>\n<td>V\u00fdstupn\u00ed frekvence (Hz)<\/td>\n<td>50<\/td>\n<\/tr>\n<tr>\n<td>Jmenovit\u00fd proud<\/td>\n<td>7 A (230 V)<\/td>\n<\/tr>\n<tr>\n<td>Hlu\u010dnost (dB)<\/td>\n<td>64,1<\/td>\n<\/tr>\n<tr>\n<td>Ochrana proti p\u0159et\u00ed\u017een\u00ed<\/td>\n<td>Ano<\/td>\n<\/tr>\n<tr>\n<td>Kontrolka n\u00edzk\u00e9 hladiny oleje<\/td>\n<td>Ano<\/td>\n<\/tr>\n<tr>\n<td>Druh kryt\u00ed<\/td>\n<td>IP 23M<\/td>\n<\/tr>\n<tr>\n<td>Hmotnost netto \/ brutto (Kg):<\/td>\n<td>17.50 \/ 19<\/td>\n<\/tr>\n<tr>\n<td>Rozm\u011bry (cm):<\/td>\n<td>52 x 27 x 44<\/td>\n<\/tr>\n<tr>\n<td>Rozm\u011bry balen\u00ed (cm):<\/td>\n<td>57 x 32 x 48.5<\/td>\n<\/tr>\n<tr>\n<td>Obj. \u010d.:<\/td>\n<td>5906226901<\/td>\n<\/tr><\/div>\n<\/table>\n","protected":false},"excerpt":{"rendered":"<p>S 64,1 dB* je Scheppach SG2500i obzvl\u00e1\u0161t\u011b tich\u00fd gener\u00e1tor elektrick\u00e9 energie se \u0161pi\u010dkov\u00fdm v\u00fdkonem 2000 watt\u016f. Disponuje tak\u00e9 modern\u00ed invertorovou technologi\u00ed, kter\u00e1 dod\u00e1v\u00e1 konstantn\u00ed nap\u011bt\u00ed, tak\u017ee lze bez probl\u00e9m\u016f provozovat i citliv\u00e1 za\u0159\u00edzen\u00ed, jako jsou notebooky. Kompaktn\u00ed, \u0161ikovn\u00fd, v\u00fdkonn\u00fd \u2013 SG2500i je ide\u00e1ln\u00edm spole\u010dn\u00edkem pro kempov\u00e1n\u00ed nebo v dod\u00e1vce.Maxim\u00e1ln\u00ed v\u00fdkon 2000W pro za\u0159\u00edzen\u00ed s citlivou [&hellip;]<\/p>\n","protected":false},"featured_media":6817,"comment_status":"open","ping_status":"open","template":"","meta":[],"product_brand":[],"product_cat":[40],"product_tag":[],"class_list":{"0":"post-6717","1":"product","2":"type-product","3":"status-publish","4":"has-post-thumbnail","6":"product_cat-stavebni-technika","8":"first","9":"instock","10":"sale","11":"shipping-taxable","12":"purchasable","13":"product-type-simple"},"yoast_head":"<!-- This site is optimized with the Yoast SEO plugin v26.8 - https:\/\/yoast.com\/product\/yoast-seo-wordpress\/ -->\n<title>Posledn\u00ed \u0160ance Scheppach SG 2500i - invertorov\u00e1 elektrocentr\u00e1la 2000 W -<\/title>\n<meta name=\"robots\" content=\"index, follow, max-snippet:-1, max-image-preview:large, max-video-preview:-1\" \/>\n<link rel=\"canonical\" href=\"https:\/\/www.domstavpro.com\/index.php\/produkt\/posledni-sance-scheppach-sg-2500i-invertorova-elektrocentrala-2000-w-6717\/\" \/>\n<meta property=\"og:locale\" content=\"cs_CZ\" \/>\n<meta property=\"og:type\" content=\"article\" \/>\n<meta property=\"og:title\" content=\"Posledn\u00ed \u0160ance Scheppach SG 2500i - invertorov\u00e1 elektrocentr\u00e1la 2000 W -\" \/>\n<meta property=\"og:description\" content=\"S 64,1 dB* je Scheppach SG2500i obzvl\u00e1\u0161t\u011b tich\u00fd gener\u00e1tor elektrick\u00e9 energie se \u0161pi\u010dkov\u00fdm v\u00fdkonem 2000 watt\u016f. Disponuje tak\u00e9 modern\u00ed invertorovou technologi\u00ed, kter\u00e1 dod\u00e1v\u00e1 konstantn\u00ed nap\u011bt\u00ed, tak\u017ee lze bez probl\u00e9m\u016f provozovat i citliv\u00e1 za\u0159\u00edzen\u00ed, jako jsou notebooky. Kompaktn\u00ed, \u0161ikovn\u00fd, v\u00fdkonn\u00fd \u2013 SG2500i je ide\u00e1ln\u00edm spole\u010dn\u00edkem pro kempov\u00e1n\u00ed nebo v dod\u00e1vce.Maxim\u00e1ln\u00ed v\u00fdkon 2000W pro za\u0159\u00edzen\u00ed s citlivou [&hellip;]\" \/>\n<meta property=\"og:url\" content=\"https:\/\/www.domstavpro.com\/index.php\/produkt\/posledni-sance-scheppach-sg-2500i-invertorova-elektrocentrala-2000-w-6717\/\" \/>\n<meta property=\"og:image\" content=\"https:\/\/www.domstavpro.com\/wp-content\/uploads\/2026\/SK0029083-CZ20260425-092328-0-1777080210-1253308-1_160013.webp\" \/>\n\t<meta property=\"og:image:width\" content=\"800\" \/>\n\t<meta property=\"og:image:height\" content=\"800\" \/>\n\t<meta property=\"og:image:type\" content=\"image\/webp\" \/>\n<meta name=\"twitter:card\" content=\"summary_large_image\" \/>\n<meta name=\"twitter:label1\" content=\"Odhadovan\u00e1 doba \u010dten\u00ed\" \/>\n\t<meta name=\"twitter:data1\" content=\"3 minuty\" \/>\n<script type=\"application\/ld+json\" class=\"yoast-schema-graph\">{\"@context\":\"https:\/\/schema.org\",\"@graph\":[{\"@type\":\"WebPage\",\"@id\":\"https:\/\/www.domstavpro.com\/index.php\/produkt\/posledni-sance-scheppach-sg-2500i-invertorova-elektrocentrala-2000-w-6717\/\",\"url\":\"https:\/\/www.domstavpro.com\/index.php\/produkt\/posledni-sance-scheppach-sg-2500i-invertorova-elektrocentrala-2000-w-6717\/\",\"name\":\"Posledn\u00ed \u0160ance Scheppach SG 2500i - invertorov\u00e1 elektrocentr\u00e1la 2000 W -\",\"isPartOf\":{\"@id\":\"https:\/\/www.domstavpro.com\/#website\"},\"primaryImageOfPage\":{\"@id\":\"https:\/\/www.domstavpro.com\/index.php\/produkt\/posledni-sance-scheppach-sg-2500i-invertorova-elektrocentrala-2000-w-6717\/#primaryimage\"},\"image\":{\"@id\":\"https:\/\/www.domstavpro.com\/index.php\/produkt\/posledni-sance-scheppach-sg-2500i-invertorova-elektrocentrala-2000-w-6717\/#primaryimage\"},\"thumbnailUrl\":\"https:\/\/www.domstavpro.com\/wp-content\/uploads\/2026\/SK0029083-CZ20260425-092328-0-1777080210-1253308-1_160013.webp\",\"datePublished\":\"2026-04-27T15:08:09+00:00\",\"breadcrumb\":{\"@id\":\"https:\/\/www.domstavpro.com\/index.php\/produkt\/posledni-sance-scheppach-sg-2500i-invertorova-elektrocentrala-2000-w-6717\/#breadcrumb\"},\"inLanguage\":\"cs\",\"potentialAction\":[{\"@type\":\"ReadAction\",\"target\":[\"https:\/\/www.domstavpro.com\/index.php\/produkt\/posledni-sance-scheppach-sg-2500i-invertorova-elektrocentrala-2000-w-6717\/\"]}]},{\"@type\":\"ImageObject\",\"inLanguage\":\"cs\",\"@id\":\"https:\/\/www.domstavpro.com\/index.php\/produkt\/posledni-sance-scheppach-sg-2500i-invertorova-elektrocentrala-2000-w-6717\/#primaryimage\",\"url\":\"https:\/\/www.domstavpro.com\/wp-content\/uploads\/2026\/SK0029083-CZ20260425-092328-0-1777080210-1253308-1_160013.webp\",\"contentUrl\":\"https:\/\/www.domstavpro.com\/wp-content\/uploads\/2026\/SK0029083-CZ20260425-092328-0-1777080210-1253308-1_160013.webp\",\"width\":800,\"height\":800},{\"@type\":\"BreadcrumbList\",\"@id\":\"https:\/\/www.domstavpro.com\/index.php\/produkt\/posledni-sance-scheppach-sg-2500i-invertorova-elektrocentrala-2000-w-6717\/#breadcrumb\",\"itemListElement\":[{\"@type\":\"ListItem\",\"position\":1,\"name\":\"Home\",\"item\":\"https:\/\/www.domstavpro.com\/\"},{\"@type\":\"ListItem\",\"position\":2,\"name\":\"Products\",\"item\":\"https:\/\/www.domstavpro.com\/index.php\/products\/\"},{\"@type\":\"ListItem\",\"position\":3,\"name\":\"Posledn\u00ed \u0160ance Scheppach SG 2500i &#8211; invertorov\u00e1 elektrocentr\u00e1la 2000 W\"}]},{\"@type\":\"WebSite\",\"@id\":\"https:\/\/www.domstavpro.com\/#website\",\"url\":\"https:\/\/www.domstavpro.com\/\",\"name\":\"\",\"description\":\"\",\"potentialAction\":[{\"@type\":\"SearchAction\",\"target\":{\"@type\":\"EntryPoint\",\"urlTemplate\":\"https:\/\/www.domstavpro.com\/?s={search_term_string}\"},\"query-input\":{\"@type\":\"PropertyValueSpecification\",\"valueRequired\":true,\"valueName\":\"search_term_string\"}}],\"inLanguage\":\"cs\"}]}<\/script>\n<!-- \/ Yoast SEO plugin. -->","yoast_head_json":{"title":"Posledn\u00ed \u0160ance Scheppach SG 2500i - invertorov\u00e1 elektrocentr\u00e1la 2000 W -","robots":{"index":"index","follow":"follow","max-snippet":"max-snippet:-1","max-image-preview":"max-image-preview:large","max-video-preview":"max-video-preview:-1"},"canonical":"https:\/\/www.domstavpro.com\/index.php\/produkt\/posledni-sance-scheppach-sg-2500i-invertorova-elektrocentrala-2000-w-6717\/","og_locale":"cs_CZ","og_type":"article","og_title":"Posledn\u00ed \u0160ance Scheppach SG 2500i - invertorov\u00e1 elektrocentr\u00e1la 2000 W -","og_description":"S 64,1 dB* je Scheppach SG2500i obzvl\u00e1\u0161t\u011b tich\u00fd gener\u00e1tor elektrick\u00e9 energie se \u0161pi\u010dkov\u00fdm v\u00fdkonem 2000 watt\u016f. Disponuje tak\u00e9 modern\u00ed invertorovou technologi\u00ed, kter\u00e1 dod\u00e1v\u00e1 konstantn\u00ed nap\u011bt\u00ed, tak\u017ee lze bez probl\u00e9m\u016f provozovat i citliv\u00e1 za\u0159\u00edzen\u00ed, jako jsou notebooky. Kompaktn\u00ed, \u0161ikovn\u00fd, v\u00fdkonn\u00fd \u2013 SG2500i je ide\u00e1ln\u00edm spole\u010dn\u00edkem pro kempov\u00e1n\u00ed nebo v dod\u00e1vce.Maxim\u00e1ln\u00ed v\u00fdkon 2000W pro za\u0159\u00edzen\u00ed s citlivou [&hellip;]","og_url":"https:\/\/www.domstavpro.com\/index.php\/produkt\/posledni-sance-scheppach-sg-2500i-invertorova-elektrocentrala-2000-w-6717\/","og_image":[{"width":800,"height":800,"url":"https:\/\/www.domstavpro.com\/wp-content\/uploads\/2026\/SK0029083-CZ20260425-092328-0-1777080210-1253308-1_160013.webp","type":"image\/webp"}],"twitter_card":"summary_large_image","twitter_misc":{"Odhadovan\u00e1 doba \u010dten\u00ed":"3 minuty"},"schema":{"@context":"https:\/\/schema.org","@graph":[{"@type":"WebPage","@id":"https:\/\/www.domstavpro.com\/index.php\/produkt\/posledni-sance-scheppach-sg-2500i-invertorova-elektrocentrala-2000-w-6717\/","url":"https:\/\/www.domstavpro.com\/index.php\/produkt\/posledni-sance-scheppach-sg-2500i-invertorova-elektrocentrala-2000-w-6717\/","name":"Posledn\u00ed \u0160ance Scheppach SG 2500i - invertorov\u00e1 elektrocentr\u00e1la 2000 W -","isPartOf":{"@id":"https:\/\/www.domstavpro.com\/#website"},"primaryImageOfPage":{"@id":"https:\/\/www.domstavpro.com\/index.php\/produkt\/posledni-sance-scheppach-sg-2500i-invertorova-elektrocentrala-2000-w-6717\/#primaryimage"},"image":{"@id":"https:\/\/www.domstavpro.com\/index.php\/produkt\/posledni-sance-scheppach-sg-2500i-invertorova-elektrocentrala-2000-w-6717\/#primaryimage"},"thumbnailUrl":"https:\/\/www.domstavpro.com\/wp-content\/uploads\/2026\/SK0029083-CZ20260425-092328-0-1777080210-1253308-1_160013.webp","datePublished":"2026-04-27T15:08:09+00:00","breadcrumb":{"@id":"https:\/\/www.domstavpro.com\/index.php\/produkt\/posledni-sance-scheppach-sg-2500i-invertorova-elektrocentrala-2000-w-6717\/#breadcrumb"},"inLanguage":"cs","potentialAction":[{"@type":"ReadAction","target":["https:\/\/www.domstavpro.com\/index.php\/produkt\/posledni-sance-scheppach-sg-2500i-invertorova-elektrocentrala-2000-w-6717\/"]}]},{"@type":"ImageObject","inLanguage":"cs","@id":"https:\/\/www.domstavpro.com\/index.php\/produkt\/posledni-sance-scheppach-sg-2500i-invertorova-elektrocentrala-2000-w-6717\/#primaryimage","url":"https:\/\/www.domstavpro.com\/wp-content\/uploads\/2026\/SK0029083-CZ20260425-092328-0-1777080210-1253308-1_160013.webp","contentUrl":"https:\/\/www.domstavpro.com\/wp-content\/uploads\/2026\/SK0029083-CZ20260425-092328-0-1777080210-1253308-1_160013.webp","width":800,"height":800},{"@type":"BreadcrumbList","@id":"https:\/\/www.domstavpro.com\/index.php\/produkt\/posledni-sance-scheppach-sg-2500i-invertorova-elektrocentrala-2000-w-6717\/#breadcrumb","itemListElement":[{"@type":"ListItem","position":1,"name":"Home","item":"https:\/\/www.domstavpro.com\/"},{"@type":"ListItem","position":2,"name":"Products","item":"https:\/\/www.domstavpro.com\/index.php\/products\/"},{"@type":"ListItem","position":3,"name":"Posledn\u00ed \u0160ance Scheppach SG 2500i &#8211; invertorov\u00e1 elektrocentr\u00e1la 2000 W"}]},{"@type":"WebSite","@id":"https:\/\/www.domstavpro.com\/#website","url":"https:\/\/www.domstavpro.com\/","name":"","description":"","potentialAction":[{"@type":"SearchAction","target":{"@type":"EntryPoint","urlTemplate":"https:\/\/www.domstavpro.com\/?s={search_term_string}"},"query-input":{"@type":"PropertyValueSpecification","valueRequired":true,"valueName":"search_term_string"}}],"inLanguage":"cs"}]}},"_links":{"self":[{"href":"https:\/\/www.domstavpro.com\/index.php\/wp-json\/wp\/v2\/product\/6717","targetHints":{"allow":["GET"]}}],"collection":[{"href":"https:\/\/www.domstavpro.com\/index.php\/wp-json\/wp\/v2\/product"}],"about":[{"href":"https:\/\/www.domstavpro.com\/index.php\/wp-json\/wp\/v2\/types\/product"}],"replies":[{"embeddable":true,"href":"https:\/\/www.domstavpro.com\/index.php\/wp-json\/wp\/v2\/comments?post=6717"}],"wp:featuredmedia":[{"embeddable":true,"href":"https:\/\/www.domstavpro.com\/index.php\/wp-json\/wp\/v2\/media\/6817"}],"wp:attachment":[{"href":"https:\/\/www.domstavpro.com\/index.php\/wp-json\/wp\/v2\/media?parent=6717"}],"wp:term":[{"taxonomy":"product_brand","embeddable":true,"href":"https:\/\/www.domstavpro.com\/index.php\/wp-json\/wp\/v2\/product_brand?post=6717"},{"taxonomy":"product_cat","embeddable":true,"href":"https:\/\/www.domstavpro.com\/index.php\/wp-json\/wp\/v2\/product_cat?post=6717"},{"taxonomy":"product_tag","embeddable":true,"href":"https:\/\/www.domstavpro.com\/index.php\/wp-json\/wp\/v2\/product_tag?post=6717"}],"curies":[{"name":"wp","href":"https:\/\/api.w.org\/{rel}","templated":true}]}}