{"id":6699,"date":"2026-04-27T15:08:09","date_gmt":"2026-04-27T15:08:09","guid":{"rendered":""},"modified":"2026-04-27T15:08:09","modified_gmt":"2026-04-27T15:08:09","slug":"scheppach-pudni-vrtak-pr-200-mm-delka-800-mm-eb-1650-1700-2000-nakupujte-hned-6699","status":"publish","type":"product","link":"https:\/\/www.domstavpro.com\/index.php\/produkt\/scheppach-pudni-vrtak-pr-200-mm-delka-800-mm-eb-1650-1700-2000-nakupujte-hned-6699\/","title":{"rendered":"Scheppach p\u016fdn\u00ed vrt\u00e1k pr. 200 mm, d\u00e9lka 800 mm (EB 1650\/1700\/2000) Nakupujte Hned"},"content":{"rendered":"<table>\n<div class=\"tab-pane active product-description\" id=\"popis\" role=\"tabpanel\">\n<div class=\"short-description\" itemprop=\"description\"><\/div>\n<div class=\"description\"><span class='bullet-line'>N\u00e1hradn\u00ed vrt\u00e1k pr. 200mm pro p\u016fdn\u00ed (zemn\u00ed) jamkova\u010d Scheppach EB1650, EB1700<\/span><\/div>\n<div class=\"parameters\">\n<tr>\n<td>Hmotnost (Kg):<\/td>\n<td>1.78<\/td>\n<\/tr>\n<tr>\n<td>Rozm\u011bry (cm):<\/td>\n<td>30 x 15 x 15<\/td>\n<\/tr>\n<tr>\n<td>Rozm\u011bry balen\u00ed (cm):<\/td>\n<td>82 x 12.5 x 12.5<\/td>\n<\/tr>\n<tr>\n<td>Obj. \u010d.:<\/td>\n<td>7904702703<\/td>\n<\/tr><\/div>\n<\/table>\n","protected":false},"excerpt":{"rendered":"<p>N\u00e1hradn\u00ed vrt\u00e1k pr. 200mm pro p\u016fdn\u00ed (zemn\u00ed) jamkova\u010d Scheppach EB1650, EB1700 Hmotnost (Kg): 1.78 Rozm\u011bry (cm): 30 x 15 x 15 Rozm\u011bry balen\u00ed (cm): 82 x 12.5 x 12.5 Obj. \u010d.: 7904702703<\/p>\n","protected":false},"featured_media":6799,"comment_status":"open","ping_status":"open","template":"","meta":[],"product_brand":[],"product_cat":[39],"product_tag":[],"class_list":{"0":"post-6699","1":"product","2":"type-product","3":"status-publish","4":"has-post-thumbnail","6":"product_cat-zahrada","8":"first","9":"instock","10":"sale","11":"shipping-taxable","12":"purchasable","13":"product-type-simple"},"yoast_head":"<!-- This site is optimized with the Yoast SEO plugin v26.8 - https:\/\/yoast.com\/product\/yoast-seo-wordpress\/ -->\n<title>Scheppach p\u016fdn\u00ed vrt\u00e1k pr. 200 mm, d\u00e9lka 800 mm (EB 1650\/1700\/2000) Nakupujte Hned -<\/title>\n<meta name=\"robots\" content=\"index, follow, max-snippet:-1, max-image-preview:large, max-video-preview:-1\" \/>\n<link rel=\"canonical\" href=\"https:\/\/www.domstavpro.com\/index.php\/produkt\/scheppach-pudni-vrtak-pr-200-mm-delka-800-mm-eb-1650-1700-2000-nakupujte-hned-6699\/\" \/>\n<meta property=\"og:locale\" content=\"cs_CZ\" \/>\n<meta property=\"og:type\" content=\"article\" \/>\n<meta property=\"og:title\" content=\"Scheppach p\u016fdn\u00ed vrt\u00e1k pr. 200 mm, d\u00e9lka 800 mm (EB 1650\/1700\/2000) Nakupujte Hned -\" \/>\n<meta property=\"og:description\" content=\"N\u00e1hradn\u00ed vrt\u00e1k pr. 200mm pro p\u016fdn\u00ed (zemn\u00ed) jamkova\u010d Scheppach EB1650, EB1700 Hmotnost (Kg): 1.78 Rozm\u011bry (cm): 30 x 15 x 15 Rozm\u011bry balen\u00ed (cm): 82 x 12.5 x 12.5 Obj. \u010d.: 7904702703\" \/>\n<meta property=\"og:url\" content=\"https:\/\/www.domstavpro.com\/index.php\/produkt\/scheppach-pudni-vrtak-pr-200-mm-delka-800-mm-eb-1650-1700-2000-nakupujte-hned-6699\/\" \/>\n<meta property=\"og:image\" content=\"https:\/\/www.domstavpro.com\/wp-content\/uploads\/2026\/SK0029065-CZ20260425-092328-0-1777080210-1253288-1_165712.webp\" \/>\n\t<meta property=\"og:image:width\" content=\"1000\" \/>\n\t<meta property=\"og:image:height\" content=\"751\" \/>\n\t<meta property=\"og:image:type\" content=\"image\/webp\" \/>\n<meta name=\"twitter:card\" content=\"summary_large_image\" \/>\n<script type=\"application\/ld+json\" class=\"yoast-schema-graph\">{\"@context\":\"https:\/\/schema.org\",\"@graph\":[{\"@type\":\"WebPage\",\"@id\":\"https:\/\/www.domstavpro.com\/index.php\/produkt\/scheppach-pudni-vrtak-pr-200-mm-delka-800-mm-eb-1650-1700-2000-nakupujte-hned-6699\/\",\"url\":\"https:\/\/www.domstavpro.com\/index.php\/produkt\/scheppach-pudni-vrtak-pr-200-mm-delka-800-mm-eb-1650-1700-2000-nakupujte-hned-6699\/\",\"name\":\"Scheppach p\u016fdn\u00ed vrt\u00e1k pr. 200 mm, d\u00e9lka 800 mm (EB 1650\/1700\/2000) Nakupujte Hned -\",\"isPartOf\":{\"@id\":\"https:\/\/www.domstavpro.com\/#website\"},\"primaryImageOfPage\":{\"@id\":\"https:\/\/www.domstavpro.com\/index.php\/produkt\/scheppach-pudni-vrtak-pr-200-mm-delka-800-mm-eb-1650-1700-2000-nakupujte-hned-6699\/#primaryimage\"},\"image\":{\"@id\":\"https:\/\/www.domstavpro.com\/index.php\/produkt\/scheppach-pudni-vrtak-pr-200-mm-delka-800-mm-eb-1650-1700-2000-nakupujte-hned-6699\/#primaryimage\"},\"thumbnailUrl\":\"https:\/\/www.domstavpro.com\/wp-content\/uploads\/2026\/SK0029065-CZ20260425-092328-0-1777080210-1253288-1_165712.webp\",\"datePublished\":\"2026-04-27T15:08:09+00:00\",\"breadcrumb\":{\"@id\":\"https:\/\/www.domstavpro.com\/index.php\/produkt\/scheppach-pudni-vrtak-pr-200-mm-delka-800-mm-eb-1650-1700-2000-nakupujte-hned-6699\/#breadcrumb\"},\"inLanguage\":\"cs\",\"potentialAction\":[{\"@type\":\"ReadAction\",\"target\":[\"https:\/\/www.domstavpro.com\/index.php\/produkt\/scheppach-pudni-vrtak-pr-200-mm-delka-800-mm-eb-1650-1700-2000-nakupujte-hned-6699\/\"]}]},{\"@type\":\"ImageObject\",\"inLanguage\":\"cs\",\"@id\":\"https:\/\/www.domstavpro.com\/index.php\/produkt\/scheppach-pudni-vrtak-pr-200-mm-delka-800-mm-eb-1650-1700-2000-nakupujte-hned-6699\/#primaryimage\",\"url\":\"https:\/\/www.domstavpro.com\/wp-content\/uploads\/2026\/SK0029065-CZ20260425-092328-0-1777080210-1253288-1_165712.webp\",\"contentUrl\":\"https:\/\/www.domstavpro.com\/wp-content\/uploads\/2026\/SK0029065-CZ20260425-092328-0-1777080210-1253288-1_165712.webp\",\"width\":1000,\"height\":751},{\"@type\":\"BreadcrumbList\",\"@id\":\"https:\/\/www.domstavpro.com\/index.php\/produkt\/scheppach-pudni-vrtak-pr-200-mm-delka-800-mm-eb-1650-1700-2000-nakupujte-hned-6699\/#breadcrumb\",\"itemListElement\":[{\"@type\":\"ListItem\",\"position\":1,\"name\":\"Home\",\"item\":\"https:\/\/www.domstavpro.com\/\"},{\"@type\":\"ListItem\",\"position\":2,\"name\":\"Products\",\"item\":\"https:\/\/www.domstavpro.com\/index.php\/products\/\"},{\"@type\":\"ListItem\",\"position\":3,\"name\":\"Scheppach p\u016fdn\u00ed vrt\u00e1k pr. 200 mm, d\u00e9lka 800 mm (EB 1650\/1700\/2000) Nakupujte Hned\"}]},{\"@type\":\"WebSite\",\"@id\":\"https:\/\/www.domstavpro.com\/#website\",\"url\":\"https:\/\/www.domstavpro.com\/\",\"name\":\"\",\"description\":\"\",\"potentialAction\":[{\"@type\":\"SearchAction\",\"target\":{\"@type\":\"EntryPoint\",\"urlTemplate\":\"https:\/\/www.domstavpro.com\/?s={search_term_string}\"},\"query-input\":{\"@type\":\"PropertyValueSpecification\",\"valueRequired\":true,\"valueName\":\"search_term_string\"}}],\"inLanguage\":\"cs\"}]}<\/script>\n<!-- \/ Yoast SEO plugin. -->","yoast_head_json":{"title":"Scheppach p\u016fdn\u00ed vrt\u00e1k pr. 200 mm, d\u00e9lka 800 mm (EB 1650\/1700\/2000) Nakupujte Hned -","robots":{"index":"index","follow":"follow","max-snippet":"max-snippet:-1","max-image-preview":"max-image-preview:large","max-video-preview":"max-video-preview:-1"},"canonical":"https:\/\/www.domstavpro.com\/index.php\/produkt\/scheppach-pudni-vrtak-pr-200-mm-delka-800-mm-eb-1650-1700-2000-nakupujte-hned-6699\/","og_locale":"cs_CZ","og_type":"article","og_title":"Scheppach p\u016fdn\u00ed vrt\u00e1k pr. 200 mm, d\u00e9lka 800 mm (EB 1650\/1700\/2000) Nakupujte Hned -","og_description":"N\u00e1hradn\u00ed vrt\u00e1k pr. 200mm pro p\u016fdn\u00ed (zemn\u00ed) jamkova\u010d Scheppach EB1650, EB1700 Hmotnost (Kg): 1.78 Rozm\u011bry (cm): 30 x 15 x 15 Rozm\u011bry balen\u00ed (cm): 82 x 12.5 x 12.5 Obj. \u010d.: 7904702703","og_url":"https:\/\/www.domstavpro.com\/index.php\/produkt\/scheppach-pudni-vrtak-pr-200-mm-delka-800-mm-eb-1650-1700-2000-nakupujte-hned-6699\/","og_image":[{"width":1000,"height":751,"url":"https:\/\/www.domstavpro.com\/wp-content\/uploads\/2026\/SK0029065-CZ20260425-092328-0-1777080210-1253288-1_165712.webp","type":"image\/webp"}],"twitter_card":"summary_large_image","schema":{"@context":"https:\/\/schema.org","@graph":[{"@type":"WebPage","@id":"https:\/\/www.domstavpro.com\/index.php\/produkt\/scheppach-pudni-vrtak-pr-200-mm-delka-800-mm-eb-1650-1700-2000-nakupujte-hned-6699\/","url":"https:\/\/www.domstavpro.com\/index.php\/produkt\/scheppach-pudni-vrtak-pr-200-mm-delka-800-mm-eb-1650-1700-2000-nakupujte-hned-6699\/","name":"Scheppach p\u016fdn\u00ed vrt\u00e1k pr. 200 mm, d\u00e9lka 800 mm (EB 1650\/1700\/2000) Nakupujte Hned -","isPartOf":{"@id":"https:\/\/www.domstavpro.com\/#website"},"primaryImageOfPage":{"@id":"https:\/\/www.domstavpro.com\/index.php\/produkt\/scheppach-pudni-vrtak-pr-200-mm-delka-800-mm-eb-1650-1700-2000-nakupujte-hned-6699\/#primaryimage"},"image":{"@id":"https:\/\/www.domstavpro.com\/index.php\/produkt\/scheppach-pudni-vrtak-pr-200-mm-delka-800-mm-eb-1650-1700-2000-nakupujte-hned-6699\/#primaryimage"},"thumbnailUrl":"https:\/\/www.domstavpro.com\/wp-content\/uploads\/2026\/SK0029065-CZ20260425-092328-0-1777080210-1253288-1_165712.webp","datePublished":"2026-04-27T15:08:09+00:00","breadcrumb":{"@id":"https:\/\/www.domstavpro.com\/index.php\/produkt\/scheppach-pudni-vrtak-pr-200-mm-delka-800-mm-eb-1650-1700-2000-nakupujte-hned-6699\/#breadcrumb"},"inLanguage":"cs","potentialAction":[{"@type":"ReadAction","target":["https:\/\/www.domstavpro.com\/index.php\/produkt\/scheppach-pudni-vrtak-pr-200-mm-delka-800-mm-eb-1650-1700-2000-nakupujte-hned-6699\/"]}]},{"@type":"ImageObject","inLanguage":"cs","@id":"https:\/\/www.domstavpro.com\/index.php\/produkt\/scheppach-pudni-vrtak-pr-200-mm-delka-800-mm-eb-1650-1700-2000-nakupujte-hned-6699\/#primaryimage","url":"https:\/\/www.domstavpro.com\/wp-content\/uploads\/2026\/SK0029065-CZ20260425-092328-0-1777080210-1253288-1_165712.webp","contentUrl":"https:\/\/www.domstavpro.com\/wp-content\/uploads\/2026\/SK0029065-CZ20260425-092328-0-1777080210-1253288-1_165712.webp","width":1000,"height":751},{"@type":"BreadcrumbList","@id":"https:\/\/www.domstavpro.com\/index.php\/produkt\/scheppach-pudni-vrtak-pr-200-mm-delka-800-mm-eb-1650-1700-2000-nakupujte-hned-6699\/#breadcrumb","itemListElement":[{"@type":"ListItem","position":1,"name":"Home","item":"https:\/\/www.domstavpro.com\/"},{"@type":"ListItem","position":2,"name":"Products","item":"https:\/\/www.domstavpro.com\/index.php\/products\/"},{"@type":"ListItem","position":3,"name":"Scheppach p\u016fdn\u00ed vrt\u00e1k pr. 200 mm, d\u00e9lka 800 mm (EB 1650\/1700\/2000) Nakupujte Hned"}]},{"@type":"WebSite","@id":"https:\/\/www.domstavpro.com\/#website","url":"https:\/\/www.domstavpro.com\/","name":"","description":"","potentialAction":[{"@type":"SearchAction","target":{"@type":"EntryPoint","urlTemplate":"https:\/\/www.domstavpro.com\/?s={search_term_string}"},"query-input":{"@type":"PropertyValueSpecification","valueRequired":true,"valueName":"search_term_string"}}],"inLanguage":"cs"}]}},"_links":{"self":[{"href":"https:\/\/www.domstavpro.com\/index.php\/wp-json\/wp\/v2\/product\/6699","targetHints":{"allow":["GET"]}}],"collection":[{"href":"https:\/\/www.domstavpro.com\/index.php\/wp-json\/wp\/v2\/product"}],"about":[{"href":"https:\/\/www.domstavpro.com\/index.php\/wp-json\/wp\/v2\/types\/product"}],"replies":[{"embeddable":true,"href":"https:\/\/www.domstavpro.com\/index.php\/wp-json\/wp\/v2\/comments?post=6699"}],"wp:featuredmedia":[{"embeddable":true,"href":"https:\/\/www.domstavpro.com\/index.php\/wp-json\/wp\/v2\/media\/6799"}],"wp:attachment":[{"href":"https:\/\/www.domstavpro.com\/index.php\/wp-json\/wp\/v2\/media?parent=6699"}],"wp:term":[{"taxonomy":"product_brand","embeddable":true,"href":"https:\/\/www.domstavpro.com\/index.php\/wp-json\/wp\/v2\/product_brand?post=6699"},{"taxonomy":"product_cat","embeddable":true,"href":"https:\/\/www.domstavpro.com\/index.php\/wp-json\/wp\/v2\/product_cat?post=6699"},{"taxonomy":"product_tag","embeddable":true,"href":"https:\/\/www.domstavpro.com\/index.php\/wp-json\/wp\/v2\/product_tag?post=6699"}],"curies":[{"name":"wp","href":"https:\/\/api.w.org\/{rel}","templated":true}]}}