{"id":6544,"date":"2026-04-27T15:08:09","date_gmt":"2026-04-27T15:08:09","guid":{"rendered":""},"modified":"2026-04-27T15:08:09","modified_gmt":"2026-04-27T15:08:09","slug":"zlevneny-scheppach-mrs-1300-kartacova-renovacni-bruska-6544","status":"publish","type":"product","link":"https:\/\/www.domstavpro.com\/index.php\/produkt\/zlevneny-scheppach-mrs-1300-kartacova-renovacni-bruska-6544\/","title":{"rendered":"Zlevn\u011bn\u00fd Scheppach MRS 1300 &#8211; kart\u00e1\u010dov\u00e1 \/ renova\u010dn\u00ed bruska"},"content":{"rendered":"<table>\n<div class=\"tab-pane active product-description\" id=\"popis\" role=\"tabpanel\">\n<div class=\"short-description\" itemprop=\"description\"><\/div>\n<div class=\"description\"><span class='bullet-line'>Univerz\u00e1ln\u00ed renova\u010dn\u00ed bruska Scheppach MRS1300 je ide\u00e1ln\u00ed pro \u010di\u0161t\u011bn\u00ed a brou\u0161en\u00ed d\u0159eva, kamene, dla\u017edic, plast\u016f nebo lakovan\u00fdch povrch\u016f. D\u00edky variabiln\u011b nastaviteln\u00fdm ot\u00e1\u010dk\u00e1m 900 a\u017e 3 200 ot\u00e1\u010dek za minutu je MRS1300 vhodn\u00fd pro \u0161irokou \u0161k\u00e1lu materi\u00e1l\u016f a aplikac\u00ed. V\u00fdkonn\u00fd 1300 wattov\u00fd motor s pozvoln\u00fdm rozb\u011bhem poskytuje pot\u0159ebn\u00fd v\u00fdkon.<br \/><\/span><span class='bullet-line'>Vhodn\u00e9 pro \u0161irokou \u0161k\u00e1lu materi\u00e1l\u016f, jako je d\u0159evo, kov, k\u00e1men, dla\u017edice, plasty nebo lakovan\u00e9 povrchy<br \/><\/span><span class='bullet-line'>Ide\u00e1ln\u00ed pro \u010di\u0161t\u011bn\u00ed, odma\u0161\u0165ov\u00e1n\u00ed, satinov\u00e1n\u00ed, le\u0161t\u011bn\u00ed, od\u0161ednut\u00ed a brou\u0161en\u00ed<br \/><\/span><span class='bullet-line'>D\u016fkladn\u00e9 \u010di\u0161t\u011bn\u00ed r\u016fzn\u00fdch povrch\u016f brou\u0161en\u00edm a kart\u00e1\u010dov\u00e1n\u00edm<br \/><\/span><span class='bullet-line'>V\u00fdkonn\u00fd 1300W motor<br \/><\/span><span class='bullet-line'>Dv\u011b madla pro pohodln\u00e9 pou\u017e\u00edv\u00e1n\u00ed a bezpe\u010dn\u00e9 veden\u00ed<br \/><\/span><span class='bullet-line'>Kart\u00e1\u010d o \u0161\u00ed\u0159ce 100 mm a pr\u016fm\u011bru 120 mm<br \/><\/span><span class='bullet-line'>Vhodn\u00e9 tak\u00e9 pro zpracov\u00e1n\u00ed mal\u00fdch ploch a \u00fazk\u00fdch prostor<br \/><\/span><span class='bullet-line'>Variabiln\u00ed ot\u00e1\u010dky a\u017e 900 \u2013 3 200 ot.\/min<br \/><\/span><span class='bullet-line'>Funkce m\u011bkk\u00e9ho startu \u0161etrn\u00e1 k motoru<br \/><\/span><span class='bullet-line'>Integrovan\u00e9 p\u0159ipojen\u00ed pro ods\u00e1vac\u00ed syst\u00e9m<br \/><\/span><span class='bullet-line'>Dal\u0161\u00ed kart\u00e1\u010dov\u00e9 n\u00e1stavce pro r\u016fzn\u00e9 po\u017eadavky jsou k dispozici jako p\u0159\u00edslu\u0161enstv\u00ed<br \/><\/span><span class='bullet-line'>V\u010detn\u011b mosazn\u00e9ho dr\u00e1t\u011bn\u00e9ho kart\u00e1\u010de pro r\u016fzn\u00e9 opracov\u00e1n\u00ed d\u0159eva, kov\u016f a kamene<br \/><\/span><span class='bullet-line'>Univerz\u00e1ln\u00ed renova\u010dn\u00ed bruska MRS1300 od Scheppachu je ide\u00e1ln\u00edm pomocn\u00edkem pro renova\u010dn\u00ed pr\u00e1ce v interi\u00e9ru i exteri\u00e9ru: S MRS1300 lze b\u011bhem okam\u017eiku vy\u010distit, sat\u00e9novat, vyle\u0161tit, od\u0161ednout nebo zbrousit \u0161irokou \u0161k\u00e1lu povrch\u016f.<br \/><\/span><span class='bullet-line'>Univerz\u00e1ln\u00ed renova\u010dn\u00ed bruska lze d\u00edky kompaktn\u00ed velikosti 460 x 205 x 140 mm bez probl\u00e9m\u016f pou\u017e\u00edt i na men\u0161\u00ed plochy a \u00fazk\u00e9 prostory. S hmotnost\u00ed t\u011bsn\u011b pod 4,9 kg je MRS1300 ide\u00e1ln\u00ed tak\u00e9 pro del\u0161\u00ed pracovn\u00ed doby.<br \/><\/span><span class='bullet-line'>S v\u0161estrannou renova\u010dn\u00ed bruskou lze bez probl\u00e9m\u016f opracovat \u0161irokou \u0161k\u00e1lu materi\u00e1l\u016f, jako je d\u0159evo, kov, k\u00e1men, dla\u017edice, plasty nebo lakovan\u00e9 povrchy. Mimo\u0159\u00e1dn\u011b d\u016fkladn\u00e9 \u010di\u0161t\u011bn\u00ed nejr\u016fzn\u011bj\u0161\u00edch povrch\u016f je tak\u00e9 mo\u017en\u00e9 brou\u0161en\u00edm nebo kart\u00e1\u010dov\u00e1n\u00edm.<br \/><\/span><span class='bullet-line'>V\u00fdkonn\u00fd 1300 wattov\u00fd motor poskytuje dostate\u010dn\u00fd v\u00fdkon. D\u00edky integrovan\u00e9 funkci pozvoln\u00e9ho rozb\u011bhu se motor univerz\u00e1ln\u00ed brusky rozb\u011bhne obzvl\u00e1\u0161\u0165 hladce. Ot\u00e1\u010dky lze variabiln\u011b regulovat od 900 do 3 200 ot\u00e1\u010dek za minutu.<br \/><\/span><span class='bullet-line'>Dv\u011b ergonomicky tvarovan\u00e9 rukojeti umo\u017e\u0148uj\u00ed pohodln\u00e9 pou\u017e\u00edv\u00e1n\u00ed a bezpe\u010dn\u00e9 veden\u00ed renova\u010dn\u00ed brusky. MRS1300 m\u00e1 p\u0159ipojen\u00ed pro ods\u00e1vac\u00ed syst\u00e9m, tak\u017ee pracovi\u0161t\u011b z\u016fstane p\u0159i brou\u0161en\u00ed p\u011bkn\u00e9 a \u010dist\u00e9.<br \/><\/span><span class='bullet-line'>Sou\u010d\u00e1st\u00ed dod\u00e1vky je tak\u00e9 mosazn\u00fd dr\u00e1t\u011bn\u00fd kart\u00e1\u010d o \u0161\u00ed\u0159ce 100 mm a pr\u016fm\u011bru 120 mm pro r\u016fzn\u00e9 opracov\u00e1n\u00ed d\u0159eva, kov\u016f a kamene. K dispozici jsou tak\u00e9 dal\u0161\u00ed kart\u00e1\u010dov\u00e9 n\u00e1stavce pro \u0161irokou \u0161k\u00e1lu po\u017eadavk\u016f.<\/span><\/div>\n<div class=\"parameters\">\n<tr>\n<td>P\u0159\u00edkon (W)<\/td>\n<td>1300<\/td>\n<\/tr>\n<tr>\n<td>Ot\u00e1\u010dky (ot\/min)<\/td>\n<td>900-3200<\/td>\n<\/tr>\n<tr>\n<td>Pr\u016fm\u011br kotou\u010de (mm)<\/td>\n<td>120<\/td>\n<\/tr>\n<tr>\n<td>\u0160\u00ed\u0159ka kart\u00e1\u010de (mm)<\/td>\n<td>100<\/td>\n<\/tr>\n<tr>\n<td>Typ motoru<\/td>\n<td>230 V \/ 50 Hz<\/td>\n<\/tr>\n<tr>\n<td>Hmotnost (Kg):<\/td>\n<td>4.90<\/td>\n<\/tr>\n<tr>\n<td>Rozm\u011bry (cm):<\/td>\n<td>46 x 20.5 x 14<\/td>\n<\/tr>\n<tr>\n<td>Rozm\u011bry balen\u00ed (cm):<\/td>\n<td>47 x 21 x 14<\/td>\n<\/tr>\n<tr>\n<td>Obj. \u010d.:<\/td>\n<td>5903819901<\/td>\n<\/tr><\/div>\n<\/table>\n","protected":false},"excerpt":{"rendered":"<p>Univerz\u00e1ln\u00ed renova\u010dn\u00ed bruska Scheppach MRS1300 je ide\u00e1ln\u00ed pro \u010di\u0161t\u011bn\u00ed a brou\u0161en\u00ed d\u0159eva, kamene, dla\u017edic, plast\u016f nebo lakovan\u00fdch povrch\u016f. D\u00edky variabiln\u011b nastaviteln\u00fdm ot\u00e1\u010dk\u00e1m 900 a\u017e 3 200 ot\u00e1\u010dek za minutu je MRS1300 vhodn\u00fd pro \u0161irokou \u0161k\u00e1lu materi\u00e1l\u016f a aplikac\u00ed. V\u00fdkonn\u00fd 1300 wattov\u00fd motor s pozvoln\u00fdm rozb\u011bhem poskytuje pot\u0159ebn\u00fd v\u00fdkon.Vhodn\u00e9 pro \u0161irokou \u0161k\u00e1lu materi\u00e1l\u016f, jako je d\u0159evo, [&hellip;]<\/p>\n","protected":false},"featured_media":6644,"comment_status":"open","ping_status":"open","template":"","meta":[],"product_brand":[],"product_cat":[38],"product_tag":[],"class_list":{"0":"post-6544","1":"product","2":"type-product","3":"status-publish","4":"has-post-thumbnail","6":"product_cat-naradi","8":"first","9":"instock","10":"sale","11":"shipping-taxable","12":"purchasable","13":"product-type-simple"},"yoast_head":"<!-- This site is optimized with the Yoast SEO plugin v26.8 - https:\/\/yoast.com\/product\/yoast-seo-wordpress\/ -->\n<title>Zlevn\u011bn\u00fd Scheppach MRS 1300 - kart\u00e1\u010dov\u00e1 \/ renova\u010dn\u00ed bruska -<\/title>\n<meta name=\"robots\" content=\"index, follow, max-snippet:-1, max-image-preview:large, max-video-preview:-1\" \/>\n<link rel=\"canonical\" href=\"https:\/\/www.domstavpro.com\/index.php\/produkt\/zlevneny-scheppach-mrs-1300-kartacova-renovacni-bruska-6544\/\" \/>\n<meta property=\"og:locale\" content=\"cs_CZ\" \/>\n<meta property=\"og:type\" content=\"article\" \/>\n<meta property=\"og:title\" content=\"Zlevn\u011bn\u00fd Scheppach MRS 1300 - kart\u00e1\u010dov\u00e1 \/ renova\u010dn\u00ed bruska -\" \/>\n<meta property=\"og:description\" content=\"Univerz\u00e1ln\u00ed renova\u010dn\u00ed bruska Scheppach MRS1300 je ide\u00e1ln\u00ed pro \u010di\u0161t\u011bn\u00ed a brou\u0161en\u00ed d\u0159eva, kamene, dla\u017edic, plast\u016f nebo lakovan\u00fdch povrch\u016f. D\u00edky variabiln\u011b nastaviteln\u00fdm ot\u00e1\u010dk\u00e1m 900 a\u017e 3 200 ot\u00e1\u010dek za minutu je MRS1300 vhodn\u00fd pro \u0161irokou \u0161k\u00e1lu materi\u00e1l\u016f a aplikac\u00ed. V\u00fdkonn\u00fd 1300 wattov\u00fd motor s pozvoln\u00fdm rozb\u011bhem poskytuje pot\u0159ebn\u00fd v\u00fdkon.Vhodn\u00e9 pro \u0161irokou \u0161k\u00e1lu materi\u00e1l\u016f, jako je d\u0159evo, [&hellip;]\" \/>\n<meta property=\"og:url\" content=\"https:\/\/www.domstavpro.com\/index.php\/produkt\/zlevneny-scheppach-mrs-1300-kartacova-renovacni-bruska-6544\/\" \/>\n<meta property=\"og:image\" content=\"https:\/\/www.domstavpro.com\/wp-content\/uploads\/2026\/SK0029010-CZ20260425-092328-0-1777080210-1253225-1_162911.webp\" \/>\n\t<meta property=\"og:image:width\" content=\"800\" \/>\n\t<meta property=\"og:image:height\" content=\"800\" \/>\n\t<meta property=\"og:image:type\" content=\"image\/webp\" \/>\n<meta name=\"twitter:card\" content=\"summary_large_image\" \/>\n<meta name=\"twitter:label1\" content=\"Odhadovan\u00e1 doba \u010dten\u00ed\" \/>\n\t<meta name=\"twitter:data1\" content=\"3 minuty\" \/>\n<script type=\"application\/ld+json\" class=\"yoast-schema-graph\">{\"@context\":\"https:\/\/schema.org\",\"@graph\":[{\"@type\":\"WebPage\",\"@id\":\"https:\/\/www.domstavpro.com\/index.php\/produkt\/zlevneny-scheppach-mrs-1300-kartacova-renovacni-bruska-6544\/\",\"url\":\"https:\/\/www.domstavpro.com\/index.php\/produkt\/zlevneny-scheppach-mrs-1300-kartacova-renovacni-bruska-6544\/\",\"name\":\"Zlevn\u011bn\u00fd Scheppach MRS 1300 - kart\u00e1\u010dov\u00e1 \/ renova\u010dn\u00ed bruska -\",\"isPartOf\":{\"@id\":\"https:\/\/www.domstavpro.com\/#website\"},\"primaryImageOfPage\":{\"@id\":\"https:\/\/www.domstavpro.com\/index.php\/produkt\/zlevneny-scheppach-mrs-1300-kartacova-renovacni-bruska-6544\/#primaryimage\"},\"image\":{\"@id\":\"https:\/\/www.domstavpro.com\/index.php\/produkt\/zlevneny-scheppach-mrs-1300-kartacova-renovacni-bruska-6544\/#primaryimage\"},\"thumbnailUrl\":\"https:\/\/www.domstavpro.com\/wp-content\/uploads\/2026\/SK0029010-CZ20260425-092328-0-1777080210-1253225-1_162911.webp\",\"datePublished\":\"2026-04-27T15:08:09+00:00\",\"breadcrumb\":{\"@id\":\"https:\/\/www.domstavpro.com\/index.php\/produkt\/zlevneny-scheppach-mrs-1300-kartacova-renovacni-bruska-6544\/#breadcrumb\"},\"inLanguage\":\"cs\",\"potentialAction\":[{\"@type\":\"ReadAction\",\"target\":[\"https:\/\/www.domstavpro.com\/index.php\/produkt\/zlevneny-scheppach-mrs-1300-kartacova-renovacni-bruska-6544\/\"]}]},{\"@type\":\"ImageObject\",\"inLanguage\":\"cs\",\"@id\":\"https:\/\/www.domstavpro.com\/index.php\/produkt\/zlevneny-scheppach-mrs-1300-kartacova-renovacni-bruska-6544\/#primaryimage\",\"url\":\"https:\/\/www.domstavpro.com\/wp-content\/uploads\/2026\/SK0029010-CZ20260425-092328-0-1777080210-1253225-1_162911.webp\",\"contentUrl\":\"https:\/\/www.domstavpro.com\/wp-content\/uploads\/2026\/SK0029010-CZ20260425-092328-0-1777080210-1253225-1_162911.webp\",\"width\":800,\"height\":800},{\"@type\":\"BreadcrumbList\",\"@id\":\"https:\/\/www.domstavpro.com\/index.php\/produkt\/zlevneny-scheppach-mrs-1300-kartacova-renovacni-bruska-6544\/#breadcrumb\",\"itemListElement\":[{\"@type\":\"ListItem\",\"position\":1,\"name\":\"Home\",\"item\":\"https:\/\/www.domstavpro.com\/\"},{\"@type\":\"ListItem\",\"position\":2,\"name\":\"Products\",\"item\":\"https:\/\/www.domstavpro.com\/index.php\/products\/\"},{\"@type\":\"ListItem\",\"position\":3,\"name\":\"Zlevn\u011bn\u00fd Scheppach MRS 1300 &#8211; kart\u00e1\u010dov\u00e1 \/ renova\u010dn\u00ed bruska\"}]},{\"@type\":\"WebSite\",\"@id\":\"https:\/\/www.domstavpro.com\/#website\",\"url\":\"https:\/\/www.domstavpro.com\/\",\"name\":\"\",\"description\":\"\",\"potentialAction\":[{\"@type\":\"SearchAction\",\"target\":{\"@type\":\"EntryPoint\",\"urlTemplate\":\"https:\/\/www.domstavpro.com\/?s={search_term_string}\"},\"query-input\":{\"@type\":\"PropertyValueSpecification\",\"valueRequired\":true,\"valueName\":\"search_term_string\"}}],\"inLanguage\":\"cs\"}]}<\/script>\n<!-- \/ Yoast SEO plugin. -->","yoast_head_json":{"title":"Zlevn\u011bn\u00fd Scheppach MRS 1300 - kart\u00e1\u010dov\u00e1 \/ renova\u010dn\u00ed bruska -","robots":{"index":"index","follow":"follow","max-snippet":"max-snippet:-1","max-image-preview":"max-image-preview:large","max-video-preview":"max-video-preview:-1"},"canonical":"https:\/\/www.domstavpro.com\/index.php\/produkt\/zlevneny-scheppach-mrs-1300-kartacova-renovacni-bruska-6544\/","og_locale":"cs_CZ","og_type":"article","og_title":"Zlevn\u011bn\u00fd Scheppach MRS 1300 - kart\u00e1\u010dov\u00e1 \/ renova\u010dn\u00ed bruska -","og_description":"Univerz\u00e1ln\u00ed renova\u010dn\u00ed bruska Scheppach MRS1300 je ide\u00e1ln\u00ed pro \u010di\u0161t\u011bn\u00ed a brou\u0161en\u00ed d\u0159eva, kamene, dla\u017edic, plast\u016f nebo lakovan\u00fdch povrch\u016f. D\u00edky variabiln\u011b nastaviteln\u00fdm ot\u00e1\u010dk\u00e1m 900 a\u017e 3 200 ot\u00e1\u010dek za minutu je MRS1300 vhodn\u00fd pro \u0161irokou \u0161k\u00e1lu materi\u00e1l\u016f a aplikac\u00ed. V\u00fdkonn\u00fd 1300 wattov\u00fd motor s pozvoln\u00fdm rozb\u011bhem poskytuje pot\u0159ebn\u00fd v\u00fdkon.Vhodn\u00e9 pro \u0161irokou \u0161k\u00e1lu materi\u00e1l\u016f, jako je d\u0159evo, [&hellip;]","og_url":"https:\/\/www.domstavpro.com\/index.php\/produkt\/zlevneny-scheppach-mrs-1300-kartacova-renovacni-bruska-6544\/","og_image":[{"width":800,"height":800,"url":"https:\/\/www.domstavpro.com\/wp-content\/uploads\/2026\/SK0029010-CZ20260425-092328-0-1777080210-1253225-1_162911.webp","type":"image\/webp"}],"twitter_card":"summary_large_image","twitter_misc":{"Odhadovan\u00e1 doba \u010dten\u00ed":"3 minuty"},"schema":{"@context":"https:\/\/schema.org","@graph":[{"@type":"WebPage","@id":"https:\/\/www.domstavpro.com\/index.php\/produkt\/zlevneny-scheppach-mrs-1300-kartacova-renovacni-bruska-6544\/","url":"https:\/\/www.domstavpro.com\/index.php\/produkt\/zlevneny-scheppach-mrs-1300-kartacova-renovacni-bruska-6544\/","name":"Zlevn\u011bn\u00fd Scheppach MRS 1300 - kart\u00e1\u010dov\u00e1 \/ renova\u010dn\u00ed bruska -","isPartOf":{"@id":"https:\/\/www.domstavpro.com\/#website"},"primaryImageOfPage":{"@id":"https:\/\/www.domstavpro.com\/index.php\/produkt\/zlevneny-scheppach-mrs-1300-kartacova-renovacni-bruska-6544\/#primaryimage"},"image":{"@id":"https:\/\/www.domstavpro.com\/index.php\/produkt\/zlevneny-scheppach-mrs-1300-kartacova-renovacni-bruska-6544\/#primaryimage"},"thumbnailUrl":"https:\/\/www.domstavpro.com\/wp-content\/uploads\/2026\/SK0029010-CZ20260425-092328-0-1777080210-1253225-1_162911.webp","datePublished":"2026-04-27T15:08:09+00:00","breadcrumb":{"@id":"https:\/\/www.domstavpro.com\/index.php\/produkt\/zlevneny-scheppach-mrs-1300-kartacova-renovacni-bruska-6544\/#breadcrumb"},"inLanguage":"cs","potentialAction":[{"@type":"ReadAction","target":["https:\/\/www.domstavpro.com\/index.php\/produkt\/zlevneny-scheppach-mrs-1300-kartacova-renovacni-bruska-6544\/"]}]},{"@type":"ImageObject","inLanguage":"cs","@id":"https:\/\/www.domstavpro.com\/index.php\/produkt\/zlevneny-scheppach-mrs-1300-kartacova-renovacni-bruska-6544\/#primaryimage","url":"https:\/\/www.domstavpro.com\/wp-content\/uploads\/2026\/SK0029010-CZ20260425-092328-0-1777080210-1253225-1_162911.webp","contentUrl":"https:\/\/www.domstavpro.com\/wp-content\/uploads\/2026\/SK0029010-CZ20260425-092328-0-1777080210-1253225-1_162911.webp","width":800,"height":800},{"@type":"BreadcrumbList","@id":"https:\/\/www.domstavpro.com\/index.php\/produkt\/zlevneny-scheppach-mrs-1300-kartacova-renovacni-bruska-6544\/#breadcrumb","itemListElement":[{"@type":"ListItem","position":1,"name":"Home","item":"https:\/\/www.domstavpro.com\/"},{"@type":"ListItem","position":2,"name":"Products","item":"https:\/\/www.domstavpro.com\/index.php\/products\/"},{"@type":"ListItem","position":3,"name":"Zlevn\u011bn\u00fd Scheppach MRS 1300 &#8211; kart\u00e1\u010dov\u00e1 \/ renova\u010dn\u00ed bruska"}]},{"@type":"WebSite","@id":"https:\/\/www.domstavpro.com\/#website","url":"https:\/\/www.domstavpro.com\/","name":"","description":"","potentialAction":[{"@type":"SearchAction","target":{"@type":"EntryPoint","urlTemplate":"https:\/\/www.domstavpro.com\/?s={search_term_string}"},"query-input":{"@type":"PropertyValueSpecification","valueRequired":true,"valueName":"search_term_string"}}],"inLanguage":"cs"}]}},"_links":{"self":[{"href":"https:\/\/www.domstavpro.com\/index.php\/wp-json\/wp\/v2\/product\/6544","targetHints":{"allow":["GET"]}}],"collection":[{"href":"https:\/\/www.domstavpro.com\/index.php\/wp-json\/wp\/v2\/product"}],"about":[{"href":"https:\/\/www.domstavpro.com\/index.php\/wp-json\/wp\/v2\/types\/product"}],"replies":[{"embeddable":true,"href":"https:\/\/www.domstavpro.com\/index.php\/wp-json\/wp\/v2\/comments?post=6544"}],"wp:featuredmedia":[{"embeddable":true,"href":"https:\/\/www.domstavpro.com\/index.php\/wp-json\/wp\/v2\/media\/6644"}],"wp:attachment":[{"href":"https:\/\/www.domstavpro.com\/index.php\/wp-json\/wp\/v2\/media?parent=6544"}],"wp:term":[{"taxonomy":"product_brand","embeddable":true,"href":"https:\/\/www.domstavpro.com\/index.php\/wp-json\/wp\/v2\/product_brand?post=6544"},{"taxonomy":"product_cat","embeddable":true,"href":"https:\/\/www.domstavpro.com\/index.php\/wp-json\/wp\/v2\/product_cat?post=6544"},{"taxonomy":"product_tag","embeddable":true,"href":"https:\/\/www.domstavpro.com\/index.php\/wp-json\/wp\/v2\/product_tag?post=6544"}],"curies":[{"name":"wp","href":"https:\/\/api.w.org\/{rel}","templated":true}]}}