{"id":6537,"date":"2026-04-27T15:08:09","date_gmt":"2026-04-27T15:08:09","guid":{"rendered":""},"modified":"2026-04-27T15:08:09","modified_gmt":"2026-04-27T15:08:09","slug":"koupit-online-scheppach-kartac-z-karbidu-kremiku-pro-mrs-1300-6537","status":"publish","type":"product","link":"https:\/\/www.domstavpro.com\/index.php\/produkt\/koupit-online-scheppach-kartac-z-karbidu-kremiku-pro-mrs-1300-6537\/","title":{"rendered":"Koupit Online Scheppach Kart\u00e1\u010d z karbidu k\u0159em\u00edku pro MRS 1300"},"content":{"rendered":"<table>\n<div class=\"tab-pane active product-description\" id=\"popis\" role=\"tabpanel\">\n<div class=\"short-description\" itemprop=\"description\"><\/div>\n<div class=\"description\"><span class='bullet-line'>pro kart\u00e1\u010dovou brusku Scheppach MRS 1300<\/span><span class='bullet-line'>vhodn\u00fd na brou\u0161en\u00ed kovov\u00fdch ploch a na p\u0159\u00edpravu kovov\u00fdch povrch\u016f ke sv\u00e1\u0159en\u00ed.<\/span><\/div>\n<div class=\"parameters\">\n<tr>\n<td>rozm\u011bry:<\/td>\n<td>120 x 100 mm<\/td>\n<\/tr><\/div>\n<\/table>\n","protected":false},"excerpt":{"rendered":"<p>pro kart\u00e1\u010dovou brusku Scheppach MRS 1300vhodn\u00fd na brou\u0161en\u00ed kovov\u00fdch ploch a na p\u0159\u00edpravu kovov\u00fdch povrch\u016f ke sv\u00e1\u0159en\u00ed. rozm\u011bry: 120 x 100 mm<\/p>\n","protected":false},"featured_media":6637,"comment_status":"open","ping_status":"open","template":"","meta":[],"product_brand":[],"product_cat":[38],"product_tag":[],"class_list":{"0":"post-6537","1":"product","2":"type-product","3":"status-publish","4":"has-post-thumbnail","6":"product_cat-naradi","8":"first","9":"instock","10":"sale","11":"shipping-taxable","12":"purchasable","13":"product-type-simple"},"yoast_head":"<!-- This site is optimized with the Yoast SEO plugin v26.8 - https:\/\/yoast.com\/product\/yoast-seo-wordpress\/ -->\n<title>Koupit Online Scheppach Kart\u00e1\u010d z karbidu k\u0159em\u00edku pro MRS 1300 -<\/title>\n<meta name=\"robots\" content=\"index, follow, max-snippet:-1, max-image-preview:large, max-video-preview:-1\" \/>\n<link rel=\"canonical\" href=\"https:\/\/www.domstavpro.com\/index.php\/produkt\/koupit-online-scheppach-kartac-z-karbidu-kremiku-pro-mrs-1300-6537\/\" \/>\n<meta property=\"og:locale\" content=\"cs_CZ\" \/>\n<meta property=\"og:type\" content=\"article\" \/>\n<meta property=\"og:title\" content=\"Koupit Online Scheppach Kart\u00e1\u010d z karbidu k\u0159em\u00edku pro MRS 1300 -\" \/>\n<meta property=\"og:description\" content=\"pro kart\u00e1\u010dovou brusku Scheppach MRS 1300vhodn\u00fd na brou\u0161en\u00ed kovov\u00fdch ploch a na p\u0159\u00edpravu kovov\u00fdch povrch\u016f ke sv\u00e1\u0159en\u00ed. rozm\u011bry: 120 x 100 mm\" \/>\n<meta property=\"og:url\" content=\"https:\/\/www.domstavpro.com\/index.php\/produkt\/koupit-online-scheppach-kartac-z-karbidu-kremiku-pro-mrs-1300-6537\/\" \/>\n<meta property=\"og:image\" content=\"https:\/\/www.domstavpro.com\/wp-content\/uploads\/2026\/SK0029003-CZ20260425-092328-0-1777080210-1253213-1_162711.webp\" \/>\n\t<meta property=\"og:image:width\" content=\"800\" \/>\n\t<meta property=\"og:image:height\" content=\"600\" \/>\n\t<meta property=\"og:image:type\" content=\"image\/webp\" \/>\n<meta name=\"twitter:card\" content=\"summary_large_image\" \/>\n<script type=\"application\/ld+json\" class=\"yoast-schema-graph\">{\"@context\":\"https:\/\/schema.org\",\"@graph\":[{\"@type\":\"WebPage\",\"@id\":\"https:\/\/www.domstavpro.com\/index.php\/produkt\/koupit-online-scheppach-kartac-z-karbidu-kremiku-pro-mrs-1300-6537\/\",\"url\":\"https:\/\/www.domstavpro.com\/index.php\/produkt\/koupit-online-scheppach-kartac-z-karbidu-kremiku-pro-mrs-1300-6537\/\",\"name\":\"Koupit Online Scheppach Kart\u00e1\u010d z karbidu k\u0159em\u00edku pro MRS 1300 -\",\"isPartOf\":{\"@id\":\"https:\/\/www.domstavpro.com\/#website\"},\"primaryImageOfPage\":{\"@id\":\"https:\/\/www.domstavpro.com\/index.php\/produkt\/koupit-online-scheppach-kartac-z-karbidu-kremiku-pro-mrs-1300-6537\/#primaryimage\"},\"image\":{\"@id\":\"https:\/\/www.domstavpro.com\/index.php\/produkt\/koupit-online-scheppach-kartac-z-karbidu-kremiku-pro-mrs-1300-6537\/#primaryimage\"},\"thumbnailUrl\":\"https:\/\/www.domstavpro.com\/wp-content\/uploads\/2026\/SK0029003-CZ20260425-092328-0-1777080210-1253213-1_162711.webp\",\"datePublished\":\"2026-04-27T15:08:09+00:00\",\"breadcrumb\":{\"@id\":\"https:\/\/www.domstavpro.com\/index.php\/produkt\/koupit-online-scheppach-kartac-z-karbidu-kremiku-pro-mrs-1300-6537\/#breadcrumb\"},\"inLanguage\":\"cs\",\"potentialAction\":[{\"@type\":\"ReadAction\",\"target\":[\"https:\/\/www.domstavpro.com\/index.php\/produkt\/koupit-online-scheppach-kartac-z-karbidu-kremiku-pro-mrs-1300-6537\/\"]}]},{\"@type\":\"ImageObject\",\"inLanguage\":\"cs\",\"@id\":\"https:\/\/www.domstavpro.com\/index.php\/produkt\/koupit-online-scheppach-kartac-z-karbidu-kremiku-pro-mrs-1300-6537\/#primaryimage\",\"url\":\"https:\/\/www.domstavpro.com\/wp-content\/uploads\/2026\/SK0029003-CZ20260425-092328-0-1777080210-1253213-1_162711.webp\",\"contentUrl\":\"https:\/\/www.domstavpro.com\/wp-content\/uploads\/2026\/SK0029003-CZ20260425-092328-0-1777080210-1253213-1_162711.webp\",\"width\":800,\"height\":600},{\"@type\":\"BreadcrumbList\",\"@id\":\"https:\/\/www.domstavpro.com\/index.php\/produkt\/koupit-online-scheppach-kartac-z-karbidu-kremiku-pro-mrs-1300-6537\/#breadcrumb\",\"itemListElement\":[{\"@type\":\"ListItem\",\"position\":1,\"name\":\"Home\",\"item\":\"https:\/\/www.domstavpro.com\/\"},{\"@type\":\"ListItem\",\"position\":2,\"name\":\"Products\",\"item\":\"https:\/\/www.domstavpro.com\/index.php\/products\/\"},{\"@type\":\"ListItem\",\"position\":3,\"name\":\"Koupit Online Scheppach Kart\u00e1\u010d z karbidu k\u0159em\u00edku pro MRS 1300\"}]},{\"@type\":\"WebSite\",\"@id\":\"https:\/\/www.domstavpro.com\/#website\",\"url\":\"https:\/\/www.domstavpro.com\/\",\"name\":\"\",\"description\":\"\",\"potentialAction\":[{\"@type\":\"SearchAction\",\"target\":{\"@type\":\"EntryPoint\",\"urlTemplate\":\"https:\/\/www.domstavpro.com\/?s={search_term_string}\"},\"query-input\":{\"@type\":\"PropertyValueSpecification\",\"valueRequired\":true,\"valueName\":\"search_term_string\"}}],\"inLanguage\":\"cs\"}]}<\/script>\n<!-- \/ Yoast SEO plugin. -->","yoast_head_json":{"title":"Koupit Online Scheppach Kart\u00e1\u010d z karbidu k\u0159em\u00edku pro MRS 1300 -","robots":{"index":"index","follow":"follow","max-snippet":"max-snippet:-1","max-image-preview":"max-image-preview:large","max-video-preview":"max-video-preview:-1"},"canonical":"https:\/\/www.domstavpro.com\/index.php\/produkt\/koupit-online-scheppach-kartac-z-karbidu-kremiku-pro-mrs-1300-6537\/","og_locale":"cs_CZ","og_type":"article","og_title":"Koupit Online Scheppach Kart\u00e1\u010d z karbidu k\u0159em\u00edku pro MRS 1300 -","og_description":"pro kart\u00e1\u010dovou brusku Scheppach MRS 1300vhodn\u00fd na brou\u0161en\u00ed kovov\u00fdch ploch a na p\u0159\u00edpravu kovov\u00fdch povrch\u016f ke sv\u00e1\u0159en\u00ed. rozm\u011bry: 120 x 100 mm","og_url":"https:\/\/www.domstavpro.com\/index.php\/produkt\/koupit-online-scheppach-kartac-z-karbidu-kremiku-pro-mrs-1300-6537\/","og_image":[{"width":800,"height":600,"url":"https:\/\/www.domstavpro.com\/wp-content\/uploads\/2026\/SK0029003-CZ20260425-092328-0-1777080210-1253213-1_162711.webp","type":"image\/webp"}],"twitter_card":"summary_large_image","schema":{"@context":"https:\/\/schema.org","@graph":[{"@type":"WebPage","@id":"https:\/\/www.domstavpro.com\/index.php\/produkt\/koupit-online-scheppach-kartac-z-karbidu-kremiku-pro-mrs-1300-6537\/","url":"https:\/\/www.domstavpro.com\/index.php\/produkt\/koupit-online-scheppach-kartac-z-karbidu-kremiku-pro-mrs-1300-6537\/","name":"Koupit Online Scheppach Kart\u00e1\u010d z karbidu k\u0159em\u00edku pro MRS 1300 -","isPartOf":{"@id":"https:\/\/www.domstavpro.com\/#website"},"primaryImageOfPage":{"@id":"https:\/\/www.domstavpro.com\/index.php\/produkt\/koupit-online-scheppach-kartac-z-karbidu-kremiku-pro-mrs-1300-6537\/#primaryimage"},"image":{"@id":"https:\/\/www.domstavpro.com\/index.php\/produkt\/koupit-online-scheppach-kartac-z-karbidu-kremiku-pro-mrs-1300-6537\/#primaryimage"},"thumbnailUrl":"https:\/\/www.domstavpro.com\/wp-content\/uploads\/2026\/SK0029003-CZ20260425-092328-0-1777080210-1253213-1_162711.webp","datePublished":"2026-04-27T15:08:09+00:00","breadcrumb":{"@id":"https:\/\/www.domstavpro.com\/index.php\/produkt\/koupit-online-scheppach-kartac-z-karbidu-kremiku-pro-mrs-1300-6537\/#breadcrumb"},"inLanguage":"cs","potentialAction":[{"@type":"ReadAction","target":["https:\/\/www.domstavpro.com\/index.php\/produkt\/koupit-online-scheppach-kartac-z-karbidu-kremiku-pro-mrs-1300-6537\/"]}]},{"@type":"ImageObject","inLanguage":"cs","@id":"https:\/\/www.domstavpro.com\/index.php\/produkt\/koupit-online-scheppach-kartac-z-karbidu-kremiku-pro-mrs-1300-6537\/#primaryimage","url":"https:\/\/www.domstavpro.com\/wp-content\/uploads\/2026\/SK0029003-CZ20260425-092328-0-1777080210-1253213-1_162711.webp","contentUrl":"https:\/\/www.domstavpro.com\/wp-content\/uploads\/2026\/SK0029003-CZ20260425-092328-0-1777080210-1253213-1_162711.webp","width":800,"height":600},{"@type":"BreadcrumbList","@id":"https:\/\/www.domstavpro.com\/index.php\/produkt\/koupit-online-scheppach-kartac-z-karbidu-kremiku-pro-mrs-1300-6537\/#breadcrumb","itemListElement":[{"@type":"ListItem","position":1,"name":"Home","item":"https:\/\/www.domstavpro.com\/"},{"@type":"ListItem","position":2,"name":"Products","item":"https:\/\/www.domstavpro.com\/index.php\/products\/"},{"@type":"ListItem","position":3,"name":"Koupit Online Scheppach Kart\u00e1\u010d z karbidu k\u0159em\u00edku pro MRS 1300"}]},{"@type":"WebSite","@id":"https:\/\/www.domstavpro.com\/#website","url":"https:\/\/www.domstavpro.com\/","name":"","description":"","potentialAction":[{"@type":"SearchAction","target":{"@type":"EntryPoint","urlTemplate":"https:\/\/www.domstavpro.com\/?s={search_term_string}"},"query-input":{"@type":"PropertyValueSpecification","valueRequired":true,"valueName":"search_term_string"}}],"inLanguage":"cs"}]}},"_links":{"self":[{"href":"https:\/\/www.domstavpro.com\/index.php\/wp-json\/wp\/v2\/product\/6537","targetHints":{"allow":["GET"]}}],"collection":[{"href":"https:\/\/www.domstavpro.com\/index.php\/wp-json\/wp\/v2\/product"}],"about":[{"href":"https:\/\/www.domstavpro.com\/index.php\/wp-json\/wp\/v2\/types\/product"}],"replies":[{"embeddable":true,"href":"https:\/\/www.domstavpro.com\/index.php\/wp-json\/wp\/v2\/comments?post=6537"}],"wp:featuredmedia":[{"embeddable":true,"href":"https:\/\/www.domstavpro.com\/index.php\/wp-json\/wp\/v2\/media\/6637"}],"wp:attachment":[{"href":"https:\/\/www.domstavpro.com\/index.php\/wp-json\/wp\/v2\/media?parent=6537"}],"wp:term":[{"taxonomy":"product_brand","embeddable":true,"href":"https:\/\/www.domstavpro.com\/index.php\/wp-json\/wp\/v2\/product_brand?post=6537"},{"taxonomy":"product_cat","embeddable":true,"href":"https:\/\/www.domstavpro.com\/index.php\/wp-json\/wp\/v2\/product_cat?post=6537"},{"taxonomy":"product_tag","embeddable":true,"href":"https:\/\/www.domstavpro.com\/index.php\/wp-json\/wp\/v2\/product_tag?post=6537"}],"curies":[{"name":"wp","href":"https:\/\/api.w.org\/{rel}","templated":true}]}}