{"id":6532,"date":"2026-04-27T15:08:09","date_gmt":"2026-04-27T15:08:09","guid":{"rendered":""},"modified":"2026-04-27T15:08:09","modified_gmt":"2026-04-27T15:08:09","slug":"nova-kolekce-scheppach-hms-1080-protahovacka-hoblovka-6532","status":"publish","type":"product","link":"https:\/\/www.domstavpro.com\/index.php\/produkt\/nova-kolekce-scheppach-hms-1080-protahovacka-hoblovka-6532\/","title":{"rendered":"Nov\u00e1 Kolekce Scheppach HMS 1080 &#8211; protahova\u010dka\/hoblovka"},"content":{"rendered":"<table>\n<div class=\"tab-pane active product-description\" id=\"popis\" role=\"tabpanel\">\n<div class=\"short-description\" itemprop=\"description\"><\/div>\n<div class=\"description\"><span class='bullet-line'>HMS1080 od scheppachu je kombinovan\u00fd hoblovac\u00ed a tlou\u0161\u0165kovac\u00ed stroj s p\u0159esn\u00fdm hoblovac\u00edm stolem z tlakov\u011b lit\u00e9ho hlin\u00edku pro n\u00e1ro\u010dn\u00e9 kutily a nejlep\u0161\u00ed v\u00fdsledky hoblov\u00e1n\u00ed. Ide\u00e1ln\u00ed za\u0159\u00edzen\u00ed pro mobiln\u00ed pou\u017eit\u00ed: mal\u00e9, praktick\u00e9 a lehk\u00e9. Bezpe\u010dn\u00fd stojan, oto\u010dn\u00e9 hoblovac\u00ed prav\u00edtko, ru\u010dn\u00ed nastaven\u00ed v\u00fd\u0161ky a p\u0159ipojen\u00ed k syst\u00e9mu ods\u00e1v\u00e1n\u00ed prachu umo\u017e\u0148uj\u00ed pohodlnou pr\u00e1ci.<br \/><\/span><span class='bullet-line'>Kombinovan\u00fd hobl\u00edk a tlou\u0161\u0165kova\u010d pro malou d\u00edlnu<br \/><\/span><span class='bullet-line'>V\u00fdkonn\u00fd 1500 W motor pro snadn\u00e9 orovn\u00e1v\u00e1n\u00ed a hoblov\u00e1n\u00ed<br \/><\/span><span class='bullet-line'>Kompaktn\u00ed model stolu s v\u00fd\u0161kou a \u0161\u00ed\u0159kou otvoru 120 a 254 mm<br \/><\/span><span class='bullet-line'>Dva hoblovac\u00ed no\u017ee HS a rychlost no\u017ee 9000 ot.\/min pro hladk\u00e9 a p\u0159esn\u00e9 hoblov\u00e1n\u00ed<br \/><\/span><span class='bullet-line'>Jednoduch\u00e9 v\u00fd\u0161kov\u00e9 nastaven\u00ed tlou\u0161\u0165kova\u010de pomoc\u00ed ru\u010dn\u00ed kliky<br \/><\/span><span class='bullet-line'>Hoblovac\u00ed prav\u00edtko s nastaven\u00edm \u00fahlu 45\u00b0 pro p\u0159esn\u00e9 \u00fahly od 90\u00b0 do 135\u00b0<br \/><\/span><span class='bullet-line'>Gumov\u00e9 no\u017ei\u010dky tlum\u00edc\u00ed vibrace pro stabilitu<br \/><\/span><span class='bullet-line'>Nejprve pl\u00e1nujte, pak pl\u00e1nujte na po\u017eadovanou tlou\u0161\u0165ku \u2013 s hobl\u00edkem HMS1080 od Scheppachu s integrovan\u00fdm hobl\u00edkem. Kompaktn\u00ed za\u0159\u00edzen\u00ed s pry\u017eov\u00fdmi no\u017ei\u010dkami tlum\u00edc\u00edmi vibrace umo\u017e\u0148uje nejen hoblov\u00e1n\u00ed a hoblov\u00e1n\u00ed bez n\u00e1mahy, ale tak\u00e9 bez vibrac\u00ed.<br \/><\/span><span class='bullet-line'>U HMS1080 je povrchov\u00fd hobl\u00edk integrov\u00e1n nad hobl\u00edkem tlou\u0161\u0165ky v tomto kombinovan\u00e9m hobl\u00edku. Plo\u0161n\u00fd hobl\u00edk se pou\u017e\u00edv\u00e1 k v\u00fdrob\u011b rovn\u00fdch ploch, zejm\u00e9na u zvln\u011bn\u00e9ho a zvln\u011bn\u00e9ho d\u0159eva nebo k vyrovn\u00e1n\u00ed prken, prken nebo hran\u011bn\u00e9ho \u0159eziva. K tomu je kus d\u0159eva veden p\u0159es p\u0159esn\u011b hoblovan\u00fd hoblovac\u00ed st\u016fl z hlin\u00edkov\u00e9ho odlitku, p\u0159i\u010dem\u017e dva hoblovac\u00ed no\u017ee narovn\u00e1vaj\u00ed spodn\u00ed stranu d\u0159eva s maxim\u00e1ln\u00edm \u00fab\u011brem t\u0159\u00edsek 2 mm. Pomoc\u00ed hoblovac\u00edho prav\u00edtka o d\u00e9lce 540 mm lze vytvo\u0159it p\u0159esn\u00e9 \u00fahly 90\u00b0 nebo libovoln\u00fd \u00fahel a\u017e 135\u00b0.<br \/><\/span><span class='bullet-line'>Po orovn\u00e1n\u00ed je obrobek hoblov\u00e1n. K tomu se hoblovac\u00ed st\u016fl a sac\u00ed hubice posunou nahoru. Dva hoblovac\u00ed no\u017ee HS nyn\u00ed uberou a\u017e 2 mm z horn\u00ed strany obrobku, kter\u00fd je pomoc\u00ed automatick\u00e9ho posuvu p\u0159iv\u00e1d\u011bn p\u0159es tlou\u0161\u0165kova\u010d rychlost\u00ed 6,4 m\/min.<br \/><\/span><span class='bullet-line'>Maxim\u00e1ln\u00ed v\u00fd\u0161ka otvoru pro HMS1080 je 120 mm. Po\u017eadovanou tlou\u0161\u0165ku hoblov\u00e1n\u00ed lze nastavit ru\u010dn\u00ed klikou a z\u016fst\u00e1v\u00e1 konstantn\u00ed po celou dobu pracovn\u00edho procesu. T\u00edmto zp\u016fsobem lze postupn\u011b p\u0159iv\u00e9st na stejnou tlou\u0161\u0165ku v\u00edce obrobk\u016f &#8211; velmi v\u00fdhodn\u00e9 nap\u0159\u00edklad p\u0159i zpracov\u00e1n\u00ed podlahov\u00fdch prken.<br \/><\/span><span class='bullet-line'>1500 W motor poh\u00e1n\u00ed h\u0159\u00eddel hobl\u00edku, kter\u00fd dosahuje rychlosti 9000 ot.\/min . Vysok\u00e1 rychlost h\u0159\u00eddele \u010depele m\u00e1 za n\u00e1sledek velmi jemn\u00e9 povrchy a rychl\u00e9 zpracov\u00e1n\u00ed. Dva tvrdokovov\u00e9 no\u017ee se pou\u017e\u00edvaj\u00ed k orovn\u00e1v\u00e1n\u00ed i hoblov\u00e1n\u00ed.<br \/><\/span><span class='bullet-line'>Velkorys\u00e1 ods\u00e1vac\u00ed hubice s vn\u011bj\u0161\u00edm pr\u016fm\u011brem 98 mm pro extern\u00ed ods\u00e1v\u00e1n\u00ed prachu zaji\u0161\u0165uje odvod t\u0159\u00edsek z pracovn\u00edho prostoru a vzduch v d\u00edln\u011b z\u016fst\u00e1v\u00e1 bezpra\u0161n\u00fd.<\/span><\/div>\n<div class=\"parameters\">\n<tr>\n<td>P\u0159\u00edkon (W)<\/td>\n<td>1500<\/td>\n<\/tr>\n<tr>\n<td>Typ motoru<\/td>\n<td>230V, 50Hz<\/td>\n<\/tr>\n<tr>\n<td>Rozm\u011br stolu-hoblov\u00e1n\u00ed (mm)<\/td>\n<td>920&#215;264<\/td>\n<\/tr>\n<tr>\n<td>Rozm\u011br stolu-protahov\u00e1n\u00ed (mm)<\/td>\n<td>350&#215;270<\/td>\n<\/tr>\n<tr>\n<td>Rozm\u011br druh\u00e9 \u010d\u00e1sti stolu (mm)<\/td>\n<td>&#8211;<\/td>\n<\/tr>\n<tr>\n<td>Rozm\u011br zar\u00e1\u017eky (mm)<\/td>\n<td>640&#215;127<\/td>\n<\/tr>\n<tr>\n<td>V\u00fd\u0161ka protahu (mm)<\/td>\n<td>120-254<\/td>\n<\/tr>\n<tr>\n<td>Ot\u00e1\u010dky (ot\/min)<\/td>\n<td>9000<\/td>\n<\/tr>\n<tr>\n<td>Z\u00e1b\u011br (protahov\u00e1n\u00ed) (mm)<\/td>\n<td>254<\/td>\n<\/tr>\n<tr>\n<td>\u00dab\u011br (protahov\u00e1n\u00ed) (mm)<\/td>\n<td>2<\/td>\n<\/tr>\n<tr>\n<td>Po\u010det no\u017e\u016f<\/td>\n<td>2<\/td>\n<\/tr>\n<tr>\n<td>Ji\u0161t\u011bn\u00ed<\/td>\n<td>Ano<\/td>\n<\/tr>\n<tr>\n<td>Hmotnost (Kg):<\/td>\n<td>27.50<\/td>\n<\/tr>\n<tr>\n<td>Rozm\u011bry (cm):<\/td>\n<td>97 x 49 x 48.5<\/td>\n<\/tr>\n<tr>\n<td>Rozm\u011bry balen\u00ed (cm):<\/td>\n<td>102 x 52.5 x 44.5<\/td>\n<\/tr>\n<tr>\n<td>Obj. \u010d.:<\/td>\n<td>5902209901<\/td>\n<\/tr><\/div>\n<\/table>\n","protected":false},"excerpt":{"rendered":"<p>HMS1080 od scheppachu je kombinovan\u00fd hoblovac\u00ed a tlou\u0161\u0165kovac\u00ed stroj s p\u0159esn\u00fdm hoblovac\u00edm stolem z tlakov\u011b lit\u00e9ho hlin\u00edku pro n\u00e1ro\u010dn\u00e9 kutily a nejlep\u0161\u00ed v\u00fdsledky hoblov\u00e1n\u00ed. Ide\u00e1ln\u00ed za\u0159\u00edzen\u00ed pro mobiln\u00ed pou\u017eit\u00ed: mal\u00e9, praktick\u00e9 a lehk\u00e9. Bezpe\u010dn\u00fd stojan, oto\u010dn\u00e9 hoblovac\u00ed prav\u00edtko, ru\u010dn\u00ed nastaven\u00ed v\u00fd\u0161ky a p\u0159ipojen\u00ed k syst\u00e9mu ods\u00e1v\u00e1n\u00ed prachu umo\u017e\u0148uj\u00ed pohodlnou pr\u00e1ci.Kombinovan\u00fd hobl\u00edk a tlou\u0161\u0165kova\u010d pro malou [&hellip;]<\/p>\n","protected":false},"featured_media":6632,"comment_status":"open","ping_status":"open","template":"","meta":[],"product_brand":[],"product_cat":[41],"product_tag":[],"class_list":{"0":"post-6532","1":"product","2":"type-product","3":"status-publish","4":"has-post-thumbnail","6":"product_cat-stroje","8":"first","9":"instock","10":"sale","11":"shipping-taxable","12":"purchasable","13":"product-type-simple"},"yoast_head":"<!-- This site is optimized with the Yoast SEO plugin v26.8 - https:\/\/yoast.com\/product\/yoast-seo-wordpress\/ -->\n<title>Nov\u00e1 Kolekce Scheppach HMS 1080 - protahova\u010dka\/hoblovka -<\/title>\n<meta name=\"robots\" content=\"index, follow, max-snippet:-1, max-image-preview:large, max-video-preview:-1\" \/>\n<link rel=\"canonical\" href=\"https:\/\/www.domstavpro.com\/index.php\/produkt\/nova-kolekce-scheppach-hms-1080-protahovacka-hoblovka-6532\/\" \/>\n<meta property=\"og:locale\" content=\"cs_CZ\" \/>\n<meta property=\"og:type\" content=\"article\" \/>\n<meta property=\"og:title\" content=\"Nov\u00e1 Kolekce Scheppach HMS 1080 - protahova\u010dka\/hoblovka -\" \/>\n<meta property=\"og:description\" content=\"HMS1080 od scheppachu je kombinovan\u00fd hoblovac\u00ed a tlou\u0161\u0165kovac\u00ed stroj s p\u0159esn\u00fdm hoblovac\u00edm stolem z tlakov\u011b lit\u00e9ho hlin\u00edku pro n\u00e1ro\u010dn\u00e9 kutily a nejlep\u0161\u00ed v\u00fdsledky hoblov\u00e1n\u00ed. Ide\u00e1ln\u00ed za\u0159\u00edzen\u00ed pro mobiln\u00ed pou\u017eit\u00ed: mal\u00e9, praktick\u00e9 a lehk\u00e9. Bezpe\u010dn\u00fd stojan, oto\u010dn\u00e9 hoblovac\u00ed prav\u00edtko, ru\u010dn\u00ed nastaven\u00ed v\u00fd\u0161ky a p\u0159ipojen\u00ed k syst\u00e9mu ods\u00e1v\u00e1n\u00ed prachu umo\u017e\u0148uj\u00ed pohodlnou pr\u00e1ci.Kombinovan\u00fd hobl\u00edk a tlou\u0161\u0165kova\u010d pro malou [&hellip;]\" \/>\n<meta property=\"og:url\" content=\"https:\/\/www.domstavpro.com\/index.php\/produkt\/nova-kolekce-scheppach-hms-1080-protahovacka-hoblovka-6532\/\" \/>\n<meta property=\"og:image\" content=\"https:\/\/www.domstavpro.com\/wp-content\/uploads\/2026\/SK0028997-CZ20260425-092328-0-1777080210-1253206-1_160911.webp\" \/>\n\t<meta property=\"og:image:width\" content=\"800\" \/>\n\t<meta property=\"og:image:height\" content=\"800\" \/>\n\t<meta property=\"og:image:type\" content=\"image\/webp\" \/>\n<meta name=\"twitter:card\" content=\"summary_large_image\" \/>\n<meta name=\"twitter:label1\" content=\"Odhadovan\u00e1 doba \u010dten\u00ed\" \/>\n\t<meta name=\"twitter:data1\" content=\"3 minuty\" \/>\n<script type=\"application\/ld+json\" class=\"yoast-schema-graph\">{\"@context\":\"https:\/\/schema.org\",\"@graph\":[{\"@type\":\"WebPage\",\"@id\":\"https:\/\/www.domstavpro.com\/index.php\/produkt\/nova-kolekce-scheppach-hms-1080-protahovacka-hoblovka-6532\/\",\"url\":\"https:\/\/www.domstavpro.com\/index.php\/produkt\/nova-kolekce-scheppach-hms-1080-protahovacka-hoblovka-6532\/\",\"name\":\"Nov\u00e1 Kolekce Scheppach HMS 1080 - protahova\u010dka\/hoblovka -\",\"isPartOf\":{\"@id\":\"https:\/\/www.domstavpro.com\/#website\"},\"primaryImageOfPage\":{\"@id\":\"https:\/\/www.domstavpro.com\/index.php\/produkt\/nova-kolekce-scheppach-hms-1080-protahovacka-hoblovka-6532\/#primaryimage\"},\"image\":{\"@id\":\"https:\/\/www.domstavpro.com\/index.php\/produkt\/nova-kolekce-scheppach-hms-1080-protahovacka-hoblovka-6532\/#primaryimage\"},\"thumbnailUrl\":\"https:\/\/www.domstavpro.com\/wp-content\/uploads\/2026\/SK0028997-CZ20260425-092328-0-1777080210-1253206-1_160911.webp\",\"datePublished\":\"2026-04-27T15:08:09+00:00\",\"breadcrumb\":{\"@id\":\"https:\/\/www.domstavpro.com\/index.php\/produkt\/nova-kolekce-scheppach-hms-1080-protahovacka-hoblovka-6532\/#breadcrumb\"},\"inLanguage\":\"cs\",\"potentialAction\":[{\"@type\":\"ReadAction\",\"target\":[\"https:\/\/www.domstavpro.com\/index.php\/produkt\/nova-kolekce-scheppach-hms-1080-protahovacka-hoblovka-6532\/\"]}]},{\"@type\":\"ImageObject\",\"inLanguage\":\"cs\",\"@id\":\"https:\/\/www.domstavpro.com\/index.php\/produkt\/nova-kolekce-scheppach-hms-1080-protahovacka-hoblovka-6532\/#primaryimage\",\"url\":\"https:\/\/www.domstavpro.com\/wp-content\/uploads\/2026\/SK0028997-CZ20260425-092328-0-1777080210-1253206-1_160911.webp\",\"contentUrl\":\"https:\/\/www.domstavpro.com\/wp-content\/uploads\/2026\/SK0028997-CZ20260425-092328-0-1777080210-1253206-1_160911.webp\",\"width\":800,\"height\":800},{\"@type\":\"BreadcrumbList\",\"@id\":\"https:\/\/www.domstavpro.com\/index.php\/produkt\/nova-kolekce-scheppach-hms-1080-protahovacka-hoblovka-6532\/#breadcrumb\",\"itemListElement\":[{\"@type\":\"ListItem\",\"position\":1,\"name\":\"Home\",\"item\":\"https:\/\/www.domstavpro.com\/\"},{\"@type\":\"ListItem\",\"position\":2,\"name\":\"Products\",\"item\":\"https:\/\/www.domstavpro.com\/index.php\/products\/\"},{\"@type\":\"ListItem\",\"position\":3,\"name\":\"Nov\u00e1 Kolekce Scheppach HMS 1080 &#8211; protahova\u010dka\/hoblovka\"}]},{\"@type\":\"WebSite\",\"@id\":\"https:\/\/www.domstavpro.com\/#website\",\"url\":\"https:\/\/www.domstavpro.com\/\",\"name\":\"\",\"description\":\"\",\"potentialAction\":[{\"@type\":\"SearchAction\",\"target\":{\"@type\":\"EntryPoint\",\"urlTemplate\":\"https:\/\/www.domstavpro.com\/?s={search_term_string}\"},\"query-input\":{\"@type\":\"PropertyValueSpecification\",\"valueRequired\":true,\"valueName\":\"search_term_string\"}}],\"inLanguage\":\"cs\"}]}<\/script>\n<!-- \/ Yoast SEO plugin. -->","yoast_head_json":{"title":"Nov\u00e1 Kolekce Scheppach HMS 1080 - protahova\u010dka\/hoblovka -","robots":{"index":"index","follow":"follow","max-snippet":"max-snippet:-1","max-image-preview":"max-image-preview:large","max-video-preview":"max-video-preview:-1"},"canonical":"https:\/\/www.domstavpro.com\/index.php\/produkt\/nova-kolekce-scheppach-hms-1080-protahovacka-hoblovka-6532\/","og_locale":"cs_CZ","og_type":"article","og_title":"Nov\u00e1 Kolekce Scheppach HMS 1080 - protahova\u010dka\/hoblovka -","og_description":"HMS1080 od scheppachu je kombinovan\u00fd hoblovac\u00ed a tlou\u0161\u0165kovac\u00ed stroj s p\u0159esn\u00fdm hoblovac\u00edm stolem z tlakov\u011b lit\u00e9ho hlin\u00edku pro n\u00e1ro\u010dn\u00e9 kutily a nejlep\u0161\u00ed v\u00fdsledky hoblov\u00e1n\u00ed. Ide\u00e1ln\u00ed za\u0159\u00edzen\u00ed pro mobiln\u00ed pou\u017eit\u00ed: mal\u00e9, praktick\u00e9 a lehk\u00e9. Bezpe\u010dn\u00fd stojan, oto\u010dn\u00e9 hoblovac\u00ed prav\u00edtko, ru\u010dn\u00ed nastaven\u00ed v\u00fd\u0161ky a p\u0159ipojen\u00ed k syst\u00e9mu ods\u00e1v\u00e1n\u00ed prachu umo\u017e\u0148uj\u00ed pohodlnou pr\u00e1ci.Kombinovan\u00fd hobl\u00edk a tlou\u0161\u0165kova\u010d pro malou [&hellip;]","og_url":"https:\/\/www.domstavpro.com\/index.php\/produkt\/nova-kolekce-scheppach-hms-1080-protahovacka-hoblovka-6532\/","og_image":[{"width":800,"height":800,"url":"https:\/\/www.domstavpro.com\/wp-content\/uploads\/2026\/SK0028997-CZ20260425-092328-0-1777080210-1253206-1_160911.webp","type":"image\/webp"}],"twitter_card":"summary_large_image","twitter_misc":{"Odhadovan\u00e1 doba \u010dten\u00ed":"3 minuty"},"schema":{"@context":"https:\/\/schema.org","@graph":[{"@type":"WebPage","@id":"https:\/\/www.domstavpro.com\/index.php\/produkt\/nova-kolekce-scheppach-hms-1080-protahovacka-hoblovka-6532\/","url":"https:\/\/www.domstavpro.com\/index.php\/produkt\/nova-kolekce-scheppach-hms-1080-protahovacka-hoblovka-6532\/","name":"Nov\u00e1 Kolekce Scheppach HMS 1080 - protahova\u010dka\/hoblovka -","isPartOf":{"@id":"https:\/\/www.domstavpro.com\/#website"},"primaryImageOfPage":{"@id":"https:\/\/www.domstavpro.com\/index.php\/produkt\/nova-kolekce-scheppach-hms-1080-protahovacka-hoblovka-6532\/#primaryimage"},"image":{"@id":"https:\/\/www.domstavpro.com\/index.php\/produkt\/nova-kolekce-scheppach-hms-1080-protahovacka-hoblovka-6532\/#primaryimage"},"thumbnailUrl":"https:\/\/www.domstavpro.com\/wp-content\/uploads\/2026\/SK0028997-CZ20260425-092328-0-1777080210-1253206-1_160911.webp","datePublished":"2026-04-27T15:08:09+00:00","breadcrumb":{"@id":"https:\/\/www.domstavpro.com\/index.php\/produkt\/nova-kolekce-scheppach-hms-1080-protahovacka-hoblovka-6532\/#breadcrumb"},"inLanguage":"cs","potentialAction":[{"@type":"ReadAction","target":["https:\/\/www.domstavpro.com\/index.php\/produkt\/nova-kolekce-scheppach-hms-1080-protahovacka-hoblovka-6532\/"]}]},{"@type":"ImageObject","inLanguage":"cs","@id":"https:\/\/www.domstavpro.com\/index.php\/produkt\/nova-kolekce-scheppach-hms-1080-protahovacka-hoblovka-6532\/#primaryimage","url":"https:\/\/www.domstavpro.com\/wp-content\/uploads\/2026\/SK0028997-CZ20260425-092328-0-1777080210-1253206-1_160911.webp","contentUrl":"https:\/\/www.domstavpro.com\/wp-content\/uploads\/2026\/SK0028997-CZ20260425-092328-0-1777080210-1253206-1_160911.webp","width":800,"height":800},{"@type":"BreadcrumbList","@id":"https:\/\/www.domstavpro.com\/index.php\/produkt\/nova-kolekce-scheppach-hms-1080-protahovacka-hoblovka-6532\/#breadcrumb","itemListElement":[{"@type":"ListItem","position":1,"name":"Home","item":"https:\/\/www.domstavpro.com\/"},{"@type":"ListItem","position":2,"name":"Products","item":"https:\/\/www.domstavpro.com\/index.php\/products\/"},{"@type":"ListItem","position":3,"name":"Nov\u00e1 Kolekce Scheppach HMS 1080 &#8211; protahova\u010dka\/hoblovka"}]},{"@type":"WebSite","@id":"https:\/\/www.domstavpro.com\/#website","url":"https:\/\/www.domstavpro.com\/","name":"","description":"","potentialAction":[{"@type":"SearchAction","target":{"@type":"EntryPoint","urlTemplate":"https:\/\/www.domstavpro.com\/?s={search_term_string}"},"query-input":{"@type":"PropertyValueSpecification","valueRequired":true,"valueName":"search_term_string"}}],"inLanguage":"cs"}]}},"_links":{"self":[{"href":"https:\/\/www.domstavpro.com\/index.php\/wp-json\/wp\/v2\/product\/6532","targetHints":{"allow":["GET"]}}],"collection":[{"href":"https:\/\/www.domstavpro.com\/index.php\/wp-json\/wp\/v2\/product"}],"about":[{"href":"https:\/\/www.domstavpro.com\/index.php\/wp-json\/wp\/v2\/types\/product"}],"replies":[{"embeddable":true,"href":"https:\/\/www.domstavpro.com\/index.php\/wp-json\/wp\/v2\/comments?post=6532"}],"wp:featuredmedia":[{"embeddable":true,"href":"https:\/\/www.domstavpro.com\/index.php\/wp-json\/wp\/v2\/media\/6632"}],"wp:attachment":[{"href":"https:\/\/www.domstavpro.com\/index.php\/wp-json\/wp\/v2\/media?parent=6532"}],"wp:term":[{"taxonomy":"product_brand","embeddable":true,"href":"https:\/\/www.domstavpro.com\/index.php\/wp-json\/wp\/v2\/product_brand?post=6532"},{"taxonomy":"product_cat","embeddable":true,"href":"https:\/\/www.domstavpro.com\/index.php\/wp-json\/wp\/v2\/product_cat?post=6532"},{"taxonomy":"product_tag","embeddable":true,"href":"https:\/\/www.domstavpro.com\/index.php\/wp-json\/wp\/v2\/product_tag?post=6532"}],"curies":[{"name":"wp","href":"https:\/\/api.w.org\/{rel}","templated":true}]}}