{"id":6530,"date":"2026-04-27T15:08:09","date_gmt":"2026-04-27T15:08:09","guid":{"rendered":""},"modified":"2026-04-27T15:08:09","modified_gmt":"2026-04-27T15:08:09","slug":"specialni-cena-scheppach-hl-810-vertikalni-stipac-na-drevo-8t-230-v-6530","status":"publish","type":"product","link":"https:\/\/www.domstavpro.com\/index.php\/produkt\/specialni-cena-scheppach-hl-810-vertikalni-stipac-na-drevo-8t-230-v-6530\/","title":{"rendered":"Speci\u00e1ln\u00ed Cena Scheppach HL 810 &#8211; vertik\u00e1ln\u00ed \u0161t\u00edpa\u010d na d\u0159evo 8t (230 V)"},"content":{"rendered":"<table>\n<div class=\"tab-pane active product-description\" id=\"popis\" role=\"tabpanel\">\n<div class=\"short-description\" itemprop=\"description\"><\/div>\n<div class=\"description\"><span class='bullet-line'>\u0160t\u00edpa\u010d na d\u0159evo Scheppach HL 810 je ide\u00e1ln\u00ed volbou pro dom\u00e1c\u00ed p\u0159\u00edpravu palivov\u00e9ho d\u0159\u00edv\u00ed. D\u00edky nov\u00e9 konstrukci je tento \u0161t\u00edpa\u010d velmi v\u00fdkonn\u00fd a stabiln\u00ed i p\u0159i \u0161t\u00edp\u00e1n\u00ed velk\u00fdch polen. U\u017eivatel d\u00e1le ocen\u00ed modern\u00ed induk\u010dn\u00ed motor, snadnou manipulovatelnost stroje d\u00edky transportn\u00edmu madlu, kol\u016fm a p\u0159ijateln\u00e9 hmotnosti stroje, d\u00e1le velmi rychl\u00fd pohyb p\u00edstu, kter\u00fd v\u00fdznamn\u011b kr\u00e1t\u00ed \u010das pot\u0159ebn\u00fd pro pr\u00e1ci, promy\u0161len\u00e9 bezpe\u010dnostn\u00ed prvky (roz\u0161\u00ed\u0159en\u00ed stolu, dr\u017e\u00e1k polena), dokonale chr\u00e1n\u00edc\u00ed obsluhu stroje, robustn\u00ed konstrukci zaru\u010duj\u00edc\u00ed dlouhou \u017eivotnost stroje a servisn\u00ed z\u00e1zem\u00ed nejv\u011bt\u0161\u00edho v\u00fdrobce \u0161t\u00edpa\u010d\u016f v Evrop\u011b. <\/span><span class='bullet-line'>Stroj umo\u017e\u0148uje snadno \u0161t\u00edpat polena o r\u016fzn\u00fdch d\u00e9lk\u00e1ch v rozsahu 10\u201355 cm. Ke stroji lze dokoupit p\u0159\u00eddavn\u00fd roz\u0161i\u0159ovac\u00ed nebo \u010dty\u0159ramenn\u00fd kl\u00edn, kter\u00e9 v\u00fdborn\u011b poslou\u017e\u00ed na d\u011blen\u00ed siln\u011bj\u0161\u00edch nebo dlouh\u00fdch polen. Promy\u0161len\u00e1 technologie Scheppach V\u00e1m v\u017edy \u0161et\u0159\u00ed \u010das i va\u0161i kapsu. <\/span><span class='bullet-line'>Z\u00e1kladem je velmi vysok\u00e1 rychlost zp\u011btn\u00e9ho pohybu p\u00edstu 20 cm\/s, dal\u0161\u00edm prvkem je syst\u00e9m Vario, d\u00edky kter\u00e9mu si m\u016f\u017eete p\u0159esn\u011b nastavit pracovn\u00ed d\u00e9lku p\u00edstu podle d\u00e9lky polena a t\u0159et\u00edm prvkem je nov\u00e1 generace \u010derpadel, kter\u00e9 vyvinou stejn\u00fd tlak p\u0159i ni\u017e\u0161\u00edm n\u00e1roku na v\u00fdkon motoru. <\/span><span class='bullet-line'>D\u00edky t\u011bmto t\u0159em v\u00fdhod\u00e1m zvl\u00e1dnete za jednotku \u010dasu mnohem v\u00edce \u0161t\u00edpac\u00edch cykl\u016f ne\u017e u jin\u00fdch stroj\u016f. Pr\u00e1ce je tak nejen rychleji hotova, ale u\u0161et\u0159\u00edte i v\u00fdznamn\u00e9 mno\u017estv\u00ed elektrick\u00e9 energie.<\/span><span class='bullet-line'>\u0160t\u00edpac\u00ed s\u00edla 8 tun<\/span><span class='bullet-line'>Vhodn\u00e9 pro tvrd\u00e9 nebo m\u011bkk\u00e9 d\u0159evo<\/span><span class='bullet-line'>\u0160t\u00edpac\u00ed zdvih 550 mm<\/span><span class='bullet-line'>Transportn\u00ed kole\u010dka pro snadn\u00fd a bezpe\u010dn\u00fd transport<\/span><span class='bullet-line'>Optim\u00e1ln\u00ed bezpe\u010dnost d\u00edky obouru\u010dn\u00edmu ovl\u00e1d\u00e1n\u00ed<\/span><span class='bullet-line'>Ocelov\u00e1 konstrukce odoln\u00e1 proti kroucen\u00ed, pr\u00e1\u0161kov\u011b lakovan\u00e1<\/span><span class='bullet-line'>Lapa\u010d \u0161t\u00edpa\u010dky na obou stran\u00e1ch<\/span><span class='bullet-line'>Na obou stran\u00e1ch d\u011blen\u00e9 ulo\u017een\u00ed polena<\/span><\/div>\n<div class=\"parameters\">\n<tr>\n<td>Typ motoru<\/td>\n<td>230 V, 50 Hz<\/td>\n<\/tr>\n<tr>\n<td>P\u0159\u00edkon (W)<\/td>\n<td>3000<\/td>\n<\/tr>\n<tr>\n<td>Ot\u00e1\u010dky (ot\/min)<\/td>\n<td>2800<\/td>\n<\/tr>\n<tr>\n<td>\u0160t\u00edpac\u00ed tlak (t)<\/td>\n<td>8<\/td>\n<\/tr>\n<tr>\n<td>Rychlost \u0161t\u00edp\u00e1n\u00ed (cm\/s)<\/td>\n<td>6<\/td>\n<\/tr>\n<tr>\n<td>Rychlost zp\u011bt (cm\/s)<\/td>\n<td>20<\/td>\n<\/tr>\n<tr>\n<td>D\u00e9lka polena (cm)<\/td>\n<td>10 &#8211; 55<\/td>\n<\/tr>\n<tr>\n<td>Pr\u016fm\u011br polena (cm)<\/td>\n<td>30<\/td>\n<\/tr>\n<tr>\n<td>V\u00fd\u0161ka stolu (mm)<\/td>\n<td>800<\/td>\n<\/tr>\n<tr>\n<td>Objem olejov\u00e9 n\u00e1pln\u011b (l)<\/td>\n<td>3.5<\/td>\n<\/tr>\n<tr>\n<td>Rozm\u011br stolu (mm)<\/td>\n<td>375 x 332<\/td>\n<\/tr>\n<tr>\n<td>Hmotnost (Kg):<\/td>\n<td>109.90<\/td>\n<\/tr>\n<tr>\n<td>Rozm\u011bry (cm):<\/td>\n<td>84.5 x 93.5 x 149<\/td>\n<\/tr>\n<tr>\n<td>Rozm\u011bry balen\u00ed (cm):<\/td>\n<td>56 x 40 x 115<\/td>\n<\/tr>\n<tr>\n<td>Obj. \u010d.:<\/td>\n<td>5905310901<\/td>\n<\/tr><\/div>\n<\/table>\n","protected":false},"excerpt":{"rendered":"<p>\u0160t\u00edpa\u010d na d\u0159evo Scheppach HL 810 je ide\u00e1ln\u00ed volbou pro dom\u00e1c\u00ed p\u0159\u00edpravu palivov\u00e9ho d\u0159\u00edv\u00ed. D\u00edky nov\u00e9 konstrukci je tento \u0161t\u00edpa\u010d velmi v\u00fdkonn\u00fd a stabiln\u00ed i p\u0159i \u0161t\u00edp\u00e1n\u00ed velk\u00fdch polen. U\u017eivatel d\u00e1le ocen\u00ed modern\u00ed induk\u010dn\u00ed motor, snadnou manipulovatelnost stroje d\u00edky transportn\u00edmu madlu, kol\u016fm a p\u0159ijateln\u00e9 hmotnosti stroje, d\u00e1le velmi rychl\u00fd pohyb p\u00edstu, kter\u00fd v\u00fdznamn\u011b kr\u00e1t\u00ed \u010das [&hellip;]<\/p>\n","protected":false},"featured_media":6630,"comment_status":"open","ping_status":"open","template":"","meta":[],"product_brand":[],"product_cat":[39],"product_tag":[],"class_list":{"0":"post-6530","1":"product","2":"type-product","3":"status-publish","4":"has-post-thumbnail","6":"product_cat-zahrada","8":"first","9":"instock","10":"sale","11":"shipping-taxable","12":"purchasable","13":"product-type-simple"},"yoast_head":"<!-- This site is optimized with the Yoast SEO plugin v26.8 - https:\/\/yoast.com\/product\/yoast-seo-wordpress\/ -->\n<title>Speci\u00e1ln\u00ed Cena Scheppach HL 810 - vertik\u00e1ln\u00ed \u0161t\u00edpa\u010d na d\u0159evo 8t (230 V) -<\/title>\n<meta name=\"robots\" content=\"index, follow, max-snippet:-1, max-image-preview:large, max-video-preview:-1\" \/>\n<link rel=\"canonical\" href=\"https:\/\/www.domstavpro.com\/index.php\/produkt\/specialni-cena-scheppach-hl-810-vertikalni-stipac-na-drevo-8t-230-v-6530\/\" \/>\n<meta property=\"og:locale\" content=\"cs_CZ\" \/>\n<meta property=\"og:type\" content=\"article\" \/>\n<meta property=\"og:title\" content=\"Speci\u00e1ln\u00ed Cena Scheppach HL 810 - vertik\u00e1ln\u00ed \u0161t\u00edpa\u010d na d\u0159evo 8t (230 V) -\" \/>\n<meta property=\"og:description\" content=\"\u0160t\u00edpa\u010d na d\u0159evo Scheppach HL 810 je ide\u00e1ln\u00ed volbou pro dom\u00e1c\u00ed p\u0159\u00edpravu palivov\u00e9ho d\u0159\u00edv\u00ed. D\u00edky nov\u00e9 konstrukci je tento \u0161t\u00edpa\u010d velmi v\u00fdkonn\u00fd a stabiln\u00ed i p\u0159i \u0161t\u00edp\u00e1n\u00ed velk\u00fdch polen. U\u017eivatel d\u00e1le ocen\u00ed modern\u00ed induk\u010dn\u00ed motor, snadnou manipulovatelnost stroje d\u00edky transportn\u00edmu madlu, kol\u016fm a p\u0159ijateln\u00e9 hmotnosti stroje, d\u00e1le velmi rychl\u00fd pohyb p\u00edstu, kter\u00fd v\u00fdznamn\u011b kr\u00e1t\u00ed \u010das [&hellip;]\" \/>\n<meta property=\"og:url\" content=\"https:\/\/www.domstavpro.com\/index.php\/produkt\/specialni-cena-scheppach-hl-810-vertikalni-stipac-na-drevo-8t-230-v-6530\/\" \/>\n<meta property=\"og:image\" content=\"https:\/\/www.domstavpro.com\/wp-content\/uploads\/2026\/SK0028995-CZ20260425-092328-0-1777080210-1253203-1_160811.webp\" \/>\n\t<meta property=\"og:image:width\" content=\"800\" \/>\n\t<meta property=\"og:image:height\" content=\"800\" \/>\n\t<meta property=\"og:image:type\" content=\"image\/webp\" \/>\n<meta name=\"twitter:card\" content=\"summary_large_image\" \/>\n<meta name=\"twitter:label1\" content=\"Odhadovan\u00e1 doba \u010dten\u00ed\" \/>\n\t<meta name=\"twitter:data1\" content=\"2 minuty\" \/>\n<script type=\"application\/ld+json\" class=\"yoast-schema-graph\">{\"@context\":\"https:\/\/schema.org\",\"@graph\":[{\"@type\":\"WebPage\",\"@id\":\"https:\/\/www.domstavpro.com\/index.php\/produkt\/specialni-cena-scheppach-hl-810-vertikalni-stipac-na-drevo-8t-230-v-6530\/\",\"url\":\"https:\/\/www.domstavpro.com\/index.php\/produkt\/specialni-cena-scheppach-hl-810-vertikalni-stipac-na-drevo-8t-230-v-6530\/\",\"name\":\"Speci\u00e1ln\u00ed Cena Scheppach HL 810 - vertik\u00e1ln\u00ed \u0161t\u00edpa\u010d na d\u0159evo 8t (230 V) -\",\"isPartOf\":{\"@id\":\"https:\/\/www.domstavpro.com\/#website\"},\"primaryImageOfPage\":{\"@id\":\"https:\/\/www.domstavpro.com\/index.php\/produkt\/specialni-cena-scheppach-hl-810-vertikalni-stipac-na-drevo-8t-230-v-6530\/#primaryimage\"},\"image\":{\"@id\":\"https:\/\/www.domstavpro.com\/index.php\/produkt\/specialni-cena-scheppach-hl-810-vertikalni-stipac-na-drevo-8t-230-v-6530\/#primaryimage\"},\"thumbnailUrl\":\"https:\/\/www.domstavpro.com\/wp-content\/uploads\/2026\/SK0028995-CZ20260425-092328-0-1777080210-1253203-1_160811.webp\",\"datePublished\":\"2026-04-27T15:08:09+00:00\",\"breadcrumb\":{\"@id\":\"https:\/\/www.domstavpro.com\/index.php\/produkt\/specialni-cena-scheppach-hl-810-vertikalni-stipac-na-drevo-8t-230-v-6530\/#breadcrumb\"},\"inLanguage\":\"cs\",\"potentialAction\":[{\"@type\":\"ReadAction\",\"target\":[\"https:\/\/www.domstavpro.com\/index.php\/produkt\/specialni-cena-scheppach-hl-810-vertikalni-stipac-na-drevo-8t-230-v-6530\/\"]}]},{\"@type\":\"ImageObject\",\"inLanguage\":\"cs\",\"@id\":\"https:\/\/www.domstavpro.com\/index.php\/produkt\/specialni-cena-scheppach-hl-810-vertikalni-stipac-na-drevo-8t-230-v-6530\/#primaryimage\",\"url\":\"https:\/\/www.domstavpro.com\/wp-content\/uploads\/2026\/SK0028995-CZ20260425-092328-0-1777080210-1253203-1_160811.webp\",\"contentUrl\":\"https:\/\/www.domstavpro.com\/wp-content\/uploads\/2026\/SK0028995-CZ20260425-092328-0-1777080210-1253203-1_160811.webp\",\"width\":800,\"height\":800},{\"@type\":\"BreadcrumbList\",\"@id\":\"https:\/\/www.domstavpro.com\/index.php\/produkt\/specialni-cena-scheppach-hl-810-vertikalni-stipac-na-drevo-8t-230-v-6530\/#breadcrumb\",\"itemListElement\":[{\"@type\":\"ListItem\",\"position\":1,\"name\":\"Home\",\"item\":\"https:\/\/www.domstavpro.com\/\"},{\"@type\":\"ListItem\",\"position\":2,\"name\":\"Products\",\"item\":\"https:\/\/www.domstavpro.com\/index.php\/products\/\"},{\"@type\":\"ListItem\",\"position\":3,\"name\":\"Speci\u00e1ln\u00ed Cena Scheppach HL 810 &#8211; vertik\u00e1ln\u00ed \u0161t\u00edpa\u010d na d\u0159evo 8t (230 V)\"}]},{\"@type\":\"WebSite\",\"@id\":\"https:\/\/www.domstavpro.com\/#website\",\"url\":\"https:\/\/www.domstavpro.com\/\",\"name\":\"\",\"description\":\"\",\"potentialAction\":[{\"@type\":\"SearchAction\",\"target\":{\"@type\":\"EntryPoint\",\"urlTemplate\":\"https:\/\/www.domstavpro.com\/?s={search_term_string}\"},\"query-input\":{\"@type\":\"PropertyValueSpecification\",\"valueRequired\":true,\"valueName\":\"search_term_string\"}}],\"inLanguage\":\"cs\"}]}<\/script>\n<!-- \/ Yoast SEO plugin. -->","yoast_head_json":{"title":"Speci\u00e1ln\u00ed Cena Scheppach HL 810 - vertik\u00e1ln\u00ed \u0161t\u00edpa\u010d na d\u0159evo 8t (230 V) -","robots":{"index":"index","follow":"follow","max-snippet":"max-snippet:-1","max-image-preview":"max-image-preview:large","max-video-preview":"max-video-preview:-1"},"canonical":"https:\/\/www.domstavpro.com\/index.php\/produkt\/specialni-cena-scheppach-hl-810-vertikalni-stipac-na-drevo-8t-230-v-6530\/","og_locale":"cs_CZ","og_type":"article","og_title":"Speci\u00e1ln\u00ed Cena Scheppach HL 810 - vertik\u00e1ln\u00ed \u0161t\u00edpa\u010d na d\u0159evo 8t (230 V) -","og_description":"\u0160t\u00edpa\u010d na d\u0159evo Scheppach HL 810 je ide\u00e1ln\u00ed volbou pro dom\u00e1c\u00ed p\u0159\u00edpravu palivov\u00e9ho d\u0159\u00edv\u00ed. D\u00edky nov\u00e9 konstrukci je tento \u0161t\u00edpa\u010d velmi v\u00fdkonn\u00fd a stabiln\u00ed i p\u0159i \u0161t\u00edp\u00e1n\u00ed velk\u00fdch polen. U\u017eivatel d\u00e1le ocen\u00ed modern\u00ed induk\u010dn\u00ed motor, snadnou manipulovatelnost stroje d\u00edky transportn\u00edmu madlu, kol\u016fm a p\u0159ijateln\u00e9 hmotnosti stroje, d\u00e1le velmi rychl\u00fd pohyb p\u00edstu, kter\u00fd v\u00fdznamn\u011b kr\u00e1t\u00ed \u010das [&hellip;]","og_url":"https:\/\/www.domstavpro.com\/index.php\/produkt\/specialni-cena-scheppach-hl-810-vertikalni-stipac-na-drevo-8t-230-v-6530\/","og_image":[{"width":800,"height":800,"url":"https:\/\/www.domstavpro.com\/wp-content\/uploads\/2026\/SK0028995-CZ20260425-092328-0-1777080210-1253203-1_160811.webp","type":"image\/webp"}],"twitter_card":"summary_large_image","twitter_misc":{"Odhadovan\u00e1 doba \u010dten\u00ed":"2 minuty"},"schema":{"@context":"https:\/\/schema.org","@graph":[{"@type":"WebPage","@id":"https:\/\/www.domstavpro.com\/index.php\/produkt\/specialni-cena-scheppach-hl-810-vertikalni-stipac-na-drevo-8t-230-v-6530\/","url":"https:\/\/www.domstavpro.com\/index.php\/produkt\/specialni-cena-scheppach-hl-810-vertikalni-stipac-na-drevo-8t-230-v-6530\/","name":"Speci\u00e1ln\u00ed Cena Scheppach HL 810 - vertik\u00e1ln\u00ed \u0161t\u00edpa\u010d na d\u0159evo 8t (230 V) -","isPartOf":{"@id":"https:\/\/www.domstavpro.com\/#website"},"primaryImageOfPage":{"@id":"https:\/\/www.domstavpro.com\/index.php\/produkt\/specialni-cena-scheppach-hl-810-vertikalni-stipac-na-drevo-8t-230-v-6530\/#primaryimage"},"image":{"@id":"https:\/\/www.domstavpro.com\/index.php\/produkt\/specialni-cena-scheppach-hl-810-vertikalni-stipac-na-drevo-8t-230-v-6530\/#primaryimage"},"thumbnailUrl":"https:\/\/www.domstavpro.com\/wp-content\/uploads\/2026\/SK0028995-CZ20260425-092328-0-1777080210-1253203-1_160811.webp","datePublished":"2026-04-27T15:08:09+00:00","breadcrumb":{"@id":"https:\/\/www.domstavpro.com\/index.php\/produkt\/specialni-cena-scheppach-hl-810-vertikalni-stipac-na-drevo-8t-230-v-6530\/#breadcrumb"},"inLanguage":"cs","potentialAction":[{"@type":"ReadAction","target":["https:\/\/www.domstavpro.com\/index.php\/produkt\/specialni-cena-scheppach-hl-810-vertikalni-stipac-na-drevo-8t-230-v-6530\/"]}]},{"@type":"ImageObject","inLanguage":"cs","@id":"https:\/\/www.domstavpro.com\/index.php\/produkt\/specialni-cena-scheppach-hl-810-vertikalni-stipac-na-drevo-8t-230-v-6530\/#primaryimage","url":"https:\/\/www.domstavpro.com\/wp-content\/uploads\/2026\/SK0028995-CZ20260425-092328-0-1777080210-1253203-1_160811.webp","contentUrl":"https:\/\/www.domstavpro.com\/wp-content\/uploads\/2026\/SK0028995-CZ20260425-092328-0-1777080210-1253203-1_160811.webp","width":800,"height":800},{"@type":"BreadcrumbList","@id":"https:\/\/www.domstavpro.com\/index.php\/produkt\/specialni-cena-scheppach-hl-810-vertikalni-stipac-na-drevo-8t-230-v-6530\/#breadcrumb","itemListElement":[{"@type":"ListItem","position":1,"name":"Home","item":"https:\/\/www.domstavpro.com\/"},{"@type":"ListItem","position":2,"name":"Products","item":"https:\/\/www.domstavpro.com\/index.php\/products\/"},{"@type":"ListItem","position":3,"name":"Speci\u00e1ln\u00ed Cena Scheppach HL 810 &#8211; vertik\u00e1ln\u00ed \u0161t\u00edpa\u010d na d\u0159evo 8t (230 V)"}]},{"@type":"WebSite","@id":"https:\/\/www.domstavpro.com\/#website","url":"https:\/\/www.domstavpro.com\/","name":"","description":"","potentialAction":[{"@type":"SearchAction","target":{"@type":"EntryPoint","urlTemplate":"https:\/\/www.domstavpro.com\/?s={search_term_string}"},"query-input":{"@type":"PropertyValueSpecification","valueRequired":true,"valueName":"search_term_string"}}],"inLanguage":"cs"}]}},"_links":{"self":[{"href":"https:\/\/www.domstavpro.com\/index.php\/wp-json\/wp\/v2\/product\/6530","targetHints":{"allow":["GET"]}}],"collection":[{"href":"https:\/\/www.domstavpro.com\/index.php\/wp-json\/wp\/v2\/product"}],"about":[{"href":"https:\/\/www.domstavpro.com\/index.php\/wp-json\/wp\/v2\/types\/product"}],"replies":[{"embeddable":true,"href":"https:\/\/www.domstavpro.com\/index.php\/wp-json\/wp\/v2\/comments?post=6530"}],"wp:featuredmedia":[{"embeddable":true,"href":"https:\/\/www.domstavpro.com\/index.php\/wp-json\/wp\/v2\/media\/6630"}],"wp:attachment":[{"href":"https:\/\/www.domstavpro.com\/index.php\/wp-json\/wp\/v2\/media?parent=6530"}],"wp:term":[{"taxonomy":"product_brand","embeddable":true,"href":"https:\/\/www.domstavpro.com\/index.php\/wp-json\/wp\/v2\/product_brand?post=6530"},{"taxonomy":"product_cat","embeddable":true,"href":"https:\/\/www.domstavpro.com\/index.php\/wp-json\/wp\/v2\/product_cat?post=6530"},{"taxonomy":"product_tag","embeddable":true,"href":"https:\/\/www.domstavpro.com\/index.php\/wp-json\/wp\/v2\/product_tag?post=6530"}],"curies":[{"name":"wp","href":"https:\/\/api.w.org\/{rel}","templated":true}]}}