{"id":6528,"date":"2026-04-27T15:08:09","date_gmt":"2026-04-27T15:08:09","guid":{"rendered":""},"modified":"2026-04-27T15:08:09","modified_gmt":"2026-04-27T15:08:09","slug":"scheppach-hg-35-dvoukotoucova-bruska-lesticka-se-systemem-flexidrive-cenovy-hit-6528","status":"publish","type":"product","link":"https:\/\/www.domstavpro.com\/index.php\/produkt\/scheppach-hg-35-dvoukotoucova-bruska-lesticka-se-systemem-flexidrive-cenovy-hit-6528\/","title":{"rendered":"Scheppach HG 35 &#8211; dvoukotou\u010dov\u00e1 bruska &#8211; le\u0161ti\u010dka se syst\u00e9mem Flexidrive Cenov\u00fd Hit"},"content":{"rendered":"<table>\n<div class=\"tab-pane active product-description\" id=\"popis\" role=\"tabpanel\">\n<div class=\"short-description\" itemprop=\"description\"><\/div>\n<div class=\"description\"><span class='bullet-line'>HG35 od Scheppachu je kompaktn\u00ed 120W stoln\u00ed bruska se dv\u011bma p\u0159edinstalovan\u00fdmi kotou\u010di a ohebnou h\u0159\u00eddel\u00ed pro brou\u0161en\u00ed, \u0159ez\u00e1n\u00ed, le\u0161t\u011bn\u00ed a \u010di\u0161t\u011bn\u00ed. Bruska je vhodn\u00e1 pro zpracov\u00e1n\u00ed oceli, barevn\u00fdch kov\u016f, d\u0159eva, plast\u016f a barev. Zav\u0159en\u00e9 ochrann\u00e9 kryty oken poskytuj\u00ed nejlep\u0161\u00ed mo\u017enou ochranu proti jiskr\u00e1m. 103d\u00edln\u00e9 p\u0159\u00edslu\u0161enstv\u00ed je p\u0159ehledn\u011b rozt\u0159\u00edd\u011bno v praktick\u00e9m d\u0159ev\u011bn\u00e9m kuf\u0159\u00edku.<\/span><span class='bullet-line'>Kompaktn\u00ed stoln\u00ed model s 120W motorem<\/span><span class='bullet-line'>Dva kotou\u010de 75 x 25 mm pro brou\u0161en\u00ed a le\u0161t\u011bn\u00ed<\/span><span class='bullet-line'>Plynule nastaviteln\u00e9 ot\u00e1\u010dky 0 &#8211; 11000 ot.\/min<\/span><span class='bullet-line'>1m ohebn\u00e1 h\u0159\u00eddel pro p\u0159esnou pr\u00e1ci<\/span><span class='bullet-line'>Nastaviteln\u00fd lapa\u010d jisker s uzav\u0159en\u00fdmi chr\u00e1ni\u010di oken<\/span><span class='bullet-line'>Stabiln\u00ed d\u00edky protiskluzov\u00fdm p\u0159\u00edsavk\u00e1m, voliteln\u00e1 mont\u00e1\u017e na st\u016fl<\/span><span class='bullet-line'>Z\u00e1kladn\u00ed deska s otvory (mont\u00e1\u017en\u00ed materi\u00e1l nen\u00ed sou\u010d\u00e1st\u00ed dod\u00e1vky)<\/span><span class='bullet-line'>103d\u00edln\u00e9 p\u0159\u00edslu\u0161enstv\u00ed v praktick\u00e9m d\u0159ev\u011bn\u00e9m kuf\u0159\u00edku<\/span><span class='bullet-line'>Praktickou stoln\u00ed brusku HG35 od Scheppachu najdete jako kompaktn\u00ed stoln\u00ed model v ka\u017ed\u00e9 hobby d\u00edln\u011b. Se sv\u00fdmi rozm\u011bry 250 x 110 x 130 mm jej lze snadno ulo\u017eit na polici nebo pod pracovn\u00ed st\u016fl a v p\u0159\u00edpad\u011b pot\u0159eby vyjmout.<\/span><span class='bullet-line'>Na obou stran\u00e1ch je p\u0159ipevn\u011bn brusn\u00fd k\u00e1men o pr\u016fm\u011bru 75 mm a \u0161\u00ed\u0159ce 25 mm. To umo\u017e\u0148uje brousit a le\u0161tit kovy, plasty nebo jin\u00e9 materi\u00e1ly. Nastaviteln\u00e9 stabiln\u00ed podp\u011bry obrobku na ka\u017ed\u00e9m kameni umo\u017e\u0148uj\u00ed p\u0159esn\u00e9 veden\u00ed brou\u0161en\u00e9ho p\u0159edm\u011btu a zabra\u0148uj\u00ed ne\u017e\u00e1douc\u00edmu sklouznut\u00ed. D\u00edky ohebn\u00e9 h\u0159\u00eddeli o d\u00e9lce 1 metr je bez probl\u00e9m\u016f mo\u017en\u00e1 i precizn\u00ed pr\u00e1ce.<\/span><span class='bullet-line'>Nastaviteln\u00fd a pr\u016fhledn\u00fd chr\u00e1ni\u010d proti jiskr\u00e1m na ka\u017ed\u00e9m ze dvou ost\u0159\u00edc\u00edch kamen\u016f chr\u00e1n\u00ed o\u010di u\u017eivatele p\u0159ed jiskrami p\u0159i ost\u0159en\u00ed, ani\u017e by omezoval v\u00fdhled na obrobek. Pro je\u0161t\u011b v\u011bt\u0161\u00ed ochranu jsou brusn\u00e9 kotou\u010de ze t\u0159\u00ed \u010dtvrtin uzav\u0159eny v pouzd\u0159e.<\/span><span class='bullet-line'>Protiskluzov\u00e9 p\u0159\u00edsavky a hmotnost t\u00e9m\u011b\u0159 2,5 kg zaji\u0161\u0165uj\u00ed stabilitu stoln\u00ed brusky. V p\u0159\u00edpad\u011b pot\u0159eby lze HG35 tak\u00e9 p\u0159i\u0161roubovat k pracovn\u00edmu stolu pomoc\u00ed otvor\u016f v z\u00e1kladn\u011b.<\/span><span class='bullet-line'>Hladce b\u011b\u017e\u00edc\u00ed 120W motor poskytuje pot\u0159ebn\u00fd v\u00fdkon pro pohon dvou brusn\u00fdch kotou\u010d\u016f. Brusn\u00fd kotou\u010d m\u00e1 zrnitost 120, le\u0161t\u00edc\u00ed kotou\u010d m\u00e1 zrnitost 400. Ot\u00e1\u010dky lze plynule nastavit od 0 do 11000 ot\u00e1\u010dek za minutu.<\/span><span class='bullet-line'>Sou\u010d\u00e1st\u00ed dod\u00e1vky je tak\u00e9 103d\u00edln\u00e1 sada p\u0159\u00edslu\u0161enstv\u00ed, kter\u00e1 je dod\u00e1v\u00e1na v praktick\u00e9m d\u0159ev\u011bn\u00e9m kuf\u0159\u00edku.<\/span>\u2022 12 \u0159ezn\u00fdch kotou\u010d\u016f 32,5 x 1 mm<br \/>\u2022 5 brusn\u00fdch p\u00e1s\u016f 13 mm, \u00d815 mm<br \/>\u2022 5 brusn\u00fdch p\u00e1s\u016f 13 mm, \u00d89 mm<br \/>\u2022 5 le\u0161t\u00edc\u00edch plst\u00ed, \u00d825 x 7 mm<br \/>\u2022 5 le\u0161t\u00edc\u00edch plst\u00ed, \u00d813 x 7 mm<br \/>\u2022 40 \u0159ezn\u00fdch kotou\u010d\u016f, \u00d824 mm, v mal\u00e9 plastov\u00e9 krabi\u010dce<br \/>\u2022 10 namontovan\u00fdch bod\u016f<br \/>\u2022 5 fr\u00e9z<br \/>\u2022 4 \u010distic\u00ed kart\u00e1\u010dky<br \/>\u2022 3 mosazn\u00e9 kart\u00e1\u010de<br \/>\u2022 2 trny pro brusn\u00e9 p\u00e1sy<br \/>\u2022 2 trny pro le\u0161t\u011bn\u00ed plst\u00ed \/ \u0159ezn\u00e9 kotou\u010de<br \/>\u2022 1 obvazov\u00fd k\u00e1men, 20 x 10 x 10 mm<br \/>\u2022 1 le\u0161t\u00edc\u00ed pasta<br \/>\u2022 3 kle\u0161tiny pro ohebn\u00fd h\u0159\u00eddel (2,0 &#8211; 2,4 &#8211; 3,2 mm)<\/div>\n<div class=\"parameters\">\n<tr>\n<td>P\u0159\u00edkon (W)<\/td>\n<td>120<\/td>\n<\/tr>\n<tr>\n<td>Ot\u00e1\u010dky (ot\/min)<\/td>\n<td>0-11000<\/td>\n<\/tr>\n<tr>\n<td>Typ motoru<\/td>\n<td>230 V \/ 50 Hz<\/td>\n<\/tr>\n<tr>\n<td>popis modelu<\/td>\n<td>HG35<\/td>\n<\/tr>\n<tr>\n<td>d\u00e9lka stroje<\/td>\n<td>250,0<\/td>\n<\/tr>\n<tr>\n<td>\u0161\u00ed\u0159ka stroje<\/td>\n<td>110,0<\/td>\n<\/tr>\n<tr>\n<td>v\u00fd\u0161ka stroje<\/td>\n<td>130,0<\/td>\n<\/tr>\n<tr>\n<td>Brusn\u00fd kotou\u010d prav\u00fd pr\u016fm\u011br<\/td>\n<td>75,0<\/td>\n<\/tr>\n<tr>\n<td>Pr\u016fm\u011br prav\u00e9ho brusn\u00e9ho kotou\u010de<\/td>\n<td>10,0<\/td>\n<\/tr>\n<tr>\n<td>Brusn\u00fd kotou\u010d prav\u00e1 \u0161\u00ed\u0159ka<\/td>\n<td>20,0<\/td>\n<\/tr>\n<tr>\n<td>Brusn\u00fd kotou\u010d prav\u00e9 zrno<\/td>\n<td>120,0<\/td>\n<\/tr>\n<tr>\n<td>pracovn\u00ed sv\u011btlo<\/td>\n<td>Ne<\/td>\n<\/tr>\n<tr>\n<td>Ochrann\u00e9 sklo s lupou<\/td>\n<td>Ne<\/td>\n<\/tr>\n<tr>\n<td>n\u00e1dr\u017e na vodu<\/td>\n<td>Ne<\/td>\n<\/tr>\n<tr>\n<td>podp\u011bra obrobku<\/td>\n<td>Ano<\/td>\n<\/tr>\n<tr>\n<td>Nastaviteln\u00e1 podp\u011bra obrobku<\/td>\n<td>Ano<\/td>\n<\/tr>\n<tr>\n<td>materi\u00e1l pro ulo\u017een\u00ed n\u00e1\u0159ad\u00ed<\/td>\n<td>ocel<\/td>\n<\/tr>\n<tr>\n<td>max. rychlost vpravo<\/td>\n<td>50,0<\/td>\n<\/tr>\n<tr>\n<td>Materi\u00e1l brusn\u00fd kotou\u010d prav\u00fd<\/td>\n<td>oxid hlinit\u00fd<\/td>\n<\/tr><\/div>\n<\/table>\n","protected":false},"excerpt":{"rendered":"<p>HG35 od Scheppachu je kompaktn\u00ed 120W stoln\u00ed bruska se dv\u011bma p\u0159edinstalovan\u00fdmi kotou\u010di a ohebnou h\u0159\u00eddel\u00ed pro brou\u0161en\u00ed, \u0159ez\u00e1n\u00ed, le\u0161t\u011bn\u00ed a \u010di\u0161t\u011bn\u00ed. Bruska je vhodn\u00e1 pro zpracov\u00e1n\u00ed oceli, barevn\u00fdch kov\u016f, d\u0159eva, plast\u016f a barev. Zav\u0159en\u00e9 ochrann\u00e9 kryty oken poskytuj\u00ed nejlep\u0161\u00ed mo\u017enou ochranu proti jiskr\u00e1m. 103d\u00edln\u00e9 p\u0159\u00edslu\u0161enstv\u00ed je p\u0159ehledn\u011b rozt\u0159\u00edd\u011bno v praktick\u00e9m d\u0159ev\u011bn\u00e9m kuf\u0159\u00edku.Kompaktn\u00ed stoln\u00ed model s [&hellip;]<\/p>\n","protected":false},"featured_media":6628,"comment_status":"open","ping_status":"open","template":"","meta":[],"product_brand":[],"product_cat":[38],"product_tag":[],"class_list":{"0":"post-6528","1":"product","2":"type-product","3":"status-publish","4":"has-post-thumbnail","6":"product_cat-naradi","8":"first","9":"instock","10":"sale","11":"shipping-taxable","12":"purchasable","13":"product-type-simple"},"yoast_head":"<!-- This site is optimized with the Yoast SEO plugin v26.8 - https:\/\/yoast.com\/product\/yoast-seo-wordpress\/ -->\n<title>Scheppach HG 35 - dvoukotou\u010dov\u00e1 bruska - le\u0161ti\u010dka se syst\u00e9mem Flexidrive Cenov\u00fd Hit -<\/title>\n<meta name=\"robots\" content=\"index, follow, max-snippet:-1, max-image-preview:large, max-video-preview:-1\" \/>\n<link rel=\"canonical\" href=\"https:\/\/www.domstavpro.com\/index.php\/produkt\/scheppach-hg-35-dvoukotoucova-bruska-lesticka-se-systemem-flexidrive-cenovy-hit-6528\/\" \/>\n<meta property=\"og:locale\" content=\"cs_CZ\" \/>\n<meta property=\"og:type\" content=\"article\" \/>\n<meta property=\"og:title\" content=\"Scheppach HG 35 - dvoukotou\u010dov\u00e1 bruska - le\u0161ti\u010dka se syst\u00e9mem Flexidrive Cenov\u00fd Hit -\" \/>\n<meta property=\"og:description\" content=\"HG35 od Scheppachu je kompaktn\u00ed 120W stoln\u00ed bruska se dv\u011bma p\u0159edinstalovan\u00fdmi kotou\u010di a ohebnou h\u0159\u00eddel\u00ed pro brou\u0161en\u00ed, \u0159ez\u00e1n\u00ed, le\u0161t\u011bn\u00ed a \u010di\u0161t\u011bn\u00ed. Bruska je vhodn\u00e1 pro zpracov\u00e1n\u00ed oceli, barevn\u00fdch kov\u016f, d\u0159eva, plast\u016f a barev. Zav\u0159en\u00e9 ochrann\u00e9 kryty oken poskytuj\u00ed nejlep\u0161\u00ed mo\u017enou ochranu proti jiskr\u00e1m. 103d\u00edln\u00e9 p\u0159\u00edslu\u0161enstv\u00ed je p\u0159ehledn\u011b rozt\u0159\u00edd\u011bno v praktick\u00e9m d\u0159ev\u011bn\u00e9m kuf\u0159\u00edku.Kompaktn\u00ed stoln\u00ed model s [&hellip;]\" \/>\n<meta property=\"og:url\" content=\"https:\/\/www.domstavpro.com\/index.php\/produkt\/scheppach-hg-35-dvoukotoucova-bruska-lesticka-se-systemem-flexidrive-cenovy-hit-6528\/\" \/>\n<meta property=\"og:image\" content=\"https:\/\/www.domstavpro.com\/wp-content\/uploads\/2026\/SK0028993-CZ20260425-092328-0-1777080210-1253201-1_160511.webp\" \/>\n\t<meta property=\"og:image:width\" content=\"800\" \/>\n\t<meta property=\"og:image:height\" content=\"800\" \/>\n\t<meta property=\"og:image:type\" content=\"image\/webp\" \/>\n<meta name=\"twitter:card\" content=\"summary_large_image\" \/>\n<meta name=\"twitter:label1\" content=\"Odhadovan\u00e1 doba \u010dten\u00ed\" \/>\n\t<meta name=\"twitter:data1\" content=\"3 minuty\" \/>\n<script type=\"application\/ld+json\" class=\"yoast-schema-graph\">{\"@context\":\"https:\/\/schema.org\",\"@graph\":[{\"@type\":\"WebPage\",\"@id\":\"https:\/\/www.domstavpro.com\/index.php\/produkt\/scheppach-hg-35-dvoukotoucova-bruska-lesticka-se-systemem-flexidrive-cenovy-hit-6528\/\",\"url\":\"https:\/\/www.domstavpro.com\/index.php\/produkt\/scheppach-hg-35-dvoukotoucova-bruska-lesticka-se-systemem-flexidrive-cenovy-hit-6528\/\",\"name\":\"Scheppach HG 35 - dvoukotou\u010dov\u00e1 bruska - le\u0161ti\u010dka se syst\u00e9mem Flexidrive Cenov\u00fd Hit -\",\"isPartOf\":{\"@id\":\"https:\/\/www.domstavpro.com\/#website\"},\"primaryImageOfPage\":{\"@id\":\"https:\/\/www.domstavpro.com\/index.php\/produkt\/scheppach-hg-35-dvoukotoucova-bruska-lesticka-se-systemem-flexidrive-cenovy-hit-6528\/#primaryimage\"},\"image\":{\"@id\":\"https:\/\/www.domstavpro.com\/index.php\/produkt\/scheppach-hg-35-dvoukotoucova-bruska-lesticka-se-systemem-flexidrive-cenovy-hit-6528\/#primaryimage\"},\"thumbnailUrl\":\"https:\/\/www.domstavpro.com\/wp-content\/uploads\/2026\/SK0028993-CZ20260425-092328-0-1777080210-1253201-1_160511.webp\",\"datePublished\":\"2026-04-27T15:08:09+00:00\",\"breadcrumb\":{\"@id\":\"https:\/\/www.domstavpro.com\/index.php\/produkt\/scheppach-hg-35-dvoukotoucova-bruska-lesticka-se-systemem-flexidrive-cenovy-hit-6528\/#breadcrumb\"},\"inLanguage\":\"cs\",\"potentialAction\":[{\"@type\":\"ReadAction\",\"target\":[\"https:\/\/www.domstavpro.com\/index.php\/produkt\/scheppach-hg-35-dvoukotoucova-bruska-lesticka-se-systemem-flexidrive-cenovy-hit-6528\/\"]}]},{\"@type\":\"ImageObject\",\"inLanguage\":\"cs\",\"@id\":\"https:\/\/www.domstavpro.com\/index.php\/produkt\/scheppach-hg-35-dvoukotoucova-bruska-lesticka-se-systemem-flexidrive-cenovy-hit-6528\/#primaryimage\",\"url\":\"https:\/\/www.domstavpro.com\/wp-content\/uploads\/2026\/SK0028993-CZ20260425-092328-0-1777080210-1253201-1_160511.webp\",\"contentUrl\":\"https:\/\/www.domstavpro.com\/wp-content\/uploads\/2026\/SK0028993-CZ20260425-092328-0-1777080210-1253201-1_160511.webp\",\"width\":800,\"height\":800},{\"@type\":\"BreadcrumbList\",\"@id\":\"https:\/\/www.domstavpro.com\/index.php\/produkt\/scheppach-hg-35-dvoukotoucova-bruska-lesticka-se-systemem-flexidrive-cenovy-hit-6528\/#breadcrumb\",\"itemListElement\":[{\"@type\":\"ListItem\",\"position\":1,\"name\":\"Home\",\"item\":\"https:\/\/www.domstavpro.com\/\"},{\"@type\":\"ListItem\",\"position\":2,\"name\":\"Products\",\"item\":\"https:\/\/www.domstavpro.com\/index.php\/products\/\"},{\"@type\":\"ListItem\",\"position\":3,\"name\":\"Scheppach HG 35 &#8211; dvoukotou\u010dov\u00e1 bruska &#8211; le\u0161ti\u010dka se syst\u00e9mem Flexidrive Cenov\u00fd Hit\"}]},{\"@type\":\"WebSite\",\"@id\":\"https:\/\/www.domstavpro.com\/#website\",\"url\":\"https:\/\/www.domstavpro.com\/\",\"name\":\"\",\"description\":\"\",\"potentialAction\":[{\"@type\":\"SearchAction\",\"target\":{\"@type\":\"EntryPoint\",\"urlTemplate\":\"https:\/\/www.domstavpro.com\/?s={search_term_string}\"},\"query-input\":{\"@type\":\"PropertyValueSpecification\",\"valueRequired\":true,\"valueName\":\"search_term_string\"}}],\"inLanguage\":\"cs\"}]}<\/script>\n<!-- \/ Yoast SEO plugin. -->","yoast_head_json":{"title":"Scheppach HG 35 - dvoukotou\u010dov\u00e1 bruska - le\u0161ti\u010dka se syst\u00e9mem Flexidrive Cenov\u00fd Hit -","robots":{"index":"index","follow":"follow","max-snippet":"max-snippet:-1","max-image-preview":"max-image-preview:large","max-video-preview":"max-video-preview:-1"},"canonical":"https:\/\/www.domstavpro.com\/index.php\/produkt\/scheppach-hg-35-dvoukotoucova-bruska-lesticka-se-systemem-flexidrive-cenovy-hit-6528\/","og_locale":"cs_CZ","og_type":"article","og_title":"Scheppach HG 35 - dvoukotou\u010dov\u00e1 bruska - le\u0161ti\u010dka se syst\u00e9mem Flexidrive Cenov\u00fd Hit -","og_description":"HG35 od Scheppachu je kompaktn\u00ed 120W stoln\u00ed bruska se dv\u011bma p\u0159edinstalovan\u00fdmi kotou\u010di a ohebnou h\u0159\u00eddel\u00ed pro brou\u0161en\u00ed, \u0159ez\u00e1n\u00ed, le\u0161t\u011bn\u00ed a \u010di\u0161t\u011bn\u00ed. Bruska je vhodn\u00e1 pro zpracov\u00e1n\u00ed oceli, barevn\u00fdch kov\u016f, d\u0159eva, plast\u016f a barev. Zav\u0159en\u00e9 ochrann\u00e9 kryty oken poskytuj\u00ed nejlep\u0161\u00ed mo\u017enou ochranu proti jiskr\u00e1m. 103d\u00edln\u00e9 p\u0159\u00edslu\u0161enstv\u00ed je p\u0159ehledn\u011b rozt\u0159\u00edd\u011bno v praktick\u00e9m d\u0159ev\u011bn\u00e9m kuf\u0159\u00edku.Kompaktn\u00ed stoln\u00ed model s [&hellip;]","og_url":"https:\/\/www.domstavpro.com\/index.php\/produkt\/scheppach-hg-35-dvoukotoucova-bruska-lesticka-se-systemem-flexidrive-cenovy-hit-6528\/","og_image":[{"width":800,"height":800,"url":"https:\/\/www.domstavpro.com\/wp-content\/uploads\/2026\/SK0028993-CZ20260425-092328-0-1777080210-1253201-1_160511.webp","type":"image\/webp"}],"twitter_card":"summary_large_image","twitter_misc":{"Odhadovan\u00e1 doba \u010dten\u00ed":"3 minuty"},"schema":{"@context":"https:\/\/schema.org","@graph":[{"@type":"WebPage","@id":"https:\/\/www.domstavpro.com\/index.php\/produkt\/scheppach-hg-35-dvoukotoucova-bruska-lesticka-se-systemem-flexidrive-cenovy-hit-6528\/","url":"https:\/\/www.domstavpro.com\/index.php\/produkt\/scheppach-hg-35-dvoukotoucova-bruska-lesticka-se-systemem-flexidrive-cenovy-hit-6528\/","name":"Scheppach HG 35 - dvoukotou\u010dov\u00e1 bruska - le\u0161ti\u010dka se syst\u00e9mem Flexidrive Cenov\u00fd Hit -","isPartOf":{"@id":"https:\/\/www.domstavpro.com\/#website"},"primaryImageOfPage":{"@id":"https:\/\/www.domstavpro.com\/index.php\/produkt\/scheppach-hg-35-dvoukotoucova-bruska-lesticka-se-systemem-flexidrive-cenovy-hit-6528\/#primaryimage"},"image":{"@id":"https:\/\/www.domstavpro.com\/index.php\/produkt\/scheppach-hg-35-dvoukotoucova-bruska-lesticka-se-systemem-flexidrive-cenovy-hit-6528\/#primaryimage"},"thumbnailUrl":"https:\/\/www.domstavpro.com\/wp-content\/uploads\/2026\/SK0028993-CZ20260425-092328-0-1777080210-1253201-1_160511.webp","datePublished":"2026-04-27T15:08:09+00:00","breadcrumb":{"@id":"https:\/\/www.domstavpro.com\/index.php\/produkt\/scheppach-hg-35-dvoukotoucova-bruska-lesticka-se-systemem-flexidrive-cenovy-hit-6528\/#breadcrumb"},"inLanguage":"cs","potentialAction":[{"@type":"ReadAction","target":["https:\/\/www.domstavpro.com\/index.php\/produkt\/scheppach-hg-35-dvoukotoucova-bruska-lesticka-se-systemem-flexidrive-cenovy-hit-6528\/"]}]},{"@type":"ImageObject","inLanguage":"cs","@id":"https:\/\/www.domstavpro.com\/index.php\/produkt\/scheppach-hg-35-dvoukotoucova-bruska-lesticka-se-systemem-flexidrive-cenovy-hit-6528\/#primaryimage","url":"https:\/\/www.domstavpro.com\/wp-content\/uploads\/2026\/SK0028993-CZ20260425-092328-0-1777080210-1253201-1_160511.webp","contentUrl":"https:\/\/www.domstavpro.com\/wp-content\/uploads\/2026\/SK0028993-CZ20260425-092328-0-1777080210-1253201-1_160511.webp","width":800,"height":800},{"@type":"BreadcrumbList","@id":"https:\/\/www.domstavpro.com\/index.php\/produkt\/scheppach-hg-35-dvoukotoucova-bruska-lesticka-se-systemem-flexidrive-cenovy-hit-6528\/#breadcrumb","itemListElement":[{"@type":"ListItem","position":1,"name":"Home","item":"https:\/\/www.domstavpro.com\/"},{"@type":"ListItem","position":2,"name":"Products","item":"https:\/\/www.domstavpro.com\/index.php\/products\/"},{"@type":"ListItem","position":3,"name":"Scheppach HG 35 &#8211; dvoukotou\u010dov\u00e1 bruska &#8211; le\u0161ti\u010dka se syst\u00e9mem Flexidrive Cenov\u00fd Hit"}]},{"@type":"WebSite","@id":"https:\/\/www.domstavpro.com\/#website","url":"https:\/\/www.domstavpro.com\/","name":"","description":"","potentialAction":[{"@type":"SearchAction","target":{"@type":"EntryPoint","urlTemplate":"https:\/\/www.domstavpro.com\/?s={search_term_string}"},"query-input":{"@type":"PropertyValueSpecification","valueRequired":true,"valueName":"search_term_string"}}],"inLanguage":"cs"}]}},"_links":{"self":[{"href":"https:\/\/www.domstavpro.com\/index.php\/wp-json\/wp\/v2\/product\/6528","targetHints":{"allow":["GET"]}}],"collection":[{"href":"https:\/\/www.domstavpro.com\/index.php\/wp-json\/wp\/v2\/product"}],"about":[{"href":"https:\/\/www.domstavpro.com\/index.php\/wp-json\/wp\/v2\/types\/product"}],"replies":[{"embeddable":true,"href":"https:\/\/www.domstavpro.com\/index.php\/wp-json\/wp\/v2\/comments?post=6528"}],"wp:featuredmedia":[{"embeddable":true,"href":"https:\/\/www.domstavpro.com\/index.php\/wp-json\/wp\/v2\/media\/6628"}],"wp:attachment":[{"href":"https:\/\/www.domstavpro.com\/index.php\/wp-json\/wp\/v2\/media?parent=6528"}],"wp:term":[{"taxonomy":"product_brand","embeddable":true,"href":"https:\/\/www.domstavpro.com\/index.php\/wp-json\/wp\/v2\/product_brand?post=6528"},{"taxonomy":"product_cat","embeddable":true,"href":"https:\/\/www.domstavpro.com\/index.php\/wp-json\/wp\/v2\/product_cat?post=6528"},{"taxonomy":"product_tag","embeddable":true,"href":"https:\/\/www.domstavpro.com\/index.php\/wp-json\/wp\/v2\/product_tag?post=6528"}],"curies":[{"name":"wp","href":"https:\/\/api.w.org\/{rel}","templated":true}]}}