{"id":6525,"date":"2026-04-27T15:08:09","date_gmt":"2026-04-27T15:08:09","guid":{"rendered":""},"modified":"2026-04-27T15:08:09","modified_gmt":"2026-04-27T15:08:09","slug":"scheppach-hc-52-dc-dvoupistovy-olejovy-kompresor-50-l-sezonni-sleva-6525","status":"publish","type":"product","link":"https:\/\/www.domstavpro.com\/index.php\/produkt\/scheppach-hc-52-dc-dvoupistovy-olejovy-kompresor-50-l-sezonni-sleva-6525\/","title":{"rendered":"Scheppach HC 52 dc &#8211; dvoup\u00edstov\u00fd olejov\u00fd kompresor 50 l Sez\u00f3nn\u00ed Sleva"},"content":{"rendered":"<table>\n<div class=\"tab-pane active product-description\" id=\"popis\" role=\"tabpanel\">\n<div class=\"short-description\" itemprop=\"description\"><\/div>\n<div class=\"description\">Tento dvouv\u00e1lcov\u00fd kompresor je ide\u00e1ln\u00edm pomocn\u00edkem do d\u00edlny ka\u017ed\u00e9ho n\u00e1ro\u010dn\u00e9ho kutila a d\u00edky velk\u00e9mu obsahu vzdu\u0161n\u00edku najde uplatn\u011bn\u00ed i v mnoha \u0159emesln\u00fdch d\u00edln\u00e1ch. Pumpa kompresoru je maz\u00e1na olejem, co\u017e prodlu\u017euje \u017eivotnost cel\u00e9ho stroje i p\u0159i \u010dast\u00e9m pou\u017e\u00edv\u00e1n\u00ed. Aby byla kontrola oleje jednoduch\u00e1, je kompresor vybaven optick\u00fdm ukazatelem jeho stavu. Vzdu\u0161n\u00edk slou\u017e\u00ed jako z\u00e1sob\u00e1rna stla\u010den\u00e9ho vzduchu a motor se tak zap\u00edn\u00e1 jen v p\u0159\u00edpad\u011b, \u017ee tlak vzduchu klesne pod po\u017eadovanou \u00farove\u0148. Op\u011btovn\u00e9 natlakov\u00e1n\u00ed 50ti litrov\u00e9 n\u00e1dr\u017ee m\u00e1 na starosti siln\u00fd dvouv\u00e1lcov\u00fd motor o vysok\u00e9m maxim\u00e1ln\u00edm v\u00fdkonu 3 HP. D\u00edky velk\u00e9mu objemu vzdu\u0161n\u00edku m\u016f\u017eete s kompresorem mimo b\u011b\u017en\u00e9ho hu\u0161t\u011bn\u00ed a ofukov\u00e1n\u00ed prov\u00e1d\u011bt i n\u00e1ro\u010dn\u011bj\u0161\u00ed operace s pou\u017eit\u00edm r\u016fzn\u00fdch druh\u016f pneumatick\u00e9ho n\u00e1\u0159ad\u00ed a je vhodn\u00fd i pro p\u0159ipojen\u00ed myc\u00ed pistole, st\u0159\u00edkac\u00ed pistole, p\u00edskovac\u00ed trysky ap. P\u0159i dofukov\u00e1n\u00ed pneumatik zase ocen\u00edte jednoduch\u00e9 nastaven\u00ed v\u00fd\u0161e tlaku, kter\u00fd m\u016f\u017eete snadno kontrolovat pomoc\u00ed p\u0159ehledn\u00e9ho manometru. P\u0159\u00eddavn\u00e1 rukoje\u0165 a kole\u010dka umo\u017en\u00ed snadnou manipulaci se strojem.<\/p>\n<p>Rozsah dod\u00e1vky:<br \/>manometr vzdu\u0161n\u00edku, manometr pro kontrolu nastaven\u00e9ho pracovn\u00edho tlaku, rychlospojky, reduk\u010dn\u00ed ventil, tlakov\u00fd sp\u00edna\u010d, odkalovac\u00ed ventil, zp\u011btn\u00fd ventil, pojistn\u00fd ventil, vzduchov\u00fd filtr, optick\u00fd ukazatel stavu oleje, pojezdov\u00e1 kola, rukoje\u0165<\/div>\n<\/table>\n","protected":false},"excerpt":{"rendered":"<p>Tento dvouv\u00e1lcov\u00fd kompresor je ide\u00e1ln\u00edm pomocn\u00edkem do d\u00edlny ka\u017ed\u00e9ho n\u00e1ro\u010dn\u00e9ho kutila a d\u00edky velk\u00e9mu obsahu vzdu\u0161n\u00edku najde uplatn\u011bn\u00ed i v mnoha \u0159emesln\u00fdch d\u00edln\u00e1ch. Pumpa kompresoru je maz\u00e1na olejem, co\u017e prodlu\u017euje \u017eivotnost cel\u00e9ho stroje i p\u0159i \u010dast\u00e9m pou\u017e\u00edv\u00e1n\u00ed. Aby byla kontrola oleje jednoduch\u00e1, je kompresor vybaven optick\u00fdm ukazatelem jeho stavu. Vzdu\u0161n\u00edk slou\u017e\u00ed jako z\u00e1sob\u00e1rna stla\u010den\u00e9ho vzduchu [&hellip;]<\/p>\n","protected":false},"featured_media":6625,"comment_status":"open","ping_status":"open","template":"","meta":[],"product_brand":[],"product_cat":[42],"product_tag":[],"class_list":{"0":"post-6525","1":"product","2":"type-product","3":"status-publish","4":"has-post-thumbnail","6":"product_cat-novinky","8":"first","9":"instock","10":"sale","11":"shipping-taxable","12":"purchasable","13":"product-type-simple"},"yoast_head":"<!-- This site is optimized with the Yoast SEO plugin v26.8 - https:\/\/yoast.com\/product\/yoast-seo-wordpress\/ -->\n<title>Scheppach HC 52 dc - dvoup\u00edstov\u00fd olejov\u00fd kompresor 50 l Sez\u00f3nn\u00ed Sleva -<\/title>\n<meta name=\"robots\" content=\"index, follow, max-snippet:-1, max-image-preview:large, max-video-preview:-1\" \/>\n<link rel=\"canonical\" href=\"https:\/\/www.domstavpro.com\/index.php\/produkt\/scheppach-hc-52-dc-dvoupistovy-olejovy-kompresor-50-l-sezonni-sleva-6525\/\" \/>\n<meta property=\"og:locale\" content=\"cs_CZ\" \/>\n<meta property=\"og:type\" content=\"article\" \/>\n<meta property=\"og:title\" content=\"Scheppach HC 52 dc - dvoup\u00edstov\u00fd olejov\u00fd kompresor 50 l Sez\u00f3nn\u00ed Sleva -\" \/>\n<meta property=\"og:description\" content=\"Tento dvouv\u00e1lcov\u00fd kompresor je ide\u00e1ln\u00edm pomocn\u00edkem do d\u00edlny ka\u017ed\u00e9ho n\u00e1ro\u010dn\u00e9ho kutila a d\u00edky velk\u00e9mu obsahu vzdu\u0161n\u00edku najde uplatn\u011bn\u00ed i v mnoha \u0159emesln\u00fdch d\u00edln\u00e1ch. Pumpa kompresoru je maz\u00e1na olejem, co\u017e prodlu\u017euje \u017eivotnost cel\u00e9ho stroje i p\u0159i \u010dast\u00e9m pou\u017e\u00edv\u00e1n\u00ed. Aby byla kontrola oleje jednoduch\u00e1, je kompresor vybaven optick\u00fdm ukazatelem jeho stavu. Vzdu\u0161n\u00edk slou\u017e\u00ed jako z\u00e1sob\u00e1rna stla\u010den\u00e9ho vzduchu [&hellip;]\" \/>\n<meta property=\"og:url\" content=\"https:\/\/www.domstavpro.com\/index.php\/produkt\/scheppach-hc-52-dc-dvoupistovy-olejovy-kompresor-50-l-sezonni-sleva-6525\/\" \/>\n<meta property=\"og:image\" content=\"https:\/\/www.domstavpro.com\/wp-content\/uploads\/2026\/SK0028990-CZ20260425-092328-0-1777080210-_empty.webp\" \/>\n\t<meta property=\"og:image:width\" content=\"120\" \/>\n\t<meta property=\"og:image:height\" content=\"120\" \/>\n\t<meta property=\"og:image:type\" content=\"image\/webp\" \/>\n<meta name=\"twitter:card\" content=\"summary_large_image\" \/>\n<meta name=\"twitter:label1\" content=\"Odhadovan\u00e1 doba \u010dten\u00ed\" \/>\n\t<meta name=\"twitter:data1\" content=\"1 minuta\" \/>\n<script type=\"application\/ld+json\" class=\"yoast-schema-graph\">{\"@context\":\"https:\/\/schema.org\",\"@graph\":[{\"@type\":\"WebPage\",\"@id\":\"https:\/\/www.domstavpro.com\/index.php\/produkt\/scheppach-hc-52-dc-dvoupistovy-olejovy-kompresor-50-l-sezonni-sleva-6525\/\",\"url\":\"https:\/\/www.domstavpro.com\/index.php\/produkt\/scheppach-hc-52-dc-dvoupistovy-olejovy-kompresor-50-l-sezonni-sleva-6525\/\",\"name\":\"Scheppach HC 52 dc - dvoup\u00edstov\u00fd olejov\u00fd kompresor 50 l Sez\u00f3nn\u00ed Sleva -\",\"isPartOf\":{\"@id\":\"https:\/\/www.domstavpro.com\/#website\"},\"primaryImageOfPage\":{\"@id\":\"https:\/\/www.domstavpro.com\/index.php\/produkt\/scheppach-hc-52-dc-dvoupistovy-olejovy-kompresor-50-l-sezonni-sleva-6525\/#primaryimage\"},\"image\":{\"@id\":\"https:\/\/www.domstavpro.com\/index.php\/produkt\/scheppach-hc-52-dc-dvoupistovy-olejovy-kompresor-50-l-sezonni-sleva-6525\/#primaryimage\"},\"thumbnailUrl\":\"https:\/\/www.domstavpro.com\/wp-content\/uploads\/2026\/SK0028990-CZ20260425-092328-0-1777080210-_empty.webp\",\"datePublished\":\"2026-04-27T15:08:09+00:00\",\"breadcrumb\":{\"@id\":\"https:\/\/www.domstavpro.com\/index.php\/produkt\/scheppach-hc-52-dc-dvoupistovy-olejovy-kompresor-50-l-sezonni-sleva-6525\/#breadcrumb\"},\"inLanguage\":\"cs\",\"potentialAction\":[{\"@type\":\"ReadAction\",\"target\":[\"https:\/\/www.domstavpro.com\/index.php\/produkt\/scheppach-hc-52-dc-dvoupistovy-olejovy-kompresor-50-l-sezonni-sleva-6525\/\"]}]},{\"@type\":\"ImageObject\",\"inLanguage\":\"cs\",\"@id\":\"https:\/\/www.domstavpro.com\/index.php\/produkt\/scheppach-hc-52-dc-dvoupistovy-olejovy-kompresor-50-l-sezonni-sleva-6525\/#primaryimage\",\"url\":\"https:\/\/www.domstavpro.com\/wp-content\/uploads\/2026\/SK0028990-CZ20260425-092328-0-1777080210-_empty.webp\",\"contentUrl\":\"https:\/\/www.domstavpro.com\/wp-content\/uploads\/2026\/SK0028990-CZ20260425-092328-0-1777080210-_empty.webp\",\"width\":120,\"height\":120},{\"@type\":\"BreadcrumbList\",\"@id\":\"https:\/\/www.domstavpro.com\/index.php\/produkt\/scheppach-hc-52-dc-dvoupistovy-olejovy-kompresor-50-l-sezonni-sleva-6525\/#breadcrumb\",\"itemListElement\":[{\"@type\":\"ListItem\",\"position\":1,\"name\":\"Home\",\"item\":\"https:\/\/www.domstavpro.com\/\"},{\"@type\":\"ListItem\",\"position\":2,\"name\":\"Products\",\"item\":\"https:\/\/www.domstavpro.com\/index.php\/products\/\"},{\"@type\":\"ListItem\",\"position\":3,\"name\":\"Scheppach HC 52 dc &#8211; dvoup\u00edstov\u00fd olejov\u00fd kompresor 50 l Sez\u00f3nn\u00ed Sleva\"}]},{\"@type\":\"WebSite\",\"@id\":\"https:\/\/www.domstavpro.com\/#website\",\"url\":\"https:\/\/www.domstavpro.com\/\",\"name\":\"\",\"description\":\"\",\"potentialAction\":[{\"@type\":\"SearchAction\",\"target\":{\"@type\":\"EntryPoint\",\"urlTemplate\":\"https:\/\/www.domstavpro.com\/?s={search_term_string}\"},\"query-input\":{\"@type\":\"PropertyValueSpecification\",\"valueRequired\":true,\"valueName\":\"search_term_string\"}}],\"inLanguage\":\"cs\"}]}<\/script>\n<!-- \/ Yoast SEO plugin. -->","yoast_head_json":{"title":"Scheppach HC 52 dc - dvoup\u00edstov\u00fd olejov\u00fd kompresor 50 l Sez\u00f3nn\u00ed Sleva -","robots":{"index":"index","follow":"follow","max-snippet":"max-snippet:-1","max-image-preview":"max-image-preview:large","max-video-preview":"max-video-preview:-1"},"canonical":"https:\/\/www.domstavpro.com\/index.php\/produkt\/scheppach-hc-52-dc-dvoupistovy-olejovy-kompresor-50-l-sezonni-sleva-6525\/","og_locale":"cs_CZ","og_type":"article","og_title":"Scheppach HC 52 dc - dvoup\u00edstov\u00fd olejov\u00fd kompresor 50 l Sez\u00f3nn\u00ed Sleva -","og_description":"Tento dvouv\u00e1lcov\u00fd kompresor je ide\u00e1ln\u00edm pomocn\u00edkem do d\u00edlny ka\u017ed\u00e9ho n\u00e1ro\u010dn\u00e9ho kutila a d\u00edky velk\u00e9mu obsahu vzdu\u0161n\u00edku najde uplatn\u011bn\u00ed i v mnoha \u0159emesln\u00fdch d\u00edln\u00e1ch. Pumpa kompresoru je maz\u00e1na olejem, co\u017e prodlu\u017euje \u017eivotnost cel\u00e9ho stroje i p\u0159i \u010dast\u00e9m pou\u017e\u00edv\u00e1n\u00ed. Aby byla kontrola oleje jednoduch\u00e1, je kompresor vybaven optick\u00fdm ukazatelem jeho stavu. Vzdu\u0161n\u00edk slou\u017e\u00ed jako z\u00e1sob\u00e1rna stla\u010den\u00e9ho vzduchu [&hellip;]","og_url":"https:\/\/www.domstavpro.com\/index.php\/produkt\/scheppach-hc-52-dc-dvoupistovy-olejovy-kompresor-50-l-sezonni-sleva-6525\/","og_image":[{"width":120,"height":120,"url":"https:\/\/www.domstavpro.com\/wp-content\/uploads\/2026\/SK0028990-CZ20260425-092328-0-1777080210-_empty.webp","type":"image\/webp"}],"twitter_card":"summary_large_image","twitter_misc":{"Odhadovan\u00e1 doba \u010dten\u00ed":"1 minuta"},"schema":{"@context":"https:\/\/schema.org","@graph":[{"@type":"WebPage","@id":"https:\/\/www.domstavpro.com\/index.php\/produkt\/scheppach-hc-52-dc-dvoupistovy-olejovy-kompresor-50-l-sezonni-sleva-6525\/","url":"https:\/\/www.domstavpro.com\/index.php\/produkt\/scheppach-hc-52-dc-dvoupistovy-olejovy-kompresor-50-l-sezonni-sleva-6525\/","name":"Scheppach HC 52 dc - dvoup\u00edstov\u00fd olejov\u00fd kompresor 50 l Sez\u00f3nn\u00ed Sleva -","isPartOf":{"@id":"https:\/\/www.domstavpro.com\/#website"},"primaryImageOfPage":{"@id":"https:\/\/www.domstavpro.com\/index.php\/produkt\/scheppach-hc-52-dc-dvoupistovy-olejovy-kompresor-50-l-sezonni-sleva-6525\/#primaryimage"},"image":{"@id":"https:\/\/www.domstavpro.com\/index.php\/produkt\/scheppach-hc-52-dc-dvoupistovy-olejovy-kompresor-50-l-sezonni-sleva-6525\/#primaryimage"},"thumbnailUrl":"https:\/\/www.domstavpro.com\/wp-content\/uploads\/2026\/SK0028990-CZ20260425-092328-0-1777080210-_empty.webp","datePublished":"2026-04-27T15:08:09+00:00","breadcrumb":{"@id":"https:\/\/www.domstavpro.com\/index.php\/produkt\/scheppach-hc-52-dc-dvoupistovy-olejovy-kompresor-50-l-sezonni-sleva-6525\/#breadcrumb"},"inLanguage":"cs","potentialAction":[{"@type":"ReadAction","target":["https:\/\/www.domstavpro.com\/index.php\/produkt\/scheppach-hc-52-dc-dvoupistovy-olejovy-kompresor-50-l-sezonni-sleva-6525\/"]}]},{"@type":"ImageObject","inLanguage":"cs","@id":"https:\/\/www.domstavpro.com\/index.php\/produkt\/scheppach-hc-52-dc-dvoupistovy-olejovy-kompresor-50-l-sezonni-sleva-6525\/#primaryimage","url":"https:\/\/www.domstavpro.com\/wp-content\/uploads\/2026\/SK0028990-CZ20260425-092328-0-1777080210-_empty.webp","contentUrl":"https:\/\/www.domstavpro.com\/wp-content\/uploads\/2026\/SK0028990-CZ20260425-092328-0-1777080210-_empty.webp","width":120,"height":120},{"@type":"BreadcrumbList","@id":"https:\/\/www.domstavpro.com\/index.php\/produkt\/scheppach-hc-52-dc-dvoupistovy-olejovy-kompresor-50-l-sezonni-sleva-6525\/#breadcrumb","itemListElement":[{"@type":"ListItem","position":1,"name":"Home","item":"https:\/\/www.domstavpro.com\/"},{"@type":"ListItem","position":2,"name":"Products","item":"https:\/\/www.domstavpro.com\/index.php\/products\/"},{"@type":"ListItem","position":3,"name":"Scheppach HC 52 dc &#8211; dvoup\u00edstov\u00fd olejov\u00fd kompresor 50 l Sez\u00f3nn\u00ed Sleva"}]},{"@type":"WebSite","@id":"https:\/\/www.domstavpro.com\/#website","url":"https:\/\/www.domstavpro.com\/","name":"","description":"","potentialAction":[{"@type":"SearchAction","target":{"@type":"EntryPoint","urlTemplate":"https:\/\/www.domstavpro.com\/?s={search_term_string}"},"query-input":{"@type":"PropertyValueSpecification","valueRequired":true,"valueName":"search_term_string"}}],"inLanguage":"cs"}]}},"_links":{"self":[{"href":"https:\/\/www.domstavpro.com\/index.php\/wp-json\/wp\/v2\/product\/6525","targetHints":{"allow":["GET"]}}],"collection":[{"href":"https:\/\/www.domstavpro.com\/index.php\/wp-json\/wp\/v2\/product"}],"about":[{"href":"https:\/\/www.domstavpro.com\/index.php\/wp-json\/wp\/v2\/types\/product"}],"replies":[{"embeddable":true,"href":"https:\/\/www.domstavpro.com\/index.php\/wp-json\/wp\/v2\/comments?post=6525"}],"wp:featuredmedia":[{"embeddable":true,"href":"https:\/\/www.domstavpro.com\/index.php\/wp-json\/wp\/v2\/media\/6625"}],"wp:attachment":[{"href":"https:\/\/www.domstavpro.com\/index.php\/wp-json\/wp\/v2\/media?parent=6525"}],"wp:term":[{"taxonomy":"product_brand","embeddable":true,"href":"https:\/\/www.domstavpro.com\/index.php\/wp-json\/wp\/v2\/product_brand?post=6525"},{"taxonomy":"product_cat","embeddable":true,"href":"https:\/\/www.domstavpro.com\/index.php\/wp-json\/wp\/v2\/product_cat?post=6525"},{"taxonomy":"product_tag","embeddable":true,"href":"https:\/\/www.domstavpro.com\/index.php\/wp-json\/wp\/v2\/product_tag?post=6525"}],"curies":[{"name":"wp","href":"https:\/\/api.w.org\/{rel}","templated":true}]}}