{"id":6524,"date":"2026-04-27T15:08:09","date_gmt":"2026-04-27T15:08:09","guid":{"rendered":""},"modified":"2026-04-27T15:08:09","modified_gmt":"2026-04-27T15:08:09","slug":"scheppach-hc-51-v-bezolejovy-vertikalni-kompresor-50-l-super-cena-6524","status":"publish","type":"product","link":"https:\/\/www.domstavpro.com\/index.php\/produkt\/scheppach-hc-51-v-bezolejovy-vertikalni-kompresor-50-l-super-cena-6524\/","title":{"rendered":"Scheppach HC 51 V &#8211; bezolejov\u00fd vertik\u00e1ln\u00ed kompresor 50 l Super Cena"},"content":{"rendered":"<table>\n<div class=\"tab-pane active product-description\" id=\"popis\" role=\"tabpanel\">\n<div class=\"short-description\" itemprop=\"description\"><\/div>\n<div class=\"description\"><span class='bullet-line'>Se sv\u00fdm 50litrov\u00fdm bojlerem, 1500 wattov\u00fdm motorem a pracovn\u00edm tlakem 10 bar\u016f si kompresor HC51V od Scheppach porad\u00ed s je\u0161t\u011b v\u011bt\u0161\u00edmi n\u00e1roky. D\u00edky dv\u011bma rychlospojk\u00e1m je v\u00fdm\u011bna n\u00e1stroj\u016f obzvl\u00e1\u0161t\u011b rychl\u00e1. \u00dazk\u00fd a vysok\u00fd design je ide\u00e1ln\u00ed pro pou\u017eit\u00ed v mal\u00fdch a st\u00edsn\u011bn\u00fdch prostor\u00e1ch. Skladov\u00e1n\u00ed je tak\u00e9 \u00fasporn\u00e9. Hnac\u00ed \u00fastroj\u00ed a rukoje\u0165 usnad\u0148uj\u00ed p\u0159epravu.<\/span><span class='bullet-line'>Velk\u00e1 vertik\u00e1ln\u00ed konvice 50L<\/span><span class='bullet-line'>Sac\u00ed v\u00fdkon 220 l\/min pro pr\u00e1ci n\u00e1ro\u010dnou na vzduch<\/span><span class='bullet-line'>V\u00fdkonn\u00fd motor 1,5 kW \/ 2 HP<\/span><span class='bullet-line'>Vhodn\u00e9 pro r\u016fzn\u00e9 vzduchov\u00e9 n\u00e1stroje, jako jsou hustilky pneumatik, ofukovac\u00ed pistole a mnoho dal\u0161\u00edho<\/span><span class='bullet-line'>Bezolejov\u00fd a tud\u00ed\u017e nen\u00e1ro\u010dn\u00fd na \u00fadr\u017ebu<\/span><span class='bullet-line'>2 rychlospojky pro rychlou v\u00fdm\u011bnu n\u00e1\u0159ad\u00ed<\/span><span class='bullet-line'>Maxim\u00e1ln\u00ed pracovn\u00ed tlak 10 bar<\/span><span class='bullet-line'>Hnac\u00ed za\u0159\u00edzen\u00ed pro snadnou p\u0159epravu<\/span><span class='bullet-line'>Ochrann\u00e1 li\u0161ta pro zv\u00fd\u0161enou bezpe\u010dnost<\/span><span class='bullet-line'>S kompaktn\u00edm vertik\u00e1ln\u00edm kompresorem HC51V od Scheppachu lze provozovat n\u00e1\u0159ad\u00ed poh\u00e1n\u011bn\u00e9 stla\u010den\u00fdm vzduchem, jako jsou hustilky pneumatik, ofukovac\u00ed pistole nebo st\u0159\u00edkac\u00ed pistole. 1500 W siln\u00fd motor s 2,0 hp m\u00e1 dostatek v\u00fdkonu i pro v\u011bt\u0161\u00ed v\u00fdzvy.<\/span><span class='bullet-line'>Pomoc\u00ed dvou vestav\u011bn\u00fdch rychlospojek lze pneumatick\u00e9 n\u00e1\u0159ad\u00ed zvl\u00e1\u0161\u0165 rychle a snadno vym\u011bnit. T\u00edm se tak\u00e9 urychl\u00ed pracovn\u00ed proces. Praktick\u00fd dr\u017e\u00e1k kabelu tak\u00e9 zajist\u00ed uklizen\u00e9 pracovi\u0161t\u011b po pou\u017eit\u00ed.<\/span><span class='bullet-line'>Gumov\u00e9 no\u017ei\u010dky s tlumen\u00edm vibrac\u00ed umo\u017e\u0148uj\u00ed bezpe\u010dn\u00e9 parkov\u00e1n\u00ed a obzvl\u00e1\u0161t\u011b tichou pr\u00e1ci. Ochrann\u00e1 li\u0161ta tak\u00e9 zvy\u0161uje bezpe\u010dnost a slou\u017e\u00ed tak\u00e9 jako p\u0159epravn\u00ed madlo. Integrovan\u00e9 hnac\u00ed za\u0159\u00edzen\u00ed tak\u00e9 zaji\u0161\u0165uje snadnou p\u0159epravu.<\/span><span class='bullet-line'>Se sv\u00fdm bojlerem o objemu 50 litr\u016f a sac\u00edm v\u00fdkonem 220 l\/min je Scheppach HC51V vhodn\u00fd i pro v\u011bt\u0161\u00ed projekty. Pracovn\u00ed tlak 10 bar je optim\u00e1ln\u011b navr\u017een pro dom\u00e1c\u00ed pou\u017eit\u00ed.<\/span><span class='bullet-line'>Kompresor o rozm\u011brech 364 x 346 x 955 mm je tak\u00e9 ide\u00e1ln\u00ed volbou pro mal\u00e9 hobby d\u00edlny. Kompresor je d\u00edky sv\u00e9 kompaktn\u00ed konstrukci extr\u00e9mn\u011b prostorov\u011b nen\u00e1ro\u010dn\u00fd nejen p\u0159i pou\u017e\u00edv\u00e1n\u00ed, ale i p\u0159i skladov\u00e1n\u00ed.<\/span><span class='bullet-line'>HC51V je bezolejov\u00fd kompresor. D\u00edky tomu je provoz obzvl\u00e1\u0161t\u011b nen\u00e1ro\u010dn\u00fd na \u00fadr\u017ebu a hospod\u00e1rn\u00fd. Rychl\u00e9mu startu s nov\u00fdm kompresorem tedy nic nebr\u00e1n\u00ed. Kompresor Scheppach lze tak\u00e9 snadno p\u0159ipojit ke standardn\u00edmu nap\u00e1jen\u00ed 230 V.<\/span><\/div>\n<div class=\"parameters\">\n<tr>\n<td>P\u0159\u00edkon<\/td>\n<td>1500 W<\/td>\n<\/tr>\n<tr>\n<td>Objem vzdu\u0161n\u00edku<\/td>\n<td>50 l<\/td>\n<\/tr>\n<tr>\n<td>Max. tlak<\/td>\n<td>10 bar<\/td>\n<\/tr>\n<tr>\n<td>Sac\u00ed v\u00fdkon<\/td>\n<td>220 l\/min<\/td>\n<\/tr>\n<tr>\n<td>Ot\u00e1\u010dky<\/td>\n<td>4000 ot\/min<\/td>\n<\/tr>\n<tr>\n<td>Regulace pracovn\u00edho tlaku<\/td>\n<td>Ano<\/td>\n<\/tr>\n<tr>\n<td>Typ motoru<\/td>\n<td>230 V, 50 Hz<\/td>\n<\/tr><\/div>\n<\/table>\n","protected":false},"excerpt":{"rendered":"<p>Se sv\u00fdm 50litrov\u00fdm bojlerem, 1500 wattov\u00fdm motorem a pracovn\u00edm tlakem 10 bar\u016f si kompresor HC51V od Scheppach porad\u00ed s je\u0161t\u011b v\u011bt\u0161\u00edmi n\u00e1roky. D\u00edky dv\u011bma rychlospojk\u00e1m je v\u00fdm\u011bna n\u00e1stroj\u016f obzvl\u00e1\u0161t\u011b rychl\u00e1. \u00dazk\u00fd a vysok\u00fd design je ide\u00e1ln\u00ed pro pou\u017eit\u00ed v mal\u00fdch a st\u00edsn\u011bn\u00fdch prostor\u00e1ch. Skladov\u00e1n\u00ed je tak\u00e9 \u00fasporn\u00e9. Hnac\u00ed \u00fastroj\u00ed a rukoje\u0165 usnad\u0148uj\u00ed p\u0159epravu.Velk\u00e1 vertik\u00e1ln\u00ed konvice [&hellip;]<\/p>\n","protected":false},"featured_media":6624,"comment_status":"open","ping_status":"open","template":"","meta":[],"product_brand":[],"product_cat":[38],"product_tag":[],"class_list":{"0":"post-6524","1":"product","2":"type-product","3":"status-publish","4":"has-post-thumbnail","6":"product_cat-naradi","8":"first","9":"instock","10":"sale","11":"shipping-taxable","12":"purchasable","13":"product-type-simple"},"yoast_head":"<!-- This site is optimized with the Yoast SEO plugin v26.8 - https:\/\/yoast.com\/product\/yoast-seo-wordpress\/ -->\n<title>Scheppach HC 51 V - bezolejov\u00fd vertik\u00e1ln\u00ed kompresor 50 l Super Cena -<\/title>\n<meta name=\"robots\" content=\"index, follow, max-snippet:-1, max-image-preview:large, max-video-preview:-1\" \/>\n<link rel=\"canonical\" href=\"https:\/\/www.domstavpro.com\/index.php\/produkt\/scheppach-hc-51-v-bezolejovy-vertikalni-kompresor-50-l-super-cena-6524\/\" \/>\n<meta property=\"og:locale\" content=\"cs_CZ\" \/>\n<meta property=\"og:type\" content=\"article\" \/>\n<meta property=\"og:title\" content=\"Scheppach HC 51 V - bezolejov\u00fd vertik\u00e1ln\u00ed kompresor 50 l Super Cena -\" \/>\n<meta property=\"og:description\" content=\"Se sv\u00fdm 50litrov\u00fdm bojlerem, 1500 wattov\u00fdm motorem a pracovn\u00edm tlakem 10 bar\u016f si kompresor HC51V od Scheppach porad\u00ed s je\u0161t\u011b v\u011bt\u0161\u00edmi n\u00e1roky. D\u00edky dv\u011bma rychlospojk\u00e1m je v\u00fdm\u011bna n\u00e1stroj\u016f obzvl\u00e1\u0161t\u011b rychl\u00e1. \u00dazk\u00fd a vysok\u00fd design je ide\u00e1ln\u00ed pro pou\u017eit\u00ed v mal\u00fdch a st\u00edsn\u011bn\u00fdch prostor\u00e1ch. Skladov\u00e1n\u00ed je tak\u00e9 \u00fasporn\u00e9. Hnac\u00ed \u00fastroj\u00ed a rukoje\u0165 usnad\u0148uj\u00ed p\u0159epravu.Velk\u00e1 vertik\u00e1ln\u00ed konvice [&hellip;]\" \/>\n<meta property=\"og:url\" content=\"https:\/\/www.domstavpro.com\/index.php\/produkt\/scheppach-hc-51-v-bezolejovy-vertikalni-kompresor-50-l-super-cena-6524\/\" \/>\n<meta property=\"og:image\" content=\"https:\/\/www.domstavpro.com\/wp-content\/uploads\/2026\/SK0028989-CZ20260425-092328-0-1777080210-1253194-1_164710.webp\" \/>\n\t<meta property=\"og:image:width\" content=\"800\" \/>\n\t<meta property=\"og:image:height\" content=\"800\" \/>\n\t<meta property=\"og:image:type\" content=\"image\/webp\" \/>\n<meta name=\"twitter:card\" content=\"summary_large_image\" \/>\n<meta name=\"twitter:label1\" content=\"Odhadovan\u00e1 doba \u010dten\u00ed\" \/>\n\t<meta name=\"twitter:data1\" content=\"2 minuty\" \/>\n<script type=\"application\/ld+json\" class=\"yoast-schema-graph\">{\"@context\":\"https:\/\/schema.org\",\"@graph\":[{\"@type\":\"WebPage\",\"@id\":\"https:\/\/www.domstavpro.com\/index.php\/produkt\/scheppach-hc-51-v-bezolejovy-vertikalni-kompresor-50-l-super-cena-6524\/\",\"url\":\"https:\/\/www.domstavpro.com\/index.php\/produkt\/scheppach-hc-51-v-bezolejovy-vertikalni-kompresor-50-l-super-cena-6524\/\",\"name\":\"Scheppach HC 51 V - bezolejov\u00fd vertik\u00e1ln\u00ed kompresor 50 l Super Cena -\",\"isPartOf\":{\"@id\":\"https:\/\/www.domstavpro.com\/#website\"},\"primaryImageOfPage\":{\"@id\":\"https:\/\/www.domstavpro.com\/index.php\/produkt\/scheppach-hc-51-v-bezolejovy-vertikalni-kompresor-50-l-super-cena-6524\/#primaryimage\"},\"image\":{\"@id\":\"https:\/\/www.domstavpro.com\/index.php\/produkt\/scheppach-hc-51-v-bezolejovy-vertikalni-kompresor-50-l-super-cena-6524\/#primaryimage\"},\"thumbnailUrl\":\"https:\/\/www.domstavpro.com\/wp-content\/uploads\/2026\/SK0028989-CZ20260425-092328-0-1777080210-1253194-1_164710.webp\",\"datePublished\":\"2026-04-27T15:08:09+00:00\",\"breadcrumb\":{\"@id\":\"https:\/\/www.domstavpro.com\/index.php\/produkt\/scheppach-hc-51-v-bezolejovy-vertikalni-kompresor-50-l-super-cena-6524\/#breadcrumb\"},\"inLanguage\":\"cs\",\"potentialAction\":[{\"@type\":\"ReadAction\",\"target\":[\"https:\/\/www.domstavpro.com\/index.php\/produkt\/scheppach-hc-51-v-bezolejovy-vertikalni-kompresor-50-l-super-cena-6524\/\"]}]},{\"@type\":\"ImageObject\",\"inLanguage\":\"cs\",\"@id\":\"https:\/\/www.domstavpro.com\/index.php\/produkt\/scheppach-hc-51-v-bezolejovy-vertikalni-kompresor-50-l-super-cena-6524\/#primaryimage\",\"url\":\"https:\/\/www.domstavpro.com\/wp-content\/uploads\/2026\/SK0028989-CZ20260425-092328-0-1777080210-1253194-1_164710.webp\",\"contentUrl\":\"https:\/\/www.domstavpro.com\/wp-content\/uploads\/2026\/SK0028989-CZ20260425-092328-0-1777080210-1253194-1_164710.webp\",\"width\":800,\"height\":800},{\"@type\":\"BreadcrumbList\",\"@id\":\"https:\/\/www.domstavpro.com\/index.php\/produkt\/scheppach-hc-51-v-bezolejovy-vertikalni-kompresor-50-l-super-cena-6524\/#breadcrumb\",\"itemListElement\":[{\"@type\":\"ListItem\",\"position\":1,\"name\":\"Home\",\"item\":\"https:\/\/www.domstavpro.com\/\"},{\"@type\":\"ListItem\",\"position\":2,\"name\":\"Products\",\"item\":\"https:\/\/www.domstavpro.com\/index.php\/products\/\"},{\"@type\":\"ListItem\",\"position\":3,\"name\":\"Scheppach HC 51 V &#8211; bezolejov\u00fd vertik\u00e1ln\u00ed kompresor 50 l Super Cena\"}]},{\"@type\":\"WebSite\",\"@id\":\"https:\/\/www.domstavpro.com\/#website\",\"url\":\"https:\/\/www.domstavpro.com\/\",\"name\":\"\",\"description\":\"\",\"potentialAction\":[{\"@type\":\"SearchAction\",\"target\":{\"@type\":\"EntryPoint\",\"urlTemplate\":\"https:\/\/www.domstavpro.com\/?s={search_term_string}\"},\"query-input\":{\"@type\":\"PropertyValueSpecification\",\"valueRequired\":true,\"valueName\":\"search_term_string\"}}],\"inLanguage\":\"cs\"}]}<\/script>\n<!-- \/ Yoast SEO plugin. -->","yoast_head_json":{"title":"Scheppach HC 51 V - bezolejov\u00fd vertik\u00e1ln\u00ed kompresor 50 l Super Cena -","robots":{"index":"index","follow":"follow","max-snippet":"max-snippet:-1","max-image-preview":"max-image-preview:large","max-video-preview":"max-video-preview:-1"},"canonical":"https:\/\/www.domstavpro.com\/index.php\/produkt\/scheppach-hc-51-v-bezolejovy-vertikalni-kompresor-50-l-super-cena-6524\/","og_locale":"cs_CZ","og_type":"article","og_title":"Scheppach HC 51 V - bezolejov\u00fd vertik\u00e1ln\u00ed kompresor 50 l Super Cena -","og_description":"Se sv\u00fdm 50litrov\u00fdm bojlerem, 1500 wattov\u00fdm motorem a pracovn\u00edm tlakem 10 bar\u016f si kompresor HC51V od Scheppach porad\u00ed s je\u0161t\u011b v\u011bt\u0161\u00edmi n\u00e1roky. D\u00edky dv\u011bma rychlospojk\u00e1m je v\u00fdm\u011bna n\u00e1stroj\u016f obzvl\u00e1\u0161t\u011b rychl\u00e1. \u00dazk\u00fd a vysok\u00fd design je ide\u00e1ln\u00ed pro pou\u017eit\u00ed v mal\u00fdch a st\u00edsn\u011bn\u00fdch prostor\u00e1ch. Skladov\u00e1n\u00ed je tak\u00e9 \u00fasporn\u00e9. Hnac\u00ed \u00fastroj\u00ed a rukoje\u0165 usnad\u0148uj\u00ed p\u0159epravu.Velk\u00e1 vertik\u00e1ln\u00ed konvice [&hellip;]","og_url":"https:\/\/www.domstavpro.com\/index.php\/produkt\/scheppach-hc-51-v-bezolejovy-vertikalni-kompresor-50-l-super-cena-6524\/","og_image":[{"width":800,"height":800,"url":"https:\/\/www.domstavpro.com\/wp-content\/uploads\/2026\/SK0028989-CZ20260425-092328-0-1777080210-1253194-1_164710.webp","type":"image\/webp"}],"twitter_card":"summary_large_image","twitter_misc":{"Odhadovan\u00e1 doba \u010dten\u00ed":"2 minuty"},"schema":{"@context":"https:\/\/schema.org","@graph":[{"@type":"WebPage","@id":"https:\/\/www.domstavpro.com\/index.php\/produkt\/scheppach-hc-51-v-bezolejovy-vertikalni-kompresor-50-l-super-cena-6524\/","url":"https:\/\/www.domstavpro.com\/index.php\/produkt\/scheppach-hc-51-v-bezolejovy-vertikalni-kompresor-50-l-super-cena-6524\/","name":"Scheppach HC 51 V - bezolejov\u00fd vertik\u00e1ln\u00ed kompresor 50 l Super Cena -","isPartOf":{"@id":"https:\/\/www.domstavpro.com\/#website"},"primaryImageOfPage":{"@id":"https:\/\/www.domstavpro.com\/index.php\/produkt\/scheppach-hc-51-v-bezolejovy-vertikalni-kompresor-50-l-super-cena-6524\/#primaryimage"},"image":{"@id":"https:\/\/www.domstavpro.com\/index.php\/produkt\/scheppach-hc-51-v-bezolejovy-vertikalni-kompresor-50-l-super-cena-6524\/#primaryimage"},"thumbnailUrl":"https:\/\/www.domstavpro.com\/wp-content\/uploads\/2026\/SK0028989-CZ20260425-092328-0-1777080210-1253194-1_164710.webp","datePublished":"2026-04-27T15:08:09+00:00","breadcrumb":{"@id":"https:\/\/www.domstavpro.com\/index.php\/produkt\/scheppach-hc-51-v-bezolejovy-vertikalni-kompresor-50-l-super-cena-6524\/#breadcrumb"},"inLanguage":"cs","potentialAction":[{"@type":"ReadAction","target":["https:\/\/www.domstavpro.com\/index.php\/produkt\/scheppach-hc-51-v-bezolejovy-vertikalni-kompresor-50-l-super-cena-6524\/"]}]},{"@type":"ImageObject","inLanguage":"cs","@id":"https:\/\/www.domstavpro.com\/index.php\/produkt\/scheppach-hc-51-v-bezolejovy-vertikalni-kompresor-50-l-super-cena-6524\/#primaryimage","url":"https:\/\/www.domstavpro.com\/wp-content\/uploads\/2026\/SK0028989-CZ20260425-092328-0-1777080210-1253194-1_164710.webp","contentUrl":"https:\/\/www.domstavpro.com\/wp-content\/uploads\/2026\/SK0028989-CZ20260425-092328-0-1777080210-1253194-1_164710.webp","width":800,"height":800},{"@type":"BreadcrumbList","@id":"https:\/\/www.domstavpro.com\/index.php\/produkt\/scheppach-hc-51-v-bezolejovy-vertikalni-kompresor-50-l-super-cena-6524\/#breadcrumb","itemListElement":[{"@type":"ListItem","position":1,"name":"Home","item":"https:\/\/www.domstavpro.com\/"},{"@type":"ListItem","position":2,"name":"Products","item":"https:\/\/www.domstavpro.com\/index.php\/products\/"},{"@type":"ListItem","position":3,"name":"Scheppach HC 51 V &#8211; bezolejov\u00fd vertik\u00e1ln\u00ed kompresor 50 l Super Cena"}]},{"@type":"WebSite","@id":"https:\/\/www.domstavpro.com\/#website","url":"https:\/\/www.domstavpro.com\/","name":"","description":"","potentialAction":[{"@type":"SearchAction","target":{"@type":"EntryPoint","urlTemplate":"https:\/\/www.domstavpro.com\/?s={search_term_string}"},"query-input":{"@type":"PropertyValueSpecification","valueRequired":true,"valueName":"search_term_string"}}],"inLanguage":"cs"}]}},"_links":{"self":[{"href":"https:\/\/www.domstavpro.com\/index.php\/wp-json\/wp\/v2\/product\/6524","targetHints":{"allow":["GET"]}}],"collection":[{"href":"https:\/\/www.domstavpro.com\/index.php\/wp-json\/wp\/v2\/product"}],"about":[{"href":"https:\/\/www.domstavpro.com\/index.php\/wp-json\/wp\/v2\/types\/product"}],"replies":[{"embeddable":true,"href":"https:\/\/www.domstavpro.com\/index.php\/wp-json\/wp\/v2\/comments?post=6524"}],"wp:featuredmedia":[{"embeddable":true,"href":"https:\/\/www.domstavpro.com\/index.php\/wp-json\/wp\/v2\/media\/6624"}],"wp:attachment":[{"href":"https:\/\/www.domstavpro.com\/index.php\/wp-json\/wp\/v2\/media?parent=6524"}],"wp:term":[{"taxonomy":"product_brand","embeddable":true,"href":"https:\/\/www.domstavpro.com\/index.php\/wp-json\/wp\/v2\/product_brand?post=6524"},{"taxonomy":"product_cat","embeddable":true,"href":"https:\/\/www.domstavpro.com\/index.php\/wp-json\/wp\/v2\/product_cat?post=6524"},{"taxonomy":"product_tag","embeddable":true,"href":"https:\/\/www.domstavpro.com\/index.php\/wp-json\/wp\/v2\/product_tag?post=6524"}],"curies":[{"name":"wp","href":"https:\/\/api.w.org\/{rel}","templated":true}]}}