{"id":6521,"date":"2026-04-27T15:08:09","date_gmt":"2026-04-27T15:08:09","guid":{"rendered":""},"modified":"2026-04-27T15:08:09","modified_gmt":"2026-04-27T15:08:09","slug":"posledni-sance-scheppach-hc-25-si-tichy-bezolejovy-dvouvalcovy-kompresor-24-l-6521","status":"publish","type":"product","link":"https:\/\/www.domstavpro.com\/index.php\/produkt\/posledni-sance-scheppach-hc-25-si-tichy-bezolejovy-dvouvalcovy-kompresor-24-l-6521\/","title":{"rendered":"Posledn\u00ed \u0160ance Scheppach HC 25 Si &#8211; tich\u00fd bezolejov\u00fd dvouv\u00e1lcov\u00fd kompresor 24 l"},"content":{"rendered":"<table>\n<div class=\"tab-pane active product-description\" id=\"popis\" role=\"tabpanel\">\n<div class=\"short-description\" itemprop=\"description\"><\/div>\n<div class=\"description\"><span class='bullet-line'>HC25Si od Scheppachu je tich\u00fd a v\u00fdkonn\u00fd z\u00e1rove\u0148. Jako tich\u00fd kompresor usnad\u0148uje pr\u00e1ci v n\u011bkolika sm\u011brech &#8211; dv\u011b tlakov\u00e9 p\u0159\u00edpojky s vlastn\u00edmi manometry umo\u017e\u0148uj\u00ed rychlou v\u00fdm\u011bnu n\u00e1stroj\u016f a t\u00edm i rychl\u00fd postup pr\u00e1ce, bez jak\u00e9koli hlu\u010dnosti. V\u00fdkonn\u00fd 1100 wattov\u00fd motor napln\u00ed n\u00e1dr\u017e o objemu 24 litr\u016f se sac\u00edm v\u00fdkonem 230 l\/min ve velmi kr\u00e1tk\u00e9m \u010dase.<\/span><span class='bullet-line'>Mimo\u0159\u00e1dn\u011b tich\u00fd kompresor s elektromotorem o v\u00fdkonu 1100 W<\/span><span class='bullet-line'>Objem bojleru 24 litr\u016f<\/span><span class='bullet-line'>Maxim\u00e1ln\u00ed pracovn\u00ed tlak 8 bar<\/span><span class='bullet-line'>Bezolejov\u00fd a nen\u00e1ro\u010dn\u00fd na \u00fadr\u017ebu<\/span><span class='bullet-line'>Velk\u00e1 kola pro snadnou p\u0159epravu<\/span><span class='bullet-line'>sac\u00ed v\u00fdkon 230 l\/min<\/span><span class='bullet-line'>Gumov\u00e1 z\u00e1kladna s tlumen\u00edm vibrac\u00ed pro protiskluzov\u00e9 parkov\u00e1n\u00ed a tichou pr\u00e1ci<\/span><span class='bullet-line'>Dva tlakom\u011bry a dv\u011b rychlospojky pro rychlou v\u00fdm\u011bnu n\u00e1\u0159ad\u00ed<\/span><span class='bullet-line'>P\u0159ipojen\u00ed k b\u011b\u017en\u00e9mu zdroji 230 V<\/span><span class='bullet-line'>Kone\u010dn\u011b ticho \u2013 s pouh\u00fdmi 60 dB (m\u011b\u0159eno na vzd\u00e1lenost 7 m) si HC25Si up\u0159\u00edmn\u011b zaslou\u017e\u00ed sv\u00e9 jm\u00e9no jako super tich\u00fd kompresor. Kone\u010dn\u011b ji\u017e \u017e\u00e1dn\u00e9 hlukov\u00e9 zat\u00ed\u017een\u00ed p\u0159i v\u00fdm\u011bn\u011b pneumatik nebo p\u0159i pr\u00e1ci se stla\u010den\u00fdm vzduchem. N\u00e1kup tich\u00e9ho kompresoru je dobr\u00fdm rozhodnut\u00edm, zejm\u00e9na v obytn\u00fdch oblastech citliv\u00fdch na hluk nebo pokud je d\u00edlna v suter\u00e9nu obytn\u00e9ho domu.<\/span><span class='bullet-line'>HC25Si m\u00e1 1100 watt\u016f, objem n\u00e1dr\u017ee 24 litr\u016f a maxim\u00e1ln\u00ed tlak v n\u00e1dr\u017ei 8 bar\u016f. D\u00edky sac\u00edmu v\u00fdkonu 230 litr\u016f za minutu se kotel napln\u00ed b\u011bhem 140 sekund a kompresor je p\u0159ipraven k pou\u017eit\u00ed. A s minim\u00e1ln\u00edm hlukem na pozad\u00ed. Dal\u0161\u00ed pracovn\u00ed kroky lze snadno probrat v b\u011b\u017en\u00e9m svazku.<\/span><span class='bullet-line'>HC25Si m\u00e1 tak\u00e9 2 rychlospojky, ka\u017ed\u00e1 se samostatn\u00fdm manometrem. Pro p\u0159ednastaven\u00ed tlaku na jednom z manometr\u016f lze pou\u017e\u00edt regul\u00e1tor tlaku. Tlak kotle se ode\u010d\u00edt\u00e1 a odeb\u00edr\u00e1 z druh\u00e9ho manometru. Dv\u011b spojky usnad\u0148uj\u00ed pr\u00e1ci se dv\u011bma n\u00e1stroji, p\u0159i\u010dem\u017e oba lze p\u0159ipojit ke kompresoru sou\u010dasn\u011b.<\/span><span class='bullet-line'>Kompresor je p\u0159ipojen ke standardn\u00edmu nap\u00e1jen\u00ed 230V, co\u017e znamen\u00e1, \u017ee nen\u00ed pot\u0159eba elektrick\u00e9 veden\u00ed. Dal\u0161\u00ed plusov\u00fd bod pro dom\u00e1c\u00ed pou\u017eit\u00ed a soukromou sklepn\u00ed d\u00edlnu.<\/span><span class='bullet-line'>Praktick\u00e9 pojezdov\u00e9 \u00fastroj\u00ed se dv\u011bma pevn\u00fdmi plastov\u00fdmi kole\u010dky o pr\u016fm\u011bru 175 mm a rukojet\u00ed zaji\u0161\u0165uj\u00ed pohodlnou a snadnou p\u0159epravu kompresoru. Gumov\u00e9 no\u017ei\u010dky tlum\u00edc\u00ed vibrace zaru\u010duj\u00ed protiskluzov\u00e9 parkov\u00e1n\u00ed.<\/span><\/div>\n<div class=\"parameters\">\n<tr>\n<td>P\u0159\u00edkon (W)<\/td>\n<td>1100<\/td>\n<\/tr>\n<tr>\n<td>Objem vzdu\u0161n\u00edku (l)<\/td>\n<td>24<\/td>\n<\/tr>\n<tr>\n<td>Max. tlak (bar)<\/td>\n<td>8<\/td>\n<\/tr>\n<tr>\n<td>Sac\u00ed v\u00fdkon (l\/min)<\/td>\n<td>230<\/td>\n<\/tr>\n<tr>\n<td>Hladina hluku (db)<\/td>\n<td>60<\/td>\n<\/tr>\n<tr>\n<td>Regulace pracovn\u00edho tlaku<\/td>\n<td>Ano<\/td>\n<\/tr>\n<tr>\n<td>Typ motoru<\/td>\n<td>230 V, 50 Hz<\/td>\n<\/tr>\n<tr>\n<td>Hmotnost (Kg):<\/td>\n<td>20.00<\/td>\n<\/tr>\n<tr>\n<td>Rozm\u011bry (cm):<\/td>\n<td>55 x 56.5 x 24<\/td>\n<\/tr>\n<tr>\n<td>Rozm\u011bry balen\u00ed (cm):<\/td>\n<td>56.5 x 25 x 57<\/td>\n<\/tr>\n<tr>\n<td>Obj. \u010d.:<\/td>\n<td>5906140901<\/td>\n<\/tr><\/div>\n<\/table>\n","protected":false},"excerpt":{"rendered":"<p>HC25Si od Scheppachu je tich\u00fd a v\u00fdkonn\u00fd z\u00e1rove\u0148. Jako tich\u00fd kompresor usnad\u0148uje pr\u00e1ci v n\u011bkolika sm\u011brech &#8211; dv\u011b tlakov\u00e9 p\u0159\u00edpojky s vlastn\u00edmi manometry umo\u017e\u0148uj\u00ed rychlou v\u00fdm\u011bnu n\u00e1stroj\u016f a t\u00edm i rychl\u00fd postup pr\u00e1ce, bez jak\u00e9koli hlu\u010dnosti. V\u00fdkonn\u00fd 1100 wattov\u00fd motor napln\u00ed n\u00e1dr\u017e o objemu 24 litr\u016f se sac\u00edm v\u00fdkonem 230 l\/min ve velmi kr\u00e1tk\u00e9m \u010dase.Mimo\u0159\u00e1dn\u011b [&hellip;]<\/p>\n","protected":false},"featured_media":6621,"comment_status":"open","ping_status":"open","template":"","meta":[],"product_brand":[],"product_cat":[38],"product_tag":[],"class_list":{"0":"post-6521","1":"product","2":"type-product","3":"status-publish","4":"has-post-thumbnail","6":"product_cat-naradi","8":"first","9":"instock","10":"sale","11":"shipping-taxable","12":"purchasable","13":"product-type-simple"},"yoast_head":"<!-- This site is optimized with the Yoast SEO plugin v26.8 - https:\/\/yoast.com\/product\/yoast-seo-wordpress\/ -->\n<title>Posledn\u00ed \u0160ance Scheppach HC 25 Si - tich\u00fd bezolejov\u00fd dvouv\u00e1lcov\u00fd kompresor 24 l -<\/title>\n<meta name=\"robots\" content=\"index, follow, max-snippet:-1, max-image-preview:large, max-video-preview:-1\" \/>\n<link rel=\"canonical\" href=\"https:\/\/www.domstavpro.com\/index.php\/produkt\/posledni-sance-scheppach-hc-25-si-tichy-bezolejovy-dvouvalcovy-kompresor-24-l-6521\/\" \/>\n<meta property=\"og:locale\" content=\"cs_CZ\" \/>\n<meta property=\"og:type\" content=\"article\" \/>\n<meta property=\"og:title\" content=\"Posledn\u00ed \u0160ance Scheppach HC 25 Si - tich\u00fd bezolejov\u00fd dvouv\u00e1lcov\u00fd kompresor 24 l -\" \/>\n<meta property=\"og:description\" content=\"HC25Si od Scheppachu je tich\u00fd a v\u00fdkonn\u00fd z\u00e1rove\u0148. Jako tich\u00fd kompresor usnad\u0148uje pr\u00e1ci v n\u011bkolika sm\u011brech &#8211; dv\u011b tlakov\u00e9 p\u0159\u00edpojky s vlastn\u00edmi manometry umo\u017e\u0148uj\u00ed rychlou v\u00fdm\u011bnu n\u00e1stroj\u016f a t\u00edm i rychl\u00fd postup pr\u00e1ce, bez jak\u00e9koli hlu\u010dnosti. V\u00fdkonn\u00fd 1100 wattov\u00fd motor napln\u00ed n\u00e1dr\u017e o objemu 24 litr\u016f se sac\u00edm v\u00fdkonem 230 l\/min ve velmi kr\u00e1tk\u00e9m \u010dase.Mimo\u0159\u00e1dn\u011b [&hellip;]\" \/>\n<meta property=\"og:url\" content=\"https:\/\/www.domstavpro.com\/index.php\/produkt\/posledni-sance-scheppach-hc-25-si-tichy-bezolejovy-dvouvalcovy-kompresor-24-l-6521\/\" \/>\n<meta property=\"og:image\" content=\"https:\/\/www.domstavpro.com\/wp-content\/uploads\/2026\/SK0028986-CZ20260425-092328-0-1777080210-1253191-1_164610.webp\" \/>\n\t<meta property=\"og:image:width\" content=\"864\" \/>\n\t<meta property=\"og:image:height\" content=\"800\" \/>\n\t<meta property=\"og:image:type\" content=\"image\/webp\" \/>\n<meta name=\"twitter:card\" content=\"summary_large_image\" \/>\n<meta name=\"twitter:label1\" content=\"Odhadovan\u00e1 doba \u010dten\u00ed\" \/>\n\t<meta name=\"twitter:data1\" content=\"2 minuty\" \/>\n<script type=\"application\/ld+json\" class=\"yoast-schema-graph\">{\"@context\":\"https:\/\/schema.org\",\"@graph\":[{\"@type\":\"WebPage\",\"@id\":\"https:\/\/www.domstavpro.com\/index.php\/produkt\/posledni-sance-scheppach-hc-25-si-tichy-bezolejovy-dvouvalcovy-kompresor-24-l-6521\/\",\"url\":\"https:\/\/www.domstavpro.com\/index.php\/produkt\/posledni-sance-scheppach-hc-25-si-tichy-bezolejovy-dvouvalcovy-kompresor-24-l-6521\/\",\"name\":\"Posledn\u00ed \u0160ance Scheppach HC 25 Si - tich\u00fd bezolejov\u00fd dvouv\u00e1lcov\u00fd kompresor 24 l -\",\"isPartOf\":{\"@id\":\"https:\/\/www.domstavpro.com\/#website\"},\"primaryImageOfPage\":{\"@id\":\"https:\/\/www.domstavpro.com\/index.php\/produkt\/posledni-sance-scheppach-hc-25-si-tichy-bezolejovy-dvouvalcovy-kompresor-24-l-6521\/#primaryimage\"},\"image\":{\"@id\":\"https:\/\/www.domstavpro.com\/index.php\/produkt\/posledni-sance-scheppach-hc-25-si-tichy-bezolejovy-dvouvalcovy-kompresor-24-l-6521\/#primaryimage\"},\"thumbnailUrl\":\"https:\/\/www.domstavpro.com\/wp-content\/uploads\/2026\/SK0028986-CZ20260425-092328-0-1777080210-1253191-1_164610.webp\",\"datePublished\":\"2026-04-27T15:08:09+00:00\",\"breadcrumb\":{\"@id\":\"https:\/\/www.domstavpro.com\/index.php\/produkt\/posledni-sance-scheppach-hc-25-si-tichy-bezolejovy-dvouvalcovy-kompresor-24-l-6521\/#breadcrumb\"},\"inLanguage\":\"cs\",\"potentialAction\":[{\"@type\":\"ReadAction\",\"target\":[\"https:\/\/www.domstavpro.com\/index.php\/produkt\/posledni-sance-scheppach-hc-25-si-tichy-bezolejovy-dvouvalcovy-kompresor-24-l-6521\/\"]}]},{\"@type\":\"ImageObject\",\"inLanguage\":\"cs\",\"@id\":\"https:\/\/www.domstavpro.com\/index.php\/produkt\/posledni-sance-scheppach-hc-25-si-tichy-bezolejovy-dvouvalcovy-kompresor-24-l-6521\/#primaryimage\",\"url\":\"https:\/\/www.domstavpro.com\/wp-content\/uploads\/2026\/SK0028986-CZ20260425-092328-0-1777080210-1253191-1_164610.webp\",\"contentUrl\":\"https:\/\/www.domstavpro.com\/wp-content\/uploads\/2026\/SK0028986-CZ20260425-092328-0-1777080210-1253191-1_164610.webp\",\"width\":864,\"height\":800},{\"@type\":\"BreadcrumbList\",\"@id\":\"https:\/\/www.domstavpro.com\/index.php\/produkt\/posledni-sance-scheppach-hc-25-si-tichy-bezolejovy-dvouvalcovy-kompresor-24-l-6521\/#breadcrumb\",\"itemListElement\":[{\"@type\":\"ListItem\",\"position\":1,\"name\":\"Home\",\"item\":\"https:\/\/www.domstavpro.com\/\"},{\"@type\":\"ListItem\",\"position\":2,\"name\":\"Products\",\"item\":\"https:\/\/www.domstavpro.com\/index.php\/products\/\"},{\"@type\":\"ListItem\",\"position\":3,\"name\":\"Posledn\u00ed \u0160ance Scheppach HC 25 Si &#8211; tich\u00fd bezolejov\u00fd dvouv\u00e1lcov\u00fd kompresor 24 l\"}]},{\"@type\":\"WebSite\",\"@id\":\"https:\/\/www.domstavpro.com\/#website\",\"url\":\"https:\/\/www.domstavpro.com\/\",\"name\":\"\",\"description\":\"\",\"potentialAction\":[{\"@type\":\"SearchAction\",\"target\":{\"@type\":\"EntryPoint\",\"urlTemplate\":\"https:\/\/www.domstavpro.com\/?s={search_term_string}\"},\"query-input\":{\"@type\":\"PropertyValueSpecification\",\"valueRequired\":true,\"valueName\":\"search_term_string\"}}],\"inLanguage\":\"cs\"}]}<\/script>\n<!-- \/ Yoast SEO plugin. -->","yoast_head_json":{"title":"Posledn\u00ed \u0160ance Scheppach HC 25 Si - tich\u00fd bezolejov\u00fd dvouv\u00e1lcov\u00fd kompresor 24 l -","robots":{"index":"index","follow":"follow","max-snippet":"max-snippet:-1","max-image-preview":"max-image-preview:large","max-video-preview":"max-video-preview:-1"},"canonical":"https:\/\/www.domstavpro.com\/index.php\/produkt\/posledni-sance-scheppach-hc-25-si-tichy-bezolejovy-dvouvalcovy-kompresor-24-l-6521\/","og_locale":"cs_CZ","og_type":"article","og_title":"Posledn\u00ed \u0160ance Scheppach HC 25 Si - tich\u00fd bezolejov\u00fd dvouv\u00e1lcov\u00fd kompresor 24 l -","og_description":"HC25Si od Scheppachu je tich\u00fd a v\u00fdkonn\u00fd z\u00e1rove\u0148. Jako tich\u00fd kompresor usnad\u0148uje pr\u00e1ci v n\u011bkolika sm\u011brech &#8211; dv\u011b tlakov\u00e9 p\u0159\u00edpojky s vlastn\u00edmi manometry umo\u017e\u0148uj\u00ed rychlou v\u00fdm\u011bnu n\u00e1stroj\u016f a t\u00edm i rychl\u00fd postup pr\u00e1ce, bez jak\u00e9koli hlu\u010dnosti. V\u00fdkonn\u00fd 1100 wattov\u00fd motor napln\u00ed n\u00e1dr\u017e o objemu 24 litr\u016f se sac\u00edm v\u00fdkonem 230 l\/min ve velmi kr\u00e1tk\u00e9m \u010dase.Mimo\u0159\u00e1dn\u011b [&hellip;]","og_url":"https:\/\/www.domstavpro.com\/index.php\/produkt\/posledni-sance-scheppach-hc-25-si-tichy-bezolejovy-dvouvalcovy-kompresor-24-l-6521\/","og_image":[{"width":864,"height":800,"url":"https:\/\/www.domstavpro.com\/wp-content\/uploads\/2026\/SK0028986-CZ20260425-092328-0-1777080210-1253191-1_164610.webp","type":"image\/webp"}],"twitter_card":"summary_large_image","twitter_misc":{"Odhadovan\u00e1 doba \u010dten\u00ed":"2 minuty"},"schema":{"@context":"https:\/\/schema.org","@graph":[{"@type":"WebPage","@id":"https:\/\/www.domstavpro.com\/index.php\/produkt\/posledni-sance-scheppach-hc-25-si-tichy-bezolejovy-dvouvalcovy-kompresor-24-l-6521\/","url":"https:\/\/www.domstavpro.com\/index.php\/produkt\/posledni-sance-scheppach-hc-25-si-tichy-bezolejovy-dvouvalcovy-kompresor-24-l-6521\/","name":"Posledn\u00ed \u0160ance Scheppach HC 25 Si - tich\u00fd bezolejov\u00fd dvouv\u00e1lcov\u00fd kompresor 24 l -","isPartOf":{"@id":"https:\/\/www.domstavpro.com\/#website"},"primaryImageOfPage":{"@id":"https:\/\/www.domstavpro.com\/index.php\/produkt\/posledni-sance-scheppach-hc-25-si-tichy-bezolejovy-dvouvalcovy-kompresor-24-l-6521\/#primaryimage"},"image":{"@id":"https:\/\/www.domstavpro.com\/index.php\/produkt\/posledni-sance-scheppach-hc-25-si-tichy-bezolejovy-dvouvalcovy-kompresor-24-l-6521\/#primaryimage"},"thumbnailUrl":"https:\/\/www.domstavpro.com\/wp-content\/uploads\/2026\/SK0028986-CZ20260425-092328-0-1777080210-1253191-1_164610.webp","datePublished":"2026-04-27T15:08:09+00:00","breadcrumb":{"@id":"https:\/\/www.domstavpro.com\/index.php\/produkt\/posledni-sance-scheppach-hc-25-si-tichy-bezolejovy-dvouvalcovy-kompresor-24-l-6521\/#breadcrumb"},"inLanguage":"cs","potentialAction":[{"@type":"ReadAction","target":["https:\/\/www.domstavpro.com\/index.php\/produkt\/posledni-sance-scheppach-hc-25-si-tichy-bezolejovy-dvouvalcovy-kompresor-24-l-6521\/"]}]},{"@type":"ImageObject","inLanguage":"cs","@id":"https:\/\/www.domstavpro.com\/index.php\/produkt\/posledni-sance-scheppach-hc-25-si-tichy-bezolejovy-dvouvalcovy-kompresor-24-l-6521\/#primaryimage","url":"https:\/\/www.domstavpro.com\/wp-content\/uploads\/2026\/SK0028986-CZ20260425-092328-0-1777080210-1253191-1_164610.webp","contentUrl":"https:\/\/www.domstavpro.com\/wp-content\/uploads\/2026\/SK0028986-CZ20260425-092328-0-1777080210-1253191-1_164610.webp","width":864,"height":800},{"@type":"BreadcrumbList","@id":"https:\/\/www.domstavpro.com\/index.php\/produkt\/posledni-sance-scheppach-hc-25-si-tichy-bezolejovy-dvouvalcovy-kompresor-24-l-6521\/#breadcrumb","itemListElement":[{"@type":"ListItem","position":1,"name":"Home","item":"https:\/\/www.domstavpro.com\/"},{"@type":"ListItem","position":2,"name":"Products","item":"https:\/\/www.domstavpro.com\/index.php\/products\/"},{"@type":"ListItem","position":3,"name":"Posledn\u00ed \u0160ance Scheppach HC 25 Si &#8211; tich\u00fd bezolejov\u00fd dvouv\u00e1lcov\u00fd kompresor 24 l"}]},{"@type":"WebSite","@id":"https:\/\/www.domstavpro.com\/#website","url":"https:\/\/www.domstavpro.com\/","name":"","description":"","potentialAction":[{"@type":"SearchAction","target":{"@type":"EntryPoint","urlTemplate":"https:\/\/www.domstavpro.com\/?s={search_term_string}"},"query-input":{"@type":"PropertyValueSpecification","valueRequired":true,"valueName":"search_term_string"}}],"inLanguage":"cs"}]}},"_links":{"self":[{"href":"https:\/\/www.domstavpro.com\/index.php\/wp-json\/wp\/v2\/product\/6521","targetHints":{"allow":["GET"]}}],"collection":[{"href":"https:\/\/www.domstavpro.com\/index.php\/wp-json\/wp\/v2\/product"}],"about":[{"href":"https:\/\/www.domstavpro.com\/index.php\/wp-json\/wp\/v2\/types\/product"}],"replies":[{"embeddable":true,"href":"https:\/\/www.domstavpro.com\/index.php\/wp-json\/wp\/v2\/comments?post=6521"}],"wp:featuredmedia":[{"embeddable":true,"href":"https:\/\/www.domstavpro.com\/index.php\/wp-json\/wp\/v2\/media\/6621"}],"wp:attachment":[{"href":"https:\/\/www.domstavpro.com\/index.php\/wp-json\/wp\/v2\/media?parent=6521"}],"wp:term":[{"taxonomy":"product_brand","embeddable":true,"href":"https:\/\/www.domstavpro.com\/index.php\/wp-json\/wp\/v2\/product_brand?post=6521"},{"taxonomy":"product_cat","embeddable":true,"href":"https:\/\/www.domstavpro.com\/index.php\/wp-json\/wp\/v2\/product_cat?post=6521"},{"taxonomy":"product_tag","embeddable":true,"href":"https:\/\/www.domstavpro.com\/index.php\/wp-json\/wp\/v2\/product_tag?post=6521"}],"curies":[{"name":"wp","href":"https:\/\/api.w.org\/{rel}","templated":true}]}}