{"id":6507,"date":"2026-04-27T15:08:09","date_gmt":"2026-04-27T15:08:09","guid":{"rendered":""},"modified":"2026-04-27T15:08:09","modified_gmt":"2026-04-27T15:08:09","slug":"vikendova-akce-scheppach-dh-1600-max-vrtaci-sekaci-kladivo-7-5-kg-6507","status":"publish","type":"product","link":"https:\/\/www.domstavpro.com\/index.php\/produkt\/vikendova-akce-scheppach-dh-1600-max-vrtaci-sekaci-kladivo-7-5-kg-6507\/","title":{"rendered":"V\u00edkendov\u00e1 Akce Scheppach DH 1600 MAX &#8211; vrtac\u00ed\/sekac\u00ed kladivo 7,5 kg"},"content":{"rendered":"<table>\n<div class=\"tab-pane active product-description\" id=\"popis\" role=\"tabpanel\">\n<div class=\"short-description\" itemprop=\"description\"><\/div>\n<div class=\"description\"><span class='bullet-line'>S r\u00e1zovou silou 10 joul\u016f zvl\u00e1dne bourac\u00ed kladivo DH1600MAX od Scheppachu i ty nejn\u00e1ro\u010dn\u011bj\u0161\u00ed pr\u00e1ce. Je vhodn\u00fd jak pro p\u0159\u00edklepov\u00e9 vrt\u00e1n\u00ed, tak pro sek\u00e1n\u00ed. V\u00fdm\u011bna n\u00e1stroje je rychl\u00e1 a snadn\u00e1 d\u00edky up\u00ednac\u00edmu syst\u00e9mu SDS-Max. Sou\u010d\u00e1st\u00ed dod\u00e1vky je zahrocen\u00fd a ploch\u00fd sek\u00e1\u010d a plastov\u00e9 pouzdro.<\/span><span class='bullet-line'>\u00dadern\u00e1 s\u00edla 10 joul\u016f pro univerz\u00e1ln\u00ed pou\u017eit\u00ed<\/span><span class='bullet-line'>V\u00fdkonn\u00fd 1600W motor<\/span><span class='bullet-line'>Dv\u011b funkce pro v\u0161estrannou pr\u00e1ci (p\u0159\u00edklepov\u00e9 vrt\u00e1n\u00ed a sek\u00e1n\u00ed)<\/span><span class='bullet-line'>Maxim\u00e1ln\u00ed tepov\u00e1 frekvence 3800 bpm<\/span><span class='bullet-line'>Antivibra\u010dn\u00ed kontrola<\/span><span class='bullet-line'>Snadn\u00e1 v\u00fdm\u011bna n\u00e1stroje d\u00edky up\u00ednac\u00edmu syst\u00e9mu SDS-Max<\/span><span class='bullet-line'>Plastov\u00e9 pouzdro pro pohodlnou p\u0159epravu a skladov\u00e1n\u00ed<\/span><span class='bullet-line'>V\u010detn\u011b \u0161pi\u010dat\u00e9ho a ploch\u00e9ho sek\u00e1\u010de, LED, dvojice uhl\u00edkov\u00fdch kart\u00e1\u010d\u016f a tuby mazac\u00edho tuku<\/span><\/div>\n<div class=\"parameters\">\n<tr>\n<td>P\u0159\u00edkon (W)<\/td>\n<td>1600<\/td>\n<\/tr>\n<tr>\n<td>Energie \u00faderu (J)<\/td>\n<td>10<\/td>\n<\/tr>\n<tr>\n<td>Po\u010det \u00fader\u016f (\u00fad\/min)<\/td>\n<td>3800<\/td>\n<\/tr>\n<tr>\n<td>Skl\u00ed\u010didlo<\/td>\n<td>SDS max<\/td>\n<\/tr>\n<tr>\n<td>Typ motoru<\/td>\n<td>230 V, 50 Hz<\/td>\n<\/tr>\n<tr>\n<td>Hmotnost (Kg):<\/td>\n<td>7.30<\/td>\n<\/tr>\n<tr>\n<td>Rozm\u011bry (cm):<\/td>\n<td>46 x 9.5 x 38<\/td>\n<\/tr>\n<tr>\n<td>Rozm\u011bry balen\u00ed (cm):<\/td>\n<td>41 x 12.6 x 37<\/td>\n<\/tr>\n<tr>\n<td>Obj. \u010d.:<\/td>\n<td>5907903901<\/td>\n<\/tr><\/div>\n<\/table>\n","protected":false},"excerpt":{"rendered":"<p>S r\u00e1zovou silou 10 joul\u016f zvl\u00e1dne bourac\u00ed kladivo DH1600MAX od Scheppachu i ty nejn\u00e1ro\u010dn\u011bj\u0161\u00ed pr\u00e1ce. Je vhodn\u00fd jak pro p\u0159\u00edklepov\u00e9 vrt\u00e1n\u00ed, tak pro sek\u00e1n\u00ed. V\u00fdm\u011bna n\u00e1stroje je rychl\u00e1 a snadn\u00e1 d\u00edky up\u00ednac\u00edmu syst\u00e9mu SDS-Max. Sou\u010d\u00e1st\u00ed dod\u00e1vky je zahrocen\u00fd a ploch\u00fd sek\u00e1\u010d a plastov\u00e9 pouzdro.\u00dadern\u00e1 s\u00edla 10 joul\u016f pro univerz\u00e1ln\u00ed pou\u017eit\u00edV\u00fdkonn\u00fd 1600W motorDv\u011b funkce pro v\u0161estrannou [&hellip;]<\/p>\n","protected":false},"featured_media":6607,"comment_status":"open","ping_status":"open","template":"","meta":[],"product_brand":[],"product_cat":[38],"product_tag":[],"class_list":{"0":"post-6507","1":"product","2":"type-product","3":"status-publish","4":"has-post-thumbnail","6":"product_cat-naradi","8":"first","9":"instock","10":"sale","11":"shipping-taxable","12":"purchasable","13":"product-type-simple"},"yoast_head":"<!-- This site is optimized with the Yoast SEO plugin v26.8 - https:\/\/yoast.com\/product\/yoast-seo-wordpress\/ -->\n<title>V\u00edkendov\u00e1 Akce Scheppach DH 1600 MAX - vrtac\u00ed\/sekac\u00ed kladivo 7,5 kg -<\/title>\n<meta name=\"robots\" content=\"index, follow, max-snippet:-1, max-image-preview:large, max-video-preview:-1\" \/>\n<link rel=\"canonical\" href=\"https:\/\/www.domstavpro.com\/index.php\/produkt\/vikendova-akce-scheppach-dh-1600-max-vrtaci-sekaci-kladivo-7-5-kg-6507\/\" \/>\n<meta property=\"og:locale\" content=\"cs_CZ\" \/>\n<meta property=\"og:type\" content=\"article\" \/>\n<meta property=\"og:title\" content=\"V\u00edkendov\u00e1 Akce Scheppach DH 1600 MAX - vrtac\u00ed\/sekac\u00ed kladivo 7,5 kg -\" \/>\n<meta property=\"og:description\" content=\"S r\u00e1zovou silou 10 joul\u016f zvl\u00e1dne bourac\u00ed kladivo DH1600MAX od Scheppachu i ty nejn\u00e1ro\u010dn\u011bj\u0161\u00ed pr\u00e1ce. Je vhodn\u00fd jak pro p\u0159\u00edklepov\u00e9 vrt\u00e1n\u00ed, tak pro sek\u00e1n\u00ed. V\u00fdm\u011bna n\u00e1stroje je rychl\u00e1 a snadn\u00e1 d\u00edky up\u00ednac\u00edmu syst\u00e9mu SDS-Max. Sou\u010d\u00e1st\u00ed dod\u00e1vky je zahrocen\u00fd a ploch\u00fd sek\u00e1\u010d a plastov\u00e9 pouzdro.\u00dadern\u00e1 s\u00edla 10 joul\u016f pro univerz\u00e1ln\u00ed pou\u017eit\u00edV\u00fdkonn\u00fd 1600W motorDv\u011b funkce pro v\u0161estrannou [&hellip;]\" \/>\n<meta property=\"og:url\" content=\"https:\/\/www.domstavpro.com\/index.php\/produkt\/vikendova-akce-scheppach-dh-1600-max-vrtaci-sekaci-kladivo-7-5-kg-6507\/\" \/>\n<meta property=\"og:image\" content=\"https:\/\/www.domstavpro.com\/wp-content\/uploads\/2026\/SK0028971-CZ20260425-092328-0-1777080210-1253175-1_164310.webp\" \/>\n\t<meta property=\"og:image:width\" content=\"800\" \/>\n\t<meta property=\"og:image:height\" content=\"800\" \/>\n\t<meta property=\"og:image:type\" content=\"image\/webp\" \/>\n<meta name=\"twitter:card\" content=\"summary_large_image\" \/>\n<meta name=\"twitter:label1\" content=\"Odhadovan\u00e1 doba \u010dten\u00ed\" \/>\n\t<meta name=\"twitter:data1\" content=\"1 minuta\" \/>\n<script type=\"application\/ld+json\" class=\"yoast-schema-graph\">{\"@context\":\"https:\/\/schema.org\",\"@graph\":[{\"@type\":\"WebPage\",\"@id\":\"https:\/\/www.domstavpro.com\/index.php\/produkt\/vikendova-akce-scheppach-dh-1600-max-vrtaci-sekaci-kladivo-7-5-kg-6507\/\",\"url\":\"https:\/\/www.domstavpro.com\/index.php\/produkt\/vikendova-akce-scheppach-dh-1600-max-vrtaci-sekaci-kladivo-7-5-kg-6507\/\",\"name\":\"V\u00edkendov\u00e1 Akce Scheppach DH 1600 MAX - vrtac\u00ed\/sekac\u00ed kladivo 7,5 kg -\",\"isPartOf\":{\"@id\":\"https:\/\/www.domstavpro.com\/#website\"},\"primaryImageOfPage\":{\"@id\":\"https:\/\/www.domstavpro.com\/index.php\/produkt\/vikendova-akce-scheppach-dh-1600-max-vrtaci-sekaci-kladivo-7-5-kg-6507\/#primaryimage\"},\"image\":{\"@id\":\"https:\/\/www.domstavpro.com\/index.php\/produkt\/vikendova-akce-scheppach-dh-1600-max-vrtaci-sekaci-kladivo-7-5-kg-6507\/#primaryimage\"},\"thumbnailUrl\":\"https:\/\/www.domstavpro.com\/wp-content\/uploads\/2026\/SK0028971-CZ20260425-092328-0-1777080210-1253175-1_164310.webp\",\"datePublished\":\"2026-04-27T15:08:09+00:00\",\"breadcrumb\":{\"@id\":\"https:\/\/www.domstavpro.com\/index.php\/produkt\/vikendova-akce-scheppach-dh-1600-max-vrtaci-sekaci-kladivo-7-5-kg-6507\/#breadcrumb\"},\"inLanguage\":\"cs\",\"potentialAction\":[{\"@type\":\"ReadAction\",\"target\":[\"https:\/\/www.domstavpro.com\/index.php\/produkt\/vikendova-akce-scheppach-dh-1600-max-vrtaci-sekaci-kladivo-7-5-kg-6507\/\"]}]},{\"@type\":\"ImageObject\",\"inLanguage\":\"cs\",\"@id\":\"https:\/\/www.domstavpro.com\/index.php\/produkt\/vikendova-akce-scheppach-dh-1600-max-vrtaci-sekaci-kladivo-7-5-kg-6507\/#primaryimage\",\"url\":\"https:\/\/www.domstavpro.com\/wp-content\/uploads\/2026\/SK0028971-CZ20260425-092328-0-1777080210-1253175-1_164310.webp\",\"contentUrl\":\"https:\/\/www.domstavpro.com\/wp-content\/uploads\/2026\/SK0028971-CZ20260425-092328-0-1777080210-1253175-1_164310.webp\",\"width\":800,\"height\":800},{\"@type\":\"BreadcrumbList\",\"@id\":\"https:\/\/www.domstavpro.com\/index.php\/produkt\/vikendova-akce-scheppach-dh-1600-max-vrtaci-sekaci-kladivo-7-5-kg-6507\/#breadcrumb\",\"itemListElement\":[{\"@type\":\"ListItem\",\"position\":1,\"name\":\"Home\",\"item\":\"https:\/\/www.domstavpro.com\/\"},{\"@type\":\"ListItem\",\"position\":2,\"name\":\"Products\",\"item\":\"https:\/\/www.domstavpro.com\/index.php\/products\/\"},{\"@type\":\"ListItem\",\"position\":3,\"name\":\"V\u00edkendov\u00e1 Akce Scheppach DH 1600 MAX &#8211; vrtac\u00ed\/sekac\u00ed kladivo 7,5 kg\"}]},{\"@type\":\"WebSite\",\"@id\":\"https:\/\/www.domstavpro.com\/#website\",\"url\":\"https:\/\/www.domstavpro.com\/\",\"name\":\"\",\"description\":\"\",\"potentialAction\":[{\"@type\":\"SearchAction\",\"target\":{\"@type\":\"EntryPoint\",\"urlTemplate\":\"https:\/\/www.domstavpro.com\/?s={search_term_string}\"},\"query-input\":{\"@type\":\"PropertyValueSpecification\",\"valueRequired\":true,\"valueName\":\"search_term_string\"}}],\"inLanguage\":\"cs\"}]}<\/script>\n<!-- \/ Yoast SEO plugin. -->","yoast_head_json":{"title":"V\u00edkendov\u00e1 Akce Scheppach DH 1600 MAX - vrtac\u00ed\/sekac\u00ed kladivo 7,5 kg -","robots":{"index":"index","follow":"follow","max-snippet":"max-snippet:-1","max-image-preview":"max-image-preview:large","max-video-preview":"max-video-preview:-1"},"canonical":"https:\/\/www.domstavpro.com\/index.php\/produkt\/vikendova-akce-scheppach-dh-1600-max-vrtaci-sekaci-kladivo-7-5-kg-6507\/","og_locale":"cs_CZ","og_type":"article","og_title":"V\u00edkendov\u00e1 Akce Scheppach DH 1600 MAX - vrtac\u00ed\/sekac\u00ed kladivo 7,5 kg -","og_description":"S r\u00e1zovou silou 10 joul\u016f zvl\u00e1dne bourac\u00ed kladivo DH1600MAX od Scheppachu i ty nejn\u00e1ro\u010dn\u011bj\u0161\u00ed pr\u00e1ce. Je vhodn\u00fd jak pro p\u0159\u00edklepov\u00e9 vrt\u00e1n\u00ed, tak pro sek\u00e1n\u00ed. V\u00fdm\u011bna n\u00e1stroje je rychl\u00e1 a snadn\u00e1 d\u00edky up\u00ednac\u00edmu syst\u00e9mu SDS-Max. Sou\u010d\u00e1st\u00ed dod\u00e1vky je zahrocen\u00fd a ploch\u00fd sek\u00e1\u010d a plastov\u00e9 pouzdro.\u00dadern\u00e1 s\u00edla 10 joul\u016f pro univerz\u00e1ln\u00ed pou\u017eit\u00edV\u00fdkonn\u00fd 1600W motorDv\u011b funkce pro v\u0161estrannou [&hellip;]","og_url":"https:\/\/www.domstavpro.com\/index.php\/produkt\/vikendova-akce-scheppach-dh-1600-max-vrtaci-sekaci-kladivo-7-5-kg-6507\/","og_image":[{"width":800,"height":800,"url":"https:\/\/www.domstavpro.com\/wp-content\/uploads\/2026\/SK0028971-CZ20260425-092328-0-1777080210-1253175-1_164310.webp","type":"image\/webp"}],"twitter_card":"summary_large_image","twitter_misc":{"Odhadovan\u00e1 doba \u010dten\u00ed":"1 minuta"},"schema":{"@context":"https:\/\/schema.org","@graph":[{"@type":"WebPage","@id":"https:\/\/www.domstavpro.com\/index.php\/produkt\/vikendova-akce-scheppach-dh-1600-max-vrtaci-sekaci-kladivo-7-5-kg-6507\/","url":"https:\/\/www.domstavpro.com\/index.php\/produkt\/vikendova-akce-scheppach-dh-1600-max-vrtaci-sekaci-kladivo-7-5-kg-6507\/","name":"V\u00edkendov\u00e1 Akce Scheppach DH 1600 MAX - vrtac\u00ed\/sekac\u00ed kladivo 7,5 kg -","isPartOf":{"@id":"https:\/\/www.domstavpro.com\/#website"},"primaryImageOfPage":{"@id":"https:\/\/www.domstavpro.com\/index.php\/produkt\/vikendova-akce-scheppach-dh-1600-max-vrtaci-sekaci-kladivo-7-5-kg-6507\/#primaryimage"},"image":{"@id":"https:\/\/www.domstavpro.com\/index.php\/produkt\/vikendova-akce-scheppach-dh-1600-max-vrtaci-sekaci-kladivo-7-5-kg-6507\/#primaryimage"},"thumbnailUrl":"https:\/\/www.domstavpro.com\/wp-content\/uploads\/2026\/SK0028971-CZ20260425-092328-0-1777080210-1253175-1_164310.webp","datePublished":"2026-04-27T15:08:09+00:00","breadcrumb":{"@id":"https:\/\/www.domstavpro.com\/index.php\/produkt\/vikendova-akce-scheppach-dh-1600-max-vrtaci-sekaci-kladivo-7-5-kg-6507\/#breadcrumb"},"inLanguage":"cs","potentialAction":[{"@type":"ReadAction","target":["https:\/\/www.domstavpro.com\/index.php\/produkt\/vikendova-akce-scheppach-dh-1600-max-vrtaci-sekaci-kladivo-7-5-kg-6507\/"]}]},{"@type":"ImageObject","inLanguage":"cs","@id":"https:\/\/www.domstavpro.com\/index.php\/produkt\/vikendova-akce-scheppach-dh-1600-max-vrtaci-sekaci-kladivo-7-5-kg-6507\/#primaryimage","url":"https:\/\/www.domstavpro.com\/wp-content\/uploads\/2026\/SK0028971-CZ20260425-092328-0-1777080210-1253175-1_164310.webp","contentUrl":"https:\/\/www.domstavpro.com\/wp-content\/uploads\/2026\/SK0028971-CZ20260425-092328-0-1777080210-1253175-1_164310.webp","width":800,"height":800},{"@type":"BreadcrumbList","@id":"https:\/\/www.domstavpro.com\/index.php\/produkt\/vikendova-akce-scheppach-dh-1600-max-vrtaci-sekaci-kladivo-7-5-kg-6507\/#breadcrumb","itemListElement":[{"@type":"ListItem","position":1,"name":"Home","item":"https:\/\/www.domstavpro.com\/"},{"@type":"ListItem","position":2,"name":"Products","item":"https:\/\/www.domstavpro.com\/index.php\/products\/"},{"@type":"ListItem","position":3,"name":"V\u00edkendov\u00e1 Akce Scheppach DH 1600 MAX &#8211; vrtac\u00ed\/sekac\u00ed kladivo 7,5 kg"}]},{"@type":"WebSite","@id":"https:\/\/www.domstavpro.com\/#website","url":"https:\/\/www.domstavpro.com\/","name":"","description":"","potentialAction":[{"@type":"SearchAction","target":{"@type":"EntryPoint","urlTemplate":"https:\/\/www.domstavpro.com\/?s={search_term_string}"},"query-input":{"@type":"PropertyValueSpecification","valueRequired":true,"valueName":"search_term_string"}}],"inLanguage":"cs"}]}},"_links":{"self":[{"href":"https:\/\/www.domstavpro.com\/index.php\/wp-json\/wp\/v2\/product\/6507","targetHints":{"allow":["GET"]}}],"collection":[{"href":"https:\/\/www.domstavpro.com\/index.php\/wp-json\/wp\/v2\/product"}],"about":[{"href":"https:\/\/www.domstavpro.com\/index.php\/wp-json\/wp\/v2\/types\/product"}],"replies":[{"embeddable":true,"href":"https:\/\/www.domstavpro.com\/index.php\/wp-json\/wp\/v2\/comments?post=6507"}],"wp:featuredmedia":[{"embeddable":true,"href":"https:\/\/www.domstavpro.com\/index.php\/wp-json\/wp\/v2\/media\/6607"}],"wp:attachment":[{"href":"https:\/\/www.domstavpro.com\/index.php\/wp-json\/wp\/v2\/media?parent=6507"}],"wp:term":[{"taxonomy":"product_brand","embeddable":true,"href":"https:\/\/www.domstavpro.com\/index.php\/wp-json\/wp\/v2\/product_brand?post=6507"},{"taxonomy":"product_cat","embeddable":true,"href":"https:\/\/www.domstavpro.com\/index.php\/wp-json\/wp\/v2\/product_cat?post=6507"},{"taxonomy":"product_tag","embeddable":true,"href":"https:\/\/www.domstavpro.com\/index.php\/wp-json\/wp\/v2\/product_tag?post=6507"}],"curies":[{"name":"wp","href":"https:\/\/api.w.org\/{rel}","templated":true}]}}