{"id":6504,"date":"2026-04-27T15:08:09","date_gmt":"2026-04-27T15:08:09","guid":{"rendered":""},"modified":"2026-04-27T15:08:09","modified_gmt":"2026-04-27T15:08:09","slug":"scheppach-dc-100-odsavac-pilin-tovarni-cena-6504","status":"publish","type":"product","link":"https:\/\/www.domstavpro.com\/index.php\/produkt\/scheppach-dc-100-odsavac-pilin-tovarni-cena-6504\/","title":{"rendered":"Scheppach DC 100 &#8211; Odsava\u010d pilin Tov\u00e1rn\u00ed Cena"},"content":{"rendered":"<table>\n<div class=\"tab-pane active product-description\" id=\"popis\" role=\"tabpanel\">\n<div class=\"short-description\" itemprop=\"description\"><\/div>\n<div class=\"description\"><span class='bullet-line'>P\u016fsobiv\u00fd d\u00edlensk\u00fd vysava\u010d za dostupnou cenu. Mal\u00fd ods\u00e1vac\u00ed syst\u00e9m DC100 od Scheppachu p\u0159ed\u010d\u00ed v\u0161echny mokr\u00e9\/such\u00e9 vysava\u010de, pokud jde o vys\u00e1v\u00e1n\u00ed d\u0159ev\u011bn\u00fdch t\u0159\u00edsek v d\u00edln\u011b. D\u00edky kompaktn\u00ed konstrukci je n\u00e1doba na ods\u00e1v\u00e1n\u00ed prachu ide\u00e1ln\u00ed pro ka\u017edou malou d\u00edlnu, abyste m\u011bli v\u017edy jasn\u00fd v\u00fdhled na obrobek a m\u00e9n\u011b zne\u010di\u0161t\u011bn\u00ed vzduchu prachem.<\/span><span class='bullet-line'>\u010cist\u00fd vzduch d\u00edky 0,5 mikronov\u00e9 filtraci<\/span><span class='bullet-line'>Kompaktn\u00ed a lehk\u00fd, tak\u017ee se snadno skladuje a p\u0159en\u00e1\u0161\u00ed<\/span><span class='bullet-line'>P\u0159ipojen\u00ed hadice 100 mm v\u010detn\u011b 4d\u00edln\u00e9 sady adapt\u00e9r\u016f pro v\u0161echna mal\u00e1 za\u0159\u00edzen\u00ed<\/span><span class='bullet-line'>Pevn\u00e1 kovov\u00e1 n\u00e1doba s rukojet\u00ed<\/span><span class='bullet-line'>V\u010detn\u011b filtra\u010dn\u00ed patrony a 4 pap\u00edrov\u00fdch filtr\u016f<\/span><span class='bullet-line'>Vhodn\u00e9 pro MDF, vl\u00e1kninu, d\u0159evot\u0159\u00edsku atd.<\/span><span class='bullet-line'>Ka\u017ed\u00fd, kdo hobluje, piluje nebo fr\u00e9zuje ve sv\u00e9 d\u00edln\u011b, zn\u00e1 tuto v\u00fdzvu: t\u0159\u00edsky a prach nejen zne\u010di\u0161\u0165uj\u00ed vzduch, ale tak\u00e9 zne\u010di\u0161\u0165uj\u00ed pracovn\u00ed plochu a viditelnost v mraku. Ods\u00e1vac\u00ed syst\u00e9m DC100 od Scheppachu spolehliv\u011b ods\u00e1v\u00e1 t\u0159\u00edsky v\u0161eho druhu a v\u017edy zajist\u00ed voln\u00fd v\u00fdhled na obrobek. Rychl\u00e9 ods\u00e1v\u00e1n\u00ed nejen prodlu\u017euje dobu chodu stroje, ale tak\u00e9 v\u00fdrazn\u011b minimalizuje zne\u010di\u0161t\u011bn\u00ed d\u00edlny a sni\u017euje se zdravotn\u00ed rizika t\u0159\u00edskami a prachem.<\/span><span class='bullet-line'>Vzhledem k tomu, \u017ee sac\u00ed ko\u0161 DC100 je speci\u00e1ln\u011b navr\u017een pro s\u00e1n\u00ed d\u0159ev\u011bn\u00fdch t\u0159\u00edsek v hobby d\u00edln\u011b, jeho sac\u00ed v\u00fdkon p\u0159ed\u010d\u00ed jak\u00fdkoli mokro\/such\u00fd vysava\u010d. Objemov\u00fd pr\u016ftok 215 m 3 \/h trvale a spolehliv\u011b ods\u00e1v\u00e1 prach, piliny a d\u0159ev\u011bn\u00e9 t\u0159\u00edsky. Vyt\u011b\u017een\u00e9 t\u0159\u00edsky kon\u010d\u00ed v robustn\u00ed kovov\u00e9 n\u00e1dob\u011b o objemu 65 l s rukojet\u00ed. To tak\u00e9 zaji\u0161\u0165uje stabiln\u00ed stojan na jak\u00e9mkoli m\u00edst\u011b.<\/span><span class='bullet-line'>V\u00fdkonn\u00fd 1200 W motor ods\u00e1vac\u00edho syst\u00e9mu DC100 poskytuje dostatek v\u00fdkonu k tomu, aby udr\u017eela hobby d\u00edlnu bez prachu a pilin, kter\u00e9 vznikaj\u00ed p\u0159i pr\u00e1ci s p\u00e1sov\u00fdmi pilami, stoln\u00edmi fr\u00e9zkami a spir\u00e1lov\u00fdmi pilami.<\/span><span class='bullet-line'>Mal\u00fd ods\u00e1vac\u00ed syst\u00e9m nejen udr\u017euje pracovi\u0161t\u011b p\u0159\u00edjemn\u011b \u010dist\u00e9, d\u00fdchac\u00ed cesty jsou tak\u00e9 v\u00fdrazn\u011b m\u00e9n\u011b nam\u00e1h\u00e1ny. Nas\u00e1van\u00fd zne\u010di\u0161t\u011bn\u00fd vzduch je \u010di\u0161t\u011bn pomoc\u00ed 0,5 mikronov\u00e9 filtrace a d\u00edky filtra\u010dn\u00ed plo\u0161e 0,3 m 2 . D\u00edky tomu unik\u00e1 pouze \u010dist\u00fd vzduch, kter\u00fd je nav\u00edc pro \u010dlov\u011bka ne\u0161kodn\u00fd.<\/span><span class='bullet-line'>S rozm\u011bry 400 x 400 x 700 mm je sac\u00ed v\u00e1lec kompaktn\u011b postaven, snadno se skladuje a p\u0159epravuje a lze jej proto flexibiln\u011b pou\u017e\u00edvat. Mal\u00fd, ale velmi v\u00fdkonn\u00fd sac\u00ed ko\u0161 DC100 je proto ide\u00e1ln\u00ed volbou do ka\u017ed\u00e9 hobby d\u00edlny. Ods\u00e1vac\u00ed syst\u00e9m se nejl\u00e9pe hod\u00ed pro MDF, vl\u00e1kninu a d\u0159evot\u0159\u00edsku.<\/span><span class='bullet-line'>2 metry dlouh\u00e1 sac\u00ed hadice je tak\u00e9 dostate\u010dn\u011b dlouh\u00e1, tak\u017ee sac\u00ed syst\u00e9m nemus\u00ed b\u00fdt neust\u00e1le p\u0159emis\u0165ov\u00e1n. \u010cty\u0159d\u00edln\u00e1 sada adapt\u00e9r\u016f, kter\u00e1 je sou\u010d\u00e1st\u00ed dod\u00e1vky, umo\u017e\u0148uje p\u0159ipojen\u00ed k \u0161irok\u00e9 \u0161k\u00e1le mal\u00fdch za\u0159\u00edzen\u00ed. Sou\u010d\u00e1st\u00ed dod\u00e1vky je tak\u00e9 filtra\u010dn\u00ed patrona a 4 pap\u00edrov\u00e9 filtry.<\/span><\/div>\n<div class=\"parameters\">\n<tr>\n<td>P\u0159\u00edkon (W)<\/td>\n<td>1100<\/td>\n<\/tr>\n<tr>\n<td>Pr\u016ftok vzduchu (m3\/h)<\/td>\n<td>183<\/td>\n<\/tr>\n<tr>\n<td>Kapacita kontejneru (l)<\/td>\n<td>50<\/td>\n<\/tr>\n<tr>\n<td>D\u00e9lka hadice (mm)<\/td>\n<td>1500<\/td>\n<\/tr>\n<tr>\n<td>Typ motoru<\/td>\n<td>230V, 50Hz<\/td>\n<\/tr>\n<tr>\n<td>Pr\u016fm\u011br hadice (mm)<\/td>\n<td>100<\/td>\n<\/tr>\n<tr>\n<td>Hmotnost (Kg):<\/td>\n<td>10.50<\/td>\n<\/tr>\n<tr>\n<td>Rozm\u011bry (cm):<\/td>\n<td>40 x 40 x 70<\/td>\n<\/tr>\n<tr>\n<td>Rozm\u011bry balen\u00ed (cm):<\/td>\n<td>40.5 x 40.5 x 71<\/td>\n<\/tr>\n<tr>\n<td>Obj. \u010d.:<\/td>\n<td>5906306901<\/td>\n<\/tr><\/div>\n<\/table>\n","protected":false},"excerpt":{"rendered":"<p>P\u016fsobiv\u00fd d\u00edlensk\u00fd vysava\u010d za dostupnou cenu. Mal\u00fd ods\u00e1vac\u00ed syst\u00e9m DC100 od Scheppachu p\u0159ed\u010d\u00ed v\u0161echny mokr\u00e9\/such\u00e9 vysava\u010de, pokud jde o vys\u00e1v\u00e1n\u00ed d\u0159ev\u011bn\u00fdch t\u0159\u00edsek v d\u00edln\u011b. D\u00edky kompaktn\u00ed konstrukci je n\u00e1doba na ods\u00e1v\u00e1n\u00ed prachu ide\u00e1ln\u00ed pro ka\u017edou malou d\u00edlnu, abyste m\u011bli v\u017edy jasn\u00fd v\u00fdhled na obrobek a m\u00e9n\u011b zne\u010di\u0161t\u011bn\u00ed vzduchu prachem.\u010cist\u00fd vzduch d\u00edky 0,5 mikronov\u00e9 filtraciKompaktn\u00ed a [&hellip;]<\/p>\n","protected":false},"featured_media":6604,"comment_status":"open","ping_status":"open","template":"","meta":[],"product_brand":[],"product_cat":[41],"product_tag":[],"class_list":{"0":"post-6504","1":"product","2":"type-product","3":"status-publish","4":"has-post-thumbnail","6":"product_cat-stroje","8":"first","9":"instock","10":"sale","11":"shipping-taxable","12":"purchasable","13":"product-type-simple"},"yoast_head":"<!-- This site is optimized with the Yoast SEO plugin v26.8 - https:\/\/yoast.com\/product\/yoast-seo-wordpress\/ -->\n<title>Scheppach DC 100 - Odsava\u010d pilin Tov\u00e1rn\u00ed Cena -<\/title>\n<meta name=\"robots\" content=\"index, follow, max-snippet:-1, max-image-preview:large, max-video-preview:-1\" \/>\n<link rel=\"canonical\" href=\"https:\/\/www.domstavpro.com\/index.php\/produkt\/scheppach-dc-100-odsavac-pilin-tovarni-cena-6504\/\" \/>\n<meta property=\"og:locale\" content=\"cs_CZ\" \/>\n<meta property=\"og:type\" content=\"article\" \/>\n<meta property=\"og:title\" content=\"Scheppach DC 100 - Odsava\u010d pilin Tov\u00e1rn\u00ed Cena -\" \/>\n<meta property=\"og:description\" content=\"P\u016fsobiv\u00fd d\u00edlensk\u00fd vysava\u010d za dostupnou cenu. Mal\u00fd ods\u00e1vac\u00ed syst\u00e9m DC100 od Scheppachu p\u0159ed\u010d\u00ed v\u0161echny mokr\u00e9\/such\u00e9 vysava\u010de, pokud jde o vys\u00e1v\u00e1n\u00ed d\u0159ev\u011bn\u00fdch t\u0159\u00edsek v d\u00edln\u011b. D\u00edky kompaktn\u00ed konstrukci je n\u00e1doba na ods\u00e1v\u00e1n\u00ed prachu ide\u00e1ln\u00ed pro ka\u017edou malou d\u00edlnu, abyste m\u011bli v\u017edy jasn\u00fd v\u00fdhled na obrobek a m\u00e9n\u011b zne\u010di\u0161t\u011bn\u00ed vzduchu prachem.\u010cist\u00fd vzduch d\u00edky 0,5 mikronov\u00e9 filtraciKompaktn\u00ed a [&hellip;]\" \/>\n<meta property=\"og:url\" content=\"https:\/\/www.domstavpro.com\/index.php\/produkt\/scheppach-dc-100-odsavac-pilin-tovarni-cena-6504\/\" \/>\n<meta property=\"og:image\" content=\"https:\/\/www.domstavpro.com\/wp-content\/uploads\/2026\/SK0028968-CZ20260425-092328-0-1777080210-1253172-1_164210.webp\" \/>\n\t<meta property=\"og:image:width\" content=\"800\" \/>\n\t<meta property=\"og:image:height\" content=\"800\" \/>\n\t<meta property=\"og:image:type\" content=\"image\/webp\" \/>\n<meta name=\"twitter:card\" content=\"summary_large_image\" \/>\n<meta name=\"twitter:label1\" content=\"Odhadovan\u00e1 doba \u010dten\u00ed\" \/>\n\t<meta name=\"twitter:data1\" content=\"3 minuty\" \/>\n<script type=\"application\/ld+json\" class=\"yoast-schema-graph\">{\"@context\":\"https:\/\/schema.org\",\"@graph\":[{\"@type\":\"WebPage\",\"@id\":\"https:\/\/www.domstavpro.com\/index.php\/produkt\/scheppach-dc-100-odsavac-pilin-tovarni-cena-6504\/\",\"url\":\"https:\/\/www.domstavpro.com\/index.php\/produkt\/scheppach-dc-100-odsavac-pilin-tovarni-cena-6504\/\",\"name\":\"Scheppach DC 100 - Odsava\u010d pilin Tov\u00e1rn\u00ed Cena -\",\"isPartOf\":{\"@id\":\"https:\/\/www.domstavpro.com\/#website\"},\"primaryImageOfPage\":{\"@id\":\"https:\/\/www.domstavpro.com\/index.php\/produkt\/scheppach-dc-100-odsavac-pilin-tovarni-cena-6504\/#primaryimage\"},\"image\":{\"@id\":\"https:\/\/www.domstavpro.com\/index.php\/produkt\/scheppach-dc-100-odsavac-pilin-tovarni-cena-6504\/#primaryimage\"},\"thumbnailUrl\":\"https:\/\/www.domstavpro.com\/wp-content\/uploads\/2026\/SK0028968-CZ20260425-092328-0-1777080210-1253172-1_164210.webp\",\"datePublished\":\"2026-04-27T15:08:09+00:00\",\"breadcrumb\":{\"@id\":\"https:\/\/www.domstavpro.com\/index.php\/produkt\/scheppach-dc-100-odsavac-pilin-tovarni-cena-6504\/#breadcrumb\"},\"inLanguage\":\"cs\",\"potentialAction\":[{\"@type\":\"ReadAction\",\"target\":[\"https:\/\/www.domstavpro.com\/index.php\/produkt\/scheppach-dc-100-odsavac-pilin-tovarni-cena-6504\/\"]}]},{\"@type\":\"ImageObject\",\"inLanguage\":\"cs\",\"@id\":\"https:\/\/www.domstavpro.com\/index.php\/produkt\/scheppach-dc-100-odsavac-pilin-tovarni-cena-6504\/#primaryimage\",\"url\":\"https:\/\/www.domstavpro.com\/wp-content\/uploads\/2026\/SK0028968-CZ20260425-092328-0-1777080210-1253172-1_164210.webp\",\"contentUrl\":\"https:\/\/www.domstavpro.com\/wp-content\/uploads\/2026\/SK0028968-CZ20260425-092328-0-1777080210-1253172-1_164210.webp\",\"width\":800,\"height\":800},{\"@type\":\"BreadcrumbList\",\"@id\":\"https:\/\/www.domstavpro.com\/index.php\/produkt\/scheppach-dc-100-odsavac-pilin-tovarni-cena-6504\/#breadcrumb\",\"itemListElement\":[{\"@type\":\"ListItem\",\"position\":1,\"name\":\"Home\",\"item\":\"https:\/\/www.domstavpro.com\/\"},{\"@type\":\"ListItem\",\"position\":2,\"name\":\"Products\",\"item\":\"https:\/\/www.domstavpro.com\/index.php\/products\/\"},{\"@type\":\"ListItem\",\"position\":3,\"name\":\"Scheppach DC 100 &#8211; Odsava\u010d pilin Tov\u00e1rn\u00ed Cena\"}]},{\"@type\":\"WebSite\",\"@id\":\"https:\/\/www.domstavpro.com\/#website\",\"url\":\"https:\/\/www.domstavpro.com\/\",\"name\":\"\",\"description\":\"\",\"potentialAction\":[{\"@type\":\"SearchAction\",\"target\":{\"@type\":\"EntryPoint\",\"urlTemplate\":\"https:\/\/www.domstavpro.com\/?s={search_term_string}\"},\"query-input\":{\"@type\":\"PropertyValueSpecification\",\"valueRequired\":true,\"valueName\":\"search_term_string\"}}],\"inLanguage\":\"cs\"}]}<\/script>\n<!-- \/ Yoast SEO plugin. -->","yoast_head_json":{"title":"Scheppach DC 100 - Odsava\u010d pilin Tov\u00e1rn\u00ed Cena -","robots":{"index":"index","follow":"follow","max-snippet":"max-snippet:-1","max-image-preview":"max-image-preview:large","max-video-preview":"max-video-preview:-1"},"canonical":"https:\/\/www.domstavpro.com\/index.php\/produkt\/scheppach-dc-100-odsavac-pilin-tovarni-cena-6504\/","og_locale":"cs_CZ","og_type":"article","og_title":"Scheppach DC 100 - Odsava\u010d pilin Tov\u00e1rn\u00ed Cena -","og_description":"P\u016fsobiv\u00fd d\u00edlensk\u00fd vysava\u010d za dostupnou cenu. Mal\u00fd ods\u00e1vac\u00ed syst\u00e9m DC100 od Scheppachu p\u0159ed\u010d\u00ed v\u0161echny mokr\u00e9\/such\u00e9 vysava\u010de, pokud jde o vys\u00e1v\u00e1n\u00ed d\u0159ev\u011bn\u00fdch t\u0159\u00edsek v d\u00edln\u011b. D\u00edky kompaktn\u00ed konstrukci je n\u00e1doba na ods\u00e1v\u00e1n\u00ed prachu ide\u00e1ln\u00ed pro ka\u017edou malou d\u00edlnu, abyste m\u011bli v\u017edy jasn\u00fd v\u00fdhled na obrobek a m\u00e9n\u011b zne\u010di\u0161t\u011bn\u00ed vzduchu prachem.\u010cist\u00fd vzduch d\u00edky 0,5 mikronov\u00e9 filtraciKompaktn\u00ed a [&hellip;]","og_url":"https:\/\/www.domstavpro.com\/index.php\/produkt\/scheppach-dc-100-odsavac-pilin-tovarni-cena-6504\/","og_image":[{"width":800,"height":800,"url":"https:\/\/www.domstavpro.com\/wp-content\/uploads\/2026\/SK0028968-CZ20260425-092328-0-1777080210-1253172-1_164210.webp","type":"image\/webp"}],"twitter_card":"summary_large_image","twitter_misc":{"Odhadovan\u00e1 doba \u010dten\u00ed":"3 minuty"},"schema":{"@context":"https:\/\/schema.org","@graph":[{"@type":"WebPage","@id":"https:\/\/www.domstavpro.com\/index.php\/produkt\/scheppach-dc-100-odsavac-pilin-tovarni-cena-6504\/","url":"https:\/\/www.domstavpro.com\/index.php\/produkt\/scheppach-dc-100-odsavac-pilin-tovarni-cena-6504\/","name":"Scheppach DC 100 - Odsava\u010d pilin Tov\u00e1rn\u00ed Cena -","isPartOf":{"@id":"https:\/\/www.domstavpro.com\/#website"},"primaryImageOfPage":{"@id":"https:\/\/www.domstavpro.com\/index.php\/produkt\/scheppach-dc-100-odsavac-pilin-tovarni-cena-6504\/#primaryimage"},"image":{"@id":"https:\/\/www.domstavpro.com\/index.php\/produkt\/scheppach-dc-100-odsavac-pilin-tovarni-cena-6504\/#primaryimage"},"thumbnailUrl":"https:\/\/www.domstavpro.com\/wp-content\/uploads\/2026\/SK0028968-CZ20260425-092328-0-1777080210-1253172-1_164210.webp","datePublished":"2026-04-27T15:08:09+00:00","breadcrumb":{"@id":"https:\/\/www.domstavpro.com\/index.php\/produkt\/scheppach-dc-100-odsavac-pilin-tovarni-cena-6504\/#breadcrumb"},"inLanguage":"cs","potentialAction":[{"@type":"ReadAction","target":["https:\/\/www.domstavpro.com\/index.php\/produkt\/scheppach-dc-100-odsavac-pilin-tovarni-cena-6504\/"]}]},{"@type":"ImageObject","inLanguage":"cs","@id":"https:\/\/www.domstavpro.com\/index.php\/produkt\/scheppach-dc-100-odsavac-pilin-tovarni-cena-6504\/#primaryimage","url":"https:\/\/www.domstavpro.com\/wp-content\/uploads\/2026\/SK0028968-CZ20260425-092328-0-1777080210-1253172-1_164210.webp","contentUrl":"https:\/\/www.domstavpro.com\/wp-content\/uploads\/2026\/SK0028968-CZ20260425-092328-0-1777080210-1253172-1_164210.webp","width":800,"height":800},{"@type":"BreadcrumbList","@id":"https:\/\/www.domstavpro.com\/index.php\/produkt\/scheppach-dc-100-odsavac-pilin-tovarni-cena-6504\/#breadcrumb","itemListElement":[{"@type":"ListItem","position":1,"name":"Home","item":"https:\/\/www.domstavpro.com\/"},{"@type":"ListItem","position":2,"name":"Products","item":"https:\/\/www.domstavpro.com\/index.php\/products\/"},{"@type":"ListItem","position":3,"name":"Scheppach DC 100 &#8211; Odsava\u010d pilin Tov\u00e1rn\u00ed Cena"}]},{"@type":"WebSite","@id":"https:\/\/www.domstavpro.com\/#website","url":"https:\/\/www.domstavpro.com\/","name":"","description":"","potentialAction":[{"@type":"SearchAction","target":{"@type":"EntryPoint","urlTemplate":"https:\/\/www.domstavpro.com\/?s={search_term_string}"},"query-input":{"@type":"PropertyValueSpecification","valueRequired":true,"valueName":"search_term_string"}}],"inLanguage":"cs"}]}},"_links":{"self":[{"href":"https:\/\/www.domstavpro.com\/index.php\/wp-json\/wp\/v2\/product\/6504","targetHints":{"allow":["GET"]}}],"collection":[{"href":"https:\/\/www.domstavpro.com\/index.php\/wp-json\/wp\/v2\/product"}],"about":[{"href":"https:\/\/www.domstavpro.com\/index.php\/wp-json\/wp\/v2\/types\/product"}],"replies":[{"embeddable":true,"href":"https:\/\/www.domstavpro.com\/index.php\/wp-json\/wp\/v2\/comments?post=6504"}],"wp:featuredmedia":[{"embeddable":true,"href":"https:\/\/www.domstavpro.com\/index.php\/wp-json\/wp\/v2\/media\/6604"}],"wp:attachment":[{"href":"https:\/\/www.domstavpro.com\/index.php\/wp-json\/wp\/v2\/media?parent=6504"}],"wp:term":[{"taxonomy":"product_brand","embeddable":true,"href":"https:\/\/www.domstavpro.com\/index.php\/wp-json\/wp\/v2\/product_brand?post=6504"},{"taxonomy":"product_cat","embeddable":true,"href":"https:\/\/www.domstavpro.com\/index.php\/wp-json\/wp\/v2\/product_cat?post=6504"},{"taxonomy":"product_tag","embeddable":true,"href":"https:\/\/www.domstavpro.com\/index.php\/wp-json\/wp\/v2\/product_tag?post=6504"}],"curies":[{"name":"wp","href":"https:\/\/api.w.org\/{rel}","templated":true}]}}