{"id":6497,"date":"2026-04-27T15:08:09","date_gmt":"2026-04-27T15:08:09","guid":{"rendered":""},"modified":"2026-04-27T15:08:09","modified_gmt":"2026-04-27T15:08:09","slug":"specialni-cena-scheppach-cid40-20li-aku-20v-dvourychlostni-vrtaci-sroubovak-s-priklepem-2x-baterie-2-ah-nabijecka-kufr-6497","status":"publish","type":"product","link":"https:\/\/www.domstavpro.com\/index.php\/produkt\/specialni-cena-scheppach-cid40-20li-aku-20v-dvourychlostni-vrtaci-sroubovak-s-priklepem-2x-baterie-2-ah-nabijecka-kufr-6497\/","title":{"rendered":"Speci\u00e1ln\u00ed Cena Scheppach CID40-20Li &#8211; aku 20V dvourychlostn\u00ed vrtac\u00ed \u0161roubov\u00e1k s p\u0159\u00edklepem + 2x baterie 2 Ah + nab\u00edje\u010dka + kufr"},"content":{"rendered":"<table>\n<div class=\"tab-pane active product-description\" id=\"popis\" role=\"tabpanel\">\n<div class=\"short-description\" itemprop=\"description\"><\/div>\n<div class=\"description\"><span class='bullet-line'>Scheppach CID40-20Li je robustn\u00ed a skv\u011ble vybaven\u00fd stroj vhodn\u00fd i pro t\u011b\u017ek\u00e9 vrtac\u00ed a \u0161roubovac\u00ed pr\u00e1ce v d\u00edln\u011b nebo dom\u00e1cnosti. M\u00e1 dv\u011b rychlosti, elektronicky nastavitelnou rychlost ot\u00e1\u010dek a siln\u00fd p\u0159\u00edklep. Pracovn\u00ed plocha je osv\u011btlen\u00e1 jasn\u00fdm LED osv\u011btlen\u00edm. <\/span><span class='bullet-line'>Rukoje\u0165 m\u00e1 protiskluzov\u00e9 z\u00f3ny. Na t\u011blo stroje je mo\u017eno p\u0159id\u011blat ocelov\u00fd klip na opasek. V\u00fdm\u011bna n\u00e1stroj\u016f je rychl\u00e1 d\u00edky modern\u00edmu kovov\u00e9mu rychloup\u00ednac\u00edmu skl\u00ed\u010didlu. Utahovac\u00ed moment se d\u00e1 nastavit v mnoha stupn\u00edch, podle druhu materi\u00e1lu, se kter\u00fdm pracujete. Samoz\u0159ejmost\u00ed je mo\u017enost p\u0159epnut\u00ed na prav\u00fd a lev\u00fd sm\u011br ot\u00e1\u010den\u00ed. O pohon se star\u00e1 siln\u00fd akumul\u00e1tor 20 V. Ten lze s rychlonab\u00edje\u010dkou nab\u00edt za pouh\u00fdch 30 min. Indikace stavu jeho nabit\u00ed je integrovan\u00e1 p\u0159\u00edmo na baterii. Stroj lze pou\u017e\u00edvat s bateriemi Scheppach 1,5\/2\/4 Ah. <\/span><span class='bullet-line'>Standardn\u00ed v\u00fdbava: 2 x 2 Ah akumul\u00e1tor, rychlonab\u00edje\u010dka 4 Ah, 6 ks \u0161roubovac\u00edch bit\u016f, 6 ks vrt\u00e1k\u016f, 1x dr\u017e\u00e1k bit\u016f, 1 x flexibiln\u00ed dr\u017e\u00e1k bit\u016f pro pr\u00e1ci v nep\u0159\u00edstupn\u00fdch prostorech, plastov\u00fd kufr Akumul\u00e1torov\u00e9 ru\u010dn\u00ed n\u00e1\u0159ad\u00ed Scheppach Vynikaj\u00edc\u00ed kvalita, vysp\u011bl\u00e9 technologie, skv\u011bl\u00e1 ergonomie a p\u0159\u00edzniv\u00e1 cena \u0158ada elektrick\u00e9ho n\u00e1\u0159ad\u00ed Scheppach byla vyvinuta s velkou pe\u010dlivost\u00ed k po\u017eadavk\u016fm jeho u\u017eivatel\u016f. Tak\u017ee a\u0165 u\u017e jste b\u011b\u017en\u00fd hobby u\u017eivatel nebo n\u00e1ro\u010dn\u00fd \u0159emesln\u00edk, v\u017edy si budete jist, \u017ee koup\u00ed n\u00e1\u0159ad\u00ed Scheppach vol\u00edte ide\u00e1ln\u00ed mix p\u0159\u00edzniv\u00e9 ceny, kvalitn\u00edch komponent\u016f, vysp\u011bl\u00e9 technologie a dlouh\u00e9 \u017eivotnosti. <\/span><span class='bullet-line'>Nav\u00edc dostanete 4-letou z\u00e1ruku a kvalitn\u00ed z\u00e1ru\u010dn\u00ed i poz\u00e1ru\u010dn\u00ed servis garantovan\u00fd jedn\u00edm z nejv\u011bt\u0161\u00edch evropsk\u00fdch v\u00fdrobc\u016f d\u00edlensk\u00e9ho n\u00e1\u0159ad\u00ed \u2013 n\u011bmeckou spole\u010dnost\u00ed Scheppach. Technologie HDSC technology \u2013 nejnov\u011bj\u0161\u00ed profesion\u00e1ln\u00ed technologie pro elektronickou regulaci v\u00fdkonu a ochranu p\u0159i nab\u00edjen\u00ed u lithiov\u00fdch akumul\u00e1tor\u016f. <\/span><span class='bullet-line'>V\u00fdsledkem je nejenom precizn\u00ed pr\u016fb\u011bh nab\u00edjen\u00ed, kdy je neust\u00e1le monitorov\u00e1n ka\u017ed\u00fd jednotliv\u00fd \u010dl\u00e1nek v baterii a dle aktu\u00e1ln\u00edch pot\u0159eb dob\u00edjen, ale i unik\u00e1tn\u00ed \u0159\u00edzen\u00ed v\u00fdkonu, kdy se baterie dok\u00e1\u017ee optim\u00e1ln\u011b p\u0159izp\u016fsobit kter\u00e9mukoliv stroji z \u0159ady Scheppach 20V a poskytnout v\u017edy maxim\u00e1ln\u00ed v\u00fdkon a vyu\u017e\u00edt maxim\u00e1ln\u011b svou kapacitu. Dal\u0161\u00edm pozitivn\u00edm dopadem technologie HDSC je zv\u00fd\u0161en\u00ed \u017eivotnosti akumul\u00e1toru, maxim\u00e1ln\u00ed prodlou\u017een\u00ed doby chodu stroje na jedno nabit\u00ed a ochrana samotn\u00e9 baterie p\u0159ed p\u0159et\u00ed\u017een\u00edm nebo p\u0159eh\u0159\u00e1t\u00edm. Ukazatel stavu nabit\u00ed \u2013 jednoduch\u00e1 indikace stavu nabit\u00ed baterie pomoc\u00ed integrovan\u00fdch LED diod. Indik\u00e1tor nen\u00ed sou\u010d\u00e1st\u00ed stroje, ale baterie, tak\u017ee m\u016f\u017eete zjistit okam\u017eitou kapacitu baterie, ani\u017e ji mus\u00edte vkl\u00e1dat do stroje. <\/span><span class='bullet-line'>V\u00fdkonn\u00e9 \u010dl\u00e1nky baterie \u2013 kvalitn\u00ed lithium-iontov\u00e9 \u010dl\u00e1nky spolu s chytrou elektronikou umo\u017e\u0148uj\u00ed okam\u017eit\u00fd p\u0159\u00edsun pot\u0159ebn\u00e9 energie i ve chv\u00edli skokov\u00e9ho zv\u00fd\u0161en\u00ed pot\u0159ebn\u00e9ho v\u00fdkonu. Bezuhl\u00edkov\u00fd motor \u2013 nov\u00e1 konstrukce a absence tradi\u010dn\u00edch uhl\u00edk\u016f, d\u00edky kter\u00e9 odpadaj\u00ed energetick\u00e9 ztr\u00e1ty zp\u016fsoben\u00e9 t\u0159en\u00edm, vytv\u00e1\u0159\u00ed modern\u00ed typ motoru s v\u00fdrazn\u011b vy\u0161\u0161\u00ed \u00fa\u010dinnost\u00ed, ni\u017e\u0161\u00edm zah\u0159\u00edv\u00e1n\u00edm, ti\u0161\u0161\u00edm chodem a del\u0161\u00ed \u017eivotnost\u00ed. Jedna 20V baterie poh\u00e1n\u00ed v\u0161e \u2013 je spousta syst\u00e9m\u016f, kde V\u00e1m sta\u010d\u00ed jedna baterie na celou \u0161k\u00e1lu n\u00e1\u0159ad\u00ed. D\u00edky chyb\u011bj\u00edc\u00ed nebo levn\u00e9 elektronice se \u010dasto stane, \u017ee baterie s n\u011bkter\u00fdm strojem funguje dob\u0159e, ale s jin\u00fdm ne. Je to proto, \u017ee v odb\u011brov\u00fdch k\u0159ivk\u00e1ch r\u016fzn\u00fdch druh\u016f stroj\u016f jsou obrovsk\u00e9 rozd\u00edly. D\u00edky vysp\u011bl\u00e9 elektronice baterie Scheppach \u201epozn\u00e1\u201c, ve kter\u00e9m je stroji a dokonale se mu p\u0159izp\u016fsob\u00ed. Vy tak dostanete z ka\u017ed\u00e9ho stroje maxim\u00e1ln\u00ed v\u00fdkon i pracovn\u00ed dobu.<\/span><\/div>\n<div class=\"parameters\">\n<tr>\n<td>Akumul\u00e1tor (V\/ Ah):<\/td>\n<td>2x 20 \/ 2<\/td>\n<\/tr>\n<tr>\n<td>Vrt\u00e1n\u00ed do d\u0159eva (mm):<\/td>\n<td>30<\/td>\n<\/tr>\n<tr>\n<td>Vrt\u00e1n\u00ed do oceli (mm):<\/td>\n<td>13<\/td>\n<\/tr>\n<tr>\n<td>Vrt\u00e1n\u00ed do betonu (mm):<\/td>\n<td>10<\/td>\n<\/tr>\n<tr>\n<td>Doba nab\u00edjen\u00ed (min):<\/td>\n<td>2Ah\/4Ah: 30\/60 min<\/td>\n<\/tr><\/div>\n<\/table>\n","protected":false},"excerpt":{"rendered":"<p>Scheppach CID40-20Li je robustn\u00ed a skv\u011ble vybaven\u00fd stroj vhodn\u00fd i pro t\u011b\u017ek\u00e9 vrtac\u00ed a \u0161roubovac\u00ed pr\u00e1ce v d\u00edln\u011b nebo dom\u00e1cnosti. M\u00e1 dv\u011b rychlosti, elektronicky nastavitelnou rychlost ot\u00e1\u010dek a siln\u00fd p\u0159\u00edklep. Pracovn\u00ed plocha je osv\u011btlen\u00e1 jasn\u00fdm LED osv\u011btlen\u00edm. Rukoje\u0165 m\u00e1 protiskluzov\u00e9 z\u00f3ny. Na t\u011blo stroje je mo\u017eno p\u0159id\u011blat ocelov\u00fd klip na opasek. V\u00fdm\u011bna n\u00e1stroj\u016f je rychl\u00e1 [&hellip;]<\/p>\n","protected":false},"featured_media":6597,"comment_status":"open","ping_status":"open","template":"","meta":[],"product_brand":[],"product_cat":[38],"product_tag":[],"class_list":{"0":"post-6497","1":"product","2":"type-product","3":"status-publish","4":"has-post-thumbnail","6":"product_cat-naradi","8":"first","9":"instock","10":"sale","11":"shipping-taxable","12":"purchasable","13":"product-type-simple"},"yoast_head":"<!-- This site is optimized with the Yoast SEO plugin v26.8 - https:\/\/yoast.com\/product\/yoast-seo-wordpress\/ -->\n<title>Speci\u00e1ln\u00ed Cena Scheppach CID40-20Li - aku 20V dvourychlostn\u00ed vrtac\u00ed \u0161roubov\u00e1k s p\u0159\u00edklepem + 2x baterie 2 Ah + nab\u00edje\u010dka + kufr -<\/title>\n<meta name=\"robots\" content=\"index, follow, max-snippet:-1, max-image-preview:large, max-video-preview:-1\" \/>\n<link rel=\"canonical\" href=\"https:\/\/www.domstavpro.com\/index.php\/produkt\/specialni-cena-scheppach-cid40-20li-aku-20v-dvourychlostni-vrtaci-sroubovak-s-priklepem-2x-baterie-2-ah-nabijecka-kufr-6497\/\" \/>\n<meta property=\"og:locale\" content=\"cs_CZ\" \/>\n<meta property=\"og:type\" content=\"article\" \/>\n<meta property=\"og:title\" content=\"Speci\u00e1ln\u00ed Cena Scheppach CID40-20Li - aku 20V dvourychlostn\u00ed vrtac\u00ed \u0161roubov\u00e1k s p\u0159\u00edklepem + 2x baterie 2 Ah + nab\u00edje\u010dka + kufr -\" \/>\n<meta property=\"og:description\" content=\"Scheppach CID40-20Li je robustn\u00ed a skv\u011ble vybaven\u00fd stroj vhodn\u00fd i pro t\u011b\u017ek\u00e9 vrtac\u00ed a \u0161roubovac\u00ed pr\u00e1ce v d\u00edln\u011b nebo dom\u00e1cnosti. M\u00e1 dv\u011b rychlosti, elektronicky nastavitelnou rychlost ot\u00e1\u010dek a siln\u00fd p\u0159\u00edklep. Pracovn\u00ed plocha je osv\u011btlen\u00e1 jasn\u00fdm LED osv\u011btlen\u00edm. Rukoje\u0165 m\u00e1 protiskluzov\u00e9 z\u00f3ny. Na t\u011blo stroje je mo\u017eno p\u0159id\u011blat ocelov\u00fd klip na opasek. V\u00fdm\u011bna n\u00e1stroj\u016f je rychl\u00e1 [&hellip;]\" \/>\n<meta property=\"og:url\" content=\"https:\/\/www.domstavpro.com\/index.php\/produkt\/specialni-cena-scheppach-cid40-20li-aku-20v-dvourychlostni-vrtaci-sroubovak-s-priklepem-2x-baterie-2-ah-nabijecka-kufr-6497\/\" \/>\n<meta property=\"og:image\" content=\"https:\/\/www.domstavpro.com\/wp-content\/uploads\/2026\/SK0028958-CZ20260425-092328-0-1777080210-1253159-1_163510.webp\" \/>\n\t<meta property=\"og:image:width\" content=\"800\" \/>\n\t<meta property=\"og:image:height\" content=\"800\" \/>\n\t<meta property=\"og:image:type\" content=\"image\/webp\" \/>\n<meta name=\"twitter:card\" content=\"summary_large_image\" \/>\n<meta name=\"twitter:label1\" content=\"Odhadovan\u00e1 doba \u010dten\u00ed\" \/>\n\t<meta name=\"twitter:data1\" content=\"3 minuty\" \/>\n<script type=\"application\/ld+json\" class=\"yoast-schema-graph\">{\"@context\":\"https:\/\/schema.org\",\"@graph\":[{\"@type\":\"WebPage\",\"@id\":\"https:\/\/www.domstavpro.com\/index.php\/produkt\/specialni-cena-scheppach-cid40-20li-aku-20v-dvourychlostni-vrtaci-sroubovak-s-priklepem-2x-baterie-2-ah-nabijecka-kufr-6497\/\",\"url\":\"https:\/\/www.domstavpro.com\/index.php\/produkt\/specialni-cena-scheppach-cid40-20li-aku-20v-dvourychlostni-vrtaci-sroubovak-s-priklepem-2x-baterie-2-ah-nabijecka-kufr-6497\/\",\"name\":\"Speci\u00e1ln\u00ed Cena Scheppach CID40-20Li - aku 20V dvourychlostn\u00ed vrtac\u00ed \u0161roubov\u00e1k s p\u0159\u00edklepem + 2x baterie 2 Ah + nab\u00edje\u010dka + kufr -\",\"isPartOf\":{\"@id\":\"https:\/\/www.domstavpro.com\/#website\"},\"primaryImageOfPage\":{\"@id\":\"https:\/\/www.domstavpro.com\/index.php\/produkt\/specialni-cena-scheppach-cid40-20li-aku-20v-dvourychlostni-vrtaci-sroubovak-s-priklepem-2x-baterie-2-ah-nabijecka-kufr-6497\/#primaryimage\"},\"image\":{\"@id\":\"https:\/\/www.domstavpro.com\/index.php\/produkt\/specialni-cena-scheppach-cid40-20li-aku-20v-dvourychlostni-vrtaci-sroubovak-s-priklepem-2x-baterie-2-ah-nabijecka-kufr-6497\/#primaryimage\"},\"thumbnailUrl\":\"https:\/\/www.domstavpro.com\/wp-content\/uploads\/2026\/SK0028958-CZ20260425-092328-0-1777080210-1253159-1_163510.webp\",\"datePublished\":\"2026-04-27T15:08:09+00:00\",\"breadcrumb\":{\"@id\":\"https:\/\/www.domstavpro.com\/index.php\/produkt\/specialni-cena-scheppach-cid40-20li-aku-20v-dvourychlostni-vrtaci-sroubovak-s-priklepem-2x-baterie-2-ah-nabijecka-kufr-6497\/#breadcrumb\"},\"inLanguage\":\"cs\",\"potentialAction\":[{\"@type\":\"ReadAction\",\"target\":[\"https:\/\/www.domstavpro.com\/index.php\/produkt\/specialni-cena-scheppach-cid40-20li-aku-20v-dvourychlostni-vrtaci-sroubovak-s-priklepem-2x-baterie-2-ah-nabijecka-kufr-6497\/\"]}]},{\"@type\":\"ImageObject\",\"inLanguage\":\"cs\",\"@id\":\"https:\/\/www.domstavpro.com\/index.php\/produkt\/specialni-cena-scheppach-cid40-20li-aku-20v-dvourychlostni-vrtaci-sroubovak-s-priklepem-2x-baterie-2-ah-nabijecka-kufr-6497\/#primaryimage\",\"url\":\"https:\/\/www.domstavpro.com\/wp-content\/uploads\/2026\/SK0028958-CZ20260425-092328-0-1777080210-1253159-1_163510.webp\",\"contentUrl\":\"https:\/\/www.domstavpro.com\/wp-content\/uploads\/2026\/SK0028958-CZ20260425-092328-0-1777080210-1253159-1_163510.webp\",\"width\":800,\"height\":800},{\"@type\":\"BreadcrumbList\",\"@id\":\"https:\/\/www.domstavpro.com\/index.php\/produkt\/specialni-cena-scheppach-cid40-20li-aku-20v-dvourychlostni-vrtaci-sroubovak-s-priklepem-2x-baterie-2-ah-nabijecka-kufr-6497\/#breadcrumb\",\"itemListElement\":[{\"@type\":\"ListItem\",\"position\":1,\"name\":\"Home\",\"item\":\"https:\/\/www.domstavpro.com\/\"},{\"@type\":\"ListItem\",\"position\":2,\"name\":\"Products\",\"item\":\"https:\/\/www.domstavpro.com\/index.php\/products\/\"},{\"@type\":\"ListItem\",\"position\":3,\"name\":\"Speci\u00e1ln\u00ed Cena Scheppach CID40-20Li &#8211; aku 20V dvourychlostn\u00ed vrtac\u00ed \u0161roubov\u00e1k s p\u0159\u00edklepem + 2x baterie 2 Ah + nab\u00edje\u010dka + kufr\"}]},{\"@type\":\"WebSite\",\"@id\":\"https:\/\/www.domstavpro.com\/#website\",\"url\":\"https:\/\/www.domstavpro.com\/\",\"name\":\"\",\"description\":\"\",\"potentialAction\":[{\"@type\":\"SearchAction\",\"target\":{\"@type\":\"EntryPoint\",\"urlTemplate\":\"https:\/\/www.domstavpro.com\/?s={search_term_string}\"},\"query-input\":{\"@type\":\"PropertyValueSpecification\",\"valueRequired\":true,\"valueName\":\"search_term_string\"}}],\"inLanguage\":\"cs\"}]}<\/script>\n<!-- \/ Yoast SEO plugin. -->","yoast_head_json":{"title":"Speci\u00e1ln\u00ed Cena Scheppach CID40-20Li - aku 20V dvourychlostn\u00ed vrtac\u00ed \u0161roubov\u00e1k s p\u0159\u00edklepem + 2x baterie 2 Ah + nab\u00edje\u010dka + kufr -","robots":{"index":"index","follow":"follow","max-snippet":"max-snippet:-1","max-image-preview":"max-image-preview:large","max-video-preview":"max-video-preview:-1"},"canonical":"https:\/\/www.domstavpro.com\/index.php\/produkt\/specialni-cena-scheppach-cid40-20li-aku-20v-dvourychlostni-vrtaci-sroubovak-s-priklepem-2x-baterie-2-ah-nabijecka-kufr-6497\/","og_locale":"cs_CZ","og_type":"article","og_title":"Speci\u00e1ln\u00ed Cena Scheppach CID40-20Li - aku 20V dvourychlostn\u00ed vrtac\u00ed \u0161roubov\u00e1k s p\u0159\u00edklepem + 2x baterie 2 Ah + nab\u00edje\u010dka + kufr -","og_description":"Scheppach CID40-20Li je robustn\u00ed a skv\u011ble vybaven\u00fd stroj vhodn\u00fd i pro t\u011b\u017ek\u00e9 vrtac\u00ed a \u0161roubovac\u00ed pr\u00e1ce v d\u00edln\u011b nebo dom\u00e1cnosti. M\u00e1 dv\u011b rychlosti, elektronicky nastavitelnou rychlost ot\u00e1\u010dek a siln\u00fd p\u0159\u00edklep. Pracovn\u00ed plocha je osv\u011btlen\u00e1 jasn\u00fdm LED osv\u011btlen\u00edm. Rukoje\u0165 m\u00e1 protiskluzov\u00e9 z\u00f3ny. Na t\u011blo stroje je mo\u017eno p\u0159id\u011blat ocelov\u00fd klip na opasek. V\u00fdm\u011bna n\u00e1stroj\u016f je rychl\u00e1 [&hellip;]","og_url":"https:\/\/www.domstavpro.com\/index.php\/produkt\/specialni-cena-scheppach-cid40-20li-aku-20v-dvourychlostni-vrtaci-sroubovak-s-priklepem-2x-baterie-2-ah-nabijecka-kufr-6497\/","og_image":[{"width":800,"height":800,"url":"https:\/\/www.domstavpro.com\/wp-content\/uploads\/2026\/SK0028958-CZ20260425-092328-0-1777080210-1253159-1_163510.webp","type":"image\/webp"}],"twitter_card":"summary_large_image","twitter_misc":{"Odhadovan\u00e1 doba \u010dten\u00ed":"3 minuty"},"schema":{"@context":"https:\/\/schema.org","@graph":[{"@type":"WebPage","@id":"https:\/\/www.domstavpro.com\/index.php\/produkt\/specialni-cena-scheppach-cid40-20li-aku-20v-dvourychlostni-vrtaci-sroubovak-s-priklepem-2x-baterie-2-ah-nabijecka-kufr-6497\/","url":"https:\/\/www.domstavpro.com\/index.php\/produkt\/specialni-cena-scheppach-cid40-20li-aku-20v-dvourychlostni-vrtaci-sroubovak-s-priklepem-2x-baterie-2-ah-nabijecka-kufr-6497\/","name":"Speci\u00e1ln\u00ed Cena Scheppach CID40-20Li - aku 20V dvourychlostn\u00ed vrtac\u00ed \u0161roubov\u00e1k s p\u0159\u00edklepem + 2x baterie 2 Ah + nab\u00edje\u010dka + kufr -","isPartOf":{"@id":"https:\/\/www.domstavpro.com\/#website"},"primaryImageOfPage":{"@id":"https:\/\/www.domstavpro.com\/index.php\/produkt\/specialni-cena-scheppach-cid40-20li-aku-20v-dvourychlostni-vrtaci-sroubovak-s-priklepem-2x-baterie-2-ah-nabijecka-kufr-6497\/#primaryimage"},"image":{"@id":"https:\/\/www.domstavpro.com\/index.php\/produkt\/specialni-cena-scheppach-cid40-20li-aku-20v-dvourychlostni-vrtaci-sroubovak-s-priklepem-2x-baterie-2-ah-nabijecka-kufr-6497\/#primaryimage"},"thumbnailUrl":"https:\/\/www.domstavpro.com\/wp-content\/uploads\/2026\/SK0028958-CZ20260425-092328-0-1777080210-1253159-1_163510.webp","datePublished":"2026-04-27T15:08:09+00:00","breadcrumb":{"@id":"https:\/\/www.domstavpro.com\/index.php\/produkt\/specialni-cena-scheppach-cid40-20li-aku-20v-dvourychlostni-vrtaci-sroubovak-s-priklepem-2x-baterie-2-ah-nabijecka-kufr-6497\/#breadcrumb"},"inLanguage":"cs","potentialAction":[{"@type":"ReadAction","target":["https:\/\/www.domstavpro.com\/index.php\/produkt\/specialni-cena-scheppach-cid40-20li-aku-20v-dvourychlostni-vrtaci-sroubovak-s-priklepem-2x-baterie-2-ah-nabijecka-kufr-6497\/"]}]},{"@type":"ImageObject","inLanguage":"cs","@id":"https:\/\/www.domstavpro.com\/index.php\/produkt\/specialni-cena-scheppach-cid40-20li-aku-20v-dvourychlostni-vrtaci-sroubovak-s-priklepem-2x-baterie-2-ah-nabijecka-kufr-6497\/#primaryimage","url":"https:\/\/www.domstavpro.com\/wp-content\/uploads\/2026\/SK0028958-CZ20260425-092328-0-1777080210-1253159-1_163510.webp","contentUrl":"https:\/\/www.domstavpro.com\/wp-content\/uploads\/2026\/SK0028958-CZ20260425-092328-0-1777080210-1253159-1_163510.webp","width":800,"height":800},{"@type":"BreadcrumbList","@id":"https:\/\/www.domstavpro.com\/index.php\/produkt\/specialni-cena-scheppach-cid40-20li-aku-20v-dvourychlostni-vrtaci-sroubovak-s-priklepem-2x-baterie-2-ah-nabijecka-kufr-6497\/#breadcrumb","itemListElement":[{"@type":"ListItem","position":1,"name":"Home","item":"https:\/\/www.domstavpro.com\/"},{"@type":"ListItem","position":2,"name":"Products","item":"https:\/\/www.domstavpro.com\/index.php\/products\/"},{"@type":"ListItem","position":3,"name":"Speci\u00e1ln\u00ed Cena Scheppach CID40-20Li &#8211; aku 20V dvourychlostn\u00ed vrtac\u00ed \u0161roubov\u00e1k s p\u0159\u00edklepem + 2x baterie 2 Ah + nab\u00edje\u010dka + kufr"}]},{"@type":"WebSite","@id":"https:\/\/www.domstavpro.com\/#website","url":"https:\/\/www.domstavpro.com\/","name":"","description":"","potentialAction":[{"@type":"SearchAction","target":{"@type":"EntryPoint","urlTemplate":"https:\/\/www.domstavpro.com\/?s={search_term_string}"},"query-input":{"@type":"PropertyValueSpecification","valueRequired":true,"valueName":"search_term_string"}}],"inLanguage":"cs"}]}},"_links":{"self":[{"href":"https:\/\/www.domstavpro.com\/index.php\/wp-json\/wp\/v2\/product\/6497","targetHints":{"allow":["GET"]}}],"collection":[{"href":"https:\/\/www.domstavpro.com\/index.php\/wp-json\/wp\/v2\/product"}],"about":[{"href":"https:\/\/www.domstavpro.com\/index.php\/wp-json\/wp\/v2\/types\/product"}],"replies":[{"embeddable":true,"href":"https:\/\/www.domstavpro.com\/index.php\/wp-json\/wp\/v2\/comments?post=6497"}],"wp:featuredmedia":[{"embeddable":true,"href":"https:\/\/www.domstavpro.com\/index.php\/wp-json\/wp\/v2\/media\/6597"}],"wp:attachment":[{"href":"https:\/\/www.domstavpro.com\/index.php\/wp-json\/wp\/v2\/media?parent=6497"}],"wp:term":[{"taxonomy":"product_brand","embeddable":true,"href":"https:\/\/www.domstavpro.com\/index.php\/wp-json\/wp\/v2\/product_brand?post=6497"},{"taxonomy":"product_cat","embeddable":true,"href":"https:\/\/www.domstavpro.com\/index.php\/wp-json\/wp\/v2\/product_cat?post=6497"},{"taxonomy":"product_tag","embeddable":true,"href":"https:\/\/www.domstavpro.com\/index.php\/wp-json\/wp\/v2\/product_tag?post=6497"}],"curies":[{"name":"wp","href":"https:\/\/api.w.org\/{rel}","templated":true}]}}