{"id":62933,"date":"2026-04-27T15:10:25","date_gmt":"2026-04-27T15:10:25","guid":{"rendered":""},"modified":"2026-04-27T15:10:25","modified_gmt":"2026-04-27T15:10:25","slug":"znackovy-mexen-flat-zlab-ke-stene-2v1-stena-80-cm-nerez-1030080-62933","status":"publish","type":"product","link":"https:\/\/www.domstavpro.com\/index.php\/produkt\/znackovy-mexen-flat-zlab-ke-stene-2v1-stena-80-cm-nerez-1030080-62933\/","title":{"rendered":"Zna\u010dkov\u00fd MEXEN &#8211; Flat \u017elab ke st\u011bn\u011b 2v1 st\u011bna 80 cm nerez 1030080"},"content":{"rendered":"<div class=\"basic-description\">\n<h3>Detailn\u00ed popis produktu<\/h3>\n<p>Technick\u00e1 data:<\/p>\n<p>Materi\u00e1l: nerezov\u00e1 ocel AISI 304<\/p>\n<p>Dokon\u010dit: Dla\u017edice \/ Chrome<\/p>\n<p>\u0160\u00ed\u0159ka: 80 cm<\/p>\n<p>Kapacita: 50 l \/ min<\/p>\n<p>M\u0159\u00ed\u017eka pro lepen\u00ed dla\u017edic o \u0161\u00ed\u0159ce 50 mm<\/p>\n<p>Typ ro\u0161tu: Oboustrann\u00fd<\/p>\n<p>\u017dlab a ro\u0161t o tlou\u0161\u0165ce 1,2 mm<\/p>\n<p>Kulat\u00fd l\u00edmec &#8211; 2 cm<\/p>\n<p>Hloubka ro\u0161tu &#8211; 12 mm<\/p>\n<p>Sada obsahuje:<\/p>\n<p>Oboustrann\u00e9 maskov\u00e1n\u00ed<\/p>\n<p>Vyj\u00edmateln\u00fd filtr na ne\u010distoty<\/p>\n<p>Sifon zastavuj\u00edc\u00ed z\u00e1pach<\/p>\n<p>\u017dlab na odvod vody<\/p>\n<p>Nastaviteln\u00e9 nohy<\/p>\n<p>Redukce 50\/40 mm<\/p>\n<p>T\u011bsnic\u00ed man\u017eeta<\/p>\n<p>H\u00e1\u010dek pro sejmut\u00ed krytu<\/p>\n<\/p><\/div>\n<div class=\"extended-description\">\n<h3>Dopl\u0148kov\u00e9 parametry<\/h3>\n<table class=\"detail-parameters\">\n<tbody>\n<tr>\n<th>        <span class=\"row-header-label\">            Kategorie<span class=\"row-header-label-colon\">:<\/span>        <\/span>    <\/th>\n<td>            <\/td>\n<\/tr>\n<tr>\n<th>            <span class=\"row-header-label\">                Hmotnost<span class=\"row-header-label-colon\">:<\/span>            <\/span>        <\/th>\n<td>            2.86 kg        <\/td>\n<\/tr>\n<tr class=\"productEan\">\n<th>          <span class=\"row-header-label productEan__label\">              EAN<span class=\"row-header-label-colon\">:<\/span>          <\/span>      <\/th>\n<td>          <span class=\"productEan__value\">5903163380123<\/span>      <\/td>\n<\/tr>\n<tr>\n<th>                <span class=\"row-header-label\">                                            Dostupnost<span class=\"row-header-label-colon\">:<\/span>                                    <\/span>            <\/th>\n<td>                                                            Skladem                                                <\/td>\n<\/tr>\n<\/tbody>\n<\/table><\/div>\n<\/p><\/div>\n<\/p><\/div>\n","protected":false},"excerpt":{"rendered":"<p>Detailn\u00ed popis produktu Technick\u00e1 data: Materi\u00e1l: nerezov\u00e1 ocel AISI 304 Dokon\u010dit: Dla\u017edice \/ Chrome \u0160\u00ed\u0159ka: 80 cm Kapacita: 50 l \/ min M\u0159\u00ed\u017eka pro lepen\u00ed dla\u017edic o \u0161\u00ed\u0159ce 50 mm Typ ro\u0161tu: Oboustrann\u00fd \u017dlab a ro\u0161t o tlou\u0161\u0165ce 1,2 mm Kulat\u00fd l\u00edmec &#8211; 2 cm Hloubka ro\u0161tu &#8211; 12 mm Sada obsahuje: Oboustrann\u00e9 maskov\u00e1n\u00ed Vyj\u00edmateln\u00fd [&hellip;]<\/p>\n","protected":false},"featured_media":63033,"comment_status":"open","ping_status":"open","template":"","meta":[],"product_brand":[],"product_cat":[79],"product_tag":[],"class_list":{"0":"post-62933","1":"product","2":"type-product","3":"status-publish","4":"has-post-thumbnail","6":"product_cat-odtokove-kanalky","8":"first","9":"instock","10":"sale","11":"shipping-taxable","12":"purchasable","13":"product-type-simple"},"yoast_head":"<!-- This site is optimized with the Yoast SEO plugin v26.8 - https:\/\/yoast.com\/product\/yoast-seo-wordpress\/ -->\n<title>Zna\u010dkov\u00fd MEXEN - Flat \u017elab ke st\u011bn\u011b 2v1 st\u011bna 80 cm nerez 1030080 -<\/title>\n<meta name=\"robots\" content=\"index, follow, max-snippet:-1, max-image-preview:large, max-video-preview:-1\" \/>\n<link rel=\"canonical\" href=\"https:\/\/www.domstavpro.com\/index.php\/produkt\/znackovy-mexen-flat-zlab-ke-stene-2v1-stena-80-cm-nerez-1030080-62933\/\" \/>\n<meta property=\"og:locale\" content=\"cs_CZ\" \/>\n<meta property=\"og:type\" content=\"article\" \/>\n<meta property=\"og:title\" content=\"Zna\u010dkov\u00fd MEXEN - Flat \u017elab ke st\u011bn\u011b 2v1 st\u011bna 80 cm nerez 1030080 -\" \/>\n<meta property=\"og:description\" content=\"Detailn\u00ed popis produktu Technick\u00e1 data: Materi\u00e1l: nerezov\u00e1 ocel AISI 304 Dokon\u010dit: Dla\u017edice \/ Chrome \u0160\u00ed\u0159ka: 80 cm Kapacita: 50 l \/ min M\u0159\u00ed\u017eka pro lepen\u00ed dla\u017edic o \u0161\u00ed\u0159ce 50 mm Typ ro\u0161tu: Oboustrann\u00fd \u017dlab a ro\u0161t o tlou\u0161\u0165ce 1,2 mm Kulat\u00fd l\u00edmec &#8211; 2 cm Hloubka ro\u0161tu &#8211; 12 mm Sada obsahuje: Oboustrann\u00e9 maskov\u00e1n\u00ed Vyj\u00edmateln\u00fd [&hellip;]\" \/>\n<meta property=\"og:url\" content=\"https:\/\/www.domstavpro.com\/index.php\/produkt\/znackovy-mexen-flat-zlab-ke-stene-2v1-stena-80-cm-nerez-1030080-62933\/\" \/>\n<meta property=\"og:image\" content=\"https:\/\/www.domstavpro.com\/wp-content\/uploads\/2026\/SK0034705-CZ20260425-092556-0-1777080363-1989928_mexen-flat-zlab-ke-stene-2v1-stena-80-cm-nerez-1030.webp\" \/>\n\t<meta property=\"og:image:width\" content=\"1000\" \/>\n\t<meta property=\"og:image:height\" content=\"750\" \/>\n\t<meta property=\"og:image:type\" content=\"image\/webp\" \/>\n<meta name=\"twitter:card\" content=\"summary_large_image\" \/>\n<script type=\"application\/ld+json\" class=\"yoast-schema-graph\">{\"@context\":\"https:\/\/schema.org\",\"@graph\":[{\"@type\":\"WebPage\",\"@id\":\"https:\/\/www.domstavpro.com\/index.php\/produkt\/znackovy-mexen-flat-zlab-ke-stene-2v1-stena-80-cm-nerez-1030080-62933\/\",\"url\":\"https:\/\/www.domstavpro.com\/index.php\/produkt\/znackovy-mexen-flat-zlab-ke-stene-2v1-stena-80-cm-nerez-1030080-62933\/\",\"name\":\"Zna\u010dkov\u00fd MEXEN - Flat \u017elab ke st\u011bn\u011b 2v1 st\u011bna 80 cm nerez 1030080 -\",\"isPartOf\":{\"@id\":\"https:\/\/www.domstavpro.com\/#website\"},\"primaryImageOfPage\":{\"@id\":\"https:\/\/www.domstavpro.com\/index.php\/produkt\/znackovy-mexen-flat-zlab-ke-stene-2v1-stena-80-cm-nerez-1030080-62933\/#primaryimage\"},\"image\":{\"@id\":\"https:\/\/www.domstavpro.com\/index.php\/produkt\/znackovy-mexen-flat-zlab-ke-stene-2v1-stena-80-cm-nerez-1030080-62933\/#primaryimage\"},\"thumbnailUrl\":\"https:\/\/www.domstavpro.com\/wp-content\/uploads\/2026\/SK0034705-CZ20260425-092556-0-1777080363-1989928_mexen-flat-zlab-ke-stene-2v1-stena-80-cm-nerez-1030.webp\",\"datePublished\":\"2026-04-27T15:10:25+00:00\",\"breadcrumb\":{\"@id\":\"https:\/\/www.domstavpro.com\/index.php\/produkt\/znackovy-mexen-flat-zlab-ke-stene-2v1-stena-80-cm-nerez-1030080-62933\/#breadcrumb\"},\"inLanguage\":\"cs\",\"potentialAction\":[{\"@type\":\"ReadAction\",\"target\":[\"https:\/\/www.domstavpro.com\/index.php\/produkt\/znackovy-mexen-flat-zlab-ke-stene-2v1-stena-80-cm-nerez-1030080-62933\/\"]}]},{\"@type\":\"ImageObject\",\"inLanguage\":\"cs\",\"@id\":\"https:\/\/www.domstavpro.com\/index.php\/produkt\/znackovy-mexen-flat-zlab-ke-stene-2v1-stena-80-cm-nerez-1030080-62933\/#primaryimage\",\"url\":\"https:\/\/www.domstavpro.com\/wp-content\/uploads\/2026\/SK0034705-CZ20260425-092556-0-1777080363-1989928_mexen-flat-zlab-ke-stene-2v1-stena-80-cm-nerez-1030.webp\",\"contentUrl\":\"https:\/\/www.domstavpro.com\/wp-content\/uploads\/2026\/SK0034705-CZ20260425-092556-0-1777080363-1989928_mexen-flat-zlab-ke-stene-2v1-stena-80-cm-nerez-1030.webp\",\"width\":1000,\"height\":750},{\"@type\":\"BreadcrumbList\",\"@id\":\"https:\/\/www.domstavpro.com\/index.php\/produkt\/znackovy-mexen-flat-zlab-ke-stene-2v1-stena-80-cm-nerez-1030080-62933\/#breadcrumb\",\"itemListElement\":[{\"@type\":\"ListItem\",\"position\":1,\"name\":\"Home\",\"item\":\"https:\/\/www.domstavpro.com\/\"},{\"@type\":\"ListItem\",\"position\":2,\"name\":\"Products\",\"item\":\"https:\/\/www.domstavpro.com\/index.php\/products\/\"},{\"@type\":\"ListItem\",\"position\":3,\"name\":\"Zna\u010dkov\u00fd MEXEN &#8211; Flat \u017elab ke st\u011bn\u011b 2v1 st\u011bna 80 cm nerez 1030080\"}]},{\"@type\":\"WebSite\",\"@id\":\"https:\/\/www.domstavpro.com\/#website\",\"url\":\"https:\/\/www.domstavpro.com\/\",\"name\":\"\",\"description\":\"\",\"potentialAction\":[{\"@type\":\"SearchAction\",\"target\":{\"@type\":\"EntryPoint\",\"urlTemplate\":\"https:\/\/www.domstavpro.com\/?s={search_term_string}\"},\"query-input\":{\"@type\":\"PropertyValueSpecification\",\"valueRequired\":true,\"valueName\":\"search_term_string\"}}],\"inLanguage\":\"cs\"}]}<\/script>\n<!-- \/ Yoast SEO plugin. -->","yoast_head_json":{"title":"Zna\u010dkov\u00fd MEXEN - Flat \u017elab ke st\u011bn\u011b 2v1 st\u011bna 80 cm nerez 1030080 -","robots":{"index":"index","follow":"follow","max-snippet":"max-snippet:-1","max-image-preview":"max-image-preview:large","max-video-preview":"max-video-preview:-1"},"canonical":"https:\/\/www.domstavpro.com\/index.php\/produkt\/znackovy-mexen-flat-zlab-ke-stene-2v1-stena-80-cm-nerez-1030080-62933\/","og_locale":"cs_CZ","og_type":"article","og_title":"Zna\u010dkov\u00fd MEXEN - Flat \u017elab ke st\u011bn\u011b 2v1 st\u011bna 80 cm nerez 1030080 -","og_description":"Detailn\u00ed popis produktu Technick\u00e1 data: Materi\u00e1l: nerezov\u00e1 ocel AISI 304 Dokon\u010dit: Dla\u017edice \/ Chrome \u0160\u00ed\u0159ka: 80 cm Kapacita: 50 l \/ min M\u0159\u00ed\u017eka pro lepen\u00ed dla\u017edic o \u0161\u00ed\u0159ce 50 mm Typ ro\u0161tu: Oboustrann\u00fd \u017dlab a ro\u0161t o tlou\u0161\u0165ce 1,2 mm Kulat\u00fd l\u00edmec &#8211; 2 cm Hloubka ro\u0161tu &#8211; 12 mm Sada obsahuje: Oboustrann\u00e9 maskov\u00e1n\u00ed Vyj\u00edmateln\u00fd [&hellip;]","og_url":"https:\/\/www.domstavpro.com\/index.php\/produkt\/znackovy-mexen-flat-zlab-ke-stene-2v1-stena-80-cm-nerez-1030080-62933\/","og_image":[{"width":1000,"height":750,"url":"https:\/\/www.domstavpro.com\/wp-content\/uploads\/2026\/SK0034705-CZ20260425-092556-0-1777080363-1989928_mexen-flat-zlab-ke-stene-2v1-stena-80-cm-nerez-1030.webp","type":"image\/webp"}],"twitter_card":"summary_large_image","schema":{"@context":"https:\/\/schema.org","@graph":[{"@type":"WebPage","@id":"https:\/\/www.domstavpro.com\/index.php\/produkt\/znackovy-mexen-flat-zlab-ke-stene-2v1-stena-80-cm-nerez-1030080-62933\/","url":"https:\/\/www.domstavpro.com\/index.php\/produkt\/znackovy-mexen-flat-zlab-ke-stene-2v1-stena-80-cm-nerez-1030080-62933\/","name":"Zna\u010dkov\u00fd MEXEN - Flat \u017elab ke st\u011bn\u011b 2v1 st\u011bna 80 cm nerez 1030080 -","isPartOf":{"@id":"https:\/\/www.domstavpro.com\/#website"},"primaryImageOfPage":{"@id":"https:\/\/www.domstavpro.com\/index.php\/produkt\/znackovy-mexen-flat-zlab-ke-stene-2v1-stena-80-cm-nerez-1030080-62933\/#primaryimage"},"image":{"@id":"https:\/\/www.domstavpro.com\/index.php\/produkt\/znackovy-mexen-flat-zlab-ke-stene-2v1-stena-80-cm-nerez-1030080-62933\/#primaryimage"},"thumbnailUrl":"https:\/\/www.domstavpro.com\/wp-content\/uploads\/2026\/SK0034705-CZ20260425-092556-0-1777080363-1989928_mexen-flat-zlab-ke-stene-2v1-stena-80-cm-nerez-1030.webp","datePublished":"2026-04-27T15:10:25+00:00","breadcrumb":{"@id":"https:\/\/www.domstavpro.com\/index.php\/produkt\/znackovy-mexen-flat-zlab-ke-stene-2v1-stena-80-cm-nerez-1030080-62933\/#breadcrumb"},"inLanguage":"cs","potentialAction":[{"@type":"ReadAction","target":["https:\/\/www.domstavpro.com\/index.php\/produkt\/znackovy-mexen-flat-zlab-ke-stene-2v1-stena-80-cm-nerez-1030080-62933\/"]}]},{"@type":"ImageObject","inLanguage":"cs","@id":"https:\/\/www.domstavpro.com\/index.php\/produkt\/znackovy-mexen-flat-zlab-ke-stene-2v1-stena-80-cm-nerez-1030080-62933\/#primaryimage","url":"https:\/\/www.domstavpro.com\/wp-content\/uploads\/2026\/SK0034705-CZ20260425-092556-0-1777080363-1989928_mexen-flat-zlab-ke-stene-2v1-stena-80-cm-nerez-1030.webp","contentUrl":"https:\/\/www.domstavpro.com\/wp-content\/uploads\/2026\/SK0034705-CZ20260425-092556-0-1777080363-1989928_mexen-flat-zlab-ke-stene-2v1-stena-80-cm-nerez-1030.webp","width":1000,"height":750},{"@type":"BreadcrumbList","@id":"https:\/\/www.domstavpro.com\/index.php\/produkt\/znackovy-mexen-flat-zlab-ke-stene-2v1-stena-80-cm-nerez-1030080-62933\/#breadcrumb","itemListElement":[{"@type":"ListItem","position":1,"name":"Home","item":"https:\/\/www.domstavpro.com\/"},{"@type":"ListItem","position":2,"name":"Products","item":"https:\/\/www.domstavpro.com\/index.php\/products\/"},{"@type":"ListItem","position":3,"name":"Zna\u010dkov\u00fd MEXEN &#8211; Flat \u017elab ke st\u011bn\u011b 2v1 st\u011bna 80 cm nerez 1030080"}]},{"@type":"WebSite","@id":"https:\/\/www.domstavpro.com\/#website","url":"https:\/\/www.domstavpro.com\/","name":"","description":"","potentialAction":[{"@type":"SearchAction","target":{"@type":"EntryPoint","urlTemplate":"https:\/\/www.domstavpro.com\/?s={search_term_string}"},"query-input":{"@type":"PropertyValueSpecification","valueRequired":true,"valueName":"search_term_string"}}],"inLanguage":"cs"}]}},"_links":{"self":[{"href":"https:\/\/www.domstavpro.com\/index.php\/wp-json\/wp\/v2\/product\/62933","targetHints":{"allow":["GET"]}}],"collection":[{"href":"https:\/\/www.domstavpro.com\/index.php\/wp-json\/wp\/v2\/product"}],"about":[{"href":"https:\/\/www.domstavpro.com\/index.php\/wp-json\/wp\/v2\/types\/product"}],"replies":[{"embeddable":true,"href":"https:\/\/www.domstavpro.com\/index.php\/wp-json\/wp\/v2\/comments?post=62933"}],"wp:featuredmedia":[{"embeddable":true,"href":"https:\/\/www.domstavpro.com\/index.php\/wp-json\/wp\/v2\/media\/63033"}],"wp:attachment":[{"href":"https:\/\/www.domstavpro.com\/index.php\/wp-json\/wp\/v2\/media?parent=62933"}],"wp:term":[{"taxonomy":"product_brand","embeddable":true,"href":"https:\/\/www.domstavpro.com\/index.php\/wp-json\/wp\/v2\/product_brand?post=62933"},{"taxonomy":"product_cat","embeddable":true,"href":"https:\/\/www.domstavpro.com\/index.php\/wp-json\/wp\/v2\/product_cat?post=62933"},{"taxonomy":"product_tag","embeddable":true,"href":"https:\/\/www.domstavpro.com\/index.php\/wp-json\/wp\/v2\/product_tag?post=62933"}],"curies":[{"name":"wp","href":"https:\/\/api.w.org\/{rel}","templated":true}]}}