{"id":62522,"date":"2026-04-27T15:10:24","date_gmt":"2026-04-27T15:10:24","guid":{"rendered":""},"modified":"2026-04-27T15:10:24","modified_gmt":"2026-04-27T15:10:24","slug":"koupit-online-rea-odtokovy-zlab-filo-nickel-brush-80-kpl-g6802-62522","status":"publish","type":"product","link":"https:\/\/www.domstavpro.com\/index.php\/produkt\/koupit-online-rea-odtokovy-zlab-filo-nickel-brush-80-kpl-g6802-62522\/","title":{"rendered":"Koupit Online REA &#8211; Odtokov\u00fd \u017elab FILO Nickel Brush 80 KPL-G6802"},"content":{"rendered":"<div class=\"basic-description\">\n<h3>Detailn\u00ed popis produktu<\/h3>\n<p>                                    Odtokov\u00fd \u017elab je cel\u00fd vyroben z kyselinovzdorn\u00e9 nerezov\u00e9 oceli Aisi 304. Je vybaven \u0159adou inovativn\u00edch technologi\u00ed, kter\u00e9 usnad\u0148uj\u00ed mont\u00e1\u017e a ka\u017edodenn\u00ed pou\u017e\u00edv\u00e1n\u00ed. V odtoku je pou\u017eit dvojit\u00fd filtra\u010dn\u00ed syst\u00e9m, kter\u00fd dokonale zabra\u0148uje vnik\u00e1n\u00ed ne\u010distot a p\u0159edm\u011bt\u016f, kter\u00e9 mohou blokovat odtok vody do kanalizace. V\u00fdhodou tohoto syst\u00e9mu je snadn\u00e9 \u010di\u0161t\u011bn\u00ed. Sada obsahuje: nohy, sifon, Dry-Fix \u200b\u200b\u200b\u200bman\u017eetu, ko\u0161\u00edk, u\u017eivatelskou p\u0159\u00edru\u010dku a h\u00e1\u010dek na v\u00fdm\u011bnu krytu \u017elabu.                            <\/p><\/div>\n<div class=\"extended-description\">\n<h3>Dopl\u0148kov\u00e9 parametry<\/h3>\n<table class=\"detail-parameters\">\n<tbody>\n<tr>\n<th>        <span class=\"row-header-label\">            Kategorie<span class=\"row-header-label-colon\">:<\/span>        <\/span>    <\/th>\n<td>            <\/td>\n<\/tr>\n<tr>\n<th>            <span class=\"row-header-label\">                Hmotnost<span class=\"row-header-label-colon\">:<\/span>            <\/span>        <\/th>\n<td>            5 kg        <\/td>\n<\/tr>\n<tr class=\"productEan\">\n<th>          <span class=\"row-header-label productEan__label\">              EAN<span class=\"row-header-label-colon\">:<\/span>          <\/span>      <\/th>\n<td>          <span class=\"productEan__value\">5906366022180<\/span>      <\/td>\n<\/tr>\n<tr>\n<th>                <span class=\"row-header-label\">                                            Dostupnost<span class=\"row-header-label-colon\">:<\/span>                                    <\/span>            <\/th>\n<td>                                                            Dod\u00e1n\u00ed do 14ti dn\u016f                                                <\/td>\n<\/tr>\n<\/tbody>\n<\/table><\/div>\n<\/p><\/div>\n<\/p><\/div>\n","protected":false},"excerpt":{"rendered":"<p>Detailn\u00ed popis produktu Odtokov\u00fd \u017elab je cel\u00fd vyroben z kyselinovzdorn\u00e9 nerezov\u00e9 oceli Aisi 304. Je vybaven \u0159adou inovativn\u00edch technologi\u00ed, kter\u00e9 usnad\u0148uj\u00ed mont\u00e1\u017e a ka\u017edodenn\u00ed pou\u017e\u00edv\u00e1n\u00ed. V odtoku je pou\u017eit dvojit\u00fd filtra\u010dn\u00ed syst\u00e9m, kter\u00fd dokonale zabra\u0148uje vnik\u00e1n\u00ed ne\u010distot a p\u0159edm\u011bt\u016f, kter\u00e9 mohou blokovat odtok vody do kanalizace. V\u00fdhodou tohoto syst\u00e9mu je snadn\u00e9 \u010di\u0161t\u011bn\u00ed. Sada obsahuje: nohy, [&hellip;]<\/p>\n","protected":false},"featured_media":62622,"comment_status":"open","ping_status":"open","template":"","meta":[],"product_brand":[],"product_cat":[79],"product_tag":[],"class_list":{"0":"post-62522","1":"product","2":"type-product","3":"status-publish","4":"has-post-thumbnail","6":"product_cat-odtokove-kanalky","8":"first","9":"instock","10":"sale","11":"shipping-taxable","12":"purchasable","13":"product-type-simple"},"yoast_head":"<!-- This site is optimized with the Yoast SEO plugin v26.8 - https:\/\/yoast.com\/product\/yoast-seo-wordpress\/ -->\n<title>Koupit Online REA - Odtokov\u00fd \u017elab FILO Nickel Brush 80 KPL-G6802 -<\/title>\n<meta name=\"robots\" content=\"index, follow, max-snippet:-1, max-image-preview:large, max-video-preview:-1\" \/>\n<link rel=\"canonical\" href=\"https:\/\/www.domstavpro.com\/index.php\/produkt\/koupit-online-rea-odtokovy-zlab-filo-nickel-brush-80-kpl-g6802-62522\/\" \/>\n<meta property=\"og:locale\" content=\"cs_CZ\" \/>\n<meta property=\"og:type\" content=\"article\" \/>\n<meta property=\"og:title\" content=\"Koupit Online REA - Odtokov\u00fd \u017elab FILO Nickel Brush 80 KPL-G6802 -\" \/>\n<meta property=\"og:description\" content=\"Detailn\u00ed popis produktu Odtokov\u00fd \u017elab je cel\u00fd vyroben z kyselinovzdorn\u00e9 nerezov\u00e9 oceli Aisi 304. Je vybaven \u0159adou inovativn\u00edch technologi\u00ed, kter\u00e9 usnad\u0148uj\u00ed mont\u00e1\u017e a ka\u017edodenn\u00ed pou\u017e\u00edv\u00e1n\u00ed. V odtoku je pou\u017eit dvojit\u00fd filtra\u010dn\u00ed syst\u00e9m, kter\u00fd dokonale zabra\u0148uje vnik\u00e1n\u00ed ne\u010distot a p\u0159edm\u011bt\u016f, kter\u00e9 mohou blokovat odtok vody do kanalizace. V\u00fdhodou tohoto syst\u00e9mu je snadn\u00e9 \u010di\u0161t\u011bn\u00ed. Sada obsahuje: nohy, [&hellip;]\" \/>\n<meta property=\"og:url\" content=\"https:\/\/www.domstavpro.com\/index.php\/produkt\/koupit-online-rea-odtokovy-zlab-filo-nickel-brush-80-kpl-g6802-62522\/\" \/>\n<meta property=\"og:image\" content=\"https:\/\/www.domstavpro.com\/wp-content\/uploads\/2026\/SK0034472-CZ20260425-092556-0-1777080363-1981342-4_rea-odtokovy-zlab-filo-nickel-brush-80-kpl-g6802..webp\" \/>\n\t<meta property=\"og:image:width\" content=\"1000\" \/>\n\t<meta property=\"og:image:height\" content=\"750\" \/>\n\t<meta property=\"og:image:type\" content=\"image\/webp\" \/>\n<meta name=\"twitter:card\" content=\"summary_large_image\" \/>\n<meta name=\"twitter:label1\" content=\"Odhadovan\u00e1 doba \u010dten\u00ed\" \/>\n\t<meta name=\"twitter:data1\" content=\"1 minuta\" \/>\n<script type=\"application\/ld+json\" class=\"yoast-schema-graph\">{\"@context\":\"https:\/\/schema.org\",\"@graph\":[{\"@type\":\"WebPage\",\"@id\":\"https:\/\/www.domstavpro.com\/index.php\/produkt\/koupit-online-rea-odtokovy-zlab-filo-nickel-brush-80-kpl-g6802-62522\/\",\"url\":\"https:\/\/www.domstavpro.com\/index.php\/produkt\/koupit-online-rea-odtokovy-zlab-filo-nickel-brush-80-kpl-g6802-62522\/\",\"name\":\"Koupit Online REA - Odtokov\u00fd \u017elab FILO Nickel Brush 80 KPL-G6802 -\",\"isPartOf\":{\"@id\":\"https:\/\/www.domstavpro.com\/#website\"},\"primaryImageOfPage\":{\"@id\":\"https:\/\/www.domstavpro.com\/index.php\/produkt\/koupit-online-rea-odtokovy-zlab-filo-nickel-brush-80-kpl-g6802-62522\/#primaryimage\"},\"image\":{\"@id\":\"https:\/\/www.domstavpro.com\/index.php\/produkt\/koupit-online-rea-odtokovy-zlab-filo-nickel-brush-80-kpl-g6802-62522\/#primaryimage\"},\"thumbnailUrl\":\"https:\/\/www.domstavpro.com\/wp-content\/uploads\/2026\/SK0034472-CZ20260425-092556-0-1777080363-1981342-4_rea-odtokovy-zlab-filo-nickel-brush-80-kpl-g6802..webp\",\"datePublished\":\"2026-04-27T15:10:24+00:00\",\"breadcrumb\":{\"@id\":\"https:\/\/www.domstavpro.com\/index.php\/produkt\/koupit-online-rea-odtokovy-zlab-filo-nickel-brush-80-kpl-g6802-62522\/#breadcrumb\"},\"inLanguage\":\"cs\",\"potentialAction\":[{\"@type\":\"ReadAction\",\"target\":[\"https:\/\/www.domstavpro.com\/index.php\/produkt\/koupit-online-rea-odtokovy-zlab-filo-nickel-brush-80-kpl-g6802-62522\/\"]}]},{\"@type\":\"ImageObject\",\"inLanguage\":\"cs\",\"@id\":\"https:\/\/www.domstavpro.com\/index.php\/produkt\/koupit-online-rea-odtokovy-zlab-filo-nickel-brush-80-kpl-g6802-62522\/#primaryimage\",\"url\":\"https:\/\/www.domstavpro.com\/wp-content\/uploads\/2026\/SK0034472-CZ20260425-092556-0-1777080363-1981342-4_rea-odtokovy-zlab-filo-nickel-brush-80-kpl-g6802..webp\",\"contentUrl\":\"https:\/\/www.domstavpro.com\/wp-content\/uploads\/2026\/SK0034472-CZ20260425-092556-0-1777080363-1981342-4_rea-odtokovy-zlab-filo-nickel-brush-80-kpl-g6802..webp\",\"width\":1000,\"height\":750},{\"@type\":\"BreadcrumbList\",\"@id\":\"https:\/\/www.domstavpro.com\/index.php\/produkt\/koupit-online-rea-odtokovy-zlab-filo-nickel-brush-80-kpl-g6802-62522\/#breadcrumb\",\"itemListElement\":[{\"@type\":\"ListItem\",\"position\":1,\"name\":\"Home\",\"item\":\"https:\/\/www.domstavpro.com\/\"},{\"@type\":\"ListItem\",\"position\":2,\"name\":\"Products\",\"item\":\"https:\/\/www.domstavpro.com\/index.php\/products\/\"},{\"@type\":\"ListItem\",\"position\":3,\"name\":\"Koupit Online REA &#8211; Odtokov\u00fd \u017elab FILO Nickel Brush 80 KPL-G6802\"}]},{\"@type\":\"WebSite\",\"@id\":\"https:\/\/www.domstavpro.com\/#website\",\"url\":\"https:\/\/www.domstavpro.com\/\",\"name\":\"\",\"description\":\"\",\"potentialAction\":[{\"@type\":\"SearchAction\",\"target\":{\"@type\":\"EntryPoint\",\"urlTemplate\":\"https:\/\/www.domstavpro.com\/?s={search_term_string}\"},\"query-input\":{\"@type\":\"PropertyValueSpecification\",\"valueRequired\":true,\"valueName\":\"search_term_string\"}}],\"inLanguage\":\"cs\"}]}<\/script>\n<!-- \/ Yoast SEO plugin. -->","yoast_head_json":{"title":"Koupit Online REA - Odtokov\u00fd \u017elab FILO Nickel Brush 80 KPL-G6802 -","robots":{"index":"index","follow":"follow","max-snippet":"max-snippet:-1","max-image-preview":"max-image-preview:large","max-video-preview":"max-video-preview:-1"},"canonical":"https:\/\/www.domstavpro.com\/index.php\/produkt\/koupit-online-rea-odtokovy-zlab-filo-nickel-brush-80-kpl-g6802-62522\/","og_locale":"cs_CZ","og_type":"article","og_title":"Koupit Online REA - Odtokov\u00fd \u017elab FILO Nickel Brush 80 KPL-G6802 -","og_description":"Detailn\u00ed popis produktu Odtokov\u00fd \u017elab je cel\u00fd vyroben z kyselinovzdorn\u00e9 nerezov\u00e9 oceli Aisi 304. Je vybaven \u0159adou inovativn\u00edch technologi\u00ed, kter\u00e9 usnad\u0148uj\u00ed mont\u00e1\u017e a ka\u017edodenn\u00ed pou\u017e\u00edv\u00e1n\u00ed. V odtoku je pou\u017eit dvojit\u00fd filtra\u010dn\u00ed syst\u00e9m, kter\u00fd dokonale zabra\u0148uje vnik\u00e1n\u00ed ne\u010distot a p\u0159edm\u011bt\u016f, kter\u00e9 mohou blokovat odtok vody do kanalizace. V\u00fdhodou tohoto syst\u00e9mu je snadn\u00e9 \u010di\u0161t\u011bn\u00ed. Sada obsahuje: nohy, [&hellip;]","og_url":"https:\/\/www.domstavpro.com\/index.php\/produkt\/koupit-online-rea-odtokovy-zlab-filo-nickel-brush-80-kpl-g6802-62522\/","og_image":[{"width":1000,"height":750,"url":"https:\/\/www.domstavpro.com\/wp-content\/uploads\/2026\/SK0034472-CZ20260425-092556-0-1777080363-1981342-4_rea-odtokovy-zlab-filo-nickel-brush-80-kpl-g6802..webp","type":"image\/webp"}],"twitter_card":"summary_large_image","twitter_misc":{"Odhadovan\u00e1 doba \u010dten\u00ed":"1 minuta"},"schema":{"@context":"https:\/\/schema.org","@graph":[{"@type":"WebPage","@id":"https:\/\/www.domstavpro.com\/index.php\/produkt\/koupit-online-rea-odtokovy-zlab-filo-nickel-brush-80-kpl-g6802-62522\/","url":"https:\/\/www.domstavpro.com\/index.php\/produkt\/koupit-online-rea-odtokovy-zlab-filo-nickel-brush-80-kpl-g6802-62522\/","name":"Koupit Online REA - Odtokov\u00fd \u017elab FILO Nickel Brush 80 KPL-G6802 -","isPartOf":{"@id":"https:\/\/www.domstavpro.com\/#website"},"primaryImageOfPage":{"@id":"https:\/\/www.domstavpro.com\/index.php\/produkt\/koupit-online-rea-odtokovy-zlab-filo-nickel-brush-80-kpl-g6802-62522\/#primaryimage"},"image":{"@id":"https:\/\/www.domstavpro.com\/index.php\/produkt\/koupit-online-rea-odtokovy-zlab-filo-nickel-brush-80-kpl-g6802-62522\/#primaryimage"},"thumbnailUrl":"https:\/\/www.domstavpro.com\/wp-content\/uploads\/2026\/SK0034472-CZ20260425-092556-0-1777080363-1981342-4_rea-odtokovy-zlab-filo-nickel-brush-80-kpl-g6802..webp","datePublished":"2026-04-27T15:10:24+00:00","breadcrumb":{"@id":"https:\/\/www.domstavpro.com\/index.php\/produkt\/koupit-online-rea-odtokovy-zlab-filo-nickel-brush-80-kpl-g6802-62522\/#breadcrumb"},"inLanguage":"cs","potentialAction":[{"@type":"ReadAction","target":["https:\/\/www.domstavpro.com\/index.php\/produkt\/koupit-online-rea-odtokovy-zlab-filo-nickel-brush-80-kpl-g6802-62522\/"]}]},{"@type":"ImageObject","inLanguage":"cs","@id":"https:\/\/www.domstavpro.com\/index.php\/produkt\/koupit-online-rea-odtokovy-zlab-filo-nickel-brush-80-kpl-g6802-62522\/#primaryimage","url":"https:\/\/www.domstavpro.com\/wp-content\/uploads\/2026\/SK0034472-CZ20260425-092556-0-1777080363-1981342-4_rea-odtokovy-zlab-filo-nickel-brush-80-kpl-g6802..webp","contentUrl":"https:\/\/www.domstavpro.com\/wp-content\/uploads\/2026\/SK0034472-CZ20260425-092556-0-1777080363-1981342-4_rea-odtokovy-zlab-filo-nickel-brush-80-kpl-g6802..webp","width":1000,"height":750},{"@type":"BreadcrumbList","@id":"https:\/\/www.domstavpro.com\/index.php\/produkt\/koupit-online-rea-odtokovy-zlab-filo-nickel-brush-80-kpl-g6802-62522\/#breadcrumb","itemListElement":[{"@type":"ListItem","position":1,"name":"Home","item":"https:\/\/www.domstavpro.com\/"},{"@type":"ListItem","position":2,"name":"Products","item":"https:\/\/www.domstavpro.com\/index.php\/products\/"},{"@type":"ListItem","position":3,"name":"Koupit Online REA &#8211; Odtokov\u00fd \u017elab FILO Nickel Brush 80 KPL-G6802"}]},{"@type":"WebSite","@id":"https:\/\/www.domstavpro.com\/#website","url":"https:\/\/www.domstavpro.com\/","name":"","description":"","potentialAction":[{"@type":"SearchAction","target":{"@type":"EntryPoint","urlTemplate":"https:\/\/www.domstavpro.com\/?s={search_term_string}"},"query-input":{"@type":"PropertyValueSpecification","valueRequired":true,"valueName":"search_term_string"}}],"inLanguage":"cs"}]}},"_links":{"self":[{"href":"https:\/\/www.domstavpro.com\/index.php\/wp-json\/wp\/v2\/product\/62522","targetHints":{"allow":["GET"]}}],"collection":[{"href":"https:\/\/www.domstavpro.com\/index.php\/wp-json\/wp\/v2\/product"}],"about":[{"href":"https:\/\/www.domstavpro.com\/index.php\/wp-json\/wp\/v2\/types\/product"}],"replies":[{"embeddable":true,"href":"https:\/\/www.domstavpro.com\/index.php\/wp-json\/wp\/v2\/comments?post=62522"}],"wp:featuredmedia":[{"embeddable":true,"href":"https:\/\/www.domstavpro.com\/index.php\/wp-json\/wp\/v2\/media\/62622"}],"wp:attachment":[{"href":"https:\/\/www.domstavpro.com\/index.php\/wp-json\/wp\/v2\/media?parent=62522"}],"wp:term":[{"taxonomy":"product_brand","embeddable":true,"href":"https:\/\/www.domstavpro.com\/index.php\/wp-json\/wp\/v2\/product_brand?post=62522"},{"taxonomy":"product_cat","embeddable":true,"href":"https:\/\/www.domstavpro.com\/index.php\/wp-json\/wp\/v2\/product_cat?post=62522"},{"taxonomy":"product_tag","embeddable":true,"href":"https:\/\/www.domstavpro.com\/index.php\/wp-json\/wp\/v2\/product_tag?post=62522"}],"curies":[{"name":"wp","href":"https:\/\/api.w.org\/{rel}","templated":true}]}}