{"id":59138,"date":"2026-04-27T15:10:16","date_gmt":"2026-04-27T15:10:16","guid":{"rendered":""},"modified":"2026-04-27T15:10:16","modified_gmt":"2026-04-27T15:10:16","slug":"akce-ukoncena-vyroba-ivanka-led-stropni-svitidlo-v-barve-oceli-v-modernim-designu-se-svetelnymi-kruhy-a-funkci-stmivani-simplydim-3000k-leuchten-direkt-just-light-59138","status":"publish","type":"product","link":"https:\/\/www.domstavpro.com\/index.php\/produkt\/akce-ukoncena-vyroba-ivanka-led-stropni-svitidlo-v-barve-oceli-v-modernim-designu-se-svetelnymi-kruhy-a-funkci-stmivani-simplydim-3000k-leuchten-direkt-just-light-59138\/","title":{"rendered":"Akce UKON\u010cEN\u00c1 V\u00ddROBA IVANKA LED stropn\u00ed sv\u00edtidlo v barv\u011b oceli v modern\u00edm designu se sv\u011bteln\u00fdmi kruhy a funkc\u00ed stm\u00edv\u00e1n\u00ed SimplyDim 3000K &#8211; LEUCHTEN DIREKT \/ JUST LIGHT"},"content":{"rendered":"<h3 class=\"product-h3\">Popis produktu<\/h3>\n<p><p>LED sv\u00edtidlo zaujme modern\u00edm ploch\u00fdm designem, lze jej pou\u017e\u00edt r\u016fzn\u00fdmi zp\u016fsoby. M\u00e1te mo\u017enost upravit horn\u00ed sv\u011bteln\u00fd krou\u017eek, spodn\u00ed krou\u017eek je nainstalov\u00e1n napevno. D\u00edky tepl\u00e9 b\u00edl\u00e9 barv\u011b sv\u011btla vytv\u00e1\u0159\u00ed energeticky \u00fasporn\u00e9 sv\u00edtidlo ve va\u0161em ob\u00fdvac\u00edm pokoji \u00fatulnou atmosf\u00e9ru. Je dod\u00e1v\u00e1no se dv\u011bma trvale instalovan\u00fdmi LED sv\u011bteln\u00fdmi zdroji. Modern\u00ed stropn\u00ed osv\u011btlen\u00ed je nav\u00edc vybaveno technologi\u00ed Simply Dim, kter\u00e1 umo\u017e\u0148uje ztlumit jas sv\u00edtidla pomoc\u00ed st\u00e1vaj\u00edc\u00edho vyp\u00edna\u010de sv\u011btla, bez ohledu na to, zda se jedn\u00e1 o p\u0159ep\u00edna\u010d, tahov\u00fd sp\u00edna\u010d, kabelov\u00fd sp\u00edna\u010d nebo n\u00e1st\u011bnn\u00fd sp\u00edna\u010d. Simply Dim-Driver ovl\u00e1d\u00e1 jas pomoc\u00ed sp\u00ednac\u00edho impulzu, tak\u017ee intenzitu sv\u011btla lze plynule nastavovat od 100% do 10%. Pokud se sv\u011btlo znovu zapne za m\u00e9n\u011b ne\u017e 3 sekundy po vypnut\u00ed, spust\u00ed se proces stm\u00edv\u00e1n\u00ed. Kdy\u017e dos\u00e1hne nejsv\u011btlej\u0161\u00ed (100%) nebo nejtmav\u0161\u00ed hodnoty (10%), z\u016fstane na tomto nastaven\u00ed asi 2 sekundy, aby se znovu zah\u00e1jil proces stm\u00edv\u00e1n\u00ed. Pokud sv\u00edtidlo sv\u00edt\u00ed v pr\u016fb\u011bhu stm\u00edv\u00e1n\u00ed v po\u017eadovan\u00e9m jasu, lze intenzitu sv\u011btla ulo\u017eit pomoc\u00ed pam\u011b\u0165ov\u00e9 funkce vypnut\u00edm sv\u00edtidla. Pokud sv\u011btlo znovu zapnete, sv\u011btlo se rozsv\u00edt\u00ed v ulo\u017een\u00e9 intenzit\u011b a toto nastaven\u00ed z\u016fstane zachov\u00e1no. D\u00edky pou\u017eit\u00e9 technologii LED je stropn\u00ed sv\u00edtidlo v barv\u011b oceli energeticky \u00fasporn\u00e9 a zaujme n\u00edzkou produkc\u00ed tepla a dlouhou \u017eivotnost\u00ed.<\/p>\n<\/p><\/div>\n<\/p><\/div>\n<p><\/p>\n<div class=\"top-params\">\n<h3 class=\"product-h3 collapse-header \" data-toggle=\"collapse\" data-target=\"#collapseOne\" aria-expanded=\"true\" aria-controls=\"collapseOne\">Parametry<\/h3>\n<div id=\"collapseOne\" class=\"collapse show\" aria-labelledby=\"headingOne\" data-parent=\"#product-info-accordion1\">\n<table class=\"table-striped\">\n<tr>\n<td>                V\u00fd\u0161ka v mm            <\/td>\n<td>                68            <\/td>\n<\/tr>\n<tr>\n<td>                \u00dahel z\u00e1\u0159en\u00ed            <\/td>\n<td>                120\u00b0            <\/td>\n<\/tr>\n<tr>\n<td>                Stm\u00edvateln\u00e9            <\/td>\n<td>                ano, plynule vyp\u00edna\u010dem            <\/td>\n<\/tr>\n<tr>\n<td>                \u017divotnost            <\/td>\n<td>                20000h            <\/td>\n<\/tr>\n<tr>\n<td>                Hmotnost g            <\/td>\n<td>                903            <\/td>\n<\/tr>\n<tr>\n<td>                \u0160\u00ed\u0159ka v mm            <\/td>\n<td>                440            <\/td>\n<\/tr>\n<tr>\n<td>                D\u00e9lka v mm            <\/td>\n<td>                700            <\/td>\n<\/tr>\n<tr>\n<td>                Ochrana IP            <\/td>\n<td>                IP20            <\/td>\n<\/tr>\n<tr>\n<td>                Sv\u011bteln\u00fd tok            <\/td>\n<td>                2200lm            <\/td>\n<\/tr>\n<tr>\n<td>                Max. p\u0159\u00edkon sv\u011bteln\u00e9ho zdroje            <\/td>\n<td>                13W            <\/td>\n<\/tr>\n<tr>\n<td>                V\u00fdkon            <\/td>\n<td>                31W            <\/td>\n<\/tr>\n<tr>\n<td>                Patice            <\/td>\n<td>                LED            <\/td>\n<\/tr>\n<tr>\n<td>                V\u010detn\u011b sv\u011bteln\u00e9ho zdroje            <\/td>\n<td>                ano            <\/td>\n<\/tr>\n<tr>\n<td>                Barva            <\/td>\n<td>                ocel            <\/td>\n<\/tr>\n<tr>\n<td>                Kolekce            <\/td>\n<td>                IVANKA            <\/td>\n<\/tr>\n<tr>\n<td>                Po\u010det sv\u011bteln\u00fdch zdroj\u016f            <\/td>\n<td>                2            <\/td>\n<\/tr>\n<tr>\n<td>                Teplota barvy sv\u011btla            <\/td>\n<td>                3000K            <\/td>\n<\/tr>\n<tr>\n<td>                V\u00fdrobce            <\/td>\n<td>                JUST LIGHT            <\/td>\n<\/tr>\n<tr>\n<td>                Z\u00e1ru\u010dn\u00ed doba            <\/td>\n<td>                5 let            <\/td>\n<\/tr>\n<\/table>\n<\/div><\/div>\n<\/div>\n<div class=\"accordion\" id=\"product-info-accordion2\">\n","protected":false},"excerpt":{"rendered":"<p>Popis produktu LED sv\u00edtidlo zaujme modern\u00edm ploch\u00fdm designem, lze jej pou\u017e\u00edt r\u016fzn\u00fdmi zp\u016fsoby. M\u00e1te mo\u017enost upravit horn\u00ed sv\u011bteln\u00fd krou\u017eek, spodn\u00ed krou\u017eek je nainstalov\u00e1n napevno. D\u00edky tepl\u00e9 b\u00edl\u00e9 barv\u011b sv\u011btla vytv\u00e1\u0159\u00ed energeticky \u00fasporn\u00e9 sv\u00edtidlo ve va\u0161em ob\u00fdvac\u00edm pokoji \u00fatulnou atmosf\u00e9ru. Je dod\u00e1v\u00e1no se dv\u011bma trvale instalovan\u00fdmi LED sv\u011bteln\u00fdmi zdroji. Modern\u00ed stropn\u00ed osv\u011btlen\u00ed je nav\u00edc vybaveno technologi\u00ed [&hellip;]<\/p>\n","protected":false},"featured_media":59238,"comment_status":"open","ping_status":"open","template":"","meta":[],"product_brand":[],"product_cat":[31],"product_tag":[],"class_list":{"0":"post-59138","1":"product","2":"type-product","3":"status-publish","4":"has-post-thumbnail","6":"product_cat-interierova-svitidla","8":"first","9":"instock","10":"sale","11":"shipping-taxable","12":"purchasable","13":"product-type-simple"},"yoast_head":"<!-- This site is optimized with the Yoast SEO plugin v26.8 - https:\/\/yoast.com\/product\/yoast-seo-wordpress\/ -->\n<title>Akce UKON\u010cEN\u00c1 V\u00ddROBA IVANKA LED stropn\u00ed sv\u00edtidlo v barv\u011b oceli v modern\u00edm designu se sv\u011bteln\u00fdmi kruhy a funkc\u00ed stm\u00edv\u00e1n\u00ed SimplyDim 3000K - LEUCHTEN DIREKT \/ JUST LIGHT -<\/title>\n<meta name=\"robots\" content=\"index, follow, max-snippet:-1, max-image-preview:large, max-video-preview:-1\" \/>\n<link rel=\"canonical\" href=\"https:\/\/www.domstavpro.com\/index.php\/produkt\/akce-ukoncena-vyroba-ivanka-led-stropni-svitidlo-v-barve-oceli-v-modernim-designu-se-svetelnymi-kruhy-a-funkci-stmivani-simplydim-3000k-leuchten-direkt-just-light-59138\/\" \/>\n<meta property=\"og:locale\" content=\"cs_CZ\" \/>\n<meta property=\"og:type\" content=\"article\" \/>\n<meta property=\"og:title\" content=\"Akce UKON\u010cEN\u00c1 V\u00ddROBA IVANKA LED stropn\u00ed sv\u00edtidlo v barv\u011b oceli v modern\u00edm designu se sv\u011bteln\u00fdmi kruhy a funkc\u00ed stm\u00edv\u00e1n\u00ed SimplyDim 3000K - LEUCHTEN DIREKT \/ JUST LIGHT -\" \/>\n<meta property=\"og:description\" content=\"Popis produktu LED sv\u00edtidlo zaujme modern\u00edm ploch\u00fdm designem, lze jej pou\u017e\u00edt r\u016fzn\u00fdmi zp\u016fsoby. M\u00e1te mo\u017enost upravit horn\u00ed sv\u011bteln\u00fd krou\u017eek, spodn\u00ed krou\u017eek je nainstalov\u00e1n napevno. D\u00edky tepl\u00e9 b\u00edl\u00e9 barv\u011b sv\u011btla vytv\u00e1\u0159\u00ed energeticky \u00fasporn\u00e9 sv\u00edtidlo ve va\u0161em ob\u00fdvac\u00edm pokoji \u00fatulnou atmosf\u00e9ru. Je dod\u00e1v\u00e1no se dv\u011bma trvale instalovan\u00fdmi LED sv\u011bteln\u00fdmi zdroji. Modern\u00ed stropn\u00ed osv\u011btlen\u00ed je nav\u00edc vybaveno technologi\u00ed [&hellip;]\" \/>\n<meta property=\"og:url\" content=\"https:\/\/www.domstavpro.com\/index.php\/produkt\/akce-ukoncena-vyroba-ivanka-led-stropni-svitidlo-v-barve-oceli-v-modernim-designu-se-svetelnymi-kruhy-a-funkci-stmivani-simplydim-3000k-leuchten-direkt-just-light-59138\/\" \/>\n<meta property=\"og:image\" content=\"https:\/\/www.domstavpro.com\/wp-content\/uploads\/2026\/SK0030206-CZ20260425-091535-0-1777079744-LD-14537-55.webp\" \/>\n\t<meta property=\"og:image:width\" content=\"676\" \/>\n\t<meta property=\"og:image:height\" content=\"676\" \/>\n\t<meta property=\"og:image:type\" content=\"image\/webp\" \/>\n<meta name=\"twitter:card\" content=\"summary_large_image\" \/>\n<meta name=\"twitter:label1\" content=\"Odhadovan\u00e1 doba \u010dten\u00ed\" \/>\n\t<meta name=\"twitter:data1\" content=\"2 minuty\" \/>\n<script type=\"application\/ld+json\" class=\"yoast-schema-graph\">{\"@context\":\"https:\/\/schema.org\",\"@graph\":[{\"@type\":\"WebPage\",\"@id\":\"https:\/\/www.domstavpro.com\/index.php\/produkt\/akce-ukoncena-vyroba-ivanka-led-stropni-svitidlo-v-barve-oceli-v-modernim-designu-se-svetelnymi-kruhy-a-funkci-stmivani-simplydim-3000k-leuchten-direkt-just-light-59138\/\",\"url\":\"https:\/\/www.domstavpro.com\/index.php\/produkt\/akce-ukoncena-vyroba-ivanka-led-stropni-svitidlo-v-barve-oceli-v-modernim-designu-se-svetelnymi-kruhy-a-funkci-stmivani-simplydim-3000k-leuchten-direkt-just-light-59138\/\",\"name\":\"Akce UKON\u010cEN\u00c1 V\u00ddROBA IVANKA LED stropn\u00ed sv\u00edtidlo v barv\u011b oceli v modern\u00edm designu se sv\u011bteln\u00fdmi kruhy a funkc\u00ed stm\u00edv\u00e1n\u00ed SimplyDim 3000K - LEUCHTEN DIREKT \/ JUST LIGHT -\",\"isPartOf\":{\"@id\":\"https:\/\/www.domstavpro.com\/#website\"},\"primaryImageOfPage\":{\"@id\":\"https:\/\/www.domstavpro.com\/index.php\/produkt\/akce-ukoncena-vyroba-ivanka-led-stropni-svitidlo-v-barve-oceli-v-modernim-designu-se-svetelnymi-kruhy-a-funkci-stmivani-simplydim-3000k-leuchten-direkt-just-light-59138\/#primaryimage\"},\"image\":{\"@id\":\"https:\/\/www.domstavpro.com\/index.php\/produkt\/akce-ukoncena-vyroba-ivanka-led-stropni-svitidlo-v-barve-oceli-v-modernim-designu-se-svetelnymi-kruhy-a-funkci-stmivani-simplydim-3000k-leuchten-direkt-just-light-59138\/#primaryimage\"},\"thumbnailUrl\":\"https:\/\/www.domstavpro.com\/wp-content\/uploads\/2026\/SK0030206-CZ20260425-091535-0-1777079744-LD-14537-55.webp\",\"datePublished\":\"2026-04-27T15:10:16+00:00\",\"breadcrumb\":{\"@id\":\"https:\/\/www.domstavpro.com\/index.php\/produkt\/akce-ukoncena-vyroba-ivanka-led-stropni-svitidlo-v-barve-oceli-v-modernim-designu-se-svetelnymi-kruhy-a-funkci-stmivani-simplydim-3000k-leuchten-direkt-just-light-59138\/#breadcrumb\"},\"inLanguage\":\"cs\",\"potentialAction\":[{\"@type\":\"ReadAction\",\"target\":[\"https:\/\/www.domstavpro.com\/index.php\/produkt\/akce-ukoncena-vyroba-ivanka-led-stropni-svitidlo-v-barve-oceli-v-modernim-designu-se-svetelnymi-kruhy-a-funkci-stmivani-simplydim-3000k-leuchten-direkt-just-light-59138\/\"]}]},{\"@type\":\"ImageObject\",\"inLanguage\":\"cs\",\"@id\":\"https:\/\/www.domstavpro.com\/index.php\/produkt\/akce-ukoncena-vyroba-ivanka-led-stropni-svitidlo-v-barve-oceli-v-modernim-designu-se-svetelnymi-kruhy-a-funkci-stmivani-simplydim-3000k-leuchten-direkt-just-light-59138\/#primaryimage\",\"url\":\"https:\/\/www.domstavpro.com\/wp-content\/uploads\/2026\/SK0030206-CZ20260425-091535-0-1777079744-LD-14537-55.webp\",\"contentUrl\":\"https:\/\/www.domstavpro.com\/wp-content\/uploads\/2026\/SK0030206-CZ20260425-091535-0-1777079744-LD-14537-55.webp\",\"width\":676,\"height\":676},{\"@type\":\"BreadcrumbList\",\"@id\":\"https:\/\/www.domstavpro.com\/index.php\/produkt\/akce-ukoncena-vyroba-ivanka-led-stropni-svitidlo-v-barve-oceli-v-modernim-designu-se-svetelnymi-kruhy-a-funkci-stmivani-simplydim-3000k-leuchten-direkt-just-light-59138\/#breadcrumb\",\"itemListElement\":[{\"@type\":\"ListItem\",\"position\":1,\"name\":\"Home\",\"item\":\"https:\/\/www.domstavpro.com\/\"},{\"@type\":\"ListItem\",\"position\":2,\"name\":\"Products\",\"item\":\"https:\/\/www.domstavpro.com\/index.php\/products\/\"},{\"@type\":\"ListItem\",\"position\":3,\"name\":\"Akce UKON\u010cEN\u00c1 V\u00ddROBA IVANKA LED stropn\u00ed sv\u00edtidlo v barv\u011b oceli v modern\u00edm designu se sv\u011bteln\u00fdmi kruhy a funkc\u00ed stm\u00edv\u00e1n\u00ed SimplyDim 3000K &#8211; LEUCHTEN DIREKT \/ JUST LIGHT\"}]},{\"@type\":\"WebSite\",\"@id\":\"https:\/\/www.domstavpro.com\/#website\",\"url\":\"https:\/\/www.domstavpro.com\/\",\"name\":\"\",\"description\":\"\",\"potentialAction\":[{\"@type\":\"SearchAction\",\"target\":{\"@type\":\"EntryPoint\",\"urlTemplate\":\"https:\/\/www.domstavpro.com\/?s={search_term_string}\"},\"query-input\":{\"@type\":\"PropertyValueSpecification\",\"valueRequired\":true,\"valueName\":\"search_term_string\"}}],\"inLanguage\":\"cs\"}]}<\/script>\n<!-- \/ Yoast SEO plugin. -->","yoast_head_json":{"title":"Akce UKON\u010cEN\u00c1 V\u00ddROBA IVANKA LED stropn\u00ed sv\u00edtidlo v barv\u011b oceli v modern\u00edm designu se sv\u011bteln\u00fdmi kruhy a funkc\u00ed stm\u00edv\u00e1n\u00ed SimplyDim 3000K - LEUCHTEN DIREKT \/ JUST LIGHT -","robots":{"index":"index","follow":"follow","max-snippet":"max-snippet:-1","max-image-preview":"max-image-preview:large","max-video-preview":"max-video-preview:-1"},"canonical":"https:\/\/www.domstavpro.com\/index.php\/produkt\/akce-ukoncena-vyroba-ivanka-led-stropni-svitidlo-v-barve-oceli-v-modernim-designu-se-svetelnymi-kruhy-a-funkci-stmivani-simplydim-3000k-leuchten-direkt-just-light-59138\/","og_locale":"cs_CZ","og_type":"article","og_title":"Akce UKON\u010cEN\u00c1 V\u00ddROBA IVANKA LED stropn\u00ed sv\u00edtidlo v barv\u011b oceli v modern\u00edm designu se sv\u011bteln\u00fdmi kruhy a funkc\u00ed stm\u00edv\u00e1n\u00ed SimplyDim 3000K - LEUCHTEN DIREKT \/ JUST LIGHT -","og_description":"Popis produktu LED sv\u00edtidlo zaujme modern\u00edm ploch\u00fdm designem, lze jej pou\u017e\u00edt r\u016fzn\u00fdmi zp\u016fsoby. M\u00e1te mo\u017enost upravit horn\u00ed sv\u011bteln\u00fd krou\u017eek, spodn\u00ed krou\u017eek je nainstalov\u00e1n napevno. D\u00edky tepl\u00e9 b\u00edl\u00e9 barv\u011b sv\u011btla vytv\u00e1\u0159\u00ed energeticky \u00fasporn\u00e9 sv\u00edtidlo ve va\u0161em ob\u00fdvac\u00edm pokoji \u00fatulnou atmosf\u00e9ru. Je dod\u00e1v\u00e1no se dv\u011bma trvale instalovan\u00fdmi LED sv\u011bteln\u00fdmi zdroji. Modern\u00ed stropn\u00ed osv\u011btlen\u00ed je nav\u00edc vybaveno technologi\u00ed [&hellip;]","og_url":"https:\/\/www.domstavpro.com\/index.php\/produkt\/akce-ukoncena-vyroba-ivanka-led-stropni-svitidlo-v-barve-oceli-v-modernim-designu-se-svetelnymi-kruhy-a-funkci-stmivani-simplydim-3000k-leuchten-direkt-just-light-59138\/","og_image":[{"width":676,"height":676,"url":"https:\/\/www.domstavpro.com\/wp-content\/uploads\/2026\/SK0030206-CZ20260425-091535-0-1777079744-LD-14537-55.webp","type":"image\/webp"}],"twitter_card":"summary_large_image","twitter_misc":{"Odhadovan\u00e1 doba \u010dten\u00ed":"2 minuty"},"schema":{"@context":"https:\/\/schema.org","@graph":[{"@type":"WebPage","@id":"https:\/\/www.domstavpro.com\/index.php\/produkt\/akce-ukoncena-vyroba-ivanka-led-stropni-svitidlo-v-barve-oceli-v-modernim-designu-se-svetelnymi-kruhy-a-funkci-stmivani-simplydim-3000k-leuchten-direkt-just-light-59138\/","url":"https:\/\/www.domstavpro.com\/index.php\/produkt\/akce-ukoncena-vyroba-ivanka-led-stropni-svitidlo-v-barve-oceli-v-modernim-designu-se-svetelnymi-kruhy-a-funkci-stmivani-simplydim-3000k-leuchten-direkt-just-light-59138\/","name":"Akce UKON\u010cEN\u00c1 V\u00ddROBA IVANKA LED stropn\u00ed sv\u00edtidlo v barv\u011b oceli v modern\u00edm designu se sv\u011bteln\u00fdmi kruhy a funkc\u00ed stm\u00edv\u00e1n\u00ed SimplyDim 3000K - LEUCHTEN DIREKT \/ JUST LIGHT -","isPartOf":{"@id":"https:\/\/www.domstavpro.com\/#website"},"primaryImageOfPage":{"@id":"https:\/\/www.domstavpro.com\/index.php\/produkt\/akce-ukoncena-vyroba-ivanka-led-stropni-svitidlo-v-barve-oceli-v-modernim-designu-se-svetelnymi-kruhy-a-funkci-stmivani-simplydim-3000k-leuchten-direkt-just-light-59138\/#primaryimage"},"image":{"@id":"https:\/\/www.domstavpro.com\/index.php\/produkt\/akce-ukoncena-vyroba-ivanka-led-stropni-svitidlo-v-barve-oceli-v-modernim-designu-se-svetelnymi-kruhy-a-funkci-stmivani-simplydim-3000k-leuchten-direkt-just-light-59138\/#primaryimage"},"thumbnailUrl":"https:\/\/www.domstavpro.com\/wp-content\/uploads\/2026\/SK0030206-CZ20260425-091535-0-1777079744-LD-14537-55.webp","datePublished":"2026-04-27T15:10:16+00:00","breadcrumb":{"@id":"https:\/\/www.domstavpro.com\/index.php\/produkt\/akce-ukoncena-vyroba-ivanka-led-stropni-svitidlo-v-barve-oceli-v-modernim-designu-se-svetelnymi-kruhy-a-funkci-stmivani-simplydim-3000k-leuchten-direkt-just-light-59138\/#breadcrumb"},"inLanguage":"cs","potentialAction":[{"@type":"ReadAction","target":["https:\/\/www.domstavpro.com\/index.php\/produkt\/akce-ukoncena-vyroba-ivanka-led-stropni-svitidlo-v-barve-oceli-v-modernim-designu-se-svetelnymi-kruhy-a-funkci-stmivani-simplydim-3000k-leuchten-direkt-just-light-59138\/"]}]},{"@type":"ImageObject","inLanguage":"cs","@id":"https:\/\/www.domstavpro.com\/index.php\/produkt\/akce-ukoncena-vyroba-ivanka-led-stropni-svitidlo-v-barve-oceli-v-modernim-designu-se-svetelnymi-kruhy-a-funkci-stmivani-simplydim-3000k-leuchten-direkt-just-light-59138\/#primaryimage","url":"https:\/\/www.domstavpro.com\/wp-content\/uploads\/2026\/SK0030206-CZ20260425-091535-0-1777079744-LD-14537-55.webp","contentUrl":"https:\/\/www.domstavpro.com\/wp-content\/uploads\/2026\/SK0030206-CZ20260425-091535-0-1777079744-LD-14537-55.webp","width":676,"height":676},{"@type":"BreadcrumbList","@id":"https:\/\/www.domstavpro.com\/index.php\/produkt\/akce-ukoncena-vyroba-ivanka-led-stropni-svitidlo-v-barve-oceli-v-modernim-designu-se-svetelnymi-kruhy-a-funkci-stmivani-simplydim-3000k-leuchten-direkt-just-light-59138\/#breadcrumb","itemListElement":[{"@type":"ListItem","position":1,"name":"Home","item":"https:\/\/www.domstavpro.com\/"},{"@type":"ListItem","position":2,"name":"Products","item":"https:\/\/www.domstavpro.com\/index.php\/products\/"},{"@type":"ListItem","position":3,"name":"Akce UKON\u010cEN\u00c1 V\u00ddROBA IVANKA LED stropn\u00ed sv\u00edtidlo v barv\u011b oceli v modern\u00edm designu se sv\u011bteln\u00fdmi kruhy a funkc\u00ed stm\u00edv\u00e1n\u00ed SimplyDim 3000K &#8211; LEUCHTEN DIREKT \/ JUST LIGHT"}]},{"@type":"WebSite","@id":"https:\/\/www.domstavpro.com\/#website","url":"https:\/\/www.domstavpro.com\/","name":"","description":"","potentialAction":[{"@type":"SearchAction","target":{"@type":"EntryPoint","urlTemplate":"https:\/\/www.domstavpro.com\/?s={search_term_string}"},"query-input":{"@type":"PropertyValueSpecification","valueRequired":true,"valueName":"search_term_string"}}],"inLanguage":"cs"}]}},"_links":{"self":[{"href":"https:\/\/www.domstavpro.com\/index.php\/wp-json\/wp\/v2\/product\/59138","targetHints":{"allow":["GET"]}}],"collection":[{"href":"https:\/\/www.domstavpro.com\/index.php\/wp-json\/wp\/v2\/product"}],"about":[{"href":"https:\/\/www.domstavpro.com\/index.php\/wp-json\/wp\/v2\/types\/product"}],"replies":[{"embeddable":true,"href":"https:\/\/www.domstavpro.com\/index.php\/wp-json\/wp\/v2\/comments?post=59138"}],"wp:featuredmedia":[{"embeddable":true,"href":"https:\/\/www.domstavpro.com\/index.php\/wp-json\/wp\/v2\/media\/59238"}],"wp:attachment":[{"href":"https:\/\/www.domstavpro.com\/index.php\/wp-json\/wp\/v2\/media?parent=59138"}],"wp:term":[{"taxonomy":"product_brand","embeddable":true,"href":"https:\/\/www.domstavpro.com\/index.php\/wp-json\/wp\/v2\/product_brand?post=59138"},{"taxonomy":"product_cat","embeddable":true,"href":"https:\/\/www.domstavpro.com\/index.php\/wp-json\/wp\/v2\/product_cat?post=59138"},{"taxonomy":"product_tag","embeddable":true,"href":"https:\/\/www.domstavpro.com\/index.php\/wp-json\/wp\/v2\/product_tag?post=59138"}],"curies":[{"name":"wp","href":"https:\/\/api.w.org\/{rel}","templated":true}]}}