{"id":57113,"date":"2026-04-27T15:10:11","date_gmt":"2026-04-27T15:10:11","guid":{"rendered":""},"modified":"2026-04-27T15:10:11","modified_gmt":"2026-04-27T15:10:11","slug":"akce-drazice-tj-g-6-4-39-39-e-3-75kw-57113","status":"publish","type":"product","link":"https:\/\/www.domstavpro.com\/index.php\/produkt\/akce-drazice-tj-g-6-4-39-39-e-3-75kw-57113\/","title":{"rendered":"Akce Dra\u017eice TJ G 6\/4&#39;&#39; \/ E-3,75kW"},"content":{"rendered":"<div id=\"e9956247\" class=\"pages\">\n<div>\n<div id=\"PDDescription\" class=\"UserContentView userContent v1a v1 bs-view dcon dc164 PDDescription\" ><dc-con><dc-con><bs-empty><\/bs-empty><\/dc-con><dc-con>        <\/p>\n<div class=\"customDescription\">                    <\/div>\n<p><\/dc-con><dc-con><\/p>\n<p><strong><span style=\"color: #000000;\">Dra\u017eice TJ G 6\/4&#8220; \/ E-3,75kW \u0161roubovac\u00ed elektrick\u00e1 jednotka &#8211; 400V<\/span><\/strong><\/p>\n<p><strong><span style=\"color: #000000;\"><span style=\"color: #c00000;\"><strong>\u00a0<\/strong><\/span><\/span><\/strong><\/p>\n<p>\u0160roubovac\u00ed elektrick\u00e1 topn\u00e1 jednotka s\u00a0vlastn\u00edm provozn\u00edm a\u00a0bezpe\u010dnostn\u00edm termostatem vhodn\u00e1 jako pomocn\u00fd oh\u0159ev pro z\u00e1sobn\u00edky tepl\u00e9 vody.<\/p>\n<ul>\n<li>P\u0159ipojuje se na hrdlo se z\u00e1vitem G 6\/4&#8220;<\/li>\n<li>V\u00fdkon topn\u00e9ho t\u011blesa lze volit v rozmez\u00ed\u00a03,75 kW<\/li>\n<li>Zapojen\u00ed 400 V<\/li>\n<li>Termostat s vn\u011bj\u0161\u00edm ovl\u00e1d\u00e1n\u00edm umo\u017e\u0148uje plynul\u00e9 nastaven\u00ed teploty 5\u201374\u00a0\u00b0C<\/li>\n<li>Vyu\u017eit\u00ed jako pomocn\u00fd oh\u0159ev oh\u0159\u00edva\u010d\u016f \u0159ady NTR\/NTRR hlavn\u011b p\u0159i zapojen\u00ed v sol\u00e1rn\u00edm syst\u00e9mu<\/li>\n<li>Jednotka se d\u00e1 vyu\u017e\u00edt na oh\u0159ev vody v jin\u00fdch za\u0159\u00edzen\u00edch p\u0159i dodr\u017een\u00ed z\u00e1sad v n\u00e1vodu na pou\u017eit\u00ed<\/li>\n<\/ul>\n<p><\/dc-con><\/dc-con><\/div>\n<div id=\"PDDescription2\" class=\"UserContentView userContent v1a v1 bs-view dcon dc165 PDDescription2\" >\n<p>\u00a0<\/p>\n<p><img decoding=\"async\" title=\"\" src=\"\/\/cdn.topenilevne.cz\/data\/user-content\/drazice\/rozkres tj e.jpg\"><\/p>\n<h3><strong>Vhodn\u00e9 pro fotovoltaick\u00e9 aplikace <img decoding=\"async\" title=\"\" style=\"width: 7%;\" src=\"\/\/cdn.topenilevne.cz\/data\/user-content\/logo\/logo fotovoltaika.png\"><\/strong><\/h3>\n<p><strong>\u0160ROUBOVAC\u00cd ELEKTRICK\u00c9 TOPN\u00c9 JEDNOTKY \u0158ADY TJ<\/strong><\/p>\n<table style=\"border-collapse: collapse;\">\n<tbody>\n<tr>\n<td style=\"border: 1px solid black;\">\n<p><strong>\u00a0Typ<\/strong><\/p>\n<\/td>\n<td style=\"border: 1px solid black;\">\n<p>\u00a0<\/p>\n<\/td>\n<td style=\"border: 1px solid black;\">\n<p><strong>TJ6\/4&#8243;-2<\/strong><\/p>\n<\/td>\n<td style=\"border: 1px solid black;\">\n<p><strong>\u00a0TJ6\/4&#8243;-2,5<\/strong><\/p>\n<\/td>\n<td style=\"border: 1px solid black;\">\n<p><strong>\u00a0TJ6\/4&#8243;-3,3<\/strong><\/p>\n<\/td>\n<td style=\"border: 1px solid black;\">\n<p><strong>\u00a0TJ6\/4&#8243;-3,75<\/strong><\/p>\n<\/td>\n<td style=\"border: 1px solid black;\">\n<p><strong>\u00a0TJ6\/4&#8243;E-3,75<\/strong><\/p>\n<\/td>\n<td style=\"border: 1px solid black;\">\n<p><strong>\u00a0TJ6\/4&#8243;-4,5<\/strong><\/p>\n<\/td>\n<td style=\"border: 1px solid black;\">\n<p><strong>\u00a0TJ6\/4&#8243;E-4,5<\/strong><\/p>\n<\/td>\n<td style=\"border: 1px solid black;\">\n<p><strong>\u00a0TJ6\/4&#8243;-6<\/strong><\/p>\n<\/td>\n<td style=\"border: 1px solid black;\">\n<p><strong>\u00a0TJ6\/4&#8243;E-6<\/strong><\/p>\n<\/td>\n<td style=\"border: 1px solid black;\">\n<p><strong>\u00a0TJ6\/4&#8243;-9<\/strong><\/p>\n<\/td>\n<\/tr>\n<tr>\n<td style=\"border: 1px solid black;\">\n<p>Objednac\u00ed \u010d\u00edslo<\/p>\n<\/td>\n<td style=\"border: 1px solid black; text-align: center;\">\n<p>\u00a0<\/p>\n<\/td>\n<td style=\"border: 1px solid black; text-align: center;\">\n<p>\u2013\/<\/p>\n<p>2110353<\/p>\n<\/td>\n<td style=\"border: 1px solid black; text-align: center;\">\n<p>\u2013\/<\/p>\n<p>2110354<\/p>\n<\/td>\n<td style=\"border: 1px solid black; text-align: center;\">\n<p>2110355\/<\/p>\n<p>\u2013<\/p>\n<\/td>\n<td style=\"border: 1px solid black; text-align: center;\">\n<p>\u2013\/<\/p>\n<p>2110356<\/p>\n<\/td>\n<td style=\"border: 1px solid black; text-align: center;\">\n<p>2110365<\/p>\n<\/td>\n<td style=\"border: 1px solid black; text-align: center;\">\n<p>\u2013\/<\/p>\n<p>2110357<\/p>\n<\/td>\n<td style=\"border: 1px solid black; text-align: center;\">\n<p>2110366<\/p>\n<\/td>\n<td style=\"border: 1px solid black; text-align: center;\">\n<p>\u2013\/<\/p>\n<p>2110358<\/p>\n<\/td>\n<td style=\"border: 1px solid black; text-align: center;\">\n<p>2110367<\/p>\n<\/td>\n<td style=\"border: 1px solid black; text-align: center;\">\n<p>2110363\/<\/p>\n<p>2110360<\/p>\n<\/td>\n<\/tr>\n<tr>\n<td style=\"border: 1px solid black;\">\n<p>P\u0159\u00edkon<\/p>\n<\/td>\n<td style=\"border: 1px solid black; text-align: center;\">\n<p>[kW]<\/p>\n<\/td>\n<td style=\"border: 1px solid black; text-align: center;\">\n<p>2<\/p>\n<\/td>\n<td style=\"border: 1px solid black; text-align: center;\">\n<p>2,5<\/p>\n<\/td>\n<td style=\"border: 1px solid black; text-align: center;\">\n<p>3,3<\/p>\n<\/td>\n<td style=\"border: 1px solid black; text-align: center;\">\n<p>3,75<\/p>\n<\/td>\n<td style=\"border: 1px solid black; text-align: center;\">\n<p>3,75<\/p>\n<\/td>\n<td style=\"border: 1px solid black; text-align: center;\">\n<p>4,5<\/p>\n<\/td>\n<td style=\"border: 1px solid black; text-align: center;\">\n<p>4,5<\/p>\n<\/td>\n<td style=\"border: 1px solid black; text-align: center;\">\n<p>6<\/p>\n<\/td>\n<td style=\"border: 1px solid black; text-align: center;\">\n<p>6<\/p>\n<\/td>\n<td style=\"border: 1px solid black; text-align: center;\">\n<p>9<\/p>\n<\/td>\n<\/tr>\n<tr>\n<td style=\"border: 1px solid black;\">\n<p>Z\u00e1stavbov\u00e1 d\u00e9lka L\/L1<\/p>\n<\/td>\n<td style=\"border: 1px solid black; text-align: center;\">\n<p>[mm]<\/p>\n<\/td>\n<td style=\"border: 1px solid black; text-align: center;\">\n<p>\u2013\/380<\/p>\n<\/td>\n<td style=\"border: 1px solid black; text-align: center;\">\n<p>\u2013\/405<\/p>\n<\/td>\n<td style=\"border: 1px solid black; text-align: center;\">\n<p>325\/\u2013<\/p>\n<\/td>\n<td style=\"border: 1px solid black; text-align: center;\">\n<p>\u2013\/450<\/p>\n<\/td>\n<td style=\"border: 1px solid black; text-align: center;\">\n<p>450<\/p>\n<\/td>\n<td style=\"border: 1px solid black; text-align: center;\">\n<p>\u2013\/500<\/p>\n<\/td>\n<td style=\"border: 1px solid black; text-align: center;\">\n<p>500<\/p>\n<\/td>\n<td style=\"border: 1px solid black; text-align: center;\">\n<p>\u2013\/520<\/p>\n<\/td>\n<td style=\"border: 1px solid black; text-align: center;\">\n<p>520<\/p>\n<\/td>\n<td style=\"border: 1px solid black; text-align: center;\">\n<p>605\/<\/p>\n<p>690<\/p>\n<\/td>\n<\/tr>\n<tr>\n<td style=\"border: 1px solid black;\">\n<p>Chladn\u00e1 \u010d\u00e1st\u00a0topn\u00e9 jednotky (\u00b1 10 mm)<\/p>\n<\/td>\n<td style=\"border: 1px solid black; text-align: center;\">\n<p>\u00a0<\/p>\n<\/td>\n<td style=\"border: 1px solid black; text-align: center;\">\n<p>175<\/p>\n<\/td>\n<td style=\"border: 1px solid black; text-align: center;\">\n<p>175<\/p>\n<\/td>\n<td style=\"border: 1px solid black; text-align: center;\">\n<p>60<\/p>\n<\/td>\n<td style=\"border: 1px solid black; text-align: center;\">\n<p>175<\/p>\n<\/td>\n<td style=\"border: 1px solid black; text-align: center;\">\n<p>175<\/p>\n<\/td>\n<td style=\"border: 1px solid black; text-align: center;\">\n<p>175<\/p>\n<\/td>\n<td style=\"border: 1px solid black; text-align: center;\">\n<p>175<\/p>\n<\/td>\n<td style=\"border: 1px solid black; text-align: center;\">\n<p>175<\/p>\n<\/td>\n<td style=\"border: 1px solid black; text-align: center;\">\n<p>175<\/p>\n<\/td>\n<td style=\"border: 1px solid black; text-align: center;\">\n<p>60\/<\/p>\n<p>175<\/p>\n<\/td>\n<\/tr>\n<tr>\n<td style=\"border: 1px solid black;\">\n<p>Hmotnost<\/p>\n<\/td>\n<td style=\"border: 1px solid black; text-align: center;\">\n<p>[kg]<\/p>\n<\/td>\n<td style=\"border: 1px solid black; text-align: center;\">\n<p>1,2<\/p>\n<\/td>\n<td style=\"border: 1px solid black; text-align: center;\">\n<p>1,3<\/p>\n<\/td>\n<td style=\"border: 1px solid black; text-align: center;\">\n<p>1,7<\/p>\n<\/td>\n<td style=\"border: 1px solid black; text-align: center;\">\n<p>2<\/p>\n<\/td>\n<td style=\"border: 1px solid black; text-align: center;\">\n<p>2<\/p>\n<\/td>\n<td style=\"border: 1px solid black; text-align: center;\">\n<p>2<\/p>\n<\/td>\n<td style=\"border: 1px solid black; text-align: center;\">\n<p>2<\/p>\n<\/td>\n<td style=\"border: 1px solid black; text-align: center;\">\n<p>2<\/p>\n<\/td>\n<td style=\"border: 1px solid black; text-align: center;\">\n<p>2<\/p>\n<\/td>\n<td style=\"border: 1px solid black; text-align: center;\">\n<p>2\/2,3<\/p>\n<\/td>\n<\/tr>\n<tr>\n<td style=\"border: 1px solid black;\">\n<p>Elektrick\u00e9 p\u0159ipojen\u00ed<\/p>\n<\/td>\n<td style=\"border: 1px solid black; text-align: center;\">\n<p>\u00a0<\/p>\n<\/td>\n<td style=\"border: 1px solid black; text-align: center;\" colspan=\"2\">\n<p>1\/N\/PE~<br \/>230V\/50Hz<\/p>\n<\/td>\n<td style=\"border: 1px solid black;\" colspan=\"2\">\n<p style=\"text-align: center;\">3\/N\/PE~ <br \/>3x 230 V\/50Hz,Y<\/p>\n<\/td>\n<td style=\"border: 1px solid black;\">\n<p style=\"text-align: center;\">3\/N\/PE~ <br \/>3x 230 V\/50Hz,Y<\/p>\n<\/td>\n<td style=\"border: 1px solid black; text-align: center;\">\n<p style=\"text-align: center;\">3\/N\/PE~ <br \/>3x 230 V\/50Hz,Y<\/p>\n<\/td>\n<td style=\"border: 1px solid black; text-align: center;\">\n<p style=\"text-align: center;\">3\/N\/PE~ <br \/>3x 230 V\/50Hz,Y<\/p>\n<\/td>\n<td style=\"border: 1px solid black; text-align: center;\">\n<p style=\"text-align: center;\">3\/N\/PE~ <br \/>3x 230 V\/50Hz,Y<\/p>\n<\/td>\n<td style=\"border: 1px solid black; text-align: center;\">\n<p style=\"text-align: center;\">3\/N\/PE~ <br \/>3x 230 V\/50Hz,Y<\/p>\n<\/td>\n<td style=\"border: 1px solid black; text-align: center;\" colspan=\"2\">\n<p>3\/N\/PE~<\/p>\n<p>400V\/50Hz,\u0394<\/p>\n<\/td>\n<\/tr>\n<tr>\n<td style=\"border: 1px solid black;\">\n<p>Doporu\u010den\u00e1 hodnota jisti\u010de<\/p>\n<\/td>\n<td style=\"border: 1px solid black; text-align: center;\">\n<p>[A]<\/p>\n<\/td>\n<td style=\"border: 1px solid black; text-align: center;\">\n<p>16<\/p>\n<\/td>\n<td style=\"border: 1px solid black; text-align: center;\">\n<p>16<\/p>\n<\/td>\n<td style=\"border: 1px solid black; text-align: center;\">\n<p>3\u00d710<\/p>\n<\/td>\n<td style=\"border: 1px solid black; text-align: center;\">\n<p>3\u00d710<\/p>\n<\/td>\n<td style=\"border: 1px solid black; text-align: center;\">\n<p>3\u00d710<\/p>\n<\/td>\n<td style=\"border: 1px solid black; text-align: center;\">\n<p>3\u00d710<\/p>\n<\/td>\n<td style=\"border: 1px solid black; text-align: center;\">\n<p>3\u00d710<\/p>\n<\/td>\n<td style=\"border: 1px solid black; text-align: center;\">\n<p>3\u00d716<\/p>\n<\/td>\n<td style=\"border: 1px solid black; text-align: center;\">\n<p>3\u00d716<\/p>\n<\/td>\n<td style=\"border: 1px solid black; text-align: center;\">\n<p>3\u00d720<\/p>\n<\/td>\n<\/tr>\n<tr>\n<td style=\"border: 1px solid black;\">\n<p>Elektrick\u00e9 kryt\u00ed<\/p>\n<\/td>\n<td style=\"border: 1px solid black; text-align: center;\">\n<p>\u00a0<\/p>\n<\/td>\n<td style=\"border: 1px solid black; text-align: center;\" colspan=\"12\">\n<p>IP44<\/p>\n<\/td>\n<\/tr>\n<tr>\n<td style=\"border: 1px solid black;\">\n<p>Rozsah nastaven\u00ed teploty<\/p>\n<\/td>\n<td style=\"border: 1px solid black; text-align: center;\">\n<p>[\u00b0C]<\/p>\n<\/td>\n<td style=\"border: 1px solid black; text-align: center;\" colspan=\"12\">\n<p>5\u201374<\/p>\n<\/td>\n<\/tr>\n<tr>\n<td style=\"border: 1px solid black;\">\n<p>Doba oh\u0159evu cca 150l10\u201360\u00b0C<\/p>\n<\/td>\n<td style=\"border: 1px solid black; text-align: center;\">\n<p>[h]<\/p>\n<\/td>\n<td style=\"border: 1px solid black; text-align: center;\">\n<p>4,5<\/p>\n<\/td>\n<td style=\"border: 1px solid black; text-align: center;\">\n<p>4<\/p>\n<\/td>\n<td style=\"border: 1px solid black; text-align: center;\">\n<p>2,7<\/p>\n<\/td>\n<td style=\"border: 1px solid black; text-align: center;\">\n<p>2,3<\/p>\n<\/td>\n<td style=\"border: 1px solid black; text-align: center;\">\n<p>2,3<\/p>\n<\/td>\n<td style=\"border: 1px solid black; text-align: center;\">\n<p>2<\/p>\n<\/td>\n<td style=\"border: 1px solid black; text-align: center;\">\n<p>2<\/p>\n<\/td>\n<td style=\"border: 1px solid black; text-align: center;\">\n<p>1,5<\/p>\n<\/td>\n<td style=\"border: 1px solid black; text-align: center;\">\n<p>1,5<\/p>\n<\/td>\n<td style=\"border: 1px solid black; text-align: center;\">\n<p>1<\/p>\n<\/td>\n<\/tr>\n<\/tbody>\n<\/table>\n<p>U typ\u016f TJ 6\/4\u2033-2 a TJ6\/4\u2033-2,5 je nov\u011b flexibiln\u00ed p\u0159\u00edvodn\u00ed kabel do z\u00e1suvky.<\/p>\n<p>Z\u00e1stavbov\u00e9 d\u00e9lky jsou v toleranci \u00b110 mm.<\/p>\n<p>\u00a0<\/p>\n<h3>MO\u017dNOSTI MONT\u00c1\u017dE \u0160ROUBOVAC\u00cdCH ELEKTRICK\u00ddCH TOPN\u00ddCH JEDNOTEK \u0158ADY TJ<\/h3>\n<p><img decoding=\"async\" title=\"\" src=\"\/\/cdn.topenilevne.cz\/data\/user-content\/drazice\/tj\/snimek obrazovky 2025-07-29 140009.png\"><\/p>\n<p>\u00a0*TJ6\/4&#8243; s prodlou\u017eenou chladnou \u010d\u00e1st\u00ed, \u25b2lze montovat, \u2013 nelze montovat<\/p>\n<p><img decoding=\"async\" title=\"\" src=\"\/\/cdn.topenilevne.cz\/data\/user-content\/drazice\/tj\/snimek obrazovky 2025-07-29 142316.png\"><\/p>\n<p>*\u00a0TJ 6\/4\u2033 s prodlou\u017eenou chladnou \u010d\u00e1st\u00ed, \u25b2 lze montovat, \u2013\u00a0\u00a0nelze montovat<\/p>\n<\/div><\/div>\n<div id=\"PDTable3\" class=\"ProductDetailTableView v3a v3 bs-view dcon dc185 PDTable3\" >\n<table>\n<thead><\/thead>\n<tbody>\n<tr class=\"attribute attr_typ\">\n<td class=\"caption\">Typ<\/td>\n<td class=\"value\">Elektrick\u00e1 topn\u00e1 t\u011blesa<\/td>\n<\/tr>\n<tr class=\"attribute attr_bsshop_maker\">\n<td class=\"caption\">V\u00fdrobce<\/td>\n<td class=\"value\">Dra\u017eice<\/td>\n<\/tr>\n<tr class=\"weight\">\n<td class=\"caption\"><span>Hmotnost<\/span><\/td>\n<td class=\"value\"><span>2,00 kg<\/span><\/td>\n<\/tr>\n<\/tbody>\n<\/table>\n<\/div>\n<div id=\"ProductMedia\" class=\"ProductMediaView MediaViewBase v1a v1 bs-view dcon dc409 ProductMedia\" ><bs-empty><\/bs-empty><\/p>\n<div class=\"files\">\n<div class=\"title sub\">Soubory<\/div>\n<p><a href=\"\/media\/13522\/navod-k-obsluze-a-instalaci-tj-e.pdf?&amp;key=ZGpmIyQwNUZfMTM1MjI=\" class=\"pdf\">N&#225;vod k obsluze a instalaci TJ E<\/a><a href=\"\/media\/13523\/tabulka-pouziti-jednotek-tj.pdf?&amp;key=ZGpmIyQwNUZfMTM1MjM=\" class=\"pdf\">Tabulka pou\u017eit&#237; jednotek TJ<\/a><\/div>\n<p><bs-empty><\/bs-empty><\/div>\n<div id=\"PdProductGpsr\" class=\"ProductGpsrView v1a v1 bs-view dcon dc217 PdProductGpsr\" >\n<div class=\"subject\"><dc-root class=\"dcon dc219\"><span class=\"title\">Zodpov\u011bdn&#253; subjekt:<\/span><dc-con><dc-con><span class=\"company\">Dru\u017estevn&#237; z&#225;vody Dra\u017eice &#8211; stroj&#237;rna s.r.o.<\/span><span class=\"name\">Dra\u017eice<\/span><\/dc-con><dc-con><span class=\"street\">Dra\u017eice 69<\/span><span class=\"city\">Ben&#225;tky nad Jizerou<\/span><span class=\"zip\">294 71<\/span><span class=\"country\">\u010cesko<\/span><\/dc-con><span class=\"email\">info@dzd.cz<\/span><span class=\"phone\">326 370 911<\/span><bs-empty><\/bs-empty><a href=\"https:\/\/www.dzd.cz\/\" class=\"link\" target=\"_blank\">https:\/\/www.dzd.cz\/<\/a><\/dc-con><bs-empty><\/bs-empty><\/dc-root><\/div>\n<p><bs-empty><\/bs-empty><\/div>\n<\/div>\n<div id=\"e9956248\" class=\"tabs\">\n","protected":false},"excerpt":{"rendered":"<p>Dra\u017eice TJ G 6\/4&#8220; \/ E-3,75kW \u0161roubovac\u00ed elektrick\u00e1 jednotka &#8211; 400V \u00a0 \u0160roubovac\u00ed elektrick\u00e1 topn\u00e1 jednotka s\u00a0vlastn\u00edm provozn\u00edm a\u00a0bezpe\u010dnostn\u00edm termostatem vhodn\u00e1 jako pomocn\u00fd oh\u0159ev pro z\u00e1sobn\u00edky tepl\u00e9 vody. P\u0159ipojuje se na hrdlo se z\u00e1vitem G 6\/4&#8220; V\u00fdkon topn\u00e9ho t\u011blesa lze volit v rozmez\u00ed\u00a03,75 kW Zapojen\u00ed 400 V Termostat s vn\u011bj\u0161\u00edm ovl\u00e1d\u00e1n\u00edm umo\u017e\u0148uje plynul\u00e9 nastaven\u00ed teploty [&hellip;]<\/p>\n","protected":false},"featured_media":57213,"comment_status":"open","ping_status":"open","template":"","meta":[],"product_brand":[],"product_cat":[58],"product_tag":[],"class_list":{"0":"post-57113","1":"product","2":"type-product","3":"status-publish","4":"has-post-thumbnail","6":"product_cat-ohr-237-vace-vody","8":"first","9":"instock","10":"sale","11":"shipping-taxable","12":"purchasable","13":"product-type-simple"},"yoast_head":"<!-- This site is optimized with the Yoast SEO plugin v26.8 - https:\/\/yoast.com\/product\/yoast-seo-wordpress\/ -->\n<title>Akce Dra\u017eice TJ G 6\/4&#039;&#039; \/ E-3,75kW -<\/title>\n<meta name=\"robots\" content=\"index, follow, max-snippet:-1, max-image-preview:large, max-video-preview:-1\" \/>\n<link rel=\"canonical\" href=\"https:\/\/www.domstavpro.com\/index.php\/produkt\/akce-drazice-tj-g-6-4-39-39-e-3-75kw-57113\/\" \/>\n<meta property=\"og:locale\" content=\"cs_CZ\" \/>\n<meta property=\"og:type\" content=\"article\" \/>\n<meta property=\"og:title\" content=\"Akce Dra\u017eice TJ G 6\/4&#039;&#039; \/ E-3,75kW -\" \/>\n<meta property=\"og:description\" content=\"Dra\u017eice TJ G 6\/4&#8220; \/ E-3,75kW \u0161roubovac\u00ed elektrick\u00e1 jednotka &#8211; 400V \u00a0 \u0160roubovac\u00ed elektrick\u00e1 topn\u00e1 jednotka s\u00a0vlastn\u00edm provozn\u00edm a\u00a0bezpe\u010dnostn\u00edm termostatem vhodn\u00e1 jako pomocn\u00fd oh\u0159ev pro z\u00e1sobn\u00edky tepl\u00e9 vody. P\u0159ipojuje se na hrdlo se z\u00e1vitem G 6\/4&#8220; V\u00fdkon topn\u00e9ho t\u011blesa lze volit v rozmez\u00ed\u00a03,75 kW Zapojen\u00ed 400 V Termostat s vn\u011bj\u0161\u00edm ovl\u00e1d\u00e1n\u00edm umo\u017e\u0148uje plynul\u00e9 nastaven\u00ed teploty [&hellip;]\" \/>\n<meta property=\"og:url\" content=\"https:\/\/www.domstavpro.com\/index.php\/produkt\/akce-drazice-tj-g-6-4-39-39-e-3-75kw-57113\/\" \/>\n<meta property=\"og:image\" content=\"https:\/\/www.domstavpro.com\/wp-content\/uploads\/2026\/SK0032183-CZ20260425-093449-0-1777080896-drazice-tj-g-6-4-e-3-75kw.webp\" \/>\n\t<meta property=\"og:image:width\" content=\"1000\" \/>\n\t<meta property=\"og:image:height\" content=\"525\" \/>\n\t<meta property=\"og:image:type\" content=\"image\/webp\" \/>\n<meta name=\"twitter:card\" content=\"summary_large_image\" \/>\n<meta name=\"twitter:label1\" content=\"Odhadovan\u00e1 doba \u010dten\u00ed\" \/>\n\t<meta name=\"twitter:data1\" content=\"2 minuty\" \/>\n<script type=\"application\/ld+json\" class=\"yoast-schema-graph\">{\"@context\":\"https:\/\/schema.org\",\"@graph\":[{\"@type\":\"WebPage\",\"@id\":\"https:\/\/www.domstavpro.com\/index.php\/produkt\/akce-drazice-tj-g-6-4-39-39-e-3-75kw-57113\/\",\"url\":\"https:\/\/www.domstavpro.com\/index.php\/produkt\/akce-drazice-tj-g-6-4-39-39-e-3-75kw-57113\/\",\"name\":\"Akce Dra\u017eice TJ G 6\/4&#39;&#39; \/ E-3,75kW -\",\"isPartOf\":{\"@id\":\"https:\/\/www.domstavpro.com\/#website\"},\"primaryImageOfPage\":{\"@id\":\"https:\/\/www.domstavpro.com\/index.php\/produkt\/akce-drazice-tj-g-6-4-39-39-e-3-75kw-57113\/#primaryimage\"},\"image\":{\"@id\":\"https:\/\/www.domstavpro.com\/index.php\/produkt\/akce-drazice-tj-g-6-4-39-39-e-3-75kw-57113\/#primaryimage\"},\"thumbnailUrl\":\"https:\/\/www.domstavpro.com\/wp-content\/uploads\/2026\/SK0032183-CZ20260425-093449-0-1777080896-drazice-tj-g-6-4-e-3-75kw.webp\",\"datePublished\":\"2026-04-27T15:10:11+00:00\",\"breadcrumb\":{\"@id\":\"https:\/\/www.domstavpro.com\/index.php\/produkt\/akce-drazice-tj-g-6-4-39-39-e-3-75kw-57113\/#breadcrumb\"},\"inLanguage\":\"cs\",\"potentialAction\":[{\"@type\":\"ReadAction\",\"target\":[\"https:\/\/www.domstavpro.com\/index.php\/produkt\/akce-drazice-tj-g-6-4-39-39-e-3-75kw-57113\/\"]}]},{\"@type\":\"ImageObject\",\"inLanguage\":\"cs\",\"@id\":\"https:\/\/www.domstavpro.com\/index.php\/produkt\/akce-drazice-tj-g-6-4-39-39-e-3-75kw-57113\/#primaryimage\",\"url\":\"https:\/\/www.domstavpro.com\/wp-content\/uploads\/2026\/SK0032183-CZ20260425-093449-0-1777080896-drazice-tj-g-6-4-e-3-75kw.webp\",\"contentUrl\":\"https:\/\/www.domstavpro.com\/wp-content\/uploads\/2026\/SK0032183-CZ20260425-093449-0-1777080896-drazice-tj-g-6-4-e-3-75kw.webp\",\"width\":1000,\"height\":525},{\"@type\":\"BreadcrumbList\",\"@id\":\"https:\/\/www.domstavpro.com\/index.php\/produkt\/akce-drazice-tj-g-6-4-39-39-e-3-75kw-57113\/#breadcrumb\",\"itemListElement\":[{\"@type\":\"ListItem\",\"position\":1,\"name\":\"Home\",\"item\":\"https:\/\/www.domstavpro.com\/\"},{\"@type\":\"ListItem\",\"position\":2,\"name\":\"Products\",\"item\":\"https:\/\/www.domstavpro.com\/index.php\/products\/\"},{\"@type\":\"ListItem\",\"position\":3,\"name\":\"Akce Dra\u017eice TJ G 6\/4&#39;&#39; \/ E-3,75kW\"}]},{\"@type\":\"WebSite\",\"@id\":\"https:\/\/www.domstavpro.com\/#website\",\"url\":\"https:\/\/www.domstavpro.com\/\",\"name\":\"\",\"description\":\"\",\"potentialAction\":[{\"@type\":\"SearchAction\",\"target\":{\"@type\":\"EntryPoint\",\"urlTemplate\":\"https:\/\/www.domstavpro.com\/?s={search_term_string}\"},\"query-input\":{\"@type\":\"PropertyValueSpecification\",\"valueRequired\":true,\"valueName\":\"search_term_string\"}}],\"inLanguage\":\"cs\"}]}<\/script>\n<!-- \/ Yoast SEO plugin. -->","yoast_head_json":{"title":"Akce Dra\u017eice TJ G 6\/4&#39;&#39; \/ E-3,75kW -","robots":{"index":"index","follow":"follow","max-snippet":"max-snippet:-1","max-image-preview":"max-image-preview:large","max-video-preview":"max-video-preview:-1"},"canonical":"https:\/\/www.domstavpro.com\/index.php\/produkt\/akce-drazice-tj-g-6-4-39-39-e-3-75kw-57113\/","og_locale":"cs_CZ","og_type":"article","og_title":"Akce Dra\u017eice TJ G 6\/4&#39;&#39; \/ E-3,75kW -","og_description":"Dra\u017eice TJ G 6\/4&#8220; \/ E-3,75kW \u0161roubovac\u00ed elektrick\u00e1 jednotka &#8211; 400V \u00a0 \u0160roubovac\u00ed elektrick\u00e1 topn\u00e1 jednotka s\u00a0vlastn\u00edm provozn\u00edm a\u00a0bezpe\u010dnostn\u00edm termostatem vhodn\u00e1 jako pomocn\u00fd oh\u0159ev pro z\u00e1sobn\u00edky tepl\u00e9 vody. P\u0159ipojuje se na hrdlo se z\u00e1vitem G 6\/4&#8220; V\u00fdkon topn\u00e9ho t\u011blesa lze volit v rozmez\u00ed\u00a03,75 kW Zapojen\u00ed 400 V Termostat s vn\u011bj\u0161\u00edm ovl\u00e1d\u00e1n\u00edm umo\u017e\u0148uje plynul\u00e9 nastaven\u00ed teploty [&hellip;]","og_url":"https:\/\/www.domstavpro.com\/index.php\/produkt\/akce-drazice-tj-g-6-4-39-39-e-3-75kw-57113\/","og_image":[{"width":1000,"height":525,"url":"https:\/\/www.domstavpro.com\/wp-content\/uploads\/2026\/SK0032183-CZ20260425-093449-0-1777080896-drazice-tj-g-6-4-e-3-75kw.webp","type":"image\/webp"}],"twitter_card":"summary_large_image","twitter_misc":{"Odhadovan\u00e1 doba \u010dten\u00ed":"2 minuty"},"schema":{"@context":"https:\/\/schema.org","@graph":[{"@type":"WebPage","@id":"https:\/\/www.domstavpro.com\/index.php\/produkt\/akce-drazice-tj-g-6-4-39-39-e-3-75kw-57113\/","url":"https:\/\/www.domstavpro.com\/index.php\/produkt\/akce-drazice-tj-g-6-4-39-39-e-3-75kw-57113\/","name":"Akce Dra\u017eice TJ G 6\/4&#39;&#39; \/ E-3,75kW -","isPartOf":{"@id":"https:\/\/www.domstavpro.com\/#website"},"primaryImageOfPage":{"@id":"https:\/\/www.domstavpro.com\/index.php\/produkt\/akce-drazice-tj-g-6-4-39-39-e-3-75kw-57113\/#primaryimage"},"image":{"@id":"https:\/\/www.domstavpro.com\/index.php\/produkt\/akce-drazice-tj-g-6-4-39-39-e-3-75kw-57113\/#primaryimage"},"thumbnailUrl":"https:\/\/www.domstavpro.com\/wp-content\/uploads\/2026\/SK0032183-CZ20260425-093449-0-1777080896-drazice-tj-g-6-4-e-3-75kw.webp","datePublished":"2026-04-27T15:10:11+00:00","breadcrumb":{"@id":"https:\/\/www.domstavpro.com\/index.php\/produkt\/akce-drazice-tj-g-6-4-39-39-e-3-75kw-57113\/#breadcrumb"},"inLanguage":"cs","potentialAction":[{"@type":"ReadAction","target":["https:\/\/www.domstavpro.com\/index.php\/produkt\/akce-drazice-tj-g-6-4-39-39-e-3-75kw-57113\/"]}]},{"@type":"ImageObject","inLanguage":"cs","@id":"https:\/\/www.domstavpro.com\/index.php\/produkt\/akce-drazice-tj-g-6-4-39-39-e-3-75kw-57113\/#primaryimage","url":"https:\/\/www.domstavpro.com\/wp-content\/uploads\/2026\/SK0032183-CZ20260425-093449-0-1777080896-drazice-tj-g-6-4-e-3-75kw.webp","contentUrl":"https:\/\/www.domstavpro.com\/wp-content\/uploads\/2026\/SK0032183-CZ20260425-093449-0-1777080896-drazice-tj-g-6-4-e-3-75kw.webp","width":1000,"height":525},{"@type":"BreadcrumbList","@id":"https:\/\/www.domstavpro.com\/index.php\/produkt\/akce-drazice-tj-g-6-4-39-39-e-3-75kw-57113\/#breadcrumb","itemListElement":[{"@type":"ListItem","position":1,"name":"Home","item":"https:\/\/www.domstavpro.com\/"},{"@type":"ListItem","position":2,"name":"Products","item":"https:\/\/www.domstavpro.com\/index.php\/products\/"},{"@type":"ListItem","position":3,"name":"Akce Dra\u017eice TJ G 6\/4&#39;&#39; \/ E-3,75kW"}]},{"@type":"WebSite","@id":"https:\/\/www.domstavpro.com\/#website","url":"https:\/\/www.domstavpro.com\/","name":"","description":"","potentialAction":[{"@type":"SearchAction","target":{"@type":"EntryPoint","urlTemplate":"https:\/\/www.domstavpro.com\/?s={search_term_string}"},"query-input":{"@type":"PropertyValueSpecification","valueRequired":true,"valueName":"search_term_string"}}],"inLanguage":"cs"}]}},"_links":{"self":[{"href":"https:\/\/www.domstavpro.com\/index.php\/wp-json\/wp\/v2\/product\/57113","targetHints":{"allow":["GET"]}}],"collection":[{"href":"https:\/\/www.domstavpro.com\/index.php\/wp-json\/wp\/v2\/product"}],"about":[{"href":"https:\/\/www.domstavpro.com\/index.php\/wp-json\/wp\/v2\/types\/product"}],"replies":[{"embeddable":true,"href":"https:\/\/www.domstavpro.com\/index.php\/wp-json\/wp\/v2\/comments?post=57113"}],"wp:featuredmedia":[{"embeddable":true,"href":"https:\/\/www.domstavpro.com\/index.php\/wp-json\/wp\/v2\/media\/57213"}],"wp:attachment":[{"href":"https:\/\/www.domstavpro.com\/index.php\/wp-json\/wp\/v2\/media?parent=57113"}],"wp:term":[{"taxonomy":"product_brand","embeddable":true,"href":"https:\/\/www.domstavpro.com\/index.php\/wp-json\/wp\/v2\/product_brand?post=57113"},{"taxonomy":"product_cat","embeddable":true,"href":"https:\/\/www.domstavpro.com\/index.php\/wp-json\/wp\/v2\/product_cat?post=57113"},{"taxonomy":"product_tag","embeddable":true,"href":"https:\/\/www.domstavpro.com\/index.php\/wp-json\/wp\/v2\/product_tag?post=57113"}],"curies":[{"name":"wp","href":"https:\/\/api.w.org\/{rel}","templated":true}]}}