{"id":55350,"date":"2026-04-27T15:10:06","date_gmt":"2026-04-27T15:10:06","guid":{"rendered":""},"modified":"2026-04-27T15:10:06","modified_gmt":"2026-04-27T15:10:06","slug":"akce-boki-infloor-konvektor-bez-ventilatoru-nerez-fms-25-225-09-11-55350","status":"publish","type":"product","link":"https:\/\/www.domstavpro.com\/index.php\/produkt\/akce-boki-infloor-konvektor-bez-ventilatoru-nerez-fms-25-225-09-11-55350\/","title":{"rendered":"Akce BOKI InFloor Konvektor bez ventil\u00e1toru, nerez FMS-25-225-09-11"},"content":{"rendered":"<div id=\"e9431564\" class=\"pages\">\n<div>\n<div id=\"PDDescription\" class=\"UserContentView userContent v1a v1 bs-view dcon dc164 PDDescription\" ><dc-con><dc-con><bs-empty><\/bs-empty><\/dc-con><dc-con>        <\/p>\n<div class=\"customDescription\">\n<p><strong><span style=\"color: #ff0000; font-family: Open Sans;\">Zbo\u017e\u00ed je vyr\u00e1b\u011bno na zak\u00e1zku, po\u017eadujeme z\u00e1lohu ve v\u00fd\u0161i 50% p\u0159ed objedn\u00e1n\u00edm.<\/span><\/strong><\/p>\n<\/p><\/div>\n<p><\/dc-con><dc-con><\/p>\n<h2 class=\"base-subheading\" style=\"text-align: center; color: #6f7686; text-transform: none; line-height: 2.5rem; text-indent: 0px; letter-spacing: normal; font-family: GeneralSansBold; font-size: 2rem; font-style: normal; margin-top: 0px; margin-bottom: 1rem; word-spacing: 0px; white-space: normal; box-sizing: border-box; orphans: 2; widows: 2; transform: translateY(0.75rem); -webkit-text-fill-color: transparent; font-variant-ligatures: normal; font-variant-caps: normal; -webkit-text-stroke-width: 0px; text-decoration-thickness: initial; text-decoration-style: initial; text-decoration-color: initial;\">Podlahov\u00e9 konvektory InFloor<\/h2>\n<p style=\"text-align: center; color: #7b7b7b; text-transform: none; text-indent: 0px; letter-spacing: normal; font-family: Rubik, sans-serif; font-size: 1.12rem; font-style: normal; font-weight: 400; margin-top: 0px; margin-bottom: 1.5rem; word-spacing: 0px; white-space: normal; box-sizing: border-box; orphans: 2; widows: 2; transform: translateY(0.3125rem); font-variant-ligatures: normal; font-variant-caps: normal; -webkit-text-stroke-width: 0px; text-decoration-thickness: initial; text-decoration-style: initial; text-decoration-color: initial;\">N\u00edzk\u00e1 a variabiln\u00ed v\u00fd\u0161ka podlahov\u00fdch konvektor\u016f InFloor umo\u017e\u0148uje bezprobl\u00e9movou instalaci v podlaze<\/p>\n<p>Otopn\u00e1 t\u011blesa BOKI slou\u017e\u00ed k zaji\u0161t\u011bn\u00ed optim\u00e1ln\u00ed tepeln\u00e9 pohody bytov\u00fdch, ob\u010dansk\u00fdch, komer\u010dn\u00edch, administrativn\u00edch i pr\u016fmyslov\u00fdch staveb. Specializujeme se na v\u00fdrobu sofistikovan\u00fdch produkt\u016f s vysokou p\u0159idanou hodnotou. Tyto produkty jsou za\u0159azov\u00e1ny do z\u00e1kladn\u00edch skupin podle typu a c\u00edle ur\u010den\u00ed.<\/p>\n<p>Celoplo\u0161n\u011b prosklen\u00e9 st\u011bny u administrativn\u00edch a komer\u010dn\u00edch staveb, zimn\u00ed zahrady a francouzsk\u00e1 okna u rodinn\u00fdch dom\u016f, to jsou architektonick\u00e9 a funk\u010dn\u00ed parametry sou\u010dasnosti. \u0158e\u0161en\u00edm pro n\u011b jsou podlahov\u00e9 konvektory BOKI InFloor.<\/p>\n<p>Chcete, aby otopn\u00e1 t\u011blesa zaji\u0161\u0165ovala tepelnou pohodu Va\u0161ich interi\u00e9r\u016f a z\u00e1rove\u0148 byla jejich nep\u0159ehl\u00e9dnuteln\u00fdm designov\u00fdm prvkem? Pak je \u0161irok\u00e1 nab\u00eddka nadpodla\u017en\u00edch a st\u011bnov\u00fdch konvektor\u016f a tak\u00e9 designov\u00fdch radi\u00e1tor\u016f ur\u010dena pr\u00e1v\u011b V\u00e1m.<\/p>\n<h3>Dod\u00e1vka InFloor FMS nerez obsahuje:<\/h3>\n<ul>\n<li>vanu zhotovenou z\u00a0interi\u00e9rov\u00e9honerezov\u00e9ho plechu nap\u0159. AISI 304 nebo AISI 316Ti<\/li>\n<li>termostatick\u00fd ventil, uzav\u00edrac\u00ed a regula\u010dn\u00ed \u0161rouben\u00ed<\/li>\n<li>termostatickou hlavici s odd\u011blen\u00fdm ovl\u00e1d\u00e1n\u00edm<\/li>\n<li>elektrotermick\u00fd pohon a prostorov\u00fd termostat<\/li>\n<li>vn\u011bj\u0161\u00ed trojstrannou tepelnou a akustickou izolaci cel\u00e9 vany proti kro\u010dejov\u00e9mu hluku<\/li>\n<li>lakov\u00e1n\u00ed vany, v\u00fdm\u011bn\u00edku tepla a ostatn\u00edch komponent v jin\u00e9m barevn\u00e9m odst\u00ednu dle vzorn\u00edku RAL<\/li>\n<li>nelakovan\u00fd v\u00fdm\u011bn\u00edk<\/li>\n<\/ul>\n<p><\/dc-con><\/dc-con><\/div>\n<div id=\"PDDescription2\" class=\"UserContentView userContent v1a v1 bs-view dcon dc165 PDDescription2\" >\n<div>\n<h3>\u00a0<\/h3>\n<\/div>\n<div>\n<div>\n<ul>\n<li>nejprod\u00e1van\u011bj\u0161\u00ed varianta podlahov\u00fdch konvektor\u016f<\/li>\n<li>jednoduch\u00e1, ekonomick\u00e1 a bezhlu\u010dn\u00e1 varianta<\/li>\n<li>n\u00edzk\u00fd objem vody \u2013 rychl\u00e1 reakce \u2013 \u00faspora energie<\/li>\n<li>vyt\u00e1p\u011bn\u00ed na principu voln\u00e9 konvekce<\/li>\n<li>vhodn\u00fd pro kombinaci s podlahov\u00fdm vyt\u00e1p\u011bn\u00edm, p\u0159\u00edpadn\u011b pro vyt\u00e1p\u011bn\u00ed prostor s ni\u017e\u0161\u00ed tepelnou ztr\u00e1tou<\/li>\n<li>vytv\u00e1\u0159\u00ed tepelnou clonu p\u0159ed velk\u00fdmi prosklen\u00fdmi plochami<\/li>\n<li>ovl\u00e1d\u00e1n\u00ed termostatickou hlavic\u00ed s odd\u011blen\u00fdm ovl\u00e1d\u00e1n\u00edm nebo termostatem s elektrotermick\u00fdm pohonem<\/li>\n<li>mo\u017enost z\u00e1kaznick\u00fdch \u00faprav \u2013 rozm\u011bry, tvarov\u00e9 \u00fapravy<\/li>\n<li><img decoding=\"async\" style=\"width: 891px; height: 546px; float: none;\" src=\"https:\/\/www.bokiheating.com\/wp-content\/uploads\/2021\/07\/rozmeryApripojeniInFloor-FMS-bez-ventilatoru.jpg\"><\/li>\n<\/ul>\n<\/div>\n<\/div>\n<p>\u00a0<\/p>\n<\/div><\/div>\n<div id=\"PDTable3\" class=\"ProductDetailTableView v3a v3 bs-view dcon dc185 PDTable3\" >\n<table>\n<thead><\/thead>\n<tbody>\n<tr class=\"attribute attr_typ\">\n<td class=\"caption\">Typ<\/td>\n<td class=\"value\">Bez ventil\u00e1toru<\/td>\n<\/tr>\n<tr class=\"attribute attr_sirka\">\n<td class=\"caption\">\u0160\u00ed\u0159ka v mm<\/td>\n<td class=\"value\">250<\/td>\n<\/tr>\n<tr class=\"attribute attr_hloubka\">\n<td class=\"caption\">Hloubka v mm<\/td>\n<td class=\"value\">90<\/td>\n<\/tr>\n<tr class=\"attribute attr_delka\">\n<td class=\"caption\">D\u00e9lka v mm<\/td>\n<td class=\"value\">2250<\/td>\n<\/tr>\n<tr class=\"attribute attr_material\">\n<td class=\"caption\">Materi\u00e1l<\/td>\n<td class=\"value\">Nerez<\/td>\n<\/tr>\n<tr class=\"attribute attr_bsshop_maker\">\n<td class=\"caption\">V\u00fdrobce<\/td>\n<td class=\"value\">BOKI<\/td>\n<\/tr>\n<\/tbody>\n<\/table>\n<\/div>\n<\/div>\n<div id=\"e9431565\" class=\"tabs\">\n","protected":false},"excerpt":{"rendered":"<p>Zbo\u017e\u00ed je vyr\u00e1b\u011bno na zak\u00e1zku, po\u017eadujeme z\u00e1lohu ve v\u00fd\u0161i 50% p\u0159ed objedn\u00e1n\u00edm. Podlahov\u00e9 konvektory InFloor N\u00edzk\u00e1 a variabiln\u00ed v\u00fd\u0161ka podlahov\u00fdch konvektor\u016f InFloor umo\u017e\u0148uje bezprobl\u00e9movou instalaci v podlaze Otopn\u00e1 t\u011blesa BOKI slou\u017e\u00ed k zaji\u0161t\u011bn\u00ed optim\u00e1ln\u00ed tepeln\u00e9 pohody bytov\u00fdch, ob\u010dansk\u00fdch, komer\u010dn\u00edch, administrativn\u00edch i pr\u016fmyslov\u00fdch staveb. Specializujeme se na v\u00fdrobu sofistikovan\u00fdch produkt\u016f s vysokou p\u0159idanou hodnotou. Tyto produkty [&hellip;]<\/p>\n","protected":false},"featured_media":55450,"comment_status":"open","ping_status":"open","template":"","meta":[],"product_brand":[],"product_cat":[87],"product_tag":[],"class_list":{"0":"post-55350","1":"product","2":"type-product","3":"status-publish","4":"has-post-thumbnail","6":"product_cat-konvektory","8":"first","9":"instock","10":"sale","11":"shipping-taxable","12":"purchasable","13":"product-type-simple"},"yoast_head":"<!-- This site is optimized with the Yoast SEO plugin v26.8 - https:\/\/yoast.com\/product\/yoast-seo-wordpress\/ -->\n<title>Akce BOKI InFloor Konvektor bez ventil\u00e1toru, nerez FMS-25-225-09-11 -<\/title>\n<meta name=\"robots\" content=\"index, follow, max-snippet:-1, max-image-preview:large, max-video-preview:-1\" \/>\n<link rel=\"canonical\" href=\"https:\/\/www.domstavpro.com\/index.php\/produkt\/akce-boki-infloor-konvektor-bez-ventilatoru-nerez-fms-25-225-09-11-55350\/\" \/>\n<meta property=\"og:locale\" content=\"cs_CZ\" \/>\n<meta property=\"og:type\" content=\"article\" \/>\n<meta property=\"og:title\" content=\"Akce BOKI InFloor Konvektor bez ventil\u00e1toru, nerez FMS-25-225-09-11 -\" \/>\n<meta property=\"og:description\" content=\"Zbo\u017e\u00ed je vyr\u00e1b\u011bno na zak\u00e1zku, po\u017eadujeme z\u00e1lohu ve v\u00fd\u0161i 50% p\u0159ed objedn\u00e1n\u00edm. Podlahov\u00e9 konvektory InFloor N\u00edzk\u00e1 a variabiln\u00ed v\u00fd\u0161ka podlahov\u00fdch konvektor\u016f InFloor umo\u017e\u0148uje bezprobl\u00e9movou instalaci v podlaze Otopn\u00e1 t\u011blesa BOKI slou\u017e\u00ed k zaji\u0161t\u011bn\u00ed optim\u00e1ln\u00ed tepeln\u00e9 pohody bytov\u00fdch, ob\u010dansk\u00fdch, komer\u010dn\u00edch, administrativn\u00edch i pr\u016fmyslov\u00fdch staveb. Specializujeme se na v\u00fdrobu sofistikovan\u00fdch produkt\u016f s vysokou p\u0159idanou hodnotou. Tyto produkty [&hellip;]\" \/>\n<meta property=\"og:url\" content=\"https:\/\/www.domstavpro.com\/index.php\/produkt\/akce-boki-infloor-konvektor-bez-ventilatoru-nerez-fms-25-225-09-11-55350\/\" \/>\n<meta property=\"og:image\" content=\"https:\/\/www.domstavpro.com\/wp-content\/uploads\/2026\/SK0031213-CZ20260425-093449-0-1777080896-boki-infloor-konvektor-bez-ventilatoru-nerez-fms-25-225-09-.webp\" \/>\n\t<meta property=\"og:image:width\" content=\"1000\" \/>\n\t<meta property=\"og:image:height\" content=\"525\" \/>\n\t<meta property=\"og:image:type\" content=\"image\/webp\" \/>\n<meta name=\"twitter:card\" content=\"summary_large_image\" \/>\n<meta name=\"twitter:label1\" content=\"Odhadovan\u00e1 doba \u010dten\u00ed\" \/>\n\t<meta name=\"twitter:data1\" content=\"2 minuty\" \/>\n<script type=\"application\/ld+json\" class=\"yoast-schema-graph\">{\"@context\":\"https:\/\/schema.org\",\"@graph\":[{\"@type\":\"WebPage\",\"@id\":\"https:\/\/www.domstavpro.com\/index.php\/produkt\/akce-boki-infloor-konvektor-bez-ventilatoru-nerez-fms-25-225-09-11-55350\/\",\"url\":\"https:\/\/www.domstavpro.com\/index.php\/produkt\/akce-boki-infloor-konvektor-bez-ventilatoru-nerez-fms-25-225-09-11-55350\/\",\"name\":\"Akce BOKI InFloor Konvektor bez ventil\u00e1toru, nerez FMS-25-225-09-11 -\",\"isPartOf\":{\"@id\":\"https:\/\/www.domstavpro.com\/#website\"},\"primaryImageOfPage\":{\"@id\":\"https:\/\/www.domstavpro.com\/index.php\/produkt\/akce-boki-infloor-konvektor-bez-ventilatoru-nerez-fms-25-225-09-11-55350\/#primaryimage\"},\"image\":{\"@id\":\"https:\/\/www.domstavpro.com\/index.php\/produkt\/akce-boki-infloor-konvektor-bez-ventilatoru-nerez-fms-25-225-09-11-55350\/#primaryimage\"},\"thumbnailUrl\":\"https:\/\/www.domstavpro.com\/wp-content\/uploads\/2026\/SK0031213-CZ20260425-093449-0-1777080896-boki-infloor-konvektor-bez-ventilatoru-nerez-fms-25-225-09-.webp\",\"datePublished\":\"2026-04-27T15:10:06+00:00\",\"breadcrumb\":{\"@id\":\"https:\/\/www.domstavpro.com\/index.php\/produkt\/akce-boki-infloor-konvektor-bez-ventilatoru-nerez-fms-25-225-09-11-55350\/#breadcrumb\"},\"inLanguage\":\"cs\",\"potentialAction\":[{\"@type\":\"ReadAction\",\"target\":[\"https:\/\/www.domstavpro.com\/index.php\/produkt\/akce-boki-infloor-konvektor-bez-ventilatoru-nerez-fms-25-225-09-11-55350\/\"]}]},{\"@type\":\"ImageObject\",\"inLanguage\":\"cs\",\"@id\":\"https:\/\/www.domstavpro.com\/index.php\/produkt\/akce-boki-infloor-konvektor-bez-ventilatoru-nerez-fms-25-225-09-11-55350\/#primaryimage\",\"url\":\"https:\/\/www.domstavpro.com\/wp-content\/uploads\/2026\/SK0031213-CZ20260425-093449-0-1777080896-boki-infloor-konvektor-bez-ventilatoru-nerez-fms-25-225-09-.webp\",\"contentUrl\":\"https:\/\/www.domstavpro.com\/wp-content\/uploads\/2026\/SK0031213-CZ20260425-093449-0-1777080896-boki-infloor-konvektor-bez-ventilatoru-nerez-fms-25-225-09-.webp\",\"width\":1000,\"height\":525},{\"@type\":\"BreadcrumbList\",\"@id\":\"https:\/\/www.domstavpro.com\/index.php\/produkt\/akce-boki-infloor-konvektor-bez-ventilatoru-nerez-fms-25-225-09-11-55350\/#breadcrumb\",\"itemListElement\":[{\"@type\":\"ListItem\",\"position\":1,\"name\":\"Home\",\"item\":\"https:\/\/www.domstavpro.com\/\"},{\"@type\":\"ListItem\",\"position\":2,\"name\":\"Products\",\"item\":\"https:\/\/www.domstavpro.com\/index.php\/products\/\"},{\"@type\":\"ListItem\",\"position\":3,\"name\":\"Akce BOKI InFloor Konvektor bez ventil\u00e1toru, nerez FMS-25-225-09-11\"}]},{\"@type\":\"WebSite\",\"@id\":\"https:\/\/www.domstavpro.com\/#website\",\"url\":\"https:\/\/www.domstavpro.com\/\",\"name\":\"\",\"description\":\"\",\"potentialAction\":[{\"@type\":\"SearchAction\",\"target\":{\"@type\":\"EntryPoint\",\"urlTemplate\":\"https:\/\/www.domstavpro.com\/?s={search_term_string}\"},\"query-input\":{\"@type\":\"PropertyValueSpecification\",\"valueRequired\":true,\"valueName\":\"search_term_string\"}}],\"inLanguage\":\"cs\"}]}<\/script>\n<!-- \/ Yoast SEO plugin. -->","yoast_head_json":{"title":"Akce BOKI InFloor Konvektor bez ventil\u00e1toru, nerez FMS-25-225-09-11 -","robots":{"index":"index","follow":"follow","max-snippet":"max-snippet:-1","max-image-preview":"max-image-preview:large","max-video-preview":"max-video-preview:-1"},"canonical":"https:\/\/www.domstavpro.com\/index.php\/produkt\/akce-boki-infloor-konvektor-bez-ventilatoru-nerez-fms-25-225-09-11-55350\/","og_locale":"cs_CZ","og_type":"article","og_title":"Akce BOKI InFloor Konvektor bez ventil\u00e1toru, nerez FMS-25-225-09-11 -","og_description":"Zbo\u017e\u00ed je vyr\u00e1b\u011bno na zak\u00e1zku, po\u017eadujeme z\u00e1lohu ve v\u00fd\u0161i 50% p\u0159ed objedn\u00e1n\u00edm. Podlahov\u00e9 konvektory InFloor N\u00edzk\u00e1 a variabiln\u00ed v\u00fd\u0161ka podlahov\u00fdch konvektor\u016f InFloor umo\u017e\u0148uje bezprobl\u00e9movou instalaci v podlaze Otopn\u00e1 t\u011blesa BOKI slou\u017e\u00ed k zaji\u0161t\u011bn\u00ed optim\u00e1ln\u00ed tepeln\u00e9 pohody bytov\u00fdch, ob\u010dansk\u00fdch, komer\u010dn\u00edch, administrativn\u00edch i pr\u016fmyslov\u00fdch staveb. Specializujeme se na v\u00fdrobu sofistikovan\u00fdch produkt\u016f s vysokou p\u0159idanou hodnotou. Tyto produkty [&hellip;]","og_url":"https:\/\/www.domstavpro.com\/index.php\/produkt\/akce-boki-infloor-konvektor-bez-ventilatoru-nerez-fms-25-225-09-11-55350\/","og_image":[{"width":1000,"height":525,"url":"https:\/\/www.domstavpro.com\/wp-content\/uploads\/2026\/SK0031213-CZ20260425-093449-0-1777080896-boki-infloor-konvektor-bez-ventilatoru-nerez-fms-25-225-09-.webp","type":"image\/webp"}],"twitter_card":"summary_large_image","twitter_misc":{"Odhadovan\u00e1 doba \u010dten\u00ed":"2 minuty"},"schema":{"@context":"https:\/\/schema.org","@graph":[{"@type":"WebPage","@id":"https:\/\/www.domstavpro.com\/index.php\/produkt\/akce-boki-infloor-konvektor-bez-ventilatoru-nerez-fms-25-225-09-11-55350\/","url":"https:\/\/www.domstavpro.com\/index.php\/produkt\/akce-boki-infloor-konvektor-bez-ventilatoru-nerez-fms-25-225-09-11-55350\/","name":"Akce BOKI InFloor Konvektor bez ventil\u00e1toru, nerez FMS-25-225-09-11 -","isPartOf":{"@id":"https:\/\/www.domstavpro.com\/#website"},"primaryImageOfPage":{"@id":"https:\/\/www.domstavpro.com\/index.php\/produkt\/akce-boki-infloor-konvektor-bez-ventilatoru-nerez-fms-25-225-09-11-55350\/#primaryimage"},"image":{"@id":"https:\/\/www.domstavpro.com\/index.php\/produkt\/akce-boki-infloor-konvektor-bez-ventilatoru-nerez-fms-25-225-09-11-55350\/#primaryimage"},"thumbnailUrl":"https:\/\/www.domstavpro.com\/wp-content\/uploads\/2026\/SK0031213-CZ20260425-093449-0-1777080896-boki-infloor-konvektor-bez-ventilatoru-nerez-fms-25-225-09-.webp","datePublished":"2026-04-27T15:10:06+00:00","breadcrumb":{"@id":"https:\/\/www.domstavpro.com\/index.php\/produkt\/akce-boki-infloor-konvektor-bez-ventilatoru-nerez-fms-25-225-09-11-55350\/#breadcrumb"},"inLanguage":"cs","potentialAction":[{"@type":"ReadAction","target":["https:\/\/www.domstavpro.com\/index.php\/produkt\/akce-boki-infloor-konvektor-bez-ventilatoru-nerez-fms-25-225-09-11-55350\/"]}]},{"@type":"ImageObject","inLanguage":"cs","@id":"https:\/\/www.domstavpro.com\/index.php\/produkt\/akce-boki-infloor-konvektor-bez-ventilatoru-nerez-fms-25-225-09-11-55350\/#primaryimage","url":"https:\/\/www.domstavpro.com\/wp-content\/uploads\/2026\/SK0031213-CZ20260425-093449-0-1777080896-boki-infloor-konvektor-bez-ventilatoru-nerez-fms-25-225-09-.webp","contentUrl":"https:\/\/www.domstavpro.com\/wp-content\/uploads\/2026\/SK0031213-CZ20260425-093449-0-1777080896-boki-infloor-konvektor-bez-ventilatoru-nerez-fms-25-225-09-.webp","width":1000,"height":525},{"@type":"BreadcrumbList","@id":"https:\/\/www.domstavpro.com\/index.php\/produkt\/akce-boki-infloor-konvektor-bez-ventilatoru-nerez-fms-25-225-09-11-55350\/#breadcrumb","itemListElement":[{"@type":"ListItem","position":1,"name":"Home","item":"https:\/\/www.domstavpro.com\/"},{"@type":"ListItem","position":2,"name":"Products","item":"https:\/\/www.domstavpro.com\/index.php\/products\/"},{"@type":"ListItem","position":3,"name":"Akce BOKI InFloor Konvektor bez ventil\u00e1toru, nerez FMS-25-225-09-11"}]},{"@type":"WebSite","@id":"https:\/\/www.domstavpro.com\/#website","url":"https:\/\/www.domstavpro.com\/","name":"","description":"","potentialAction":[{"@type":"SearchAction","target":{"@type":"EntryPoint","urlTemplate":"https:\/\/www.domstavpro.com\/?s={search_term_string}"},"query-input":{"@type":"PropertyValueSpecification","valueRequired":true,"valueName":"search_term_string"}}],"inLanguage":"cs"}]}},"_links":{"self":[{"href":"https:\/\/www.domstavpro.com\/index.php\/wp-json\/wp\/v2\/product\/55350","targetHints":{"allow":["GET"]}}],"collection":[{"href":"https:\/\/www.domstavpro.com\/index.php\/wp-json\/wp\/v2\/product"}],"about":[{"href":"https:\/\/www.domstavpro.com\/index.php\/wp-json\/wp\/v2\/types\/product"}],"replies":[{"embeddable":true,"href":"https:\/\/www.domstavpro.com\/index.php\/wp-json\/wp\/v2\/comments?post=55350"}],"wp:featuredmedia":[{"embeddable":true,"href":"https:\/\/www.domstavpro.com\/index.php\/wp-json\/wp\/v2\/media\/55450"}],"wp:attachment":[{"href":"https:\/\/www.domstavpro.com\/index.php\/wp-json\/wp\/v2\/media?parent=55350"}],"wp:term":[{"taxonomy":"product_brand","embeddable":true,"href":"https:\/\/www.domstavpro.com\/index.php\/wp-json\/wp\/v2\/product_brand?post=55350"},{"taxonomy":"product_cat","embeddable":true,"href":"https:\/\/www.domstavpro.com\/index.php\/wp-json\/wp\/v2\/product_cat?post=55350"},{"taxonomy":"product_tag","embeddable":true,"href":"https:\/\/www.domstavpro.com\/index.php\/wp-json\/wp\/v2\/product_tag?post=55350"}],"curies":[{"name":"wp","href":"https:\/\/api.w.org\/{rel}","templated":true}]}}