{"id":51129,"date":"2026-04-27T15:09:56","date_gmt":"2026-04-27T15:09:56","guid":{"rendered":""},"modified":"2026-04-27T15:09:56","modified_gmt":"2026-04-27T15:09:56","slug":"znackovy-rea-sprchovy-kout-city-90x90-nickel-brush-bez-sprchove-vanicky-rea-k6496-51129","status":"publish","type":"product","link":"https:\/\/www.domstavpro.com\/index.php\/produkt\/znackovy-rea-sprchovy-kout-city-90x90-nickel-brush-bez-sprchove-vanicky-rea-k6496-51129\/","title":{"rendered":"Zna\u010dkov\u00fd REA &#8211; Sprchov\u00fd kout City 90&#215;90 Nickel Brush Bez sprchov\u00e9 vani\u010dky REA-K6496"},"content":{"rendered":"<div class=\"basic-description\">\n<h3>Detailn\u00ed popis produktu<\/h3>\n<p>                                    P\u0159edstavujeme V\u00e1m kr\u00e1sn\u00fd a mimo\u0159\u00e1dn\u011b designov\u00fd rohov\u00fd sprchov\u00fd kout CityJedn\u00e1 se o v\u00fdrobek, kter\u00fd se dokonale hod\u00ed do Va\u0161\u00ed koupelny, kde dopln\u00ed V\u00e1\u0161 prostor a z\u00e1rove\u0148 zachov\u00e1 dokonal\u00fd vzhled a estetiku Va\u0161eho interi\u00e9ru. Kout je ur\u010den k mont\u00e1\u017en\u00ed bu\u010f na sprchovou vani\u010dku, nebo na dla\u017ebu s odtokov\u00fdm \u017elabem. Je vyroben z vysoce kvalitn\u00edho tvrzen\u00e9ho skla Crystal Clear s laserov\u00fdm povlakem Easy Clean.\u010cern\u00e9 \u010d\u00e1sti sprchov\u00e9ho koutu dostaly povrchovou \u00fapravu v proveden\u00ed \u010dty\u0159n\u00e1sobn\u00e9ho laserov\u00e1n\u00ed \u010dern\u00e9ho smaltov\u00e9ho laku t\u00e9 nejvy\u0161\u0161\u00ed kvality. D\u00edky t\u00e9to technologii jsou hlin\u00edkov\u00e9 \u010d\u00e1sti z\u00e1st\u011bny chr\u00e1n\u011bny proti korozi, otisk\u016fm prst\u016f a ztr\u00e1t\u011b barvy.Tento sprchov\u00fd kout je variabiln\u00ed a to k mont\u00e1\u017ei otev\u00edr\u00e1n\u00ed jak pro levou stranu tak i pro pravou stranu.Mont\u00e1\u017en\u00ed n\u00e1vod                            <\/p><\/div>\n<div class=\"extended-description\">\n<h3>Dopl\u0148kov\u00e9 parametry<\/h3>\n<table class=\"detail-parameters\">\n<tbody>\n<tr>\n<th>        <span class=\"row-header-label\">            Kategorie<span class=\"row-header-label-colon\">:<\/span>        <\/span>    <\/th>\n<td>            <\/td>\n<\/tr>\n<tr>\n<th>            <span class=\"row-header-label\">                Z\u00e1ruka<span class=\"row-header-label-colon\">:<\/span>            <\/span>        <\/th>\n<td>            2 roky        <\/td>\n<\/tr>\n<tr>\n<th>            <span class=\"row-header-label\">                Hmotnost<span class=\"row-header-label-colon\">:<\/span>            <\/span>        <\/th>\n<td>            30 kg        <\/td>\n<\/tr>\n<tr class=\"productEan\">\n<th>          <span class=\"row-header-label productEan__label\">              EAN<span class=\"row-header-label-colon\">:<\/span>          <\/span>      <\/th>\n<td>          <span class=\"productEan__value\">5906366011047<\/span>      <\/td>\n<\/tr>\n<tr>\n<th>                <span class=\"row-header-label\">                                            Dostupnost<span class=\"row-header-label-colon\">:<\/span>                                    <\/span>            <\/th>\n<td>                                                            Dod\u00e1n\u00ed do 14ti dn\u016f                                                <\/td>\n<\/tr>\n<\/tbody>\n<\/table><\/div>\n<\/p><\/div>\n<\/p><\/div>\n","protected":false},"excerpt":{"rendered":"<p>Detailn\u00ed popis produktu P\u0159edstavujeme V\u00e1m kr\u00e1sn\u00fd a mimo\u0159\u00e1dn\u011b designov\u00fd rohov\u00fd sprchov\u00fd kout CityJedn\u00e1 se o v\u00fdrobek, kter\u00fd se dokonale hod\u00ed do Va\u0161\u00ed koupelny, kde dopln\u00ed V\u00e1\u0161 prostor a z\u00e1rove\u0148 zachov\u00e1 dokonal\u00fd vzhled a estetiku Va\u0161eho interi\u00e9ru. Kout je ur\u010den k mont\u00e1\u017en\u00ed bu\u010f na sprchovou vani\u010dku, nebo na dla\u017ebu s odtokov\u00fdm \u017elabem. Je vyroben z vysoce [&hellip;]<\/p>\n","protected":false},"featured_media":51229,"comment_status":"open","ping_status":"open","template":"","meta":[],"product_brand":[],"product_cat":[54],"product_tag":[],"class_list":{"0":"post-51129","1":"product","2":"type-product","3":"status-publish","4":"has-post-thumbnail","6":"product_cat-sprchove-kouty","8":"first","9":"instock","10":"sale","11":"shipping-taxable","12":"purchasable","13":"product-type-simple"},"yoast_head":"<!-- This site is optimized with the Yoast SEO plugin v26.8 - https:\/\/yoast.com\/product\/yoast-seo-wordpress\/ -->\n<title>Zna\u010dkov\u00fd REA - Sprchov\u00fd kout City 90x90 Nickel Brush Bez sprchov\u00e9 vani\u010dky REA-K6496 -<\/title>\n<meta name=\"robots\" content=\"index, follow, max-snippet:-1, max-image-preview:large, max-video-preview:-1\" \/>\n<link rel=\"canonical\" href=\"https:\/\/www.domstavpro.com\/index.php\/produkt\/znackovy-rea-sprchovy-kout-city-90x90-nickel-brush-bez-sprchove-vanicky-rea-k6496-51129\/\" \/>\n<meta property=\"og:locale\" content=\"cs_CZ\" \/>\n<meta property=\"og:type\" content=\"article\" \/>\n<meta property=\"og:title\" content=\"Zna\u010dkov\u00fd REA - Sprchov\u00fd kout City 90x90 Nickel Brush Bez sprchov\u00e9 vani\u010dky REA-K6496 -\" \/>\n<meta property=\"og:description\" content=\"Detailn\u00ed popis produktu P\u0159edstavujeme V\u00e1m kr\u00e1sn\u00fd a mimo\u0159\u00e1dn\u011b designov\u00fd rohov\u00fd sprchov\u00fd kout CityJedn\u00e1 se o v\u00fdrobek, kter\u00fd se dokonale hod\u00ed do Va\u0161\u00ed koupelny, kde dopln\u00ed V\u00e1\u0161 prostor a z\u00e1rove\u0148 zachov\u00e1 dokonal\u00fd vzhled a estetiku Va\u0161eho interi\u00e9ru. Kout je ur\u010den k mont\u00e1\u017en\u00ed bu\u010f na sprchovou vani\u010dku, nebo na dla\u017ebu s odtokov\u00fdm \u017elabem. Je vyroben z vysoce [&hellip;]\" \/>\n<meta property=\"og:url\" content=\"https:\/\/www.domstavpro.com\/index.php\/produkt\/znackovy-rea-sprchovy-kout-city-90x90-nickel-brush-bez-sprchove-vanicky-rea-k6496-51129\/\" \/>\n<meta property=\"og:image\" content=\"https:\/\/www.domstavpro.com\/wp-content\/uploads\/2026\/SK0033917-CZ20260425-092556-0-1777080363-1972774-4_rea-sprchovy-kout-city-90x90-nickel-brush-bez-spr.webp\" \/>\n\t<meta property=\"og:image:width\" content=\"1000\" \/>\n\t<meta property=\"og:image:height\" content=\"750\" \/>\n\t<meta property=\"og:image:type\" content=\"image\/webp\" \/>\n<meta name=\"twitter:card\" content=\"summary_large_image\" \/>\n<meta name=\"twitter:label1\" content=\"Odhadovan\u00e1 doba \u010dten\u00ed\" \/>\n\t<meta name=\"twitter:data1\" content=\"1 minuta\" \/>\n<script type=\"application\/ld+json\" class=\"yoast-schema-graph\">{\"@context\":\"https:\/\/schema.org\",\"@graph\":[{\"@type\":\"WebPage\",\"@id\":\"https:\/\/www.domstavpro.com\/index.php\/produkt\/znackovy-rea-sprchovy-kout-city-90x90-nickel-brush-bez-sprchove-vanicky-rea-k6496-51129\/\",\"url\":\"https:\/\/www.domstavpro.com\/index.php\/produkt\/znackovy-rea-sprchovy-kout-city-90x90-nickel-brush-bez-sprchove-vanicky-rea-k6496-51129\/\",\"name\":\"Zna\u010dkov\u00fd REA - Sprchov\u00fd kout City 90x90 Nickel Brush Bez sprchov\u00e9 vani\u010dky REA-K6496 -\",\"isPartOf\":{\"@id\":\"https:\/\/www.domstavpro.com\/#website\"},\"primaryImageOfPage\":{\"@id\":\"https:\/\/www.domstavpro.com\/index.php\/produkt\/znackovy-rea-sprchovy-kout-city-90x90-nickel-brush-bez-sprchove-vanicky-rea-k6496-51129\/#primaryimage\"},\"image\":{\"@id\":\"https:\/\/www.domstavpro.com\/index.php\/produkt\/znackovy-rea-sprchovy-kout-city-90x90-nickel-brush-bez-sprchove-vanicky-rea-k6496-51129\/#primaryimage\"},\"thumbnailUrl\":\"https:\/\/www.domstavpro.com\/wp-content\/uploads\/2026\/SK0033917-CZ20260425-092556-0-1777080363-1972774-4_rea-sprchovy-kout-city-90x90-nickel-brush-bez-spr.webp\",\"datePublished\":\"2026-04-27T15:09:56+00:00\",\"breadcrumb\":{\"@id\":\"https:\/\/www.domstavpro.com\/index.php\/produkt\/znackovy-rea-sprchovy-kout-city-90x90-nickel-brush-bez-sprchove-vanicky-rea-k6496-51129\/#breadcrumb\"},\"inLanguage\":\"cs\",\"potentialAction\":[{\"@type\":\"ReadAction\",\"target\":[\"https:\/\/www.domstavpro.com\/index.php\/produkt\/znackovy-rea-sprchovy-kout-city-90x90-nickel-brush-bez-sprchove-vanicky-rea-k6496-51129\/\"]}]},{\"@type\":\"ImageObject\",\"inLanguage\":\"cs\",\"@id\":\"https:\/\/www.domstavpro.com\/index.php\/produkt\/znackovy-rea-sprchovy-kout-city-90x90-nickel-brush-bez-sprchove-vanicky-rea-k6496-51129\/#primaryimage\",\"url\":\"https:\/\/www.domstavpro.com\/wp-content\/uploads\/2026\/SK0033917-CZ20260425-092556-0-1777080363-1972774-4_rea-sprchovy-kout-city-90x90-nickel-brush-bez-spr.webp\",\"contentUrl\":\"https:\/\/www.domstavpro.com\/wp-content\/uploads\/2026\/SK0033917-CZ20260425-092556-0-1777080363-1972774-4_rea-sprchovy-kout-city-90x90-nickel-brush-bez-spr.webp\",\"width\":1000,\"height\":750},{\"@type\":\"BreadcrumbList\",\"@id\":\"https:\/\/www.domstavpro.com\/index.php\/produkt\/znackovy-rea-sprchovy-kout-city-90x90-nickel-brush-bez-sprchove-vanicky-rea-k6496-51129\/#breadcrumb\",\"itemListElement\":[{\"@type\":\"ListItem\",\"position\":1,\"name\":\"Home\",\"item\":\"https:\/\/www.domstavpro.com\/\"},{\"@type\":\"ListItem\",\"position\":2,\"name\":\"Products\",\"item\":\"https:\/\/www.domstavpro.com\/index.php\/products\/\"},{\"@type\":\"ListItem\",\"position\":3,\"name\":\"Zna\u010dkov\u00fd REA &#8211; Sprchov\u00fd kout City 90&#215;90 Nickel Brush Bez sprchov\u00e9 vani\u010dky REA-K6496\"}]},{\"@type\":\"WebSite\",\"@id\":\"https:\/\/www.domstavpro.com\/#website\",\"url\":\"https:\/\/www.domstavpro.com\/\",\"name\":\"\",\"description\":\"\",\"potentialAction\":[{\"@type\":\"SearchAction\",\"target\":{\"@type\":\"EntryPoint\",\"urlTemplate\":\"https:\/\/www.domstavpro.com\/?s={search_term_string}\"},\"query-input\":{\"@type\":\"PropertyValueSpecification\",\"valueRequired\":true,\"valueName\":\"search_term_string\"}}],\"inLanguage\":\"cs\"}]}<\/script>\n<!-- \/ Yoast SEO plugin. -->","yoast_head_json":{"title":"Zna\u010dkov\u00fd REA - Sprchov\u00fd kout City 90x90 Nickel Brush Bez sprchov\u00e9 vani\u010dky REA-K6496 -","robots":{"index":"index","follow":"follow","max-snippet":"max-snippet:-1","max-image-preview":"max-image-preview:large","max-video-preview":"max-video-preview:-1"},"canonical":"https:\/\/www.domstavpro.com\/index.php\/produkt\/znackovy-rea-sprchovy-kout-city-90x90-nickel-brush-bez-sprchove-vanicky-rea-k6496-51129\/","og_locale":"cs_CZ","og_type":"article","og_title":"Zna\u010dkov\u00fd REA - Sprchov\u00fd kout City 90x90 Nickel Brush Bez sprchov\u00e9 vani\u010dky REA-K6496 -","og_description":"Detailn\u00ed popis produktu P\u0159edstavujeme V\u00e1m kr\u00e1sn\u00fd a mimo\u0159\u00e1dn\u011b designov\u00fd rohov\u00fd sprchov\u00fd kout CityJedn\u00e1 se o v\u00fdrobek, kter\u00fd se dokonale hod\u00ed do Va\u0161\u00ed koupelny, kde dopln\u00ed V\u00e1\u0161 prostor a z\u00e1rove\u0148 zachov\u00e1 dokonal\u00fd vzhled a estetiku Va\u0161eho interi\u00e9ru. Kout je ur\u010den k mont\u00e1\u017en\u00ed bu\u010f na sprchovou vani\u010dku, nebo na dla\u017ebu s odtokov\u00fdm \u017elabem. Je vyroben z vysoce [&hellip;]","og_url":"https:\/\/www.domstavpro.com\/index.php\/produkt\/znackovy-rea-sprchovy-kout-city-90x90-nickel-brush-bez-sprchove-vanicky-rea-k6496-51129\/","og_image":[{"width":1000,"height":750,"url":"https:\/\/www.domstavpro.com\/wp-content\/uploads\/2026\/SK0033917-CZ20260425-092556-0-1777080363-1972774-4_rea-sprchovy-kout-city-90x90-nickel-brush-bez-spr.webp","type":"image\/webp"}],"twitter_card":"summary_large_image","twitter_misc":{"Odhadovan\u00e1 doba \u010dten\u00ed":"1 minuta"},"schema":{"@context":"https:\/\/schema.org","@graph":[{"@type":"WebPage","@id":"https:\/\/www.domstavpro.com\/index.php\/produkt\/znackovy-rea-sprchovy-kout-city-90x90-nickel-brush-bez-sprchove-vanicky-rea-k6496-51129\/","url":"https:\/\/www.domstavpro.com\/index.php\/produkt\/znackovy-rea-sprchovy-kout-city-90x90-nickel-brush-bez-sprchove-vanicky-rea-k6496-51129\/","name":"Zna\u010dkov\u00fd REA - Sprchov\u00fd kout City 90x90 Nickel Brush Bez sprchov\u00e9 vani\u010dky REA-K6496 -","isPartOf":{"@id":"https:\/\/www.domstavpro.com\/#website"},"primaryImageOfPage":{"@id":"https:\/\/www.domstavpro.com\/index.php\/produkt\/znackovy-rea-sprchovy-kout-city-90x90-nickel-brush-bez-sprchove-vanicky-rea-k6496-51129\/#primaryimage"},"image":{"@id":"https:\/\/www.domstavpro.com\/index.php\/produkt\/znackovy-rea-sprchovy-kout-city-90x90-nickel-brush-bez-sprchove-vanicky-rea-k6496-51129\/#primaryimage"},"thumbnailUrl":"https:\/\/www.domstavpro.com\/wp-content\/uploads\/2026\/SK0033917-CZ20260425-092556-0-1777080363-1972774-4_rea-sprchovy-kout-city-90x90-nickel-brush-bez-spr.webp","datePublished":"2026-04-27T15:09:56+00:00","breadcrumb":{"@id":"https:\/\/www.domstavpro.com\/index.php\/produkt\/znackovy-rea-sprchovy-kout-city-90x90-nickel-brush-bez-sprchove-vanicky-rea-k6496-51129\/#breadcrumb"},"inLanguage":"cs","potentialAction":[{"@type":"ReadAction","target":["https:\/\/www.domstavpro.com\/index.php\/produkt\/znackovy-rea-sprchovy-kout-city-90x90-nickel-brush-bez-sprchove-vanicky-rea-k6496-51129\/"]}]},{"@type":"ImageObject","inLanguage":"cs","@id":"https:\/\/www.domstavpro.com\/index.php\/produkt\/znackovy-rea-sprchovy-kout-city-90x90-nickel-brush-bez-sprchove-vanicky-rea-k6496-51129\/#primaryimage","url":"https:\/\/www.domstavpro.com\/wp-content\/uploads\/2026\/SK0033917-CZ20260425-092556-0-1777080363-1972774-4_rea-sprchovy-kout-city-90x90-nickel-brush-bez-spr.webp","contentUrl":"https:\/\/www.domstavpro.com\/wp-content\/uploads\/2026\/SK0033917-CZ20260425-092556-0-1777080363-1972774-4_rea-sprchovy-kout-city-90x90-nickel-brush-bez-spr.webp","width":1000,"height":750},{"@type":"BreadcrumbList","@id":"https:\/\/www.domstavpro.com\/index.php\/produkt\/znackovy-rea-sprchovy-kout-city-90x90-nickel-brush-bez-sprchove-vanicky-rea-k6496-51129\/#breadcrumb","itemListElement":[{"@type":"ListItem","position":1,"name":"Home","item":"https:\/\/www.domstavpro.com\/"},{"@type":"ListItem","position":2,"name":"Products","item":"https:\/\/www.domstavpro.com\/index.php\/products\/"},{"@type":"ListItem","position":3,"name":"Zna\u010dkov\u00fd REA &#8211; Sprchov\u00fd kout City 90&#215;90 Nickel Brush Bez sprchov\u00e9 vani\u010dky REA-K6496"}]},{"@type":"WebSite","@id":"https:\/\/www.domstavpro.com\/#website","url":"https:\/\/www.domstavpro.com\/","name":"","description":"","potentialAction":[{"@type":"SearchAction","target":{"@type":"EntryPoint","urlTemplate":"https:\/\/www.domstavpro.com\/?s={search_term_string}"},"query-input":{"@type":"PropertyValueSpecification","valueRequired":true,"valueName":"search_term_string"}}],"inLanguage":"cs"}]}},"_links":{"self":[{"href":"https:\/\/www.domstavpro.com\/index.php\/wp-json\/wp\/v2\/product\/51129","targetHints":{"allow":["GET"]}}],"collection":[{"href":"https:\/\/www.domstavpro.com\/index.php\/wp-json\/wp\/v2\/product"}],"about":[{"href":"https:\/\/www.domstavpro.com\/index.php\/wp-json\/wp\/v2\/types\/product"}],"replies":[{"embeddable":true,"href":"https:\/\/www.domstavpro.com\/index.php\/wp-json\/wp\/v2\/comments?post=51129"}],"wp:featuredmedia":[{"embeddable":true,"href":"https:\/\/www.domstavpro.com\/index.php\/wp-json\/wp\/v2\/media\/51229"}],"wp:attachment":[{"href":"https:\/\/www.domstavpro.com\/index.php\/wp-json\/wp\/v2\/media?parent=51129"}],"wp:term":[{"taxonomy":"product_brand","embeddable":true,"href":"https:\/\/www.domstavpro.com\/index.php\/wp-json\/wp\/v2\/product_brand?post=51129"},{"taxonomy":"product_cat","embeddable":true,"href":"https:\/\/www.domstavpro.com\/index.php\/wp-json\/wp\/v2\/product_cat?post=51129"},{"taxonomy":"product_tag","embeddable":true,"href":"https:\/\/www.domstavpro.com\/index.php\/wp-json\/wp\/v2\/product_tag?post=51129"}],"curies":[{"name":"wp","href":"https:\/\/api.w.org\/{rel}","templated":true}]}}