{"id":42735,"date":"2026-04-27T15:09:35","date_gmt":"2026-04-27T15:09:35","guid":{"rendered":""},"modified":"2026-04-27T15:09:35","modified_gmt":"2026-04-27T15:09:35","slug":"zlevneny-polysan-fortis-bocni-stena-900mm-cire-sklo-42735","status":"publish","type":"product","link":"https:\/\/www.domstavpro.com\/produkt\/zlevneny-polysan-fortis-bocni-stena-900mm-cire-sklo-42735\/","title":{"rendered":"Zlevn\u011bn\u00fd POLYSAN FORTIS bo\u010dn\u00ed st\u011bna 900mm, \u010dir\u00e9 sklo"},"content":{"rendered":"<div id=\"e8809197\" class=\"pages\">\n<div>\n<div id=\"PDDescription\" class=\"UserContentView userContent v1a v1 bs-view dcon dc164 PDDescription\" ><dc-con><dc-con><bs-empty><\/bs-empty><\/dc-con><dc-con>        <\/p>\n<div class=\"customDescription\">                    <\/div>\n<p><\/dc-con><dc-con><\/p>\n<p style=\"text-align: justify;\">Bezr\u00e1mov\u00e9 pantov\u00e9 z\u00e1st\u011bny FORTIS v&nbsp;modern\u00edm hranat\u00e9m designu. Minimalistick\u00e9 pochromovan\u00e9 panty v&nbsp;nekompromisn\u00edm hranat\u00e9m designu, zevnit\u0159 zapu\u0161t\u011bn\u00e9 pro snadn\u00e9 \u010di\u0161t\u011bn\u00ed a se zvedac\u00ed funkc\u00ed pro pohodln\u00e9 otev\u00edr\u00e1n\u00ed. Bezpe\u010dnostn\u00ed \u010dir\u00e9 sklo v&nbsp;tlou\u0161\u0165ce 8 mm je o\u0161et\u0159en\u00e9 povrchovou \u00fapravou ANTIDROP pro snadn\u00e9 \u010di\u0161t\u011bn\u00ed. V\u00fd\u0161ka 2000 mm. Hranat\u00e9 pochromovan\u00e9 madlo ve stejn\u00e9m minimalistick\u00e9m designu jako panty.<\/p>\n<p style=\"text-align: justify;\">Praktick\u00fdm dopl\u0148kem je mo\u017enost nalepen\u00ed madla na ru\u010dn\u00edk p\u0159\u00edmo na sklen\u011bnou plochu nebo pou\u017eit\u00ed z\u00e1v\u011bsn\u00fdch poli\u010dek (madla na ru\u010dn\u00edk ani poli\u010dky nejsou sou\u010d\u00e1st\u00ed z\u00e1st\u011bn). Ke sprchov\u00fdm z\u00e1st\u011bn\u00e1m doporu\u010dujeme vani\u010dky z&nbsp;lit\u00e9ho mramoru nebo odtokov\u00e9 kan\u00e1lky.&nbsp;<\/p>\n<p style=\"text-align: justify;\">K \u010di\u0161t\u011bn\u00ed skel doporu\u010dujeme ASC \u010dist\u00edc\u00ed a ochrann\u00fd prost\u0159edek, 94000.<\/p>\n<p><strong>Celkov\u00e1 charakteristika sprchov\u00fdch z\u00e1st\u011bn s\u00e9rie FORTIS:<\/strong><\/p>\n<ul>\n<li>Dve\u0159e&nbsp;<span>se&nbsp;zdvihov\u00fdm mechanismem pantu<\/span><\/li>\n<li>Hranat\u00e9 pochromovan\u00e9 panty jsou zevnit\u0159 zapu\u0161t\u011bn\u00e9<\/li>\n<li>Hranat\u00e9 minimalistick\u00e9 madlo<\/li>\n<li>ANTIDROP ochrana skel proti usazov\u00e1n\u00ed vodn\u00edho kamene a pro snadnou \u00fadr\u017ebu<\/li>\n<li>Rohov\u00e1 vzp\u011bra pro vy\u0161\u0161\u00ed stabilitu je sou\u010d\u00e1st\u00ed balen\u00ed, d\u00e9lka vzp\u011bry se li\u0161\u00ed podle \u0161\u00ed\u0159ky skla<\/li>\n<li>Snadn\u00e1 mont\u00e1\u017e pomoc\u00ed nastaviteln\u00e9ho st\u011bnov\u00e9ho profilu 0-16 mm<\/li>\n<li>Hlin\u00edkov\u00e1 prahov\u00e1 li\u0161ta<\/li>\n<li>Extra \u010dir\u00e9 magnetick\u00e9 t\u011bsn\u011bn\u00ed<\/li>\n<li>Instalace na vani\u010dku nebo na podlahu<\/li>\n<li>Spl\u0148uje normu EN 14448<\/li>\n<\/ul>\n<table style=\"width: 720px;\" border=\"0\">\n<tbody>\n<tr>\n<td style=\"width: 23%;\"><img decoding=\"async\" src=\"https:\/\/eshop.sapho.cz\/img\/_\/serie.670\/madlo-.jpg\" width=\"180\" height=\"153\" caption=\"false\" \/><\/td>\n<td style=\"width: 23%;\"><img decoding=\"async\" src=\"https:\/\/eshop.sapho.cz\/img\/_\/serie.670\/pant_.jpg\" width=\"180\" height=\"153\" caption=\"false\" \/><\/td>\n<td style=\"width: 12%;\"><img decoding=\"async\" src=\"https:\/\/eshop.sapho.cz\/img\/_\/serie.670\/pant-uvnitr-.jpg\" width=\"180\" height=\"153\" caption=\"false\" \/><\/td>\n<td style=\"width: 12%;\"><img loading=\"lazy\" decoding=\"async\" src=\"https:\/\/eshop.sapho.cz\/img\/_\/serie.670\/vzpera-.jpg\" width=\"180\" height=\"153\" caption=\"false\" \/><\/td>\n<\/tr>\n<tr>\n<td style=\"width: 23%;\">Pochromovan\u00e9 madlo<\/td>\n<td style=\"width: 23%;\">Mosazn\u00e9 pochromovan\u00e9 panty se zvedac\u00ed funkc\u00ed&#8230;<\/td>\n<td style=\"width: 12%;\">&#8230; z vnit\u0159n\u00ed strany zapu\u0161t\u011bn\u00e9 do skla<\/td>\n<td style=\"width: 12%;\">Stabilitu z\u00e1st\u011bn zaji\u0161\u0165uje rohov\u00e1 vzp\u011bra<\/td>\n<\/tr>\n<\/tbody>\n<\/table>\n<h2 class=\"props-title\">Vlastnosti<\/h2>\n<table>\n<tr>\n<th>Zna\u010dka<\/th>\n<td>POLYSAN<\/td>\n<\/tr>\n<tr>\n<th>S\u00e9rie<\/th>\n<td>FORTIS<\/td>\n<\/tr>\n<tr>\n<th>\u0160\u00ed\u0159ka<\/th>\n<td>900&nbsp;mm<\/td>\n<\/tr>\n<tr>\n<th>V\u00fd\u0161ka<\/th>\n<td>2000&nbsp;mm<\/td>\n<\/tr>\n<tr>\n<th>Barva profilu<\/th>\n<td>Chrom &#8211; Le\u0161t\u011bn\u00fd hlin\u00edk<\/td>\n<\/tr>\n<tr>\n<th>Tvar<\/th>\n<td>Pevn\u00e1 st\u011bna ke sprchov\u00fdm dve\u0159\u00edm<\/td>\n<\/tr>\n<tr>\n<th>Typ v\u00fdpln\u011b<\/th>\n<td>\u010cir\u00e9 sklo<\/td>\n<\/tr>\n<tr>\n<th>\u00daprava skla<\/th>\n<td>Antidrop<\/td>\n<\/tr>\n<tr>\n<th>Tlou\u0161\u0165ka skla<\/th>\n<td>8&nbsp;mm<\/td>\n<\/tr>\n<tr>\n<th>Hmotnost \/ ks<\/th>\n<td>39.0000&nbsp;kg<\/td>\n<\/tr>\n<tr>\n<th>Balen\u00ed<\/th>\n<td>1&nbsp;ks<\/td>\n<\/tr>\n<tr>\n<th>EAN<\/th>\n<td>8590913863349<\/td>\n<\/tr>\n<tr>\n<th>Taric<\/th>\n<td>70200080<\/td>\n<\/tr>\n<tr>\n<th>Z\u00e1ruka<\/th>\n<td>2 roky<\/td>\n<\/tr>\n<\/table>\n<div class=\"product-explanation-item\">\n<h3>Antidrop<\/h3>\n<p style=\"text-align: justify;\">Antidrop je povrchov\u00e1 \u00faprava skla pro jeho snadnou \u00fadr\u017ebu. P\u0159i v\u00fdrob\u011b skla je nan\u00e1\u0161ena na jeho povrch s pou\u017eit\u00edm nanotechnologie a je obsa\u017eena v cen\u011b z\u00e1st\u011bn.<\/p>\n<\/div>\n<p><\/dc-con><\/dc-con><\/div>\n<\/p><\/div>\n<div id=\"PDTable3\" class=\"ProductDetailTableView v3a v3 bs-view dcon dc185 PDTable3\" >\n<table>\n<thead><\/thead>\n<tbody>\n<tr class=\"attribute attr_typskla\">\n<td class=\"caption\">Typ skla<\/td>\n<td class=\"value\">Transparent<\/td>\n<\/tr>\n<tr class=\"attribute attr_bsshop_maker\">\n<td class=\"caption\">V\u00fdrobce<\/td>\n<td class=\"value\">Polysan<\/td>\n<\/tr>\n<tr class=\"attribute attr_sirka\">\n<td class=\"caption\">\u0160\u00ed\u0159ka v mm<\/td>\n<td class=\"value\">906<\/td>\n<\/tr>\n<tr class=\"attribute attr_Vyska\">\n<td class=\"caption\">V\u00fd\u0161ka v mm<\/td>\n<td class=\"value\">2065<\/td>\n<\/tr>\n<tr class=\"weight\">\n<td class=\"caption\"><span>Hmotnost<\/span><\/td>\n<td class=\"value\"><span>39,00 kg<\/span><\/td>\n<\/tr>\n<\/tbody>\n<\/table>\n<\/div>\n<div id=\"ProductMedia\" class=\"ProductMediaView MediaViewBase v1a v1 bs-view dcon dc409 ProductMedia\" ><bs-empty><\/bs-empty><\/p>\n<div class=\"files\">\n<div class=\"title sub\">Soubory<\/div>\n<p><a href=\"\/media\/24838\/36486-cisteni-a-udrzba-sprchovych-zasten-polysan.PDF?&amp;key=ZGpmIyQwNUZfMjQ4Mzg=\" class=\"PDF\">Dokumenty &#8211; &#218;dr\u017eba_priloha_0<\/a><\/div>\n<p><bs-empty><\/bs-empty><\/div>\n<\/div>\n<div id=\"e8809198\" class=\"tabs\">\n","protected":false},"excerpt":{"rendered":"<p>Bezr\u00e1mov\u00e9 pantov\u00e9 z\u00e1st\u011bny FORTIS v&nbsp;modern\u00edm hranat\u00e9m designu. Minimalistick\u00e9 pochromovan\u00e9 panty v&nbsp;nekompromisn\u00edm hranat\u00e9m designu, zevnit\u0159 zapu\u0161t\u011bn\u00e9 pro snadn\u00e9 \u010di\u0161t\u011bn\u00ed a se zvedac\u00ed funkc\u00ed pro pohodln\u00e9 otev\u00edr\u00e1n\u00ed. Bezpe\u010dnostn\u00ed \u010dir\u00e9 sklo v&nbsp;tlou\u0161\u0165ce 8 mm je o\u0161et\u0159en\u00e9 povrchovou \u00fapravou ANTIDROP pro snadn\u00e9 \u010di\u0161t\u011bn\u00ed. V\u00fd\u0161ka 2000 mm. Hranat\u00e9 pochromovan\u00e9 madlo ve stejn\u00e9m minimalistick\u00e9m designu jako panty. Praktick\u00fdm dopl\u0148kem je mo\u017enost [&hellip;]<\/p>\n","protected":false},"featured_media":42835,"template":"","meta":[],"product_brand":[],"product_cat":[61],"product_tag":[],"class_list":{"0":"post-42735","1":"product","2":"type-product","3":"status-publish","4":"has-post-thumbnail","6":"product_cat-vybaven-237-koupelny","8":"first","9":"instock","10":"sale","11":"shipping-taxable","12":"purchasable","13":"product-type-simple"},"yoast_head":"<!-- This site is optimized with the Yoast SEO plugin v26.8 - https:\/\/yoast.com\/product\/yoast-seo-wordpress\/ -->\n<title>Zlevn\u011bn\u00fd POLYSAN FORTIS bo\u010dn\u00ed st\u011bna 900mm, \u010dir\u00e9 sklo - Hlavn\u00ed kl\u00ed\u010dov\u00e1 slova<\/title>\n<meta name=\"robots\" content=\"index, follow, max-snippet:-1, max-image-preview:large, max-video-preview:-1\" \/>\n<link rel=\"canonical\" href=\"https:\/\/www.domstavpro.com\/index.php\/produkt\/zlevneny-polysan-fortis-bocni-stena-900mm-cire-sklo-42735\/\" \/>\n<meta property=\"og:locale\" content=\"cs_CZ\" \/>\n<meta property=\"og:type\" content=\"article\" \/>\n<meta property=\"og:title\" content=\"Zlevn\u011bn\u00fd POLYSAN FORTIS bo\u010dn\u00ed st\u011bna 900mm, \u010dir\u00e9 sklo - Hlavn\u00ed kl\u00ed\u010dov\u00e1 slova\" \/>\n<meta property=\"og:description\" content=\"Bezr\u00e1mov\u00e9 pantov\u00e9 z\u00e1st\u011bny FORTIS v&nbsp;modern\u00edm hranat\u00e9m designu. Minimalistick\u00e9 pochromovan\u00e9 panty v&nbsp;nekompromisn\u00edm hranat\u00e9m designu, zevnit\u0159 zapu\u0161t\u011bn\u00e9 pro snadn\u00e9 \u010di\u0161t\u011bn\u00ed a se zvedac\u00ed funkc\u00ed pro pohodln\u00e9 otev\u00edr\u00e1n\u00ed. Bezpe\u010dnostn\u00ed \u010dir\u00e9 sklo v&nbsp;tlou\u0161\u0165ce 8 mm je o\u0161et\u0159en\u00e9 povrchovou \u00fapravou ANTIDROP pro snadn\u00e9 \u010di\u0161t\u011bn\u00ed. V\u00fd\u0161ka 2000 mm. Hranat\u00e9 pochromovan\u00e9 madlo ve stejn\u00e9m minimalistick\u00e9m designu jako panty. Praktick\u00fdm dopl\u0148kem je mo\u017enost [&hellip;]\" \/>\n<meta property=\"og:url\" content=\"https:\/\/www.domstavpro.com\/index.php\/produkt\/zlevneny-polysan-fortis-bocni-stena-900mm-cire-sklo-42735\/\" \/>\n<meta property=\"og:site_name\" content=\"Hlavn\u00ed kl\u00ed\u010dov\u00e1 slova\" \/>\n<meta property=\"og:image\" content=\"https:\/\/www.domstavpro.com\/wp-content\/uploads\/2026\/SK0029875-CZ20260425-093449-0-1777080896-polysan-fortis-bocni-stena-900mm-cire-sklo.webp\" \/>\n\t<meta property=\"og:image:width\" content=\"1000\" \/>\n\t<meta property=\"og:image:height\" content=\"525\" \/>\n\t<meta property=\"og:image:type\" content=\"image\/webp\" \/>\n<meta name=\"twitter:card\" content=\"summary_large_image\" \/>\n<meta name=\"twitter:label1\" content=\"Odhadovan\u00e1 doba \u010dten\u00ed\" \/>\n\t<meta name=\"twitter:data1\" content=\"2 minuty\" \/>\n<script type=\"application\/ld+json\" class=\"yoast-schema-graph\">{\"@context\":\"https:\/\/schema.org\",\"@graph\":[{\"@type\":\"WebPage\",\"@id\":\"https:\/\/www.domstavpro.com\/index.php\/produkt\/zlevneny-polysan-fortis-bocni-stena-900mm-cire-sklo-42735\/\",\"url\":\"https:\/\/www.domstavpro.com\/index.php\/produkt\/zlevneny-polysan-fortis-bocni-stena-900mm-cire-sklo-42735\/\",\"name\":\"Zlevn\u011bn\u00fd POLYSAN FORTIS bo\u010dn\u00ed st\u011bna 900mm, \u010dir\u00e9 sklo - Hlavn\u00ed kl\u00ed\u010dov\u00e1 slova\",\"isPartOf\":{\"@id\":\"https:\/\/www.domstavpro.com\/#website\"},\"primaryImageOfPage\":{\"@id\":\"https:\/\/www.domstavpro.com\/index.php\/produkt\/zlevneny-polysan-fortis-bocni-stena-900mm-cire-sklo-42735\/#primaryimage\"},\"image\":{\"@id\":\"https:\/\/www.domstavpro.com\/index.php\/produkt\/zlevneny-polysan-fortis-bocni-stena-900mm-cire-sklo-42735\/#primaryimage\"},\"thumbnailUrl\":\"https:\/\/www.domstavpro.com\/wp-content\/uploads\/2026\/SK0029875-CZ20260425-093449-0-1777080896-polysan-fortis-bocni-stena-900mm-cire-sklo.webp\",\"datePublished\":\"2026-04-27T15:09:35+00:00\",\"breadcrumb\":{\"@id\":\"https:\/\/www.domstavpro.com\/index.php\/produkt\/zlevneny-polysan-fortis-bocni-stena-900mm-cire-sklo-42735\/#breadcrumb\"},\"inLanguage\":\"cs\",\"potentialAction\":[{\"@type\":\"ReadAction\",\"target\":[\"https:\/\/www.domstavpro.com\/index.php\/produkt\/zlevneny-polysan-fortis-bocni-stena-900mm-cire-sklo-42735\/\"]}]},{\"@type\":\"ImageObject\",\"inLanguage\":\"cs\",\"@id\":\"https:\/\/www.domstavpro.com\/index.php\/produkt\/zlevneny-polysan-fortis-bocni-stena-900mm-cire-sklo-42735\/#primaryimage\",\"url\":\"https:\/\/www.domstavpro.com\/wp-content\/uploads\/2026\/SK0029875-CZ20260425-093449-0-1777080896-polysan-fortis-bocni-stena-900mm-cire-sklo.webp\",\"contentUrl\":\"https:\/\/www.domstavpro.com\/wp-content\/uploads\/2026\/SK0029875-CZ20260425-093449-0-1777080896-polysan-fortis-bocni-stena-900mm-cire-sklo.webp\",\"width\":1000,\"height\":525},{\"@type\":\"BreadcrumbList\",\"@id\":\"https:\/\/www.domstavpro.com\/index.php\/produkt\/zlevneny-polysan-fortis-bocni-stena-900mm-cire-sklo-42735\/#breadcrumb\",\"itemListElement\":[{\"@type\":\"ListItem\",\"position\":1,\"name\":\"Home\",\"item\":\"https:\/\/www.domstavpro.com\/\"},{\"@type\":\"ListItem\",\"position\":2,\"name\":\"Products\",\"item\":\"https:\/\/www.domstavpro.com\/products\/\"},{\"@type\":\"ListItem\",\"position\":3,\"name\":\"Zlevn\u011bn\u00fd POLYSAN FORTIS bo\u010dn\u00ed st\u011bna 900mm, \u010dir\u00e9 sklo\"}]},{\"@type\":\"WebSite\",\"@id\":\"https:\/\/www.domstavpro.com\/#website\",\"url\":\"https:\/\/www.domstavpro.com\/\",\"name\":\"Hlavn\u00ed kl\u00ed\u010dov\u00e1 slova\",\"description\":\"Hlavn\u00ed kl\u00ed\u010dov\u00e1 slova\",\"publisher\":{\"@id\":\"https:\/\/www.domstavpro.com\/#organization\"},\"potentialAction\":[{\"@type\":\"SearchAction\",\"target\":{\"@type\":\"EntryPoint\",\"urlTemplate\":\"https:\/\/www.domstavpro.com\/?s={search_term_string}\"},\"query-input\":{\"@type\":\"PropertyValueSpecification\",\"valueRequired\":true,\"valueName\":\"search_term_string\"}}],\"inLanguage\":\"cs\"},{\"@type\":\"Organization\",\"@id\":\"https:\/\/www.domstavpro.com\/#organization\",\"name\":\"Hlavn\u00ed kl\u00ed\u010dov\u00e1 slova\",\"url\":\"https:\/\/www.domstavpro.com\/\",\"logo\":{\"@type\":\"ImageObject\",\"inLanguage\":\"cs\",\"@id\":\"https:\/\/www.domstavpro.com\/#\/schema\/logo\/image\/\",\"url\":\"https:\/\/www.domstavpro.com\/wp-content\/uploads\/2026\/04\/domstavpro_vector_logo.svg\",\"contentUrl\":\"https:\/\/www.domstavpro.com\/wp-content\/uploads\/2026\/04\/domstavpro_vector_logo.svg\",\"width\":820,\"height\":180,\"caption\":\"Hlavn\u00ed kl\u00ed\u010dov\u00e1 slova\"},\"image\":{\"@id\":\"https:\/\/www.domstavpro.com\/#\/schema\/logo\/image\/\"}}]}<\/script>\n<!-- \/ Yoast SEO plugin. -->","yoast_head_json":{"title":"Zlevn\u011bn\u00fd POLYSAN FORTIS bo\u010dn\u00ed st\u011bna 900mm, \u010dir\u00e9 sklo - Hlavn\u00ed kl\u00ed\u010dov\u00e1 slova","robots":{"index":"index","follow":"follow","max-snippet":"max-snippet:-1","max-image-preview":"max-image-preview:large","max-video-preview":"max-video-preview:-1"},"canonical":"https:\/\/www.domstavpro.com\/index.php\/produkt\/zlevneny-polysan-fortis-bocni-stena-900mm-cire-sklo-42735\/","og_locale":"cs_CZ","og_type":"article","og_title":"Zlevn\u011bn\u00fd POLYSAN FORTIS bo\u010dn\u00ed st\u011bna 900mm, \u010dir\u00e9 sklo - Hlavn\u00ed kl\u00ed\u010dov\u00e1 slova","og_description":"Bezr\u00e1mov\u00e9 pantov\u00e9 z\u00e1st\u011bny FORTIS v&nbsp;modern\u00edm hranat\u00e9m designu. Minimalistick\u00e9 pochromovan\u00e9 panty v&nbsp;nekompromisn\u00edm hranat\u00e9m designu, zevnit\u0159 zapu\u0161t\u011bn\u00e9 pro snadn\u00e9 \u010di\u0161t\u011bn\u00ed a se zvedac\u00ed funkc\u00ed pro pohodln\u00e9 otev\u00edr\u00e1n\u00ed. Bezpe\u010dnostn\u00ed \u010dir\u00e9 sklo v&nbsp;tlou\u0161\u0165ce 8 mm je o\u0161et\u0159en\u00e9 povrchovou \u00fapravou ANTIDROP pro snadn\u00e9 \u010di\u0161t\u011bn\u00ed. V\u00fd\u0161ka 2000 mm. Hranat\u00e9 pochromovan\u00e9 madlo ve stejn\u00e9m minimalistick\u00e9m designu jako panty. Praktick\u00fdm dopl\u0148kem je mo\u017enost [&hellip;]","og_url":"https:\/\/www.domstavpro.com\/index.php\/produkt\/zlevneny-polysan-fortis-bocni-stena-900mm-cire-sklo-42735\/","og_site_name":"Hlavn\u00ed kl\u00ed\u010dov\u00e1 slova","og_image":[{"width":1000,"height":525,"url":"https:\/\/www.domstavpro.com\/wp-content\/uploads\/2026\/SK0029875-CZ20260425-093449-0-1777080896-polysan-fortis-bocni-stena-900mm-cire-sklo.webp","type":"image\/webp"}],"twitter_card":"summary_large_image","twitter_misc":{"Odhadovan\u00e1 doba \u010dten\u00ed":"2 minuty"},"schema":{"@context":"https:\/\/schema.org","@graph":[{"@type":"WebPage","@id":"https:\/\/www.domstavpro.com\/index.php\/produkt\/zlevneny-polysan-fortis-bocni-stena-900mm-cire-sklo-42735\/","url":"https:\/\/www.domstavpro.com\/index.php\/produkt\/zlevneny-polysan-fortis-bocni-stena-900mm-cire-sklo-42735\/","name":"Zlevn\u011bn\u00fd POLYSAN FORTIS bo\u010dn\u00ed st\u011bna 900mm, \u010dir\u00e9 sklo - Hlavn\u00ed kl\u00ed\u010dov\u00e1 slova","isPartOf":{"@id":"https:\/\/www.domstavpro.com\/#website"},"primaryImageOfPage":{"@id":"https:\/\/www.domstavpro.com\/index.php\/produkt\/zlevneny-polysan-fortis-bocni-stena-900mm-cire-sklo-42735\/#primaryimage"},"image":{"@id":"https:\/\/www.domstavpro.com\/index.php\/produkt\/zlevneny-polysan-fortis-bocni-stena-900mm-cire-sklo-42735\/#primaryimage"},"thumbnailUrl":"https:\/\/www.domstavpro.com\/wp-content\/uploads\/2026\/SK0029875-CZ20260425-093449-0-1777080896-polysan-fortis-bocni-stena-900mm-cire-sklo.webp","datePublished":"2026-04-27T15:09:35+00:00","breadcrumb":{"@id":"https:\/\/www.domstavpro.com\/index.php\/produkt\/zlevneny-polysan-fortis-bocni-stena-900mm-cire-sklo-42735\/#breadcrumb"},"inLanguage":"cs","potentialAction":[{"@type":"ReadAction","target":["https:\/\/www.domstavpro.com\/index.php\/produkt\/zlevneny-polysan-fortis-bocni-stena-900mm-cire-sklo-42735\/"]}]},{"@type":"ImageObject","inLanguage":"cs","@id":"https:\/\/www.domstavpro.com\/index.php\/produkt\/zlevneny-polysan-fortis-bocni-stena-900mm-cire-sklo-42735\/#primaryimage","url":"https:\/\/www.domstavpro.com\/wp-content\/uploads\/2026\/SK0029875-CZ20260425-093449-0-1777080896-polysan-fortis-bocni-stena-900mm-cire-sklo.webp","contentUrl":"https:\/\/www.domstavpro.com\/wp-content\/uploads\/2026\/SK0029875-CZ20260425-093449-0-1777080896-polysan-fortis-bocni-stena-900mm-cire-sklo.webp","width":1000,"height":525},{"@type":"BreadcrumbList","@id":"https:\/\/www.domstavpro.com\/index.php\/produkt\/zlevneny-polysan-fortis-bocni-stena-900mm-cire-sklo-42735\/#breadcrumb","itemListElement":[{"@type":"ListItem","position":1,"name":"Home","item":"https:\/\/www.domstavpro.com\/"},{"@type":"ListItem","position":2,"name":"Products","item":"https:\/\/www.domstavpro.com\/products\/"},{"@type":"ListItem","position":3,"name":"Zlevn\u011bn\u00fd POLYSAN FORTIS bo\u010dn\u00ed st\u011bna 900mm, \u010dir\u00e9 sklo"}]},{"@type":"WebSite","@id":"https:\/\/www.domstavpro.com\/#website","url":"https:\/\/www.domstavpro.com\/","name":"Hlavn\u00ed kl\u00ed\u010dov\u00e1 slova","description":"Hlavn\u00ed kl\u00ed\u010dov\u00e1 slova","publisher":{"@id":"https:\/\/www.domstavpro.com\/#organization"},"potentialAction":[{"@type":"SearchAction","target":{"@type":"EntryPoint","urlTemplate":"https:\/\/www.domstavpro.com\/?s={search_term_string}"},"query-input":{"@type":"PropertyValueSpecification","valueRequired":true,"valueName":"search_term_string"}}],"inLanguage":"cs"},{"@type":"Organization","@id":"https:\/\/www.domstavpro.com\/#organization","name":"Hlavn\u00ed kl\u00ed\u010dov\u00e1 slova","url":"https:\/\/www.domstavpro.com\/","logo":{"@type":"ImageObject","inLanguage":"cs","@id":"https:\/\/www.domstavpro.com\/#\/schema\/logo\/image\/","url":"https:\/\/www.domstavpro.com\/wp-content\/uploads\/2026\/04\/domstavpro_vector_logo.svg","contentUrl":"https:\/\/www.domstavpro.com\/wp-content\/uploads\/2026\/04\/domstavpro_vector_logo.svg","width":820,"height":180,"caption":"Hlavn\u00ed kl\u00ed\u010dov\u00e1 slova"},"image":{"@id":"https:\/\/www.domstavpro.com\/#\/schema\/logo\/image\/"}}]}},"_links":{"self":[{"href":"https:\/\/www.domstavpro.com\/wp-json\/wp\/v2\/product\/42735","targetHints":{"allow":["GET"]}}],"collection":[{"href":"https:\/\/www.domstavpro.com\/wp-json\/wp\/v2\/product"}],"about":[{"href":"https:\/\/www.domstavpro.com\/wp-json\/wp\/v2\/types\/product"}],"wp:featuredmedia":[{"embeddable":true,"href":"https:\/\/www.domstavpro.com\/wp-json\/wp\/v2\/media\/42835"}],"wp:attachment":[{"href":"https:\/\/www.domstavpro.com\/wp-json\/wp\/v2\/media?parent=42735"}],"wp:term":[{"taxonomy":"product_brand","embeddable":true,"href":"https:\/\/www.domstavpro.com\/wp-json\/wp\/v2\/product_brand?post=42735"},{"taxonomy":"product_cat","embeddable":true,"href":"https:\/\/www.domstavpro.com\/wp-json\/wp\/v2\/product_cat?post=42735"},{"taxonomy":"product_tag","embeddable":true,"href":"https:\/\/www.domstavpro.com\/wp-json\/wp\/v2\/product_tag?post=42735"}],"curies":[{"name":"wp","href":"https:\/\/api.w.org\/{rel}","templated":true}]}}