{"id":42724,"date":"2026-04-27T15:09:35","date_gmt":"2026-04-27T15:09:35","guid":{"rendered":""},"modified":"2026-04-27T15:09:35","modified_gmt":"2026-04-27T15:09:35","slug":"zlevneny-polysan-zoom-black-bocni-stena-800mm-cire-sklo-42724","status":"publish","type":"product","link":"https:\/\/www.domstavpro.com\/index.php\/produkt\/zlevneny-polysan-zoom-black-bocni-stena-800mm-cire-sklo-42724\/","title":{"rendered":"Zlevn\u011bn\u00fd POLYSAN ZOOM BLACK bo\u010dn\u00ed st\u011bna 800mm, \u010dir\u00e9 sklo"},"content":{"rendered":"<div id=\"e9480553\" class=\"pages\">\n<div>\n<div id=\"PDDescription\" class=\"UserContentView userContent v1a v1 bs-view dcon dc164 PDDescription\" ><dc-con><dc-con><bs-empty><\/bs-empty><\/dc-con><dc-con>        <\/p>\n<div class=\"customDescription\">                    <\/div>\n<p><\/dc-con><dc-con><\/p>\n<p style=\"text-align: justify;\">Sprchov\u00e9 z\u00e1st\u011bny <strong>ZOOM BLACK<\/strong> okouzl\u00ed nejen sv\u00fdm proveden\u00edm v modern\u00ed \u010dern\u00e9, ale i propracovanost\u00ed do nejmen\u0161\u00edch detail\u016f. Sprchov\u00e9 dve\u0159e s hranat\u00fdmi oto\u010dn\u00fdmi profily se zvedac\u00edm mechanismem umo\u017e\u0148uj\u00ed snadn\u00e9 otev\u00edr\u00e1n\u00ed vn\u011b i dovnit\u0159 a zaru\u010duj\u00ed maxim\u00e1ln\u00ed \u0161\u00ed\u0159ku vstupu. V\u00fdjimku tvo\u0159\u00ed \u010dtvrtkruhov\u00e1 z\u00e1st\u011bna ZL2615B (90&#215;90 cm), kter\u00e1 se otv\u00edr\u00e1 pouze sm\u011brem ven.<\/p>\n<p><strong>Charakteristika sprchov\u00fdch z\u00e1st\u011bn s\u00e9rie ZOOM BLACK:<\/strong><\/p>\n<ul>\n<li>\u010cir\u00e9 bezpe\u010dnostn\u00ed sklo o s\u00edle 6 mm<\/li>\n<li>Povrchov\u00e1 \u00faprava Antidrop zabra\u0148uje usazov\u00e1n\u00ed vodn\u00edho kamene a usnad\u0148uje \u010di\u0161t\u011bn\u00ed<\/li>\n<li>Hlin\u00edkov\u00e9 oto\u010dn\u00e9 profily v matn\u011b \u010dern\u00e9 povrchov\u00e9 \u00faprav\u011b, s integrovan\u00fdm zdvihov\u00fdm mechanismem<\/li>\n<li>Matn\u011b \u010dern\u00e9 proveden\u00ed profil\u016f dod\u00e1v\u00e1 z\u00e1st\u011bn\u00e1m luxusn\u00ed vzhled<\/li>\n<li>Magnetick\u00e9 t\u011bsn\u011bn\u00ed je skryto v profilech<\/li>\n<li>V\u00fd\u0161ka 2000 mm<\/li>\n<li>Snadn\u00e1 mont\u00e1\u017e, tolerance a\u017e 20 mm nastaven\u00edm skel v profilu<\/li>\n<li>Dve\u0159e 800 a 900 mm jsou jednod\u00edln\u00e9 a umo\u017e\u0148uj\u00ed maxim\u00e1ln\u00ed \u0161\u00ed\u0159ku vstupu<\/li>\n<li>Dve\u0159e 1000-1400 mm jsou d\u011bleny na \u010d\u00e1st pevnou a \u010d\u00e1st oto\u010dnou<\/li>\n<li>Dve\u0159e je mo\u017eno instalovat do niky nebo v kombinaci s bo\u010dn\u00ed st\u011bnou, umo\u017e\u0148uj\u00ed variabiln\u00ed instalaci s lev\u00fdm nebo prav\u00fdm otev\u00edr\u00e1n\u00edm<\/li>\n<li>Dve\u0159e&nbsp;<span>se&nbsp;zdvihov\u00fdm mechanismem profilu<\/span><\/li>\n<li>Vzp\u011bry jsou sou\u010d\u00e1st\u00ed balen\u00ed<\/li>\n<li><span>Skl\u00e1dac\u00ed dve\u0159e 700 a\u017e 900 mm v proveden\u00ed lev\u00e1 a prav\u00e1 lze instalovat do niky nebo v kombinaci L\/R vytvo\u0159it \u010dtvercovou nebo obd\u00e9ln\u00edkovou z\u00e1st\u011bnu s rohov\u00fdm vstupem<\/span><\/li>\n<\/ul>\n<table style=\"width: 720px;\" border=\"0\">\n<tbody>\n<tr>\n<td><img decoding=\"async\" src=\"https:\/\/eshop.sapho.cz\/img\/_\/serie.594\/uchytka.jpg\" alt=\"\" class=\"\" width=\"180\" height=\"156\" \/><\/td>\n<td><img decoding=\"async\" src=\"https:\/\/eshop.sapho.cz\/img\/_\/serie.594\/tesneni.jpg\" alt=\"\" class=\"\" width=\"180\" height=\"156\" \/><\/td>\n<td><img decoding=\"async\" src=\"https:\/\/eshop.sapho.cz\/img\/_\/serie.594\/zedprofil-ot.jpg\" alt=\"\" class=\"\" width=\"180\" height=\"156\" \/><\/td>\n<td><img loading=\"lazy\" decoding=\"async\" src=\"https:\/\/eshop.sapho.cz\/img\/_\/serie.594\/otocnyprofil.jpg\" alt=\"\" class=\"\" width=\"180\" height=\"156\" \/><\/td>\n<\/tr>\n<tr>\n<td style=\"vertical-align: top;\">Speci\u00e1ln\u011b navr\u017een\u00e9 madlo pro pohodln\u00e9 otev\u00edr\u00e1n\u00ed dve\u0159\u00ed.<\/td>\n<td style=\"vertical-align: top;\">Ploch\u00e9 magnetick\u00e9 t\u011bsn\u011bn\u00ed skryt\u00e9 v hlin\u00edkov\u00e9m profilu v modern\u00edm matn\u011b \u010dern\u00e9m proveden\u00ed.<\/td>\n<td style=\"vertical-align: top;\">St\u011bnov\u00e9 nerovnosti skryje hlin\u00edkov\u00fd profil v \u010dern\u00e9, do kter\u00e9ho lze zasunout sklo dle pot\u0159eby a\u017e 20 mm.<\/td>\n<td style=\"vertical-align: top;\">Oto\u010dn\u00fd profil se zvedac\u00ed funkc\u00ed pro pohodln\u00e9 otev\u00edr\u00e1n\u00ed.<br \/>\u010cist\u00e1 linie &#8211; sklo prot\u00edn\u00e1 profil na obou stran\u00e1ch ve stejn\u00e9 \u00farovni.<br \/>Stabilitu skel zaji\u0161\u0165uje elegantn\u00ed vzp\u011bra s nastaviteln\u00fdm \u00fahlem uchycen\u00ed na obou stran\u00e1ch.<\/td>\n<\/tr>\n<\/tbody>\n<\/table>\n<h2 class=\"props-title\">Vlastnosti<\/h2>\n<table>\n<tr>\n<th>Zna\u010dka<\/th>\n<td>POLYSAN<\/td>\n<\/tr>\n<tr>\n<th>S\u00e9rie<\/th>\n<td>ZOOM BLACK<\/td>\n<\/tr>\n<tr>\n<th>3D model<\/th>\n<td>ANO<\/td>\n<\/tr>\n<tr>\n<th>V\u00fd\u0161ka<\/th>\n<td>2000&nbsp;mm<\/td>\n<\/tr>\n<tr>\n<th>Hloubka<\/th>\n<td>800&nbsp;mm<\/td>\n<\/tr>\n<tr>\n<th>Barva profilu<\/th>\n<td>\u010cern\u00e1 mat<\/td>\n<\/tr>\n<tr>\n<th>Tvar<\/th>\n<td>Pevn\u00e1 st\u011bna ke sprchov\u00fdm dve\u0159\u00edm<\/td>\n<\/tr>\n<tr>\n<th>Typ v\u00fdpln\u011b<\/th>\n<td>\u010cir\u00e9 sklo<\/td>\n<\/tr>\n<tr>\n<th>\u00daprava skla<\/th>\n<td>Antidrop<\/td>\n<\/tr>\n<tr>\n<th>Tlou\u0161\u0165ka skla<\/th>\n<td>6&nbsp;mm<\/td>\n<\/tr>\n<tr>\n<th>Hmotnost \/ ks<\/th>\n<td>26.0000&nbsp;kg<\/td>\n<\/tr>\n<tr>\n<th>Balen\u00ed<\/th>\n<td>1&nbsp;ks<\/td>\n<\/tr>\n<tr>\n<th>EAN<\/th>\n<td>8590913856136<\/td>\n<\/tr>\n<tr>\n<th>Taric<\/th>\n<td>70200080<\/td>\n<\/tr>\n<tr>\n<th>Z\u00e1ruka<\/th>\n<td>2 roky<\/td>\n<\/tr>\n<\/table>\n<div class=\"product-explanation-item\">\n<h3>Antidrop<\/h3>\n<p style=\"text-align: justify;\">Antidrop je povrchov\u00e1 \u00faprava skla pro jeho snadnou \u00fadr\u017ebu. P\u0159i v\u00fdrob\u011b skla je nan\u00e1\u0161ena na jeho povrch s pou\u017eit\u00edm nanotechnologie a je obsa\u017eena v cen\u011b z\u00e1st\u011bn.<\/p>\n<\/div>\n<h2 class=\"props-title\">Videa<\/h2>\n<p><a target=\"_blank\"  href=\"https:\/\/ubc.k2.cz\/K2FTPdata\/UBC\/video\/produkt_ostatne\/zoom-line-sprchove-zasteny.mp4\">https:\/\/ubc.k2.cz\/K2FTPdata\/UBC\/video\/produkt_ostatne\/zoom-line-sprchove-zasteny.mp4<\/a><br \/><\/dc-con><\/dc-con><\/div>\n<\/p><\/div>\n<div id=\"PDTable3\" class=\"ProductDetailTableView v3a v3 bs-view dcon dc185 PDTable3\" >\n<table>\n<thead><\/thead>\n<tbody>\n<tr class=\"attribute attr_typskla\">\n<td class=\"caption\">Typ skla<\/td>\n<td class=\"value\">Transparent<\/td>\n<\/tr>\n<tr class=\"attribute attr_bsshop_maker\">\n<td class=\"caption\">V\u00fdrobce<\/td>\n<td class=\"value\">Polysan<\/td>\n<\/tr>\n<tr class=\"attribute attr_sirka\">\n<td class=\"caption\">\u0160\u00ed\u0159ka v mm<\/td>\n<td class=\"value\">838<\/td>\n<\/tr>\n<tr class=\"attribute attr_Vyska\">\n<td class=\"caption\">V\u00fd\u0161ka v mm<\/td>\n<td class=\"value\">2080<\/td>\n<\/tr>\n<tr class=\"weight\">\n<td class=\"caption\"><span>Hmotnost<\/span><\/td>\n<td class=\"value\"><span>26,00 kg<\/span><\/td>\n<\/tr>\n<\/tbody>\n<\/table>\n<\/div>\n<div id=\"ProductMedia\" class=\"ProductMediaView MediaViewBase v1a v1 bs-view dcon dc409 ProductMedia\" ><bs-empty><\/bs-empty><\/p>\n<div class=\"files\">\n<div class=\"title sub\">Soubory<\/div>\n<p><a href=\"\/media\/24832\/33147-cisteni-a-udrzba-sprchovych-zasten-polysan.PDF?&amp;key=ZGpmIyQwNUZfMjQ4MzI=\" class=\"PDF\">Dokumenty &#8211; &#218;dr\u017eba_priloha_0<\/a><a href=\"\/media\/34990\/33147-zl3210-zl3270-zl3280-zl3280b-zl3290-zl3290b.pdf?&amp;key=ZGpmIyQwNUZfMzQ5OTA=\" class=\"pdf\">Dokumenty &#8211; N&#225;vod_priloha_1<\/a><a href=\"\/media\/39036\/33147-zl3280.dxf?&amp;key=ZGpmIyQwNUZfMzkwMzY=\" class=\"dxf\">Dokumenty &#8211; 3D modely_priloha_4<\/a><a href=\"\/media\/39037\/33147-zl3280.dwg?&amp;key=ZGpmIyQwNUZfMzkwMzc=\" class=\"dwg\">Dokumenty &#8211; 3D modely_priloha_3<\/a><a href=\"\/media\/39038\/33147-zl3280.3ds?&amp;key=ZGpmIyQwNUZfMzkwMzg=\" class=\"3ds\">Dokumenty &#8211; 3D modely_priloha_2<\/a><\/div>\n<p><bs-empty><\/bs-empty><\/div>\n<\/div>\n<div id=\"e9480554\" class=\"tabs\">\n","protected":false},"excerpt":{"rendered":"<p>Sprchov\u00e9 z\u00e1st\u011bny ZOOM BLACK okouzl\u00ed nejen sv\u00fdm proveden\u00edm v modern\u00ed \u010dern\u00e9, ale i propracovanost\u00ed do nejmen\u0161\u00edch detail\u016f. Sprchov\u00e9 dve\u0159e s hranat\u00fdmi oto\u010dn\u00fdmi profily se zvedac\u00edm mechanismem umo\u017e\u0148uj\u00ed snadn\u00e9 otev\u00edr\u00e1n\u00ed vn\u011b i dovnit\u0159 a zaru\u010duj\u00ed maxim\u00e1ln\u00ed \u0161\u00ed\u0159ku vstupu. V\u00fdjimku tvo\u0159\u00ed \u010dtvrtkruhov\u00e1 z\u00e1st\u011bna ZL2615B (90&#215;90 cm), kter\u00e1 se otv\u00edr\u00e1 pouze sm\u011brem ven. Charakteristika sprchov\u00fdch z\u00e1st\u011bn s\u00e9rie ZOOM [&hellip;]<\/p>\n","protected":false},"featured_media":42824,"comment_status":"open","ping_status":"open","template":"","meta":[],"product_brand":[],"product_cat":[61],"product_tag":[],"class_list":{"0":"post-42724","1":"product","2":"type-product","3":"status-publish","4":"has-post-thumbnail","6":"product_cat-vybaven-237-koupelny","8":"first","9":"instock","10":"sale","11":"shipping-taxable","12":"purchasable","13":"product-type-simple"},"yoast_head":"<!-- This site is optimized with the Yoast SEO plugin v26.8 - https:\/\/yoast.com\/product\/yoast-seo-wordpress\/ -->\n<title>Zlevn\u011bn\u00fd POLYSAN ZOOM BLACK bo\u010dn\u00ed st\u011bna 800mm, \u010dir\u00e9 sklo -<\/title>\n<meta name=\"robots\" content=\"index, follow, max-snippet:-1, max-image-preview:large, max-video-preview:-1\" \/>\n<link rel=\"canonical\" href=\"https:\/\/www.domstavpro.com\/index.php\/produkt\/zlevneny-polysan-zoom-black-bocni-stena-800mm-cire-sklo-42724\/\" \/>\n<meta property=\"og:locale\" content=\"cs_CZ\" \/>\n<meta property=\"og:type\" content=\"article\" \/>\n<meta property=\"og:title\" content=\"Zlevn\u011bn\u00fd POLYSAN ZOOM BLACK bo\u010dn\u00ed st\u011bna 800mm, \u010dir\u00e9 sklo -\" \/>\n<meta property=\"og:description\" content=\"Sprchov\u00e9 z\u00e1st\u011bny ZOOM BLACK okouzl\u00ed nejen sv\u00fdm proveden\u00edm v modern\u00ed \u010dern\u00e9, ale i propracovanost\u00ed do nejmen\u0161\u00edch detail\u016f. Sprchov\u00e9 dve\u0159e s hranat\u00fdmi oto\u010dn\u00fdmi profily se zvedac\u00edm mechanismem umo\u017e\u0148uj\u00ed snadn\u00e9 otev\u00edr\u00e1n\u00ed vn\u011b i dovnit\u0159 a zaru\u010duj\u00ed maxim\u00e1ln\u00ed \u0161\u00ed\u0159ku vstupu. V\u00fdjimku tvo\u0159\u00ed \u010dtvrtkruhov\u00e1 z\u00e1st\u011bna ZL2615B (90&#215;90 cm), kter\u00e1 se otv\u00edr\u00e1 pouze sm\u011brem ven. Charakteristika sprchov\u00fdch z\u00e1st\u011bn s\u00e9rie ZOOM [&hellip;]\" \/>\n<meta property=\"og:url\" content=\"https:\/\/www.domstavpro.com\/index.php\/produkt\/zlevneny-polysan-zoom-black-bocni-stena-800mm-cire-sklo-42724\/\" \/>\n<meta property=\"og:image\" content=\"https:\/\/www.domstavpro.com\/wp-content\/uploads\/2026\/SK0029864-CZ20260425-093449-0-1777080896-polysan-zoom-black-bocni-stena-800mm-cire-sklo.webp\" \/>\n\t<meta property=\"og:image:width\" content=\"1000\" \/>\n\t<meta property=\"og:image:height\" content=\"525\" \/>\n\t<meta property=\"og:image:type\" content=\"image\/webp\" \/>\n<meta name=\"twitter:card\" content=\"summary_large_image\" \/>\n<meta name=\"twitter:label1\" content=\"Odhadovan\u00e1 doba \u010dten\u00ed\" \/>\n\t<meta name=\"twitter:data1\" content=\"2 minuty\" \/>\n<script type=\"application\/ld+json\" class=\"yoast-schema-graph\">{\"@context\":\"https:\/\/schema.org\",\"@graph\":[{\"@type\":\"WebPage\",\"@id\":\"https:\/\/www.domstavpro.com\/index.php\/produkt\/zlevneny-polysan-zoom-black-bocni-stena-800mm-cire-sklo-42724\/\",\"url\":\"https:\/\/www.domstavpro.com\/index.php\/produkt\/zlevneny-polysan-zoom-black-bocni-stena-800mm-cire-sklo-42724\/\",\"name\":\"Zlevn\u011bn\u00fd POLYSAN ZOOM BLACK bo\u010dn\u00ed st\u011bna 800mm, \u010dir\u00e9 sklo -\",\"isPartOf\":{\"@id\":\"https:\/\/www.domstavpro.com\/#website\"},\"primaryImageOfPage\":{\"@id\":\"https:\/\/www.domstavpro.com\/index.php\/produkt\/zlevneny-polysan-zoom-black-bocni-stena-800mm-cire-sklo-42724\/#primaryimage\"},\"image\":{\"@id\":\"https:\/\/www.domstavpro.com\/index.php\/produkt\/zlevneny-polysan-zoom-black-bocni-stena-800mm-cire-sklo-42724\/#primaryimage\"},\"thumbnailUrl\":\"https:\/\/www.domstavpro.com\/wp-content\/uploads\/2026\/SK0029864-CZ20260425-093449-0-1777080896-polysan-zoom-black-bocni-stena-800mm-cire-sklo.webp\",\"datePublished\":\"2026-04-27T15:09:35+00:00\",\"breadcrumb\":{\"@id\":\"https:\/\/www.domstavpro.com\/index.php\/produkt\/zlevneny-polysan-zoom-black-bocni-stena-800mm-cire-sklo-42724\/#breadcrumb\"},\"inLanguage\":\"cs\",\"potentialAction\":[{\"@type\":\"ReadAction\",\"target\":[\"https:\/\/www.domstavpro.com\/index.php\/produkt\/zlevneny-polysan-zoom-black-bocni-stena-800mm-cire-sklo-42724\/\"]}]},{\"@type\":\"ImageObject\",\"inLanguage\":\"cs\",\"@id\":\"https:\/\/www.domstavpro.com\/index.php\/produkt\/zlevneny-polysan-zoom-black-bocni-stena-800mm-cire-sklo-42724\/#primaryimage\",\"url\":\"https:\/\/www.domstavpro.com\/wp-content\/uploads\/2026\/SK0029864-CZ20260425-093449-0-1777080896-polysan-zoom-black-bocni-stena-800mm-cire-sklo.webp\",\"contentUrl\":\"https:\/\/www.domstavpro.com\/wp-content\/uploads\/2026\/SK0029864-CZ20260425-093449-0-1777080896-polysan-zoom-black-bocni-stena-800mm-cire-sklo.webp\",\"width\":1000,\"height\":525},{\"@type\":\"BreadcrumbList\",\"@id\":\"https:\/\/www.domstavpro.com\/index.php\/produkt\/zlevneny-polysan-zoom-black-bocni-stena-800mm-cire-sklo-42724\/#breadcrumb\",\"itemListElement\":[{\"@type\":\"ListItem\",\"position\":1,\"name\":\"Home\",\"item\":\"https:\/\/www.domstavpro.com\/\"},{\"@type\":\"ListItem\",\"position\":2,\"name\":\"Products\",\"item\":\"https:\/\/www.domstavpro.com\/index.php\/products\/\"},{\"@type\":\"ListItem\",\"position\":3,\"name\":\"Zlevn\u011bn\u00fd POLYSAN ZOOM BLACK bo\u010dn\u00ed st\u011bna 800mm, \u010dir\u00e9 sklo\"}]},{\"@type\":\"WebSite\",\"@id\":\"https:\/\/www.domstavpro.com\/#website\",\"url\":\"https:\/\/www.domstavpro.com\/\",\"name\":\"\",\"description\":\"\",\"potentialAction\":[{\"@type\":\"SearchAction\",\"target\":{\"@type\":\"EntryPoint\",\"urlTemplate\":\"https:\/\/www.domstavpro.com\/?s={search_term_string}\"},\"query-input\":{\"@type\":\"PropertyValueSpecification\",\"valueRequired\":true,\"valueName\":\"search_term_string\"}}],\"inLanguage\":\"cs\"}]}<\/script>\n<!-- \/ Yoast SEO plugin. -->","yoast_head_json":{"title":"Zlevn\u011bn\u00fd POLYSAN ZOOM BLACK bo\u010dn\u00ed st\u011bna 800mm, \u010dir\u00e9 sklo -","robots":{"index":"index","follow":"follow","max-snippet":"max-snippet:-1","max-image-preview":"max-image-preview:large","max-video-preview":"max-video-preview:-1"},"canonical":"https:\/\/www.domstavpro.com\/index.php\/produkt\/zlevneny-polysan-zoom-black-bocni-stena-800mm-cire-sklo-42724\/","og_locale":"cs_CZ","og_type":"article","og_title":"Zlevn\u011bn\u00fd POLYSAN ZOOM BLACK bo\u010dn\u00ed st\u011bna 800mm, \u010dir\u00e9 sklo -","og_description":"Sprchov\u00e9 z\u00e1st\u011bny ZOOM BLACK okouzl\u00ed nejen sv\u00fdm proveden\u00edm v modern\u00ed \u010dern\u00e9, ale i propracovanost\u00ed do nejmen\u0161\u00edch detail\u016f. Sprchov\u00e9 dve\u0159e s hranat\u00fdmi oto\u010dn\u00fdmi profily se zvedac\u00edm mechanismem umo\u017e\u0148uj\u00ed snadn\u00e9 otev\u00edr\u00e1n\u00ed vn\u011b i dovnit\u0159 a zaru\u010duj\u00ed maxim\u00e1ln\u00ed \u0161\u00ed\u0159ku vstupu. V\u00fdjimku tvo\u0159\u00ed \u010dtvrtkruhov\u00e1 z\u00e1st\u011bna ZL2615B (90&#215;90 cm), kter\u00e1 se otv\u00edr\u00e1 pouze sm\u011brem ven. Charakteristika sprchov\u00fdch z\u00e1st\u011bn s\u00e9rie ZOOM [&hellip;]","og_url":"https:\/\/www.domstavpro.com\/index.php\/produkt\/zlevneny-polysan-zoom-black-bocni-stena-800mm-cire-sklo-42724\/","og_image":[{"width":1000,"height":525,"url":"https:\/\/www.domstavpro.com\/wp-content\/uploads\/2026\/SK0029864-CZ20260425-093449-0-1777080896-polysan-zoom-black-bocni-stena-800mm-cire-sklo.webp","type":"image\/webp"}],"twitter_card":"summary_large_image","twitter_misc":{"Odhadovan\u00e1 doba \u010dten\u00ed":"2 minuty"},"schema":{"@context":"https:\/\/schema.org","@graph":[{"@type":"WebPage","@id":"https:\/\/www.domstavpro.com\/index.php\/produkt\/zlevneny-polysan-zoom-black-bocni-stena-800mm-cire-sklo-42724\/","url":"https:\/\/www.domstavpro.com\/index.php\/produkt\/zlevneny-polysan-zoom-black-bocni-stena-800mm-cire-sklo-42724\/","name":"Zlevn\u011bn\u00fd POLYSAN ZOOM BLACK bo\u010dn\u00ed st\u011bna 800mm, \u010dir\u00e9 sklo -","isPartOf":{"@id":"https:\/\/www.domstavpro.com\/#website"},"primaryImageOfPage":{"@id":"https:\/\/www.domstavpro.com\/index.php\/produkt\/zlevneny-polysan-zoom-black-bocni-stena-800mm-cire-sklo-42724\/#primaryimage"},"image":{"@id":"https:\/\/www.domstavpro.com\/index.php\/produkt\/zlevneny-polysan-zoom-black-bocni-stena-800mm-cire-sklo-42724\/#primaryimage"},"thumbnailUrl":"https:\/\/www.domstavpro.com\/wp-content\/uploads\/2026\/SK0029864-CZ20260425-093449-0-1777080896-polysan-zoom-black-bocni-stena-800mm-cire-sklo.webp","datePublished":"2026-04-27T15:09:35+00:00","breadcrumb":{"@id":"https:\/\/www.domstavpro.com\/index.php\/produkt\/zlevneny-polysan-zoom-black-bocni-stena-800mm-cire-sklo-42724\/#breadcrumb"},"inLanguage":"cs","potentialAction":[{"@type":"ReadAction","target":["https:\/\/www.domstavpro.com\/index.php\/produkt\/zlevneny-polysan-zoom-black-bocni-stena-800mm-cire-sklo-42724\/"]}]},{"@type":"ImageObject","inLanguage":"cs","@id":"https:\/\/www.domstavpro.com\/index.php\/produkt\/zlevneny-polysan-zoom-black-bocni-stena-800mm-cire-sklo-42724\/#primaryimage","url":"https:\/\/www.domstavpro.com\/wp-content\/uploads\/2026\/SK0029864-CZ20260425-093449-0-1777080896-polysan-zoom-black-bocni-stena-800mm-cire-sklo.webp","contentUrl":"https:\/\/www.domstavpro.com\/wp-content\/uploads\/2026\/SK0029864-CZ20260425-093449-0-1777080896-polysan-zoom-black-bocni-stena-800mm-cire-sklo.webp","width":1000,"height":525},{"@type":"BreadcrumbList","@id":"https:\/\/www.domstavpro.com\/index.php\/produkt\/zlevneny-polysan-zoom-black-bocni-stena-800mm-cire-sklo-42724\/#breadcrumb","itemListElement":[{"@type":"ListItem","position":1,"name":"Home","item":"https:\/\/www.domstavpro.com\/"},{"@type":"ListItem","position":2,"name":"Products","item":"https:\/\/www.domstavpro.com\/index.php\/products\/"},{"@type":"ListItem","position":3,"name":"Zlevn\u011bn\u00fd POLYSAN ZOOM BLACK bo\u010dn\u00ed st\u011bna 800mm, \u010dir\u00e9 sklo"}]},{"@type":"WebSite","@id":"https:\/\/www.domstavpro.com\/#website","url":"https:\/\/www.domstavpro.com\/","name":"","description":"","potentialAction":[{"@type":"SearchAction","target":{"@type":"EntryPoint","urlTemplate":"https:\/\/www.domstavpro.com\/?s={search_term_string}"},"query-input":{"@type":"PropertyValueSpecification","valueRequired":true,"valueName":"search_term_string"}}],"inLanguage":"cs"}]}},"_links":{"self":[{"href":"https:\/\/www.domstavpro.com\/index.php\/wp-json\/wp\/v2\/product\/42724","targetHints":{"allow":["GET"]}}],"collection":[{"href":"https:\/\/www.domstavpro.com\/index.php\/wp-json\/wp\/v2\/product"}],"about":[{"href":"https:\/\/www.domstavpro.com\/index.php\/wp-json\/wp\/v2\/types\/product"}],"replies":[{"embeddable":true,"href":"https:\/\/www.domstavpro.com\/index.php\/wp-json\/wp\/v2\/comments?post=42724"}],"wp:featuredmedia":[{"embeddable":true,"href":"https:\/\/www.domstavpro.com\/index.php\/wp-json\/wp\/v2\/media\/42824"}],"wp:attachment":[{"href":"https:\/\/www.domstavpro.com\/index.php\/wp-json\/wp\/v2\/media?parent=42724"}],"wp:term":[{"taxonomy":"product_brand","embeddable":true,"href":"https:\/\/www.domstavpro.com\/index.php\/wp-json\/wp\/v2\/product_brand?post=42724"},{"taxonomy":"product_cat","embeddable":true,"href":"https:\/\/www.domstavpro.com\/index.php\/wp-json\/wp\/v2\/product_cat?post=42724"},{"taxonomy":"product_tag","embeddable":true,"href":"https:\/\/www.domstavpro.com\/index.php\/wp-json\/wp\/v2\/product_tag?post=42724"}],"curies":[{"name":"wp","href":"https:\/\/api.w.org\/{rel}","templated":true}]}}