{"id":41156,"date":"2026-04-27T15:09:31","date_gmt":"2026-04-27T15:09:31","guid":{"rendered":""},"modified":"2026-04-27T15:09:31","modified_gmt":"2026-04-27T15:09:31","slug":"akcni-cena-keramicke-umyvadlo-myjoys-euphoria-100-bile-41156","status":"publish","type":"product","link":"https:\/\/www.domstavpro.com\/index.php\/produkt\/akcni-cena-keramicke-umyvadlo-myjoys-euphoria-100-bile-41156\/","title":{"rendered":"Ak\u010dn\u00ed Cena Keramick\u00e9 umyvadlo Myjoys Euphoria 100 &#8211; b\u00edl\u00e9"},"content":{"rendered":"<div class=\"basic-description\">\n<h3>Detailn\u00ed popis produktu<\/h3>\n<h2><strong>Designov\u00fd klenot z D\u0159evojasu<\/strong><\/h2>\n<p>Keramick\u00e9<span> <\/span><strong>umyvadlo Euphoria 100<\/strong> zna\u010dky<span> <\/span><strong>MYJOYS<span> <\/span><\/strong>p\u0159edstavuje opravdovou lah\u016fdku, kter\u00e1 bude<span> <\/span><strong>slu\u0161et ka\u017ed\u00e9 koupeln\u011b<\/strong>. Umyvadlo \u0159ad\u00edme mezi<span> <\/span>n\u00e1bytkov\u00e1 umyvadla<span> <\/span>a dod\u00e1v\u00e1me ho s celou \u0159adou nem\u00e9n\u011b kr\u00e1sn\u00fdch<span> <\/span>umyvadlov\u00fdch sk\u0159\u00edn\u00ed. Z\u00e1le\u017e\u00ed pouze na v\u00e1s, jak\u00e9mu stylu d\u00e1v\u00e1te p\u0159ednost. D\u00edky minimalistick\u00e9mu designu umyvadla ale m\u016f\u017eete v\u017edy po\u010d\u00edtat s modern\u00edm a elegantn\u00edm typem koupelnov\u00e9ho n\u00e1bytku.<\/p>\n<h3><strong>Parametry umyvadla <\/strong><\/h3>\n<p>P\u0159ednost\u00ed umyvadla jsou jeho<span> <\/span><strong>\u00fasporn\u00e9<\/strong><span> <\/span><strong>rozm\u011bry<\/strong>, kter\u00e9 ale nab\u00edz\u00ed dostatek prostoru pro ka\u017edodenn\u00ed hygienu a praktick\u00fd odkl\u00e1dac\u00ed prostor po boc\u00edch a na zadn\u00ed stran\u011b umyvadla. M\u00edsa s obl\u00fdmi tvary p\u0159ech\u00e1zej\u00edc\u00ed v prostornou bo\u010dn\u00ed odkl\u00e1dac\u00ed plochu dokonale podtrhuje vliv italsk\u00e9ho designu, ve kter\u00fdch se kloub\u00ed kr\u00e1sy obl\u00fdch tvar\u016f a minimalismu.<\/p>\n<p>Umyvadlo je kompatibiln\u00ed s celou \u0159adou bateri\u00ed, nech\u00e1v\u00e1me v\u00e1m tak voln\u00fd prostor pro va\u0161e kreativn\u00ed a designov\u00e1 \u0159e\u0161en\u00ed. K umyvadlu si m\u016f\u017eete dokoupit i n\u00e1\u0161 kovov\u00fd<span> <\/span>kovov\u00fd Click-Clack, p\u0159\u00edpadn\u011b n\u011bkter\u00fd z na\u0161ich<span> <\/span>n\u00e1bytkov\u00fdch sifon\u016f.<\/p>\n<h3><strong>\u00dadr\u017eba umyvadla<\/strong><\/h3>\n<p>Pro zaji\u0161t\u011bn\u00ed perfektn\u00edho stavu umyvadla a jeho ochrany p\u0159ed bakteriemi a pl\u00edsn\u00ed jsme vyvinuli speci\u00e1ln\u00ed p\u0159\u00edpravek <strong>Dreja Clean<\/strong>, kter\u00fd na povrchu umyvadla vytvo\u0159\u00ed<span> <\/span><strong>speci\u00e1ln\u00ed nanovrstvu.<\/strong> Ta zabr\u00e1n\u00ed usazov\u00e1n\u00ed ne\u010distot. Odolnost je zaru\u010dena tak\u00e9 proti vodn\u00edmu kameni.<\/p>\n<h2><strong>Pro jak\u00e9 \u0159ady je ur\u010deno?<\/strong><\/h2>\n<ul>\n<li>ASTON<\/li>\n<li>BONO<\/li>\n<li>GIO<\/li>\n<li>MAJESTY<\/li>\n<li>VARIANTE<\/li>\n<\/ul><\/div>\n","protected":false},"excerpt":{"rendered":"<p>Detailn\u00ed popis produktu Designov\u00fd klenot z D\u0159evojasu Keramick\u00e9 umyvadlo Euphoria 100 zna\u010dky MYJOYS p\u0159edstavuje opravdovou lah\u016fdku, kter\u00e1 bude slu\u0161et ka\u017ed\u00e9 koupeln\u011b. Umyvadlo \u0159ad\u00edme mezi n\u00e1bytkov\u00e1 umyvadla a dod\u00e1v\u00e1me ho s celou \u0159adou nem\u00e9n\u011b kr\u00e1sn\u00fdch umyvadlov\u00fdch sk\u0159\u00edn\u00ed. Z\u00e1le\u017e\u00ed pouze na v\u00e1s, jak\u00e9mu stylu d\u00e1v\u00e1te p\u0159ednost. D\u00edky minimalistick\u00e9mu designu umyvadla ale m\u016f\u017eete v\u017edy po\u010d\u00edtat s modern\u00edm a [&hellip;]<\/p>\n","protected":false},"featured_media":41256,"comment_status":"open","ping_status":"open","template":"","meta":[],"product_brand":[],"product_cat":[56],"product_tag":[],"class_list":{"0":"post-41156","1":"product","2":"type-product","3":"status-publish","4":"has-post-thumbnail","6":"product_cat-koupelny-a-sanitarni-technika","8":"first","9":"instock","10":"sale","11":"shipping-taxable","12":"purchasable","13":"product-type-simple"},"yoast_head":"<!-- This site is optimized with the Yoast SEO plugin v26.8 - https:\/\/yoast.com\/product\/yoast-seo-wordpress\/ -->\n<title>Ak\u010dn\u00ed Cena Keramick\u00e9 umyvadlo Myjoys Euphoria 100 - b\u00edl\u00e9 -<\/title>\n<meta name=\"robots\" content=\"index, follow, max-snippet:-1, max-image-preview:large, max-video-preview:-1\" \/>\n<link rel=\"canonical\" href=\"https:\/\/www.domstavpro.com\/index.php\/produkt\/akcni-cena-keramicke-umyvadlo-myjoys-euphoria-100-bile-41156\/\" \/>\n<meta property=\"og:locale\" content=\"cs_CZ\" \/>\n<meta property=\"og:type\" content=\"article\" \/>\n<meta property=\"og:title\" content=\"Ak\u010dn\u00ed Cena Keramick\u00e9 umyvadlo Myjoys Euphoria 100 - b\u00edl\u00e9 -\" \/>\n<meta property=\"og:description\" content=\"Detailn\u00ed popis produktu Designov\u00fd klenot z D\u0159evojasu Keramick\u00e9 umyvadlo Euphoria 100 zna\u010dky MYJOYS p\u0159edstavuje opravdovou lah\u016fdku, kter\u00e1 bude slu\u0161et ka\u017ed\u00e9 koupeln\u011b. Umyvadlo \u0159ad\u00edme mezi n\u00e1bytkov\u00e1 umyvadla a dod\u00e1v\u00e1me ho s celou \u0159adou nem\u00e9n\u011b kr\u00e1sn\u00fdch umyvadlov\u00fdch sk\u0159\u00edn\u00ed. Z\u00e1le\u017e\u00ed pouze na v\u00e1s, jak\u00e9mu stylu d\u00e1v\u00e1te p\u0159ednost. D\u00edky minimalistick\u00e9mu designu umyvadla ale m\u016f\u017eete v\u017edy po\u010d\u00edtat s modern\u00edm a [&hellip;]\" \/>\n<meta property=\"og:url\" content=\"https:\/\/www.domstavpro.com\/index.php\/produkt\/akcni-cena-keramicke-umyvadlo-myjoys-euphoria-100-bile-41156\/\" \/>\n<meta property=\"og:image\" content=\"https:\/\/www.domstavpro.com\/wp-content\/uploads\/2026\/SK0033483-CZ20260425-093351-0-1777080838-875925-1_keramicke-umyvadlo-myjoys-euphoria-100-bile.webp\" \/>\n\t<meta property=\"og:image:width\" content=\"1000\" \/>\n\t<meta property=\"og:image:height\" content=\"750\" \/>\n\t<meta property=\"og:image:type\" content=\"image\/webp\" \/>\n<meta name=\"twitter:card\" content=\"summary_large_image\" \/>\n<meta name=\"twitter:label1\" content=\"Odhadovan\u00e1 doba \u010dten\u00ed\" \/>\n\t<meta name=\"twitter:data1\" content=\"1 minuta\" \/>\n<script type=\"application\/ld+json\" class=\"yoast-schema-graph\">{\"@context\":\"https:\/\/schema.org\",\"@graph\":[{\"@type\":\"WebPage\",\"@id\":\"https:\/\/www.domstavpro.com\/index.php\/produkt\/akcni-cena-keramicke-umyvadlo-myjoys-euphoria-100-bile-41156\/\",\"url\":\"https:\/\/www.domstavpro.com\/index.php\/produkt\/akcni-cena-keramicke-umyvadlo-myjoys-euphoria-100-bile-41156\/\",\"name\":\"Ak\u010dn\u00ed Cena Keramick\u00e9 umyvadlo Myjoys Euphoria 100 - b\u00edl\u00e9 -\",\"isPartOf\":{\"@id\":\"https:\/\/www.domstavpro.com\/#website\"},\"primaryImageOfPage\":{\"@id\":\"https:\/\/www.domstavpro.com\/index.php\/produkt\/akcni-cena-keramicke-umyvadlo-myjoys-euphoria-100-bile-41156\/#primaryimage\"},\"image\":{\"@id\":\"https:\/\/www.domstavpro.com\/index.php\/produkt\/akcni-cena-keramicke-umyvadlo-myjoys-euphoria-100-bile-41156\/#primaryimage\"},\"thumbnailUrl\":\"https:\/\/www.domstavpro.com\/wp-content\/uploads\/2026\/SK0033483-CZ20260425-093351-0-1777080838-875925-1_keramicke-umyvadlo-myjoys-euphoria-100-bile.webp\",\"datePublished\":\"2026-04-27T15:09:31+00:00\",\"breadcrumb\":{\"@id\":\"https:\/\/www.domstavpro.com\/index.php\/produkt\/akcni-cena-keramicke-umyvadlo-myjoys-euphoria-100-bile-41156\/#breadcrumb\"},\"inLanguage\":\"cs\",\"potentialAction\":[{\"@type\":\"ReadAction\",\"target\":[\"https:\/\/www.domstavpro.com\/index.php\/produkt\/akcni-cena-keramicke-umyvadlo-myjoys-euphoria-100-bile-41156\/\"]}]},{\"@type\":\"ImageObject\",\"inLanguage\":\"cs\",\"@id\":\"https:\/\/www.domstavpro.com\/index.php\/produkt\/akcni-cena-keramicke-umyvadlo-myjoys-euphoria-100-bile-41156\/#primaryimage\",\"url\":\"https:\/\/www.domstavpro.com\/wp-content\/uploads\/2026\/SK0033483-CZ20260425-093351-0-1777080838-875925-1_keramicke-umyvadlo-myjoys-euphoria-100-bile.webp\",\"contentUrl\":\"https:\/\/www.domstavpro.com\/wp-content\/uploads\/2026\/SK0033483-CZ20260425-093351-0-1777080838-875925-1_keramicke-umyvadlo-myjoys-euphoria-100-bile.webp\",\"width\":1000,\"height\":750},{\"@type\":\"BreadcrumbList\",\"@id\":\"https:\/\/www.domstavpro.com\/index.php\/produkt\/akcni-cena-keramicke-umyvadlo-myjoys-euphoria-100-bile-41156\/#breadcrumb\",\"itemListElement\":[{\"@type\":\"ListItem\",\"position\":1,\"name\":\"Home\",\"item\":\"https:\/\/www.domstavpro.com\/\"},{\"@type\":\"ListItem\",\"position\":2,\"name\":\"Products\",\"item\":\"https:\/\/www.domstavpro.com\/index.php\/products\/\"},{\"@type\":\"ListItem\",\"position\":3,\"name\":\"Ak\u010dn\u00ed Cena Keramick\u00e9 umyvadlo Myjoys Euphoria 100 &#8211; b\u00edl\u00e9\"}]},{\"@type\":\"WebSite\",\"@id\":\"https:\/\/www.domstavpro.com\/#website\",\"url\":\"https:\/\/www.domstavpro.com\/\",\"name\":\"\",\"description\":\"\",\"potentialAction\":[{\"@type\":\"SearchAction\",\"target\":{\"@type\":\"EntryPoint\",\"urlTemplate\":\"https:\/\/www.domstavpro.com\/?s={search_term_string}\"},\"query-input\":{\"@type\":\"PropertyValueSpecification\",\"valueRequired\":true,\"valueName\":\"search_term_string\"}}],\"inLanguage\":\"cs\"}]}<\/script>\n<!-- \/ Yoast SEO plugin. -->","yoast_head_json":{"title":"Ak\u010dn\u00ed Cena Keramick\u00e9 umyvadlo Myjoys Euphoria 100 - b\u00edl\u00e9 -","robots":{"index":"index","follow":"follow","max-snippet":"max-snippet:-1","max-image-preview":"max-image-preview:large","max-video-preview":"max-video-preview:-1"},"canonical":"https:\/\/www.domstavpro.com\/index.php\/produkt\/akcni-cena-keramicke-umyvadlo-myjoys-euphoria-100-bile-41156\/","og_locale":"cs_CZ","og_type":"article","og_title":"Ak\u010dn\u00ed Cena Keramick\u00e9 umyvadlo Myjoys Euphoria 100 - b\u00edl\u00e9 -","og_description":"Detailn\u00ed popis produktu Designov\u00fd klenot z D\u0159evojasu Keramick\u00e9 umyvadlo Euphoria 100 zna\u010dky MYJOYS p\u0159edstavuje opravdovou lah\u016fdku, kter\u00e1 bude slu\u0161et ka\u017ed\u00e9 koupeln\u011b. Umyvadlo \u0159ad\u00edme mezi n\u00e1bytkov\u00e1 umyvadla a dod\u00e1v\u00e1me ho s celou \u0159adou nem\u00e9n\u011b kr\u00e1sn\u00fdch umyvadlov\u00fdch sk\u0159\u00edn\u00ed. Z\u00e1le\u017e\u00ed pouze na v\u00e1s, jak\u00e9mu stylu d\u00e1v\u00e1te p\u0159ednost. D\u00edky minimalistick\u00e9mu designu umyvadla ale m\u016f\u017eete v\u017edy po\u010d\u00edtat s modern\u00edm a [&hellip;]","og_url":"https:\/\/www.domstavpro.com\/index.php\/produkt\/akcni-cena-keramicke-umyvadlo-myjoys-euphoria-100-bile-41156\/","og_image":[{"width":1000,"height":750,"url":"https:\/\/www.domstavpro.com\/wp-content\/uploads\/2026\/SK0033483-CZ20260425-093351-0-1777080838-875925-1_keramicke-umyvadlo-myjoys-euphoria-100-bile.webp","type":"image\/webp"}],"twitter_card":"summary_large_image","twitter_misc":{"Odhadovan\u00e1 doba \u010dten\u00ed":"1 minuta"},"schema":{"@context":"https:\/\/schema.org","@graph":[{"@type":"WebPage","@id":"https:\/\/www.domstavpro.com\/index.php\/produkt\/akcni-cena-keramicke-umyvadlo-myjoys-euphoria-100-bile-41156\/","url":"https:\/\/www.domstavpro.com\/index.php\/produkt\/akcni-cena-keramicke-umyvadlo-myjoys-euphoria-100-bile-41156\/","name":"Ak\u010dn\u00ed Cena Keramick\u00e9 umyvadlo Myjoys Euphoria 100 - b\u00edl\u00e9 -","isPartOf":{"@id":"https:\/\/www.domstavpro.com\/#website"},"primaryImageOfPage":{"@id":"https:\/\/www.domstavpro.com\/index.php\/produkt\/akcni-cena-keramicke-umyvadlo-myjoys-euphoria-100-bile-41156\/#primaryimage"},"image":{"@id":"https:\/\/www.domstavpro.com\/index.php\/produkt\/akcni-cena-keramicke-umyvadlo-myjoys-euphoria-100-bile-41156\/#primaryimage"},"thumbnailUrl":"https:\/\/www.domstavpro.com\/wp-content\/uploads\/2026\/SK0033483-CZ20260425-093351-0-1777080838-875925-1_keramicke-umyvadlo-myjoys-euphoria-100-bile.webp","datePublished":"2026-04-27T15:09:31+00:00","breadcrumb":{"@id":"https:\/\/www.domstavpro.com\/index.php\/produkt\/akcni-cena-keramicke-umyvadlo-myjoys-euphoria-100-bile-41156\/#breadcrumb"},"inLanguage":"cs","potentialAction":[{"@type":"ReadAction","target":["https:\/\/www.domstavpro.com\/index.php\/produkt\/akcni-cena-keramicke-umyvadlo-myjoys-euphoria-100-bile-41156\/"]}]},{"@type":"ImageObject","inLanguage":"cs","@id":"https:\/\/www.domstavpro.com\/index.php\/produkt\/akcni-cena-keramicke-umyvadlo-myjoys-euphoria-100-bile-41156\/#primaryimage","url":"https:\/\/www.domstavpro.com\/wp-content\/uploads\/2026\/SK0033483-CZ20260425-093351-0-1777080838-875925-1_keramicke-umyvadlo-myjoys-euphoria-100-bile.webp","contentUrl":"https:\/\/www.domstavpro.com\/wp-content\/uploads\/2026\/SK0033483-CZ20260425-093351-0-1777080838-875925-1_keramicke-umyvadlo-myjoys-euphoria-100-bile.webp","width":1000,"height":750},{"@type":"BreadcrumbList","@id":"https:\/\/www.domstavpro.com\/index.php\/produkt\/akcni-cena-keramicke-umyvadlo-myjoys-euphoria-100-bile-41156\/#breadcrumb","itemListElement":[{"@type":"ListItem","position":1,"name":"Home","item":"https:\/\/www.domstavpro.com\/"},{"@type":"ListItem","position":2,"name":"Products","item":"https:\/\/www.domstavpro.com\/index.php\/products\/"},{"@type":"ListItem","position":3,"name":"Ak\u010dn\u00ed Cena Keramick\u00e9 umyvadlo Myjoys Euphoria 100 &#8211; b\u00edl\u00e9"}]},{"@type":"WebSite","@id":"https:\/\/www.domstavpro.com\/#website","url":"https:\/\/www.domstavpro.com\/","name":"","description":"","potentialAction":[{"@type":"SearchAction","target":{"@type":"EntryPoint","urlTemplate":"https:\/\/www.domstavpro.com\/?s={search_term_string}"},"query-input":{"@type":"PropertyValueSpecification","valueRequired":true,"valueName":"search_term_string"}}],"inLanguage":"cs"}]}},"_links":{"self":[{"href":"https:\/\/www.domstavpro.com\/index.php\/wp-json\/wp\/v2\/product\/41156","targetHints":{"allow":["GET"]}}],"collection":[{"href":"https:\/\/www.domstavpro.com\/index.php\/wp-json\/wp\/v2\/product"}],"about":[{"href":"https:\/\/www.domstavpro.com\/index.php\/wp-json\/wp\/v2\/types\/product"}],"replies":[{"embeddable":true,"href":"https:\/\/www.domstavpro.com\/index.php\/wp-json\/wp\/v2\/comments?post=41156"}],"wp:featuredmedia":[{"embeddable":true,"href":"https:\/\/www.domstavpro.com\/index.php\/wp-json\/wp\/v2\/media\/41256"}],"wp:attachment":[{"href":"https:\/\/www.domstavpro.com\/index.php\/wp-json\/wp\/v2\/media?parent=41156"}],"wp:term":[{"taxonomy":"product_brand","embeddable":true,"href":"https:\/\/www.domstavpro.com\/index.php\/wp-json\/wp\/v2\/product_brand?post=41156"},{"taxonomy":"product_cat","embeddable":true,"href":"https:\/\/www.domstavpro.com\/index.php\/wp-json\/wp\/v2\/product_cat?post=41156"},{"taxonomy":"product_tag","embeddable":true,"href":"https:\/\/www.domstavpro.com\/index.php\/wp-json\/wp\/v2\/product_tag?post=41156"}],"curies":[{"name":"wp","href":"https:\/\/api.w.org\/{rel}","templated":true}]}}