{"id":32943,"date":"2026-04-27T15:09:11","date_gmt":"2026-04-27T15:09:11","guid":{"rendered":""},"modified":"2026-04-27T15:09:11","modified_gmt":"2026-04-27T15:09:11","slug":"zlevneny-one-linear-140-phase-up-down-zavesne-svitidlo-cerne-35-w-2700-3000-k-big-white-slv-32943","status":"publish","type":"product","link":"https:\/\/www.domstavpro.com\/index.php\/produkt\/zlevneny-one-linear-140-phase-up-down-zavesne-svitidlo-cerne-35-w-2700-3000-k-big-white-slv-32943\/","title":{"rendered":"Zlevn\u011bn\u00fd ONE LINEAR 140 PHASE up\/down z\u00e1v\u011bsn\u00e9 sv\u00edtidlo \u010dern\u00e9 35 W 2700\/3000 K &#8211; BIG WHITE (SLV)"},"content":{"rendered":"<h3 class=\"product-h3\">Popis produktu<\/h3>\n<p><h2>ONE LINEAR 140 PHASE up\/down z\u00e1v\u011bsn\u00e9 sv\u00edtidlo \u010dern\u00e9 35 W 2700\/3000 K \u2013 BIG WHITE (SLV)<\/h2>\n<h3>Modern\u00ed elegance a precizn\u00ed sv\u011btlo pro va\u0161e interi\u00e9ry<\/h3>\n<p>Z\u00e1v\u011bsn\u00e9 sv\u00edtidlo <strong>ONE LINEAR 140 PHASE<\/strong> od renomovan\u00e9ho v\u00fdrobce SLV (kolekce BIG WHITE) v sob\u011b spojuje st\u0159\u00eddm\u00fd, modern\u00ed design a \u0161pi\u010dkovou sv\u011btelnou technologii. Minimalistick\u00e9 linie v matn\u011b \u010dern\u00e9m proveden\u00ed z hlin\u00edku p\u016fsob\u00ed nad\u010dasov\u011b a v\u00fdjime\u010dn\u011b elegantn\u011b. D\u00edky sv\u00e9mu vzhledu a v\u00fdborn\u00fdm technick\u00fdm parametr\u016fm je ide\u00e1ln\u00ed volbou nejen pro reprezentativn\u00ed hotelov\u00e9 a restaura\u010dn\u00ed prostory, ale i pro modern\u00ed obytn\u00e9 interi\u00e9ry, dom\u00e1c\u00ed pracovny nebo designov\u00e1 studia.<\/p>\n<h3>Hlavn\u00ed p\u0159ednosti a doporu\u010den\u00ed architekta<\/h3>\n<ul>\n<li><strong>Oboustrann\u00e9 sv\u00edcen\u00ed<\/strong> \u2013 osv\u011btlen\u00ed sm\u011brem nahoru i dol\u016f vytv\u00e1\u0159\u00ed p\u0159\u00edjemnou atmosf\u00e9ru a zaji\u0161\u0165uje ide\u00e1ln\u00ed sv\u011bteln\u00e9 podm\u00ednky pro pr\u00e1ci, stolov\u00e1n\u00ed nebo relaxaci.<\/li>\n<li><strong>Vysok\u00e9 CRI &gt; 90<\/strong> \u2013 zaru\u010duje v\u011brn\u00e9 pod\u00e1n\u00ed barev a vhodn\u00e9 nasv\u011btlen\u00ed i pro n\u00e1ro\u010dn\u00e9 interi\u00e9rov\u00e9 aplikace.<\/li>\n<li><strong>Stm\u00edvateln\u00e9 proveden\u00ed<\/strong> \u2013 plynul\u00e1 regulace intenzity sv\u011btla pro p\u0159izp\u016fsoben\u00ed aktu\u00e1ln\u00ed n\u00e1lad\u011b i aktivit\u011b.<\/li>\n<li><strong>N\u00edzk\u00e1 \u00fadr\u017eba a dlouh\u00e1 \u017eivotnost<\/strong> \u2013 kompaktn\u00ed design a kvalitn\u00ed materi\u00e1ly garantuj\u00ed minim\u00e1ln\u00ed n\u00e1roky na servis a bezprobl\u00e9mov\u00e9 pou\u017e\u00edv\u00e1n\u00ed.<\/li>\n<li><strong>Univerz\u00e1ln\u00ed pou\u017eit\u00ed<\/strong> \u2013 vhodn\u00e9 nad j\u00eddeln\u00ed st\u016fl, do ob\u00fdvac\u00edho pokoje, reprezentativn\u00edch prostor nebo kancel\u00e1\u0159\u00ed.<\/li>\n<\/ul>\n<h3>Technick\u00e9 specifikace<\/h3>\n<ul>\n<li>V\u00fdkon: 35 W<\/li>\n<li>Sv\u011bteln\u00fd tok: 1875 lm<\/li>\n<li>Teplota barvy: 2700\/3000 K (tepl\u00e1 b\u00edl\u00e1)<\/li>\n<li>Index pod\u00e1n\u00ed barev: CRI &gt; 90<\/li>\n<li>Rozm\u011bry: d\u00e9lka 1400 mm, \u0161\u00ed\u0159ka 16 mm, v\u00fd\u0161ka 42 mm<\/li>\n<li>D\u00e9lka z\u00e1v\u011bsu: 1800 mm<\/li>\n<li>Hmotnost: 2000 g<\/li>\n<li>Materi\u00e1l: hlin\u00edk<\/li>\n<li>Barva: \u010dern\u00e1<\/li>\n<li>Nap\u00e1jen\u00ed: 220\u2013240 V, proudov\u00e9 zat\u00ed\u017een\u00ed 900 mA<\/li>\n<li>Energetick\u00e1 t\u0159\u00edda: F<\/li>\n<li>Stm\u00edvateln\u00e9: ano<\/li>\n<\/ul>\n<h3>Doporu\u010den\u00ed pro z\u00e1kazn\u00edky<\/h3>\n<p>Hled\u00e1te-li modern\u00ed z\u00e1v\u011bsn\u00e9 sv\u00edtidlo s nad\u010dasov\u00fdm designem, kter\u00e9 skv\u011ble dopln\u00ed interi\u00e9r a z\u00e1rove\u0148 zajist\u00ed p\u0159\u00edjemn\u00e9 a kvalitn\u00ed osv\u011btlen\u00ed, <strong>ONE LINEAR 140 PHASE<\/strong> je volba, kter\u00e1 zaujme. D\u00edky v\u00fdkonn\u00e9mu, stm\u00edvateln\u00e9mu LED modulu a mo\u017enosti volby teploty barvy sv\u011btla (2700\/3000 K) si snadno nastav\u00edte atmosf\u00e9ru p\u0159esn\u011b podle sv\u00fdch p\u0159edstav. Skv\u011bl\u00e1 volba pro ty, kdo ocen\u00ed design, funk\u010dnost a precizn\u00ed sv\u011bteln\u00e9 pod\u00e1n\u00ed.<\/p>\n<h3>Z\u00e1ruky a certifikace<\/h3>\n<ul>\n<li><strong>Z\u00e1ruka:<\/strong> 2 roky<\/li>\n<li><strong>Certifikace:<\/strong> CE<\/li>\n<\/ul>\n<\/p><\/div>\n<\/p><\/div>\n<p><\/p>\n<div class=\"top-params\">\n<h3 class=\"product-h3 collapse-header \" data-toggle=\"collapse\" data-target=\"#collapseOne\" aria-expanded=\"true\" aria-controls=\"collapseOne\">Parametry<\/h3>\n<div id=\"collapseOne\" class=\"collapse show\" aria-labelledby=\"headingOne\" data-parent=\"#product-info-accordion1\">\n<table class=\"table-striped\">\n<tr>\n<td>                V\u00fd\u0161ka v mm            <\/td>\n<td>                42            <\/td>\n<\/tr>\n<tr>\n<td>                Stm\u00edvateln\u00e9            <\/td>\n<td>                ano            <\/td>\n<\/tr>\n<tr>\n<td>                Hmotnost g            <\/td>\n<td>                2000            <\/td>\n<\/tr>\n<tr>\n<td>                Index pod\u00e1n\u00ed barev            <\/td>\n<td>                90            <\/td>\n<\/tr>\n<tr>\n<td>                \u0160\u00ed\u0159ka v mm            <\/td>\n<td>                16            <\/td>\n<\/tr>\n<tr>\n<td>                D\u00e9lka v mm            <\/td>\n<td>                1400            <\/td>\n<\/tr>\n<tr>\n<td>                D\u00e9lka z\u00e1v\u011bsu v mm            <\/td>\n<td>                1800            <\/td>\n<\/tr>\n<tr>\n<td>                Sv\u011bteln\u00fd tok            <\/td>\n<td>                1875lm            <\/td>\n<\/tr>\n<tr>\n<td>                Teplota barvy sv\u011btla            <\/td>\n<td>                2700\/3000K            <\/td>\n<\/tr>\n<tr>\n<td>                V\u00fdkon            <\/td>\n<td>                35W            <\/td>\n<\/tr>\n<tr>\n<td>                Nap\u00e1jec\u00ed nap\u011bt\u00ed            <\/td>\n<td>                220-240V            <\/td>\n<\/tr>\n<tr>\n<td>                Proudov\u00e9 zat\u00ed\u017een\u00ed            <\/td>\n<td>                900mA            <\/td>\n<\/tr>\n<tr>\n<td>                Materi\u00e1l            <\/td>\n<td>                hlin\u00edk            <\/td>\n<\/tr>\n<tr>\n<td>                Barva            <\/td>\n<td>                \u010dern\u00e1            <\/td>\n<\/tr>\n<tr>\n<td>                Kolekce            <\/td>\n<td>                ONE LINEAR 140            <\/td>\n<\/tr>\n<tr>\n<td>                V\u00fdrobce            <\/td>\n<td>                SLV &#8211; BIG WHITE            <\/td>\n<\/tr>\n<tr>\n<td>                Energetick\u00e1 \u00fa\u010dinnost            <\/td>\n<td>                F            <\/td>\n<\/tr>\n<tr>\n<td>                U v\u00fdrobce dostupn\u00fdch            <\/td>\n<td>                433                    ks            <\/td>\n<\/tr>\n<\/table>\n<\/div><\/div>\n<\/div>\n<div class=\"accordion\" id=\"product-info-accordion2\">\n","protected":false},"excerpt":{"rendered":"<p>Popis produktu ONE LINEAR 140 PHASE up\/down z\u00e1v\u011bsn\u00e9 sv\u00edtidlo \u010dern\u00e9 35 W 2700\/3000 K \u2013 BIG WHITE (SLV) Modern\u00ed elegance a precizn\u00ed sv\u011btlo pro va\u0161e interi\u00e9ry Z\u00e1v\u011bsn\u00e9 sv\u00edtidlo ONE LINEAR 140 PHASE od renomovan\u00e9ho v\u00fdrobce SLV (kolekce BIG WHITE) v sob\u011b spojuje st\u0159\u00eddm\u00fd, modern\u00ed design a \u0161pi\u010dkovou sv\u011btelnou technologii. Minimalistick\u00e9 linie v matn\u011b \u010dern\u00e9m proveden\u00ed [&hellip;]<\/p>\n","protected":false},"featured_media":33043,"comment_status":"open","ping_status":"open","template":"","meta":[],"product_brand":[],"product_cat":[31],"product_tag":[],"class_list":{"0":"post-32943","1":"product","2":"type-product","3":"status-publish","4":"has-post-thumbnail","6":"product_cat-interierova-svitidla","8":"first","9":"instock","10":"sale","11":"shipping-taxable","12":"purchasable","13":"product-type-simple"},"yoast_head":"<!-- This site is optimized with the Yoast SEO plugin v26.8 - https:\/\/yoast.com\/product\/yoast-seo-wordpress\/ -->\n<title>Zlevn\u011bn\u00fd ONE LINEAR 140 PHASE up\/down z\u00e1v\u011bsn\u00e9 sv\u00edtidlo \u010dern\u00e9 35 W 2700\/3000 K - BIG WHITE (SLV) -<\/title>\n<meta name=\"robots\" content=\"index, follow, max-snippet:-1, max-image-preview:large, max-video-preview:-1\" \/>\n<link rel=\"canonical\" href=\"https:\/\/www.domstavpro.com\/index.php\/produkt\/zlevneny-one-linear-140-phase-up-down-zavesne-svitidlo-cerne-35-w-2700-3000-k-big-white-slv-32943\/\" \/>\n<meta property=\"og:locale\" content=\"cs_CZ\" \/>\n<meta property=\"og:type\" content=\"article\" \/>\n<meta property=\"og:title\" content=\"Zlevn\u011bn\u00fd ONE LINEAR 140 PHASE up\/down z\u00e1v\u011bsn\u00e9 sv\u00edtidlo \u010dern\u00e9 35 W 2700\/3000 K - BIG WHITE (SLV) -\" \/>\n<meta property=\"og:description\" content=\"Popis produktu ONE LINEAR 140 PHASE up\/down z\u00e1v\u011bsn\u00e9 sv\u00edtidlo \u010dern\u00e9 35 W 2700\/3000 K \u2013 BIG WHITE (SLV) Modern\u00ed elegance a precizn\u00ed sv\u011btlo pro va\u0161e interi\u00e9ry Z\u00e1v\u011bsn\u00e9 sv\u00edtidlo ONE LINEAR 140 PHASE od renomovan\u00e9ho v\u00fdrobce SLV (kolekce BIG WHITE) v sob\u011b spojuje st\u0159\u00eddm\u00fd, modern\u00ed design a \u0161pi\u010dkovou sv\u011btelnou technologii. Minimalistick\u00e9 linie v matn\u011b \u010dern\u00e9m proveden\u00ed [&hellip;]\" \/>\n<meta property=\"og:url\" content=\"https:\/\/www.domstavpro.com\/index.php\/produkt\/zlevneny-one-linear-140-phase-up-down-zavesne-svitidlo-cerne-35-w-2700-3000-k-big-white-slv-32943\/\" \/>\n<meta property=\"og:image\" content=\"https:\/\/www.domstavpro.com\/wp-content\/uploads\/2026\/SK0027365-CZ20260425-091535-0-1777079744-LA-1006188.webp\" \/>\n\t<meta property=\"og:image:width\" content=\"800\" \/>\n\t<meta property=\"og:image:height\" content=\"800\" \/>\n\t<meta property=\"og:image:type\" content=\"image\/webp\" \/>\n<meta name=\"twitter:card\" content=\"summary_large_image\" \/>\n<meta name=\"twitter:label1\" content=\"Odhadovan\u00e1 doba \u010dten\u00ed\" \/>\n\t<meta name=\"twitter:data1\" content=\"2 minuty\" \/>\n<script type=\"application\/ld+json\" class=\"yoast-schema-graph\">{\"@context\":\"https:\/\/schema.org\",\"@graph\":[{\"@type\":\"WebPage\",\"@id\":\"https:\/\/www.domstavpro.com\/index.php\/produkt\/zlevneny-one-linear-140-phase-up-down-zavesne-svitidlo-cerne-35-w-2700-3000-k-big-white-slv-32943\/\",\"url\":\"https:\/\/www.domstavpro.com\/index.php\/produkt\/zlevneny-one-linear-140-phase-up-down-zavesne-svitidlo-cerne-35-w-2700-3000-k-big-white-slv-32943\/\",\"name\":\"Zlevn\u011bn\u00fd ONE LINEAR 140 PHASE up\/down z\u00e1v\u011bsn\u00e9 sv\u00edtidlo \u010dern\u00e9 35 W 2700\/3000 K - BIG WHITE (SLV) -\",\"isPartOf\":{\"@id\":\"https:\/\/www.domstavpro.com\/#website\"},\"primaryImageOfPage\":{\"@id\":\"https:\/\/www.domstavpro.com\/index.php\/produkt\/zlevneny-one-linear-140-phase-up-down-zavesne-svitidlo-cerne-35-w-2700-3000-k-big-white-slv-32943\/#primaryimage\"},\"image\":{\"@id\":\"https:\/\/www.domstavpro.com\/index.php\/produkt\/zlevneny-one-linear-140-phase-up-down-zavesne-svitidlo-cerne-35-w-2700-3000-k-big-white-slv-32943\/#primaryimage\"},\"thumbnailUrl\":\"https:\/\/www.domstavpro.com\/wp-content\/uploads\/2026\/SK0027365-CZ20260425-091535-0-1777079744-LA-1006188.webp\",\"datePublished\":\"2026-04-27T15:09:11+00:00\",\"breadcrumb\":{\"@id\":\"https:\/\/www.domstavpro.com\/index.php\/produkt\/zlevneny-one-linear-140-phase-up-down-zavesne-svitidlo-cerne-35-w-2700-3000-k-big-white-slv-32943\/#breadcrumb\"},\"inLanguage\":\"cs\",\"potentialAction\":[{\"@type\":\"ReadAction\",\"target\":[\"https:\/\/www.domstavpro.com\/index.php\/produkt\/zlevneny-one-linear-140-phase-up-down-zavesne-svitidlo-cerne-35-w-2700-3000-k-big-white-slv-32943\/\"]}]},{\"@type\":\"ImageObject\",\"inLanguage\":\"cs\",\"@id\":\"https:\/\/www.domstavpro.com\/index.php\/produkt\/zlevneny-one-linear-140-phase-up-down-zavesne-svitidlo-cerne-35-w-2700-3000-k-big-white-slv-32943\/#primaryimage\",\"url\":\"https:\/\/www.domstavpro.com\/wp-content\/uploads\/2026\/SK0027365-CZ20260425-091535-0-1777079744-LA-1006188.webp\",\"contentUrl\":\"https:\/\/www.domstavpro.com\/wp-content\/uploads\/2026\/SK0027365-CZ20260425-091535-0-1777079744-LA-1006188.webp\",\"width\":800,\"height\":800},{\"@type\":\"BreadcrumbList\",\"@id\":\"https:\/\/www.domstavpro.com\/index.php\/produkt\/zlevneny-one-linear-140-phase-up-down-zavesne-svitidlo-cerne-35-w-2700-3000-k-big-white-slv-32943\/#breadcrumb\",\"itemListElement\":[{\"@type\":\"ListItem\",\"position\":1,\"name\":\"Home\",\"item\":\"https:\/\/www.domstavpro.com\/\"},{\"@type\":\"ListItem\",\"position\":2,\"name\":\"Products\",\"item\":\"https:\/\/www.domstavpro.com\/index.php\/products\/\"},{\"@type\":\"ListItem\",\"position\":3,\"name\":\"Zlevn\u011bn\u00fd ONE LINEAR 140 PHASE up\/down z\u00e1v\u011bsn\u00e9 sv\u00edtidlo \u010dern\u00e9 35 W 2700\/3000 K &#8211; BIG WHITE (SLV)\"}]},{\"@type\":\"WebSite\",\"@id\":\"https:\/\/www.domstavpro.com\/#website\",\"url\":\"https:\/\/www.domstavpro.com\/\",\"name\":\"\",\"description\":\"\",\"potentialAction\":[{\"@type\":\"SearchAction\",\"target\":{\"@type\":\"EntryPoint\",\"urlTemplate\":\"https:\/\/www.domstavpro.com\/?s={search_term_string}\"},\"query-input\":{\"@type\":\"PropertyValueSpecification\",\"valueRequired\":true,\"valueName\":\"search_term_string\"}}],\"inLanguage\":\"cs\"}]}<\/script>\n<!-- \/ Yoast SEO plugin. -->","yoast_head_json":{"title":"Zlevn\u011bn\u00fd ONE LINEAR 140 PHASE up\/down z\u00e1v\u011bsn\u00e9 sv\u00edtidlo \u010dern\u00e9 35 W 2700\/3000 K - BIG WHITE (SLV) -","robots":{"index":"index","follow":"follow","max-snippet":"max-snippet:-1","max-image-preview":"max-image-preview:large","max-video-preview":"max-video-preview:-1"},"canonical":"https:\/\/www.domstavpro.com\/index.php\/produkt\/zlevneny-one-linear-140-phase-up-down-zavesne-svitidlo-cerne-35-w-2700-3000-k-big-white-slv-32943\/","og_locale":"cs_CZ","og_type":"article","og_title":"Zlevn\u011bn\u00fd ONE LINEAR 140 PHASE up\/down z\u00e1v\u011bsn\u00e9 sv\u00edtidlo \u010dern\u00e9 35 W 2700\/3000 K - BIG WHITE (SLV) -","og_description":"Popis produktu ONE LINEAR 140 PHASE up\/down z\u00e1v\u011bsn\u00e9 sv\u00edtidlo \u010dern\u00e9 35 W 2700\/3000 K \u2013 BIG WHITE (SLV) Modern\u00ed elegance a precizn\u00ed sv\u011btlo pro va\u0161e interi\u00e9ry Z\u00e1v\u011bsn\u00e9 sv\u00edtidlo ONE LINEAR 140 PHASE od renomovan\u00e9ho v\u00fdrobce SLV (kolekce BIG WHITE) v sob\u011b spojuje st\u0159\u00eddm\u00fd, modern\u00ed design a \u0161pi\u010dkovou sv\u011btelnou technologii. Minimalistick\u00e9 linie v matn\u011b \u010dern\u00e9m proveden\u00ed [&hellip;]","og_url":"https:\/\/www.domstavpro.com\/index.php\/produkt\/zlevneny-one-linear-140-phase-up-down-zavesne-svitidlo-cerne-35-w-2700-3000-k-big-white-slv-32943\/","og_image":[{"width":800,"height":800,"url":"https:\/\/www.domstavpro.com\/wp-content\/uploads\/2026\/SK0027365-CZ20260425-091535-0-1777079744-LA-1006188.webp","type":"image\/webp"}],"twitter_card":"summary_large_image","twitter_misc":{"Odhadovan\u00e1 doba \u010dten\u00ed":"2 minuty"},"schema":{"@context":"https:\/\/schema.org","@graph":[{"@type":"WebPage","@id":"https:\/\/www.domstavpro.com\/index.php\/produkt\/zlevneny-one-linear-140-phase-up-down-zavesne-svitidlo-cerne-35-w-2700-3000-k-big-white-slv-32943\/","url":"https:\/\/www.domstavpro.com\/index.php\/produkt\/zlevneny-one-linear-140-phase-up-down-zavesne-svitidlo-cerne-35-w-2700-3000-k-big-white-slv-32943\/","name":"Zlevn\u011bn\u00fd ONE LINEAR 140 PHASE up\/down z\u00e1v\u011bsn\u00e9 sv\u00edtidlo \u010dern\u00e9 35 W 2700\/3000 K - BIG WHITE (SLV) -","isPartOf":{"@id":"https:\/\/www.domstavpro.com\/#website"},"primaryImageOfPage":{"@id":"https:\/\/www.domstavpro.com\/index.php\/produkt\/zlevneny-one-linear-140-phase-up-down-zavesne-svitidlo-cerne-35-w-2700-3000-k-big-white-slv-32943\/#primaryimage"},"image":{"@id":"https:\/\/www.domstavpro.com\/index.php\/produkt\/zlevneny-one-linear-140-phase-up-down-zavesne-svitidlo-cerne-35-w-2700-3000-k-big-white-slv-32943\/#primaryimage"},"thumbnailUrl":"https:\/\/www.domstavpro.com\/wp-content\/uploads\/2026\/SK0027365-CZ20260425-091535-0-1777079744-LA-1006188.webp","datePublished":"2026-04-27T15:09:11+00:00","breadcrumb":{"@id":"https:\/\/www.domstavpro.com\/index.php\/produkt\/zlevneny-one-linear-140-phase-up-down-zavesne-svitidlo-cerne-35-w-2700-3000-k-big-white-slv-32943\/#breadcrumb"},"inLanguage":"cs","potentialAction":[{"@type":"ReadAction","target":["https:\/\/www.domstavpro.com\/index.php\/produkt\/zlevneny-one-linear-140-phase-up-down-zavesne-svitidlo-cerne-35-w-2700-3000-k-big-white-slv-32943\/"]}]},{"@type":"ImageObject","inLanguage":"cs","@id":"https:\/\/www.domstavpro.com\/index.php\/produkt\/zlevneny-one-linear-140-phase-up-down-zavesne-svitidlo-cerne-35-w-2700-3000-k-big-white-slv-32943\/#primaryimage","url":"https:\/\/www.domstavpro.com\/wp-content\/uploads\/2026\/SK0027365-CZ20260425-091535-0-1777079744-LA-1006188.webp","contentUrl":"https:\/\/www.domstavpro.com\/wp-content\/uploads\/2026\/SK0027365-CZ20260425-091535-0-1777079744-LA-1006188.webp","width":800,"height":800},{"@type":"BreadcrumbList","@id":"https:\/\/www.domstavpro.com\/index.php\/produkt\/zlevneny-one-linear-140-phase-up-down-zavesne-svitidlo-cerne-35-w-2700-3000-k-big-white-slv-32943\/#breadcrumb","itemListElement":[{"@type":"ListItem","position":1,"name":"Home","item":"https:\/\/www.domstavpro.com\/"},{"@type":"ListItem","position":2,"name":"Products","item":"https:\/\/www.domstavpro.com\/index.php\/products\/"},{"@type":"ListItem","position":3,"name":"Zlevn\u011bn\u00fd ONE LINEAR 140 PHASE up\/down z\u00e1v\u011bsn\u00e9 sv\u00edtidlo \u010dern\u00e9 35 W 2700\/3000 K &#8211; BIG WHITE (SLV)"}]},{"@type":"WebSite","@id":"https:\/\/www.domstavpro.com\/#website","url":"https:\/\/www.domstavpro.com\/","name":"","description":"","potentialAction":[{"@type":"SearchAction","target":{"@type":"EntryPoint","urlTemplate":"https:\/\/www.domstavpro.com\/?s={search_term_string}"},"query-input":{"@type":"PropertyValueSpecification","valueRequired":true,"valueName":"search_term_string"}}],"inLanguage":"cs"}]}},"_links":{"self":[{"href":"https:\/\/www.domstavpro.com\/index.php\/wp-json\/wp\/v2\/product\/32943","targetHints":{"allow":["GET"]}}],"collection":[{"href":"https:\/\/www.domstavpro.com\/index.php\/wp-json\/wp\/v2\/product"}],"about":[{"href":"https:\/\/www.domstavpro.com\/index.php\/wp-json\/wp\/v2\/types\/product"}],"replies":[{"embeddable":true,"href":"https:\/\/www.domstavpro.com\/index.php\/wp-json\/wp\/v2\/comments?post=32943"}],"wp:featuredmedia":[{"embeddable":true,"href":"https:\/\/www.domstavpro.com\/index.php\/wp-json\/wp\/v2\/media\/33043"}],"wp:attachment":[{"href":"https:\/\/www.domstavpro.com\/index.php\/wp-json\/wp\/v2\/media?parent=32943"}],"wp:term":[{"taxonomy":"product_brand","embeddable":true,"href":"https:\/\/www.domstavpro.com\/index.php\/wp-json\/wp\/v2\/product_brand?post=32943"},{"taxonomy":"product_cat","embeddable":true,"href":"https:\/\/www.domstavpro.com\/index.php\/wp-json\/wp\/v2\/product_cat?post=32943"},{"taxonomy":"product_tag","embeddable":true,"href":"https:\/\/www.domstavpro.com\/index.php\/wp-json\/wp\/v2\/product_tag?post=32943"}],"curies":[{"name":"wp","href":"https:\/\/api.w.org\/{rel}","templated":true}]}}