{"id":30700,"date":"2026-04-27T15:09:06","date_gmt":"2026-04-27T15:09:06","guid":{"rendered":""},"modified":"2026-04-27T15:09:06","modified_gmt":"2026-04-27T15:09:06","slug":"akce-creavit-kid-wc-sedatko-dekor-30700","status":"publish","type":"product","link":"https:\/\/www.domstavpro.com\/index.php\/produkt\/akce-creavit-kid-wc-sedatko-dekor-30700\/","title":{"rendered":"Akce CREAVIT KID WC sed\u00e1tko, dekor"},"content":{"rendered":"<div id=\"e8271543\" class=\"pages\">\n<div>\n<div id=\"PDDescription\" class=\"UserContentView userContent v1a v1 bs-view dcon dc164 PDDescription\" ><dc-con><dc-con><bs-empty><\/bs-empty><\/dc-con><dc-con>        <\/p>\n<div class=\"customDescription\">                    <\/div>\n<p><\/dc-con><dc-con><\/p>\n<p style=\"text-align: justify;\">S\u00e9rie d\u011btsk\u00e9 keramiky KID je vhodn\u00e1 nejen pro jesle \u010di mate\u0159sk\u00e9 \u0161kolky, ale nalezne sv\u00e9 m\u00edsto i ve standardn\u00ed koupeln\u011b a v\u0161ude tam, kde je b\u011b\u017en\u00e1 keramika pro d\u011bti p\u0159\u00edli\u0161 velk\u00e1. Lze volit b\u00edlou keramiku nebo vesel\u00fd barevn\u00fd potisk, kter\u00fd jist\u011b vykouzl\u00ed \u00fasm\u011bv na tv\u00e1\u0159\u00edch v\u0161ech mal\u00fdch u\u017eivatel\u016f.<\/p>\n<h2 class=\"props-title\">Vlastnosti<\/h2>\n<table>\n<tr>\n<th>Zna\u010dka<\/th>\n<td>CREAVIT<\/td>\n<\/tr>\n<tr>\n<th>S\u00e9rie<\/th>\n<td>KID<\/td>\n<\/tr>\n<tr>\n<th>Barva<\/th>\n<td>B\u00edl\u00e1<\/td>\n<\/tr>\n<tr>\n<th>Materi\u00e1l<\/th>\n<td>Duroplast<\/td>\n<\/tr>\n<tr>\n<th>Tvar<\/th>\n<td>Pro konkr\u00e9tn\u00ed WC<\/td>\n<\/tr>\n<tr>\n<th>Ostatn\u00ed<\/th>\n<td>D\u011btsk\u00e1 koupelna<\/td>\n<\/tr>\n<tr>\n<th>Hmotnost \/ ks<\/th>\n<td>2.0000&nbsp;kg<\/td>\n<\/tr>\n<tr>\n<th>Balen\u00ed<\/th>\n<td>1&nbsp;ks<\/td>\n<\/tr>\n<tr>\n<th>EAN<\/th>\n<td>8698531136491<\/td>\n<\/tr>\n<tr>\n<th>Taric<\/th>\n<td>39222000<\/td>\n<\/tr>\n<tr>\n<th>Z\u00e1ruka<\/th>\n<td>2 roky<\/td>\n<\/tr>\n<\/table>\n<div class=\"product-explanation-item\">\n<h3 style=\"text-align: justify;\">Duroplast<\/h3>\n<p style=\"text-align: justify;\">Reaktoplasty (duroplasty) jsou zes\u00ed\u0165ovan\u00e9 polymery, kter\u00e9 vytv\u00e1\u0159ej\u00ed prostorovou trojrozm\u011brnou s\u00ed\u0165. Zes\u00ed\u0165ov\u00e1n\u00ed nast\u00e1v\u00e1 a\u017e p\u0159i tvarov\u00e1n\u00ed plastu vlivem tepla a tlaku, n\u011bkdy p\u016fsoben\u00edm katalyz\u00e1tor\u016f.<\/p>\n<\/div>\n<p><\/dc-con><\/dc-con><\/div>\n<\/p><\/div>\n<div id=\"PDTable3\" class=\"ProductDetailTableView v3a v3 bs-view dcon dc185 PDTable3\" >\n<table>\n<thead><\/thead>\n<tbody>\n<tr class=\"attribute attr_bsshop_maker\">\n<td class=\"caption\">V\u00fdrobce<\/td>\n<td class=\"value\">CREAVIT<\/td>\n<\/tr>\n<tr class=\"attribute attr_sirka\">\n<td class=\"caption\">\u0160\u00ed\u0159ka v mm<\/td>\n<td class=\"value\">490<\/td>\n<\/tr>\n<tr class=\"attribute attr_Vyska\">\n<td class=\"caption\">V\u00fd\u0161ka v mm<\/td>\n<td class=\"value\">60<\/td>\n<\/tr>\n<tr class=\"weight\">\n<td class=\"caption\"><span>Hmotnost<\/span><\/td>\n<td class=\"value\"><span>2,00 kg<\/span><\/td>\n<\/tr>\n<\/tbody>\n<\/table>\n<\/div>\n<\/div>\n<div id=\"e8271544\" class=\"tabs\">\n","protected":false},"excerpt":{"rendered":"<p>S\u00e9rie d\u011btsk\u00e9 keramiky KID je vhodn\u00e1 nejen pro jesle \u010di mate\u0159sk\u00e9 \u0161kolky, ale nalezne sv\u00e9 m\u00edsto i ve standardn\u00ed koupeln\u011b a v\u0161ude tam, kde je b\u011b\u017en\u00e1 keramika pro d\u011bti p\u0159\u00edli\u0161 velk\u00e1. Lze volit b\u00edlou keramiku nebo vesel\u00fd barevn\u00fd potisk, kter\u00fd jist\u011b vykouzl\u00ed \u00fasm\u011bv na tv\u00e1\u0159\u00edch v\u0161ech mal\u00fdch u\u017eivatel\u016f. Vlastnosti Zna\u010dka CREAVIT S\u00e9rie KID Barva B\u00edl\u00e1 [&hellip;]<\/p>\n","protected":false},"featured_media":30800,"comment_status":"open","ping_status":"open","template":"","meta":[],"product_brand":[],"product_cat":[61],"product_tag":[],"class_list":{"0":"post-30700","1":"product","2":"type-product","3":"status-publish","4":"has-post-thumbnail","6":"product_cat-vybaven-237-koupelny","8":"first","9":"instock","10":"sale","11":"shipping-taxable","12":"purchasable","13":"product-type-simple"},"yoast_head":"<!-- This site is optimized with the Yoast SEO plugin v26.8 - https:\/\/yoast.com\/product\/yoast-seo-wordpress\/ -->\n<title>Akce CREAVIT KID WC sed\u00e1tko, dekor -<\/title>\n<meta name=\"robots\" content=\"index, follow, max-snippet:-1, max-image-preview:large, max-video-preview:-1\" \/>\n<link rel=\"canonical\" href=\"https:\/\/www.domstavpro.com\/index.php\/produkt\/akce-creavit-kid-wc-sedatko-dekor-30700\/\" \/>\n<meta property=\"og:locale\" content=\"cs_CZ\" \/>\n<meta property=\"og:type\" content=\"article\" \/>\n<meta property=\"og:title\" content=\"Akce CREAVIT KID WC sed\u00e1tko, dekor -\" \/>\n<meta property=\"og:description\" content=\"S\u00e9rie d\u011btsk\u00e9 keramiky KID je vhodn\u00e1 nejen pro jesle \u010di mate\u0159sk\u00e9 \u0161kolky, ale nalezne sv\u00e9 m\u00edsto i ve standardn\u00ed koupeln\u011b a v\u0161ude tam, kde je b\u011b\u017en\u00e1 keramika pro d\u011bti p\u0159\u00edli\u0161 velk\u00e1. Lze volit b\u00edlou keramiku nebo vesel\u00fd barevn\u00fd potisk, kter\u00fd jist\u011b vykouzl\u00ed \u00fasm\u011bv na tv\u00e1\u0159\u00edch v\u0161ech mal\u00fdch u\u017eivatel\u016f. Vlastnosti Zna\u010dka CREAVIT S\u00e9rie KID Barva B\u00edl\u00e1 [&hellip;]\" \/>\n<meta property=\"og:url\" content=\"https:\/\/www.domstavpro.com\/index.php\/produkt\/akce-creavit-kid-wc-sedatko-dekor-30700\/\" \/>\n<meta property=\"og:image\" content=\"https:\/\/www.domstavpro.com\/wp-content\/uploads\/2026\/SK0028804-CZ20260425-093449-0-1777080896-creavit-kid-wc-sedatko-dekor.webp\" \/>\n\t<meta property=\"og:image:width\" content=\"1000\" \/>\n\t<meta property=\"og:image:height\" content=\"525\" \/>\n\t<meta property=\"og:image:type\" content=\"image\/webp\" \/>\n<meta name=\"twitter:card\" content=\"summary_large_image\" \/>\n<meta name=\"twitter:label1\" content=\"Odhadovan\u00e1 doba \u010dten\u00ed\" \/>\n\t<meta name=\"twitter:data1\" content=\"1 minuta\" \/>\n<script type=\"application\/ld+json\" class=\"yoast-schema-graph\">{\"@context\":\"https:\/\/schema.org\",\"@graph\":[{\"@type\":\"WebPage\",\"@id\":\"https:\/\/www.domstavpro.com\/index.php\/produkt\/akce-creavit-kid-wc-sedatko-dekor-30700\/\",\"url\":\"https:\/\/www.domstavpro.com\/index.php\/produkt\/akce-creavit-kid-wc-sedatko-dekor-30700\/\",\"name\":\"Akce CREAVIT KID WC sed\u00e1tko, dekor -\",\"isPartOf\":{\"@id\":\"https:\/\/www.domstavpro.com\/#website\"},\"primaryImageOfPage\":{\"@id\":\"https:\/\/www.domstavpro.com\/index.php\/produkt\/akce-creavit-kid-wc-sedatko-dekor-30700\/#primaryimage\"},\"image\":{\"@id\":\"https:\/\/www.domstavpro.com\/index.php\/produkt\/akce-creavit-kid-wc-sedatko-dekor-30700\/#primaryimage\"},\"thumbnailUrl\":\"https:\/\/www.domstavpro.com\/wp-content\/uploads\/2026\/SK0028804-CZ20260425-093449-0-1777080896-creavit-kid-wc-sedatko-dekor.webp\",\"datePublished\":\"2026-04-27T15:09:06+00:00\",\"breadcrumb\":{\"@id\":\"https:\/\/www.domstavpro.com\/index.php\/produkt\/akce-creavit-kid-wc-sedatko-dekor-30700\/#breadcrumb\"},\"inLanguage\":\"cs\",\"potentialAction\":[{\"@type\":\"ReadAction\",\"target\":[\"https:\/\/www.domstavpro.com\/index.php\/produkt\/akce-creavit-kid-wc-sedatko-dekor-30700\/\"]}]},{\"@type\":\"ImageObject\",\"inLanguage\":\"cs\",\"@id\":\"https:\/\/www.domstavpro.com\/index.php\/produkt\/akce-creavit-kid-wc-sedatko-dekor-30700\/#primaryimage\",\"url\":\"https:\/\/www.domstavpro.com\/wp-content\/uploads\/2026\/SK0028804-CZ20260425-093449-0-1777080896-creavit-kid-wc-sedatko-dekor.webp\",\"contentUrl\":\"https:\/\/www.domstavpro.com\/wp-content\/uploads\/2026\/SK0028804-CZ20260425-093449-0-1777080896-creavit-kid-wc-sedatko-dekor.webp\",\"width\":1000,\"height\":525},{\"@type\":\"BreadcrumbList\",\"@id\":\"https:\/\/www.domstavpro.com\/index.php\/produkt\/akce-creavit-kid-wc-sedatko-dekor-30700\/#breadcrumb\",\"itemListElement\":[{\"@type\":\"ListItem\",\"position\":1,\"name\":\"Home\",\"item\":\"https:\/\/www.domstavpro.com\/\"},{\"@type\":\"ListItem\",\"position\":2,\"name\":\"Products\",\"item\":\"https:\/\/www.domstavpro.com\/index.php\/products\/\"},{\"@type\":\"ListItem\",\"position\":3,\"name\":\"Akce CREAVIT KID WC sed\u00e1tko, dekor\"}]},{\"@type\":\"WebSite\",\"@id\":\"https:\/\/www.domstavpro.com\/#website\",\"url\":\"https:\/\/www.domstavpro.com\/\",\"name\":\"\",\"description\":\"\",\"potentialAction\":[{\"@type\":\"SearchAction\",\"target\":{\"@type\":\"EntryPoint\",\"urlTemplate\":\"https:\/\/www.domstavpro.com\/?s={search_term_string}\"},\"query-input\":{\"@type\":\"PropertyValueSpecification\",\"valueRequired\":true,\"valueName\":\"search_term_string\"}}],\"inLanguage\":\"cs\"}]}<\/script>\n<!-- \/ Yoast SEO plugin. -->","yoast_head_json":{"title":"Akce CREAVIT KID WC sed\u00e1tko, dekor -","robots":{"index":"index","follow":"follow","max-snippet":"max-snippet:-1","max-image-preview":"max-image-preview:large","max-video-preview":"max-video-preview:-1"},"canonical":"https:\/\/www.domstavpro.com\/index.php\/produkt\/akce-creavit-kid-wc-sedatko-dekor-30700\/","og_locale":"cs_CZ","og_type":"article","og_title":"Akce CREAVIT KID WC sed\u00e1tko, dekor -","og_description":"S\u00e9rie d\u011btsk\u00e9 keramiky KID je vhodn\u00e1 nejen pro jesle \u010di mate\u0159sk\u00e9 \u0161kolky, ale nalezne sv\u00e9 m\u00edsto i ve standardn\u00ed koupeln\u011b a v\u0161ude tam, kde je b\u011b\u017en\u00e1 keramika pro d\u011bti p\u0159\u00edli\u0161 velk\u00e1. Lze volit b\u00edlou keramiku nebo vesel\u00fd barevn\u00fd potisk, kter\u00fd jist\u011b vykouzl\u00ed \u00fasm\u011bv na tv\u00e1\u0159\u00edch v\u0161ech mal\u00fdch u\u017eivatel\u016f. Vlastnosti Zna\u010dka CREAVIT S\u00e9rie KID Barva B\u00edl\u00e1 [&hellip;]","og_url":"https:\/\/www.domstavpro.com\/index.php\/produkt\/akce-creavit-kid-wc-sedatko-dekor-30700\/","og_image":[{"width":1000,"height":525,"url":"https:\/\/www.domstavpro.com\/wp-content\/uploads\/2026\/SK0028804-CZ20260425-093449-0-1777080896-creavit-kid-wc-sedatko-dekor.webp","type":"image\/webp"}],"twitter_card":"summary_large_image","twitter_misc":{"Odhadovan\u00e1 doba \u010dten\u00ed":"1 minuta"},"schema":{"@context":"https:\/\/schema.org","@graph":[{"@type":"WebPage","@id":"https:\/\/www.domstavpro.com\/index.php\/produkt\/akce-creavit-kid-wc-sedatko-dekor-30700\/","url":"https:\/\/www.domstavpro.com\/index.php\/produkt\/akce-creavit-kid-wc-sedatko-dekor-30700\/","name":"Akce CREAVIT KID WC sed\u00e1tko, dekor -","isPartOf":{"@id":"https:\/\/www.domstavpro.com\/#website"},"primaryImageOfPage":{"@id":"https:\/\/www.domstavpro.com\/index.php\/produkt\/akce-creavit-kid-wc-sedatko-dekor-30700\/#primaryimage"},"image":{"@id":"https:\/\/www.domstavpro.com\/index.php\/produkt\/akce-creavit-kid-wc-sedatko-dekor-30700\/#primaryimage"},"thumbnailUrl":"https:\/\/www.domstavpro.com\/wp-content\/uploads\/2026\/SK0028804-CZ20260425-093449-0-1777080896-creavit-kid-wc-sedatko-dekor.webp","datePublished":"2026-04-27T15:09:06+00:00","breadcrumb":{"@id":"https:\/\/www.domstavpro.com\/index.php\/produkt\/akce-creavit-kid-wc-sedatko-dekor-30700\/#breadcrumb"},"inLanguage":"cs","potentialAction":[{"@type":"ReadAction","target":["https:\/\/www.domstavpro.com\/index.php\/produkt\/akce-creavit-kid-wc-sedatko-dekor-30700\/"]}]},{"@type":"ImageObject","inLanguage":"cs","@id":"https:\/\/www.domstavpro.com\/index.php\/produkt\/akce-creavit-kid-wc-sedatko-dekor-30700\/#primaryimage","url":"https:\/\/www.domstavpro.com\/wp-content\/uploads\/2026\/SK0028804-CZ20260425-093449-0-1777080896-creavit-kid-wc-sedatko-dekor.webp","contentUrl":"https:\/\/www.domstavpro.com\/wp-content\/uploads\/2026\/SK0028804-CZ20260425-093449-0-1777080896-creavit-kid-wc-sedatko-dekor.webp","width":1000,"height":525},{"@type":"BreadcrumbList","@id":"https:\/\/www.domstavpro.com\/index.php\/produkt\/akce-creavit-kid-wc-sedatko-dekor-30700\/#breadcrumb","itemListElement":[{"@type":"ListItem","position":1,"name":"Home","item":"https:\/\/www.domstavpro.com\/"},{"@type":"ListItem","position":2,"name":"Products","item":"https:\/\/www.domstavpro.com\/index.php\/products\/"},{"@type":"ListItem","position":3,"name":"Akce CREAVIT KID WC sed\u00e1tko, dekor"}]},{"@type":"WebSite","@id":"https:\/\/www.domstavpro.com\/#website","url":"https:\/\/www.domstavpro.com\/","name":"","description":"","potentialAction":[{"@type":"SearchAction","target":{"@type":"EntryPoint","urlTemplate":"https:\/\/www.domstavpro.com\/?s={search_term_string}"},"query-input":{"@type":"PropertyValueSpecification","valueRequired":true,"valueName":"search_term_string"}}],"inLanguage":"cs"}]}},"_links":{"self":[{"href":"https:\/\/www.domstavpro.com\/index.php\/wp-json\/wp\/v2\/product\/30700","targetHints":{"allow":["GET"]}}],"collection":[{"href":"https:\/\/www.domstavpro.com\/index.php\/wp-json\/wp\/v2\/product"}],"about":[{"href":"https:\/\/www.domstavpro.com\/index.php\/wp-json\/wp\/v2\/types\/product"}],"replies":[{"embeddable":true,"href":"https:\/\/www.domstavpro.com\/index.php\/wp-json\/wp\/v2\/comments?post=30700"}],"wp:featuredmedia":[{"embeddable":true,"href":"https:\/\/www.domstavpro.com\/index.php\/wp-json\/wp\/v2\/media\/30800"}],"wp:attachment":[{"href":"https:\/\/www.domstavpro.com\/index.php\/wp-json\/wp\/v2\/media?parent=30700"}],"wp:term":[{"taxonomy":"product_brand","embeddable":true,"href":"https:\/\/www.domstavpro.com\/index.php\/wp-json\/wp\/v2\/product_brand?post=30700"},{"taxonomy":"product_cat","embeddable":true,"href":"https:\/\/www.domstavpro.com\/index.php\/wp-json\/wp\/v2\/product_cat?post=30700"},{"taxonomy":"product_tag","embeddable":true,"href":"https:\/\/www.domstavpro.com\/index.php\/wp-json\/wp\/v2\/product_tag?post=30700"}],"curies":[{"name":"wp","href":"https:\/\/api.w.org\/{rel}","templated":true}]}}