{"id":30160,"date":"2026-04-27T15:09:04","date_gmt":"2026-04-27T15:09:04","guid":{"rendered":""},"modified":"2026-04-27T15:09:04","modified_gmt":"2026-04-27T15:09:04","slug":"akcni-cena-isvea-sistema-keramicke-umyvadlo-70x42cm-bila-30160","status":"publish","type":"product","link":"https:\/\/www.domstavpro.com\/index.php\/produkt\/akcni-cena-isvea-sistema-keramicke-umyvadlo-70x42cm-bila-30160\/","title":{"rendered":"Ak\u010dn\u00ed Cena ISVEA SISTEMA keramick\u00e9 umyvadlo 70x42cm, b\u00edl\u00e1"},"content":{"rendered":"<div id=\"e8163807\" class=\"pages\">\n<div>\n<div id=\"PDDescription\" class=\"UserContentView userContent v1a v1 bs-view dcon dc164 PDDescription\" ><dc-con><dc-con><bs-empty><\/bs-empty><\/dc-con><dc-con>        <\/p>\n<div class=\"customDescription\">                    <\/div>\n<p><\/dc-con><dc-con><\/p>\n<h2 class=\"props-title\">Vlastnosti<\/h2>\n<table>\n<tr>\n<th>Zna\u010dka<\/th>\n<td>ISVEA<\/td>\n<\/tr>\n<tr>\n<th>3D model<\/th>\n<td>ANO<\/td>\n<\/tr>\n<tr>\n<th>Rozm\u011br<\/th>\n<td>70&#215;42 cm<\/td>\n<\/tr>\n<tr>\n<th>\u0160\u00ed\u0159ka<\/th>\n<td>700&nbsp;mm<\/td>\n<\/tr>\n<tr>\n<th>Hloubka<\/th>\n<td>420&nbsp;mm<\/td>\n<\/tr>\n<tr>\n<th>Barva<\/th>\n<td>B\u00edl\u00e1<\/td>\n<\/tr>\n<tr>\n<th>Materi\u00e1l<\/th>\n<td>Keramika<\/td>\n<\/tr>\n<tr>\n<th>Instalace<\/th>\n<td>N\u00e1st\u011bnn\u00e1-\u0161rouby, K postaven\u00ed<\/td>\n<\/tr>\n<tr>\n<th>Typ umyvadla<\/th>\n<td>Klasick\u00e9 umyvadlo<\/td>\n<\/tr>\n<tr>\n<th>Otvor pro baterii<\/th>\n<td>1 otvor<\/td>\n<\/tr>\n<tr>\n<th>P\u0159epad<\/th>\n<td>ANO<\/td>\n<\/tr>\n<tr>\n<th>Tvar<\/th>\n<td>Obd\u00e9ln\u00edk<\/td>\n<\/tr>\n<tr>\n<th>Hmotnost \/ ks<\/th>\n<td>19.7800&nbsp;kg<\/td>\n<\/tr>\n<tr>\n<th>Balen\u00ed<\/th>\n<td>1&nbsp;ks<\/td>\n<\/tr>\n<tr>\n<th>EAN<\/th>\n<td>8697687582510<\/td>\n<\/tr>\n<tr>\n<th>Taric<\/th>\n<td>69109000<\/td>\n<\/tr>\n<tr>\n<th>Z\u00e1ruka<\/th>\n<td>2 roky<\/td>\n<\/tr>\n<\/table>\n<p><\/dc-con><\/dc-con><\/div>\n<\/p><\/div>\n<div id=\"PDTable3\" class=\"ProductDetailTableView v3a v3 bs-view dcon dc185 PDTable3\" >\n<table>\n<thead><\/thead>\n<tbody>\n<tr class=\"attribute attr_bsshop_maker\">\n<td class=\"caption\">V\u00fdrobce<\/td>\n<td class=\"value\">Isvea<\/td>\n<\/tr>\n<tr class=\"attribute attr_sirka\">\n<td class=\"caption\">\u0160\u00ed\u0159ka v mm<\/td>\n<td class=\"value\">730<\/td>\n<\/tr>\n<tr class=\"attribute attr_Vyska\">\n<td class=\"caption\">V\u00fd\u0161ka v mm<\/td>\n<td class=\"value\">160<\/td>\n<\/tr>\n<tr class=\"weight\">\n<td class=\"caption\"><span>Hmotnost<\/span><\/td>\n<td class=\"value\"><span>19,78 kg<\/span><\/td>\n<\/tr>\n<\/tbody>\n<\/table>\n<\/div>\n<div id=\"ProductMedia\" class=\"ProductMediaView MediaViewBase v1a v1 bs-view dcon dc409 ProductMedia\" ><bs-empty><\/bs-empty><\/p>\n<div class=\"files\">\n<div class=\"title sub\">Soubory<\/div>\n<p><a href=\"\/media\/50417\/20766-10sf50070sv.3ds?&amp;key=ZGpmIyQwNUZfNTA0MTc=\" class=\"3ds\">Dokumenty &#8211; 3D modely_priloha_0<\/a><a href=\"\/media\/50418\/20766-10sf50070sv.dxf?&amp;key=ZGpmIyQwNUZfNTA0MTg=\" class=\"dxf\">Dokumenty &#8211; 3D modely_priloha_2<\/a><a href=\"\/media\/50419\/20766-10sf50070sv.dwg?&amp;key=ZGpmIyQwNUZfNTA0MTk=\" class=\"dwg\">Dokumenty &#8211; 3D modely_priloha_1<\/a><\/div>\n<p><bs-empty><\/bs-empty><\/div>\n<\/div>\n<div id=\"e8163808\" class=\"tabs\">\n","protected":false},"excerpt":{"rendered":"<p>Vlastnosti Zna\u010dka ISVEA 3D model ANO Rozm\u011br 70&#215;42 cm \u0160\u00ed\u0159ka 700&nbsp;mm Hloubka 420&nbsp;mm Barva B\u00edl\u00e1 Materi\u00e1l Keramika Instalace N\u00e1st\u011bnn\u00e1-\u0161rouby, K postaven\u00ed Typ umyvadla Klasick\u00e9 umyvadlo Otvor pro baterii 1 otvor P\u0159epad ANO Tvar Obd\u00e9ln\u00edk Hmotnost \/ ks 19.7800&nbsp;kg Balen\u00ed 1&nbsp;ks EAN 8697687582510 Taric 69109000 Z\u00e1ruka 2 roky V\u00fdrobce Isvea \u0160\u00ed\u0159ka v mm 730 V\u00fd\u0161ka v [&hellip;]<\/p>\n","protected":false},"featured_media":30260,"comment_status":"open","ping_status":"open","template":"","meta":[],"product_brand":[],"product_cat":[61],"product_tag":[],"class_list":{"0":"post-30160","1":"product","2":"type-product","3":"status-publish","4":"has-post-thumbnail","6":"product_cat-vybaven-237-koupelny","8":"first","9":"instock","10":"sale","11":"shipping-taxable","12":"purchasable","13":"product-type-simple"},"yoast_head":"<!-- This site is optimized with the Yoast SEO plugin v26.8 - https:\/\/yoast.com\/product\/yoast-seo-wordpress\/ -->\n<title>Ak\u010dn\u00ed Cena ISVEA SISTEMA keramick\u00e9 umyvadlo 70x42cm, b\u00edl\u00e1 -<\/title>\n<meta name=\"robots\" content=\"index, follow, max-snippet:-1, max-image-preview:large, max-video-preview:-1\" \/>\n<link rel=\"canonical\" href=\"https:\/\/www.domstavpro.com\/index.php\/produkt\/akcni-cena-isvea-sistema-keramicke-umyvadlo-70x42cm-bila-30160\/\" \/>\n<meta property=\"og:locale\" content=\"cs_CZ\" \/>\n<meta property=\"og:type\" content=\"article\" \/>\n<meta property=\"og:title\" content=\"Ak\u010dn\u00ed Cena ISVEA SISTEMA keramick\u00e9 umyvadlo 70x42cm, b\u00edl\u00e1 -\" \/>\n<meta property=\"og:description\" content=\"Vlastnosti Zna\u010dka ISVEA 3D model ANO Rozm\u011br 70&#215;42 cm \u0160\u00ed\u0159ka 700&nbsp;mm Hloubka 420&nbsp;mm Barva B\u00edl\u00e1 Materi\u00e1l Keramika Instalace N\u00e1st\u011bnn\u00e1-\u0161rouby, K postaven\u00ed Typ umyvadla Klasick\u00e9 umyvadlo Otvor pro baterii 1 otvor P\u0159epad ANO Tvar Obd\u00e9ln\u00edk Hmotnost \/ ks 19.7800&nbsp;kg Balen\u00ed 1&nbsp;ks EAN 8697687582510 Taric 69109000 Z\u00e1ruka 2 roky V\u00fdrobce Isvea \u0160\u00ed\u0159ka v mm 730 V\u00fd\u0161ka v [&hellip;]\" \/>\n<meta property=\"og:url\" content=\"https:\/\/www.domstavpro.com\/index.php\/produkt\/akcni-cena-isvea-sistema-keramicke-umyvadlo-70x42cm-bila-30160\/\" \/>\n<meta property=\"og:image\" content=\"https:\/\/www.domstavpro.com\/wp-content\/uploads\/2026\/SK0028558-CZ20260425-093449-0-1777080896-isvea-sistema-keramicke-umyvadlo-70x42cm-bila.webp\" \/>\n\t<meta property=\"og:image:width\" content=\"1000\" \/>\n\t<meta property=\"og:image:height\" content=\"525\" \/>\n\t<meta property=\"og:image:type\" content=\"image\/webp\" \/>\n<meta name=\"twitter:card\" content=\"summary_large_image\" \/>\n<script type=\"application\/ld+json\" class=\"yoast-schema-graph\">{\"@context\":\"https:\/\/schema.org\",\"@graph\":[{\"@type\":\"WebPage\",\"@id\":\"https:\/\/www.domstavpro.com\/index.php\/produkt\/akcni-cena-isvea-sistema-keramicke-umyvadlo-70x42cm-bila-30160\/\",\"url\":\"https:\/\/www.domstavpro.com\/index.php\/produkt\/akcni-cena-isvea-sistema-keramicke-umyvadlo-70x42cm-bila-30160\/\",\"name\":\"Ak\u010dn\u00ed Cena ISVEA SISTEMA keramick\u00e9 umyvadlo 70x42cm, b\u00edl\u00e1 -\",\"isPartOf\":{\"@id\":\"https:\/\/www.domstavpro.com\/#website\"},\"primaryImageOfPage\":{\"@id\":\"https:\/\/www.domstavpro.com\/index.php\/produkt\/akcni-cena-isvea-sistema-keramicke-umyvadlo-70x42cm-bila-30160\/#primaryimage\"},\"image\":{\"@id\":\"https:\/\/www.domstavpro.com\/index.php\/produkt\/akcni-cena-isvea-sistema-keramicke-umyvadlo-70x42cm-bila-30160\/#primaryimage\"},\"thumbnailUrl\":\"https:\/\/www.domstavpro.com\/wp-content\/uploads\/2026\/SK0028558-CZ20260425-093449-0-1777080896-isvea-sistema-keramicke-umyvadlo-70x42cm-bila.webp\",\"datePublished\":\"2026-04-27T15:09:04+00:00\",\"breadcrumb\":{\"@id\":\"https:\/\/www.domstavpro.com\/index.php\/produkt\/akcni-cena-isvea-sistema-keramicke-umyvadlo-70x42cm-bila-30160\/#breadcrumb\"},\"inLanguage\":\"cs\",\"potentialAction\":[{\"@type\":\"ReadAction\",\"target\":[\"https:\/\/www.domstavpro.com\/index.php\/produkt\/akcni-cena-isvea-sistema-keramicke-umyvadlo-70x42cm-bila-30160\/\"]}]},{\"@type\":\"ImageObject\",\"inLanguage\":\"cs\",\"@id\":\"https:\/\/www.domstavpro.com\/index.php\/produkt\/akcni-cena-isvea-sistema-keramicke-umyvadlo-70x42cm-bila-30160\/#primaryimage\",\"url\":\"https:\/\/www.domstavpro.com\/wp-content\/uploads\/2026\/SK0028558-CZ20260425-093449-0-1777080896-isvea-sistema-keramicke-umyvadlo-70x42cm-bila.webp\",\"contentUrl\":\"https:\/\/www.domstavpro.com\/wp-content\/uploads\/2026\/SK0028558-CZ20260425-093449-0-1777080896-isvea-sistema-keramicke-umyvadlo-70x42cm-bila.webp\",\"width\":1000,\"height\":525},{\"@type\":\"BreadcrumbList\",\"@id\":\"https:\/\/www.domstavpro.com\/index.php\/produkt\/akcni-cena-isvea-sistema-keramicke-umyvadlo-70x42cm-bila-30160\/#breadcrumb\",\"itemListElement\":[{\"@type\":\"ListItem\",\"position\":1,\"name\":\"Home\",\"item\":\"https:\/\/www.domstavpro.com\/\"},{\"@type\":\"ListItem\",\"position\":2,\"name\":\"Products\",\"item\":\"https:\/\/www.domstavpro.com\/index.php\/products\/\"},{\"@type\":\"ListItem\",\"position\":3,\"name\":\"Ak\u010dn\u00ed Cena ISVEA SISTEMA keramick\u00e9 umyvadlo 70x42cm, b\u00edl\u00e1\"}]},{\"@type\":\"WebSite\",\"@id\":\"https:\/\/www.domstavpro.com\/#website\",\"url\":\"https:\/\/www.domstavpro.com\/\",\"name\":\"\",\"description\":\"\",\"potentialAction\":[{\"@type\":\"SearchAction\",\"target\":{\"@type\":\"EntryPoint\",\"urlTemplate\":\"https:\/\/www.domstavpro.com\/?s={search_term_string}\"},\"query-input\":{\"@type\":\"PropertyValueSpecification\",\"valueRequired\":true,\"valueName\":\"search_term_string\"}}],\"inLanguage\":\"cs\"}]}<\/script>\n<!-- \/ Yoast SEO plugin. -->","yoast_head_json":{"title":"Ak\u010dn\u00ed Cena ISVEA SISTEMA keramick\u00e9 umyvadlo 70x42cm, b\u00edl\u00e1 -","robots":{"index":"index","follow":"follow","max-snippet":"max-snippet:-1","max-image-preview":"max-image-preview:large","max-video-preview":"max-video-preview:-1"},"canonical":"https:\/\/www.domstavpro.com\/index.php\/produkt\/akcni-cena-isvea-sistema-keramicke-umyvadlo-70x42cm-bila-30160\/","og_locale":"cs_CZ","og_type":"article","og_title":"Ak\u010dn\u00ed Cena ISVEA SISTEMA keramick\u00e9 umyvadlo 70x42cm, b\u00edl\u00e1 -","og_description":"Vlastnosti Zna\u010dka ISVEA 3D model ANO Rozm\u011br 70&#215;42 cm \u0160\u00ed\u0159ka 700&nbsp;mm Hloubka 420&nbsp;mm Barva B\u00edl\u00e1 Materi\u00e1l Keramika Instalace N\u00e1st\u011bnn\u00e1-\u0161rouby, K postaven\u00ed Typ umyvadla Klasick\u00e9 umyvadlo Otvor pro baterii 1 otvor P\u0159epad ANO Tvar Obd\u00e9ln\u00edk Hmotnost \/ ks 19.7800&nbsp;kg Balen\u00ed 1&nbsp;ks EAN 8697687582510 Taric 69109000 Z\u00e1ruka 2 roky V\u00fdrobce Isvea \u0160\u00ed\u0159ka v mm 730 V\u00fd\u0161ka v [&hellip;]","og_url":"https:\/\/www.domstavpro.com\/index.php\/produkt\/akcni-cena-isvea-sistema-keramicke-umyvadlo-70x42cm-bila-30160\/","og_image":[{"width":1000,"height":525,"url":"https:\/\/www.domstavpro.com\/wp-content\/uploads\/2026\/SK0028558-CZ20260425-093449-0-1777080896-isvea-sistema-keramicke-umyvadlo-70x42cm-bila.webp","type":"image\/webp"}],"twitter_card":"summary_large_image","schema":{"@context":"https:\/\/schema.org","@graph":[{"@type":"WebPage","@id":"https:\/\/www.domstavpro.com\/index.php\/produkt\/akcni-cena-isvea-sistema-keramicke-umyvadlo-70x42cm-bila-30160\/","url":"https:\/\/www.domstavpro.com\/index.php\/produkt\/akcni-cena-isvea-sistema-keramicke-umyvadlo-70x42cm-bila-30160\/","name":"Ak\u010dn\u00ed Cena ISVEA SISTEMA keramick\u00e9 umyvadlo 70x42cm, b\u00edl\u00e1 -","isPartOf":{"@id":"https:\/\/www.domstavpro.com\/#website"},"primaryImageOfPage":{"@id":"https:\/\/www.domstavpro.com\/index.php\/produkt\/akcni-cena-isvea-sistema-keramicke-umyvadlo-70x42cm-bila-30160\/#primaryimage"},"image":{"@id":"https:\/\/www.domstavpro.com\/index.php\/produkt\/akcni-cena-isvea-sistema-keramicke-umyvadlo-70x42cm-bila-30160\/#primaryimage"},"thumbnailUrl":"https:\/\/www.domstavpro.com\/wp-content\/uploads\/2026\/SK0028558-CZ20260425-093449-0-1777080896-isvea-sistema-keramicke-umyvadlo-70x42cm-bila.webp","datePublished":"2026-04-27T15:09:04+00:00","breadcrumb":{"@id":"https:\/\/www.domstavpro.com\/index.php\/produkt\/akcni-cena-isvea-sistema-keramicke-umyvadlo-70x42cm-bila-30160\/#breadcrumb"},"inLanguage":"cs","potentialAction":[{"@type":"ReadAction","target":["https:\/\/www.domstavpro.com\/index.php\/produkt\/akcni-cena-isvea-sistema-keramicke-umyvadlo-70x42cm-bila-30160\/"]}]},{"@type":"ImageObject","inLanguage":"cs","@id":"https:\/\/www.domstavpro.com\/index.php\/produkt\/akcni-cena-isvea-sistema-keramicke-umyvadlo-70x42cm-bila-30160\/#primaryimage","url":"https:\/\/www.domstavpro.com\/wp-content\/uploads\/2026\/SK0028558-CZ20260425-093449-0-1777080896-isvea-sistema-keramicke-umyvadlo-70x42cm-bila.webp","contentUrl":"https:\/\/www.domstavpro.com\/wp-content\/uploads\/2026\/SK0028558-CZ20260425-093449-0-1777080896-isvea-sistema-keramicke-umyvadlo-70x42cm-bila.webp","width":1000,"height":525},{"@type":"BreadcrumbList","@id":"https:\/\/www.domstavpro.com\/index.php\/produkt\/akcni-cena-isvea-sistema-keramicke-umyvadlo-70x42cm-bila-30160\/#breadcrumb","itemListElement":[{"@type":"ListItem","position":1,"name":"Home","item":"https:\/\/www.domstavpro.com\/"},{"@type":"ListItem","position":2,"name":"Products","item":"https:\/\/www.domstavpro.com\/index.php\/products\/"},{"@type":"ListItem","position":3,"name":"Ak\u010dn\u00ed Cena ISVEA SISTEMA keramick\u00e9 umyvadlo 70x42cm, b\u00edl\u00e1"}]},{"@type":"WebSite","@id":"https:\/\/www.domstavpro.com\/#website","url":"https:\/\/www.domstavpro.com\/","name":"","description":"","potentialAction":[{"@type":"SearchAction","target":{"@type":"EntryPoint","urlTemplate":"https:\/\/www.domstavpro.com\/?s={search_term_string}"},"query-input":{"@type":"PropertyValueSpecification","valueRequired":true,"valueName":"search_term_string"}}],"inLanguage":"cs"}]}},"_links":{"self":[{"href":"https:\/\/www.domstavpro.com\/index.php\/wp-json\/wp\/v2\/product\/30160","targetHints":{"allow":["GET"]}}],"collection":[{"href":"https:\/\/www.domstavpro.com\/index.php\/wp-json\/wp\/v2\/product"}],"about":[{"href":"https:\/\/www.domstavpro.com\/index.php\/wp-json\/wp\/v2\/types\/product"}],"replies":[{"embeddable":true,"href":"https:\/\/www.domstavpro.com\/index.php\/wp-json\/wp\/v2\/comments?post=30160"}],"wp:featuredmedia":[{"embeddable":true,"href":"https:\/\/www.domstavpro.com\/index.php\/wp-json\/wp\/v2\/media\/30260"}],"wp:attachment":[{"href":"https:\/\/www.domstavpro.com\/index.php\/wp-json\/wp\/v2\/media?parent=30160"}],"wp:term":[{"taxonomy":"product_brand","embeddable":true,"href":"https:\/\/www.domstavpro.com\/index.php\/wp-json\/wp\/v2\/product_brand?post=30160"},{"taxonomy":"product_cat","embeddable":true,"href":"https:\/\/www.domstavpro.com\/index.php\/wp-json\/wp\/v2\/product_cat?post=30160"},{"taxonomy":"product_tag","embeddable":true,"href":"https:\/\/www.domstavpro.com\/index.php\/wp-json\/wp\/v2\/product_tag?post=30160"}],"curies":[{"name":"wp","href":"https:\/\/api.w.org\/{rel}","templated":true}]}}