{"id":23189,"date":"2026-04-27T15:08:47","date_gmt":"2026-04-27T15:08:47","guid":{"rendered":""},"modified":"2026-04-27T15:08:47","modified_gmt":"2026-04-27T15:08:47","slug":"cleancraft-alkalicky-cistici-prostredek-hdr-a-1-litr-kup-ted-23189","status":"publish","type":"product","link":"https:\/\/www.domstavpro.com\/index.php\/produkt\/cleancraft-alkalicky-cistici-prostredek-hdr-a-1-litr-kup-ted-23189\/","title":{"rendered":"Cleancraft Alkalick\u00fd \u010dist\u00edc\u00ed prost\u0159edek HDR-A, 1 litr Kup Te\u010f"},"content":{"rendered":"<table>\n<div class=\"tab-pane active product-description\" id=\"popis\" role=\"tabpanel\">\n<div class=\"short-description\" itemprop=\"description\"><\/div>\n<div class=\"description\">\n<ul>\n<li>Univerz\u00e1ln\u011b pou\u017eiteln\u00fd na sklo, plasty, keramick\u00e9 dla\u017edice, lamin\u00e1t, d\u0159ev\u011bn\u00e9 podlahy, PVC a linolea<br \/>&nbsp;<\/li>\n<li>Vysok\u00e1 \u010dist\u00edc\u00ed s\u00edla<br \/>&nbsp;<\/li>\n<li>\u010cist\u00ed rychle a bez \u0161mouh<br \/>&nbsp;<\/li>\n<li>Bez l\u00e1tek vytv\u00e1\u0159ej\u00edc\u00edch film<br \/>&nbsp;<\/li>\n<li>Nereaguje na n\u00e1t\u011bry<br \/>&nbsp;<\/li>\n<li>v\u011b\u017e\u00ed, p\u0159\u00edjemn\u00e1 a dlouhotrvaj\u00edc\u00ed citrusov\u00e1 v\u016fn\u011b<br \/>&nbsp;<\/li>\n<li>N\u00edzk\u00e1 spot\u0159eba prost\u0159edku<br \/>&nbsp;<\/li>\n<li><strong>Pou\u017eit\u00ed \/ d\u00e1vkov\u00e1n\u00ed:<\/strong><br \/>&nbsp;<\/li>\n<li>1 : 10 v z\u00e1vislosti na zne\u010di\u0161t\u011bn\u00ed<\/li>\n<\/ul>\n<\/div>\n<\/table>\n","protected":false},"excerpt":{"rendered":"<p>Univerz\u00e1ln\u011b pou\u017eiteln\u00fd na sklo, plasty, keramick\u00e9 dla\u017edice, lamin\u00e1t, d\u0159ev\u011bn\u00e9 podlahy, PVC a linolea&nbsp; Vysok\u00e1 \u010dist\u00edc\u00ed s\u00edla&nbsp; \u010cist\u00ed rychle a bez \u0161mouh&nbsp; Bez l\u00e1tek vytv\u00e1\u0159ej\u00edc\u00edch film&nbsp; Nereaguje na n\u00e1t\u011bry&nbsp; v\u011b\u017e\u00ed, p\u0159\u00edjemn\u00e1 a dlouhotrvaj\u00edc\u00ed citrusov\u00e1 v\u016fn\u011b&nbsp; N\u00edzk\u00e1 spot\u0159eba prost\u0159edku&nbsp; Pou\u017eit\u00ed \/ d\u00e1vkov\u00e1n\u00ed:&nbsp; 1 : 10 v z\u00e1vislosti na zne\u010di\u0161t\u011bn\u00ed<\/p>\n","protected":false},"featured_media":23289,"comment_status":"open","ping_status":"open","template":"","meta":[],"product_brand":[],"product_cat":[44],"product_tag":[],"class_list":{"0":"post-23189","1":"product","2":"type-product","3":"status-publish","4":"has-post-thumbnail","6":"product_cat-cistici-technika","8":"first","9":"instock","10":"sale","11":"shipping-taxable","12":"purchasable","13":"product-type-simple"},"yoast_head":"<!-- This site is optimized with the Yoast SEO plugin v26.8 - https:\/\/yoast.com\/product\/yoast-seo-wordpress\/ -->\n<title>Cleancraft Alkalick\u00fd \u010dist\u00edc\u00ed prost\u0159edek HDR-A, 1 litr Kup Te\u010f -<\/title>\n<meta name=\"robots\" content=\"index, follow, max-snippet:-1, max-image-preview:large, max-video-preview:-1\" \/>\n<link rel=\"canonical\" href=\"https:\/\/www.domstavpro.com\/index.php\/produkt\/cleancraft-alkalicky-cistici-prostredek-hdr-a-1-litr-kup-ted-23189\/\" \/>\n<meta property=\"og:locale\" content=\"cs_CZ\" \/>\n<meta property=\"og:type\" content=\"article\" \/>\n<meta property=\"og:title\" content=\"Cleancraft Alkalick\u00fd \u010dist\u00edc\u00ed prost\u0159edek HDR-A, 1 litr Kup Te\u010f -\" \/>\n<meta property=\"og:description\" content=\"Univerz\u00e1ln\u011b pou\u017eiteln\u00fd na sklo, plasty, keramick\u00e9 dla\u017edice, lamin\u00e1t, d\u0159ev\u011bn\u00e9 podlahy, PVC a linolea&nbsp; Vysok\u00e1 \u010dist\u00edc\u00ed s\u00edla&nbsp; \u010cist\u00ed rychle a bez \u0161mouh&nbsp; Bez l\u00e1tek vytv\u00e1\u0159ej\u00edc\u00edch film&nbsp; Nereaguje na n\u00e1t\u011bry&nbsp; v\u011b\u017e\u00ed, p\u0159\u00edjemn\u00e1 a dlouhotrvaj\u00edc\u00ed citrusov\u00e1 v\u016fn\u011b&nbsp; N\u00edzk\u00e1 spot\u0159eba prost\u0159edku&nbsp; Pou\u017eit\u00ed \/ d\u00e1vkov\u00e1n\u00ed:&nbsp; 1 : 10 v z\u00e1vislosti na zne\u010di\u0161t\u011bn\u00ed\" \/>\n<meta property=\"og:url\" content=\"https:\/\/www.domstavpro.com\/index.php\/produkt\/cleancraft-alkalicky-cistici-prostredek-hdr-a-1-litr-kup-ted-23189\/\" \/>\n<meta property=\"og:image\" content=\"https:\/\/www.domstavpro.com\/wp-content\/uploads\/2026\/SK0030916-CZ20260425-092328-0-1777080210-hdr03.webp\" \/>\n\t<meta property=\"og:image:width\" content=\"482\" \/>\n\t<meta property=\"og:image:height\" content=\"684\" \/>\n\t<meta property=\"og:image:type\" content=\"image\/webp\" \/>\n<meta name=\"twitter:card\" content=\"summary_large_image\" \/>\n<script type=\"application\/ld+json\" class=\"yoast-schema-graph\">{\"@context\":\"https:\/\/schema.org\",\"@graph\":[{\"@type\":\"WebPage\",\"@id\":\"https:\/\/www.domstavpro.com\/index.php\/produkt\/cleancraft-alkalicky-cistici-prostredek-hdr-a-1-litr-kup-ted-23189\/\",\"url\":\"https:\/\/www.domstavpro.com\/index.php\/produkt\/cleancraft-alkalicky-cistici-prostredek-hdr-a-1-litr-kup-ted-23189\/\",\"name\":\"Cleancraft Alkalick\u00fd \u010dist\u00edc\u00ed prost\u0159edek HDR-A, 1 litr Kup Te\u010f -\",\"isPartOf\":{\"@id\":\"https:\/\/www.domstavpro.com\/#website\"},\"primaryImageOfPage\":{\"@id\":\"https:\/\/www.domstavpro.com\/index.php\/produkt\/cleancraft-alkalicky-cistici-prostredek-hdr-a-1-litr-kup-ted-23189\/#primaryimage\"},\"image\":{\"@id\":\"https:\/\/www.domstavpro.com\/index.php\/produkt\/cleancraft-alkalicky-cistici-prostredek-hdr-a-1-litr-kup-ted-23189\/#primaryimage\"},\"thumbnailUrl\":\"https:\/\/www.domstavpro.com\/wp-content\/uploads\/2026\/SK0030916-CZ20260425-092328-0-1777080210-hdr03.webp\",\"datePublished\":\"2026-04-27T15:08:47+00:00\",\"breadcrumb\":{\"@id\":\"https:\/\/www.domstavpro.com\/index.php\/produkt\/cleancraft-alkalicky-cistici-prostredek-hdr-a-1-litr-kup-ted-23189\/#breadcrumb\"},\"inLanguage\":\"cs\",\"potentialAction\":[{\"@type\":\"ReadAction\",\"target\":[\"https:\/\/www.domstavpro.com\/index.php\/produkt\/cleancraft-alkalicky-cistici-prostredek-hdr-a-1-litr-kup-ted-23189\/\"]}]},{\"@type\":\"ImageObject\",\"inLanguage\":\"cs\",\"@id\":\"https:\/\/www.domstavpro.com\/index.php\/produkt\/cleancraft-alkalicky-cistici-prostredek-hdr-a-1-litr-kup-ted-23189\/#primaryimage\",\"url\":\"https:\/\/www.domstavpro.com\/wp-content\/uploads\/2026\/SK0030916-CZ20260425-092328-0-1777080210-hdr03.webp\",\"contentUrl\":\"https:\/\/www.domstavpro.com\/wp-content\/uploads\/2026\/SK0030916-CZ20260425-092328-0-1777080210-hdr03.webp\",\"width\":482,\"height\":684},{\"@type\":\"BreadcrumbList\",\"@id\":\"https:\/\/www.domstavpro.com\/index.php\/produkt\/cleancraft-alkalicky-cistici-prostredek-hdr-a-1-litr-kup-ted-23189\/#breadcrumb\",\"itemListElement\":[{\"@type\":\"ListItem\",\"position\":1,\"name\":\"Home\",\"item\":\"https:\/\/www.domstavpro.com\/\"},{\"@type\":\"ListItem\",\"position\":2,\"name\":\"Products\",\"item\":\"https:\/\/www.domstavpro.com\/index.php\/products\/\"},{\"@type\":\"ListItem\",\"position\":3,\"name\":\"Cleancraft Alkalick\u00fd \u010dist\u00edc\u00ed prost\u0159edek HDR-A, 1 litr Kup Te\u010f\"}]},{\"@type\":\"WebSite\",\"@id\":\"https:\/\/www.domstavpro.com\/#website\",\"url\":\"https:\/\/www.domstavpro.com\/\",\"name\":\"\",\"description\":\"\",\"potentialAction\":[{\"@type\":\"SearchAction\",\"target\":{\"@type\":\"EntryPoint\",\"urlTemplate\":\"https:\/\/www.domstavpro.com\/?s={search_term_string}\"},\"query-input\":{\"@type\":\"PropertyValueSpecification\",\"valueRequired\":true,\"valueName\":\"search_term_string\"}}],\"inLanguage\":\"cs\"}]}<\/script>\n<!-- \/ Yoast SEO plugin. -->","yoast_head_json":{"title":"Cleancraft Alkalick\u00fd \u010dist\u00edc\u00ed prost\u0159edek HDR-A, 1 litr Kup Te\u010f -","robots":{"index":"index","follow":"follow","max-snippet":"max-snippet:-1","max-image-preview":"max-image-preview:large","max-video-preview":"max-video-preview:-1"},"canonical":"https:\/\/www.domstavpro.com\/index.php\/produkt\/cleancraft-alkalicky-cistici-prostredek-hdr-a-1-litr-kup-ted-23189\/","og_locale":"cs_CZ","og_type":"article","og_title":"Cleancraft Alkalick\u00fd \u010dist\u00edc\u00ed prost\u0159edek HDR-A, 1 litr Kup Te\u010f -","og_description":"Univerz\u00e1ln\u011b pou\u017eiteln\u00fd na sklo, plasty, keramick\u00e9 dla\u017edice, lamin\u00e1t, d\u0159ev\u011bn\u00e9 podlahy, PVC a linolea&nbsp; Vysok\u00e1 \u010dist\u00edc\u00ed s\u00edla&nbsp; \u010cist\u00ed rychle a bez \u0161mouh&nbsp; Bez l\u00e1tek vytv\u00e1\u0159ej\u00edc\u00edch film&nbsp; Nereaguje na n\u00e1t\u011bry&nbsp; v\u011b\u017e\u00ed, p\u0159\u00edjemn\u00e1 a dlouhotrvaj\u00edc\u00ed citrusov\u00e1 v\u016fn\u011b&nbsp; N\u00edzk\u00e1 spot\u0159eba prost\u0159edku&nbsp; Pou\u017eit\u00ed \/ d\u00e1vkov\u00e1n\u00ed:&nbsp; 1 : 10 v z\u00e1vislosti na zne\u010di\u0161t\u011bn\u00ed","og_url":"https:\/\/www.domstavpro.com\/index.php\/produkt\/cleancraft-alkalicky-cistici-prostredek-hdr-a-1-litr-kup-ted-23189\/","og_image":[{"width":482,"height":684,"url":"https:\/\/www.domstavpro.com\/wp-content\/uploads\/2026\/SK0030916-CZ20260425-092328-0-1777080210-hdr03.webp","type":"image\/webp"}],"twitter_card":"summary_large_image","schema":{"@context":"https:\/\/schema.org","@graph":[{"@type":"WebPage","@id":"https:\/\/www.domstavpro.com\/index.php\/produkt\/cleancraft-alkalicky-cistici-prostredek-hdr-a-1-litr-kup-ted-23189\/","url":"https:\/\/www.domstavpro.com\/index.php\/produkt\/cleancraft-alkalicky-cistici-prostredek-hdr-a-1-litr-kup-ted-23189\/","name":"Cleancraft Alkalick\u00fd \u010dist\u00edc\u00ed prost\u0159edek HDR-A, 1 litr Kup Te\u010f -","isPartOf":{"@id":"https:\/\/www.domstavpro.com\/#website"},"primaryImageOfPage":{"@id":"https:\/\/www.domstavpro.com\/index.php\/produkt\/cleancraft-alkalicky-cistici-prostredek-hdr-a-1-litr-kup-ted-23189\/#primaryimage"},"image":{"@id":"https:\/\/www.domstavpro.com\/index.php\/produkt\/cleancraft-alkalicky-cistici-prostredek-hdr-a-1-litr-kup-ted-23189\/#primaryimage"},"thumbnailUrl":"https:\/\/www.domstavpro.com\/wp-content\/uploads\/2026\/SK0030916-CZ20260425-092328-0-1777080210-hdr03.webp","datePublished":"2026-04-27T15:08:47+00:00","breadcrumb":{"@id":"https:\/\/www.domstavpro.com\/index.php\/produkt\/cleancraft-alkalicky-cistici-prostredek-hdr-a-1-litr-kup-ted-23189\/#breadcrumb"},"inLanguage":"cs","potentialAction":[{"@type":"ReadAction","target":["https:\/\/www.domstavpro.com\/index.php\/produkt\/cleancraft-alkalicky-cistici-prostredek-hdr-a-1-litr-kup-ted-23189\/"]}]},{"@type":"ImageObject","inLanguage":"cs","@id":"https:\/\/www.domstavpro.com\/index.php\/produkt\/cleancraft-alkalicky-cistici-prostredek-hdr-a-1-litr-kup-ted-23189\/#primaryimage","url":"https:\/\/www.domstavpro.com\/wp-content\/uploads\/2026\/SK0030916-CZ20260425-092328-0-1777080210-hdr03.webp","contentUrl":"https:\/\/www.domstavpro.com\/wp-content\/uploads\/2026\/SK0030916-CZ20260425-092328-0-1777080210-hdr03.webp","width":482,"height":684},{"@type":"BreadcrumbList","@id":"https:\/\/www.domstavpro.com\/index.php\/produkt\/cleancraft-alkalicky-cistici-prostredek-hdr-a-1-litr-kup-ted-23189\/#breadcrumb","itemListElement":[{"@type":"ListItem","position":1,"name":"Home","item":"https:\/\/www.domstavpro.com\/"},{"@type":"ListItem","position":2,"name":"Products","item":"https:\/\/www.domstavpro.com\/index.php\/products\/"},{"@type":"ListItem","position":3,"name":"Cleancraft Alkalick\u00fd \u010dist\u00edc\u00ed prost\u0159edek HDR-A, 1 litr Kup Te\u010f"}]},{"@type":"WebSite","@id":"https:\/\/www.domstavpro.com\/#website","url":"https:\/\/www.domstavpro.com\/","name":"","description":"","potentialAction":[{"@type":"SearchAction","target":{"@type":"EntryPoint","urlTemplate":"https:\/\/www.domstavpro.com\/?s={search_term_string}"},"query-input":{"@type":"PropertyValueSpecification","valueRequired":true,"valueName":"search_term_string"}}],"inLanguage":"cs"}]}},"_links":{"self":[{"href":"https:\/\/www.domstavpro.com\/index.php\/wp-json\/wp\/v2\/product\/23189","targetHints":{"allow":["GET"]}}],"collection":[{"href":"https:\/\/www.domstavpro.com\/index.php\/wp-json\/wp\/v2\/product"}],"about":[{"href":"https:\/\/www.domstavpro.com\/index.php\/wp-json\/wp\/v2\/types\/product"}],"replies":[{"embeddable":true,"href":"https:\/\/www.domstavpro.com\/index.php\/wp-json\/wp\/v2\/comments?post=23189"}],"wp:featuredmedia":[{"embeddable":true,"href":"https:\/\/www.domstavpro.com\/index.php\/wp-json\/wp\/v2\/media\/23289"}],"wp:attachment":[{"href":"https:\/\/www.domstavpro.com\/index.php\/wp-json\/wp\/v2\/media?parent=23189"}],"wp:term":[{"taxonomy":"product_brand","embeddable":true,"href":"https:\/\/www.domstavpro.com\/index.php\/wp-json\/wp\/v2\/product_brand?post=23189"},{"taxonomy":"product_cat","embeddable":true,"href":"https:\/\/www.domstavpro.com\/index.php\/wp-json\/wp\/v2\/product_cat?post=23189"},{"taxonomy":"product_tag","embeddable":true,"href":"https:\/\/www.domstavpro.com\/index.php\/wp-json\/wp\/v2\/product_tag?post=23189"}],"curies":[{"name":"wp","href":"https:\/\/api.w.org\/{rel}","templated":true}]}}