{"id":22903,"date":"2026-04-27T15:08:47","date_gmt":"2026-04-27T15:08:47","guid":{"rendered":""},"modified":"2026-04-27T15:08:47","modified_gmt":"2026-04-27T15:08:47","slug":"nejlepsi-cena-vega-555-zametaci-kartac-22903","status":"publish","type":"product","link":"https:\/\/www.domstavpro.com\/index.php\/produkt\/nejlepsi-cena-vega-555-zametaci-kartac-22903\/","title":{"rendered":"Nejlep\u0161\u00ed Cena VeGA 555 zametac\u00ed kart\u00e1\u010d"},"content":{"rendered":"<table>\n<div class=\"tab-pane active product-description\" id=\"popis\" role=\"tabpanel\">\n<div class=\"gift-text\">D\u00e1rek: Slevov\u00fd kup\u00f3n v hodnot\u011b 7% v ko\u0161\u00edku<\/div>\n<div class=\"short-description\" itemprop=\"description\"><\/div>\n<div class=\"description\"><span class='bullet-line'>Rychloup\u00ednac\u00ed syst\u00e9m p\u0159ipojen\u00ed p\u0159\u00edslu\u0161enstv\u00ed<\/span><\/div>\n<div class=\"parameters\">\n<tr>\n<td>Motor:<\/td>\n<td>Loncin 196 ccm 4-takt OHV<\/td>\n<\/tr>\n<tr>\n<td>\u0160\u00ed\u0159e z\u00e1b\u011bru kart\u00e1\u010de:<\/td>\n<td>600 mm<\/td>\n<\/tr>\n<tr>\n<td>Pr\u016fm\u011br kart\u00e1\u010de:<\/td>\n<td>300 mm<\/td>\n<\/tr>\n<tr>\n<td>Nakl\u00e1p\u011bn\u00ed kart\u00e1\u010de:<\/td>\n<td>15\u02da na ka\u017edou stranu<\/td>\n<\/tr>\n<tr>\n<td>Rychlosti:<\/td>\n<td>4 vp\u0159ed \/ 1 vzad z pozice obsluhy<\/td>\n<\/tr>\n<tr>\n<td>Kola velikost:<\/td>\n<td>13&#215;4,1-6 inch<\/td>\n<\/tr><\/div>\n<\/table>\n","protected":false},"excerpt":{"rendered":"<p>D\u00e1rek: Slevov\u00fd kup\u00f3n v hodnot\u011b 7% v ko\u0161\u00edku Rychloup\u00ednac\u00ed syst\u00e9m p\u0159ipojen\u00ed p\u0159\u00edslu\u0161enstv\u00ed Motor: Loncin 196 ccm 4-takt OHV \u0160\u00ed\u0159e z\u00e1b\u011bru kart\u00e1\u010de: 600 mm Pr\u016fm\u011br kart\u00e1\u010de: 300 mm Nakl\u00e1p\u011bn\u00ed kart\u00e1\u010de: 15\u02da na ka\u017edou stranu Rychlosti: 4 vp\u0159ed \/ 1 vzad z pozice obsluhy Kola velikost: 13&#215;4,1-6 inch<\/p>\n","protected":false},"featured_media":23003,"comment_status":"open","ping_status":"open","template":"","meta":[],"product_brand":[],"product_cat":[44],"product_tag":[],"class_list":{"0":"post-22903","1":"product","2":"type-product","3":"status-publish","4":"has-post-thumbnail","6":"product_cat-cistici-technika","8":"first","9":"instock","10":"sale","11":"shipping-taxable","12":"purchasable","13":"product-type-simple"},"yoast_head":"<!-- This site is optimized with the Yoast SEO plugin v26.8 - https:\/\/yoast.com\/product\/yoast-seo-wordpress\/ -->\n<title>Nejlep\u0161\u00ed Cena VeGA 555 zametac\u00ed kart\u00e1\u010d -<\/title>\n<meta name=\"robots\" content=\"index, follow, max-snippet:-1, max-image-preview:large, max-video-preview:-1\" \/>\n<link rel=\"canonical\" href=\"https:\/\/www.domstavpro.com\/index.php\/produkt\/nejlepsi-cena-vega-555-zametaci-kartac-22903\/\" \/>\n<meta property=\"og:locale\" content=\"cs_CZ\" \/>\n<meta property=\"og:type\" content=\"article\" \/>\n<meta property=\"og:title\" content=\"Nejlep\u0161\u00ed Cena VeGA 555 zametac\u00ed kart\u00e1\u010d -\" \/>\n<meta property=\"og:description\" content=\"D\u00e1rek: Slevov\u00fd kup\u00f3n v hodnot\u011b 7% v ko\u0161\u00edku Rychloup\u00ednac\u00ed syst\u00e9m p\u0159ipojen\u00ed p\u0159\u00edslu\u0161enstv\u00ed Motor: Loncin 196 ccm 4-takt OHV \u0160\u00ed\u0159e z\u00e1b\u011bru kart\u00e1\u010de: 600 mm Pr\u016fm\u011br kart\u00e1\u010de: 300 mm Nakl\u00e1p\u011bn\u00ed kart\u00e1\u010de: 15\u02da na ka\u017edou stranu Rychlosti: 4 vp\u0159ed \/ 1 vzad z pozice obsluhy Kola velikost: 13&#215;4,1-6 inch\" \/>\n<meta property=\"og:url\" content=\"https:\/\/www.domstavpro.com\/index.php\/produkt\/nejlepsi-cena-vega-555-zametaci-kartac-22903\/\" \/>\n<meta property=\"og:image\" content=\"https:\/\/www.domstavpro.com\/wp-content\/uploads\/2026\/SK0030728-CZ20260425-092328-0-1777080210-1258921-1_091344.webp\" \/>\n\t<meta property=\"og:image:width\" content=\"783\" \/>\n\t<meta property=\"og:image:height\" content=\"655\" \/>\n\t<meta property=\"og:image:type\" content=\"image\/webp\" \/>\n<meta name=\"twitter:card\" content=\"summary_large_image\" \/>\n<script type=\"application\/ld+json\" class=\"yoast-schema-graph\">{\"@context\":\"https:\/\/schema.org\",\"@graph\":[{\"@type\":\"WebPage\",\"@id\":\"https:\/\/www.domstavpro.com\/index.php\/produkt\/nejlepsi-cena-vega-555-zametaci-kartac-22903\/\",\"url\":\"https:\/\/www.domstavpro.com\/index.php\/produkt\/nejlepsi-cena-vega-555-zametaci-kartac-22903\/\",\"name\":\"Nejlep\u0161\u00ed Cena VeGA 555 zametac\u00ed kart\u00e1\u010d -\",\"isPartOf\":{\"@id\":\"https:\/\/www.domstavpro.com\/#website\"},\"primaryImageOfPage\":{\"@id\":\"https:\/\/www.domstavpro.com\/index.php\/produkt\/nejlepsi-cena-vega-555-zametaci-kartac-22903\/#primaryimage\"},\"image\":{\"@id\":\"https:\/\/www.domstavpro.com\/index.php\/produkt\/nejlepsi-cena-vega-555-zametaci-kartac-22903\/#primaryimage\"},\"thumbnailUrl\":\"https:\/\/www.domstavpro.com\/wp-content\/uploads\/2026\/SK0030728-CZ20260425-092328-0-1777080210-1258921-1_091344.webp\",\"datePublished\":\"2026-04-27T15:08:47+00:00\",\"breadcrumb\":{\"@id\":\"https:\/\/www.domstavpro.com\/index.php\/produkt\/nejlepsi-cena-vega-555-zametaci-kartac-22903\/#breadcrumb\"},\"inLanguage\":\"cs\",\"potentialAction\":[{\"@type\":\"ReadAction\",\"target\":[\"https:\/\/www.domstavpro.com\/index.php\/produkt\/nejlepsi-cena-vega-555-zametaci-kartac-22903\/\"]}]},{\"@type\":\"ImageObject\",\"inLanguage\":\"cs\",\"@id\":\"https:\/\/www.domstavpro.com\/index.php\/produkt\/nejlepsi-cena-vega-555-zametaci-kartac-22903\/#primaryimage\",\"url\":\"https:\/\/www.domstavpro.com\/wp-content\/uploads\/2026\/SK0030728-CZ20260425-092328-0-1777080210-1258921-1_091344.webp\",\"contentUrl\":\"https:\/\/www.domstavpro.com\/wp-content\/uploads\/2026\/SK0030728-CZ20260425-092328-0-1777080210-1258921-1_091344.webp\",\"width\":783,\"height\":655},{\"@type\":\"BreadcrumbList\",\"@id\":\"https:\/\/www.domstavpro.com\/index.php\/produkt\/nejlepsi-cena-vega-555-zametaci-kartac-22903\/#breadcrumb\",\"itemListElement\":[{\"@type\":\"ListItem\",\"position\":1,\"name\":\"Home\",\"item\":\"https:\/\/www.domstavpro.com\/\"},{\"@type\":\"ListItem\",\"position\":2,\"name\":\"Products\",\"item\":\"https:\/\/www.domstavpro.com\/index.php\/products\/\"},{\"@type\":\"ListItem\",\"position\":3,\"name\":\"Nejlep\u0161\u00ed Cena VeGA 555 zametac\u00ed kart\u00e1\u010d\"}]},{\"@type\":\"WebSite\",\"@id\":\"https:\/\/www.domstavpro.com\/#website\",\"url\":\"https:\/\/www.domstavpro.com\/\",\"name\":\"\",\"description\":\"\",\"potentialAction\":[{\"@type\":\"SearchAction\",\"target\":{\"@type\":\"EntryPoint\",\"urlTemplate\":\"https:\/\/www.domstavpro.com\/?s={search_term_string}\"},\"query-input\":{\"@type\":\"PropertyValueSpecification\",\"valueRequired\":true,\"valueName\":\"search_term_string\"}}],\"inLanguage\":\"cs\"}]}<\/script>\n<!-- \/ Yoast SEO plugin. -->","yoast_head_json":{"title":"Nejlep\u0161\u00ed Cena VeGA 555 zametac\u00ed kart\u00e1\u010d -","robots":{"index":"index","follow":"follow","max-snippet":"max-snippet:-1","max-image-preview":"max-image-preview:large","max-video-preview":"max-video-preview:-1"},"canonical":"https:\/\/www.domstavpro.com\/index.php\/produkt\/nejlepsi-cena-vega-555-zametaci-kartac-22903\/","og_locale":"cs_CZ","og_type":"article","og_title":"Nejlep\u0161\u00ed Cena VeGA 555 zametac\u00ed kart\u00e1\u010d -","og_description":"D\u00e1rek: Slevov\u00fd kup\u00f3n v hodnot\u011b 7% v ko\u0161\u00edku Rychloup\u00ednac\u00ed syst\u00e9m p\u0159ipojen\u00ed p\u0159\u00edslu\u0161enstv\u00ed Motor: Loncin 196 ccm 4-takt OHV \u0160\u00ed\u0159e z\u00e1b\u011bru kart\u00e1\u010de: 600 mm Pr\u016fm\u011br kart\u00e1\u010de: 300 mm Nakl\u00e1p\u011bn\u00ed kart\u00e1\u010de: 15\u02da na ka\u017edou stranu Rychlosti: 4 vp\u0159ed \/ 1 vzad z pozice obsluhy Kola velikost: 13&#215;4,1-6 inch","og_url":"https:\/\/www.domstavpro.com\/index.php\/produkt\/nejlepsi-cena-vega-555-zametaci-kartac-22903\/","og_image":[{"width":783,"height":655,"url":"https:\/\/www.domstavpro.com\/wp-content\/uploads\/2026\/SK0030728-CZ20260425-092328-0-1777080210-1258921-1_091344.webp","type":"image\/webp"}],"twitter_card":"summary_large_image","schema":{"@context":"https:\/\/schema.org","@graph":[{"@type":"WebPage","@id":"https:\/\/www.domstavpro.com\/index.php\/produkt\/nejlepsi-cena-vega-555-zametaci-kartac-22903\/","url":"https:\/\/www.domstavpro.com\/index.php\/produkt\/nejlepsi-cena-vega-555-zametaci-kartac-22903\/","name":"Nejlep\u0161\u00ed Cena VeGA 555 zametac\u00ed kart\u00e1\u010d -","isPartOf":{"@id":"https:\/\/www.domstavpro.com\/#website"},"primaryImageOfPage":{"@id":"https:\/\/www.domstavpro.com\/index.php\/produkt\/nejlepsi-cena-vega-555-zametaci-kartac-22903\/#primaryimage"},"image":{"@id":"https:\/\/www.domstavpro.com\/index.php\/produkt\/nejlepsi-cena-vega-555-zametaci-kartac-22903\/#primaryimage"},"thumbnailUrl":"https:\/\/www.domstavpro.com\/wp-content\/uploads\/2026\/SK0030728-CZ20260425-092328-0-1777080210-1258921-1_091344.webp","datePublished":"2026-04-27T15:08:47+00:00","breadcrumb":{"@id":"https:\/\/www.domstavpro.com\/index.php\/produkt\/nejlepsi-cena-vega-555-zametaci-kartac-22903\/#breadcrumb"},"inLanguage":"cs","potentialAction":[{"@type":"ReadAction","target":["https:\/\/www.domstavpro.com\/index.php\/produkt\/nejlepsi-cena-vega-555-zametaci-kartac-22903\/"]}]},{"@type":"ImageObject","inLanguage":"cs","@id":"https:\/\/www.domstavpro.com\/index.php\/produkt\/nejlepsi-cena-vega-555-zametaci-kartac-22903\/#primaryimage","url":"https:\/\/www.domstavpro.com\/wp-content\/uploads\/2026\/SK0030728-CZ20260425-092328-0-1777080210-1258921-1_091344.webp","contentUrl":"https:\/\/www.domstavpro.com\/wp-content\/uploads\/2026\/SK0030728-CZ20260425-092328-0-1777080210-1258921-1_091344.webp","width":783,"height":655},{"@type":"BreadcrumbList","@id":"https:\/\/www.domstavpro.com\/index.php\/produkt\/nejlepsi-cena-vega-555-zametaci-kartac-22903\/#breadcrumb","itemListElement":[{"@type":"ListItem","position":1,"name":"Home","item":"https:\/\/www.domstavpro.com\/"},{"@type":"ListItem","position":2,"name":"Products","item":"https:\/\/www.domstavpro.com\/index.php\/products\/"},{"@type":"ListItem","position":3,"name":"Nejlep\u0161\u00ed Cena VeGA 555 zametac\u00ed kart\u00e1\u010d"}]},{"@type":"WebSite","@id":"https:\/\/www.domstavpro.com\/#website","url":"https:\/\/www.domstavpro.com\/","name":"","description":"","potentialAction":[{"@type":"SearchAction","target":{"@type":"EntryPoint","urlTemplate":"https:\/\/www.domstavpro.com\/?s={search_term_string}"},"query-input":{"@type":"PropertyValueSpecification","valueRequired":true,"valueName":"search_term_string"}}],"inLanguage":"cs"}]}},"_links":{"self":[{"href":"https:\/\/www.domstavpro.com\/index.php\/wp-json\/wp\/v2\/product\/22903","targetHints":{"allow":["GET"]}}],"collection":[{"href":"https:\/\/www.domstavpro.com\/index.php\/wp-json\/wp\/v2\/product"}],"about":[{"href":"https:\/\/www.domstavpro.com\/index.php\/wp-json\/wp\/v2\/types\/product"}],"replies":[{"embeddable":true,"href":"https:\/\/www.domstavpro.com\/index.php\/wp-json\/wp\/v2\/comments?post=22903"}],"wp:featuredmedia":[{"embeddable":true,"href":"https:\/\/www.domstavpro.com\/index.php\/wp-json\/wp\/v2\/media\/23003"}],"wp:attachment":[{"href":"https:\/\/www.domstavpro.com\/index.php\/wp-json\/wp\/v2\/media?parent=22903"}],"wp:term":[{"taxonomy":"product_brand","embeddable":true,"href":"https:\/\/www.domstavpro.com\/index.php\/wp-json\/wp\/v2\/product_brand?post=22903"},{"taxonomy":"product_cat","embeddable":true,"href":"https:\/\/www.domstavpro.com\/index.php\/wp-json\/wp\/v2\/product_cat?post=22903"},{"taxonomy":"product_tag","embeddable":true,"href":"https:\/\/www.domstavpro.com\/index.php\/wp-json\/wp\/v2\/product_tag?post=22903"}],"curies":[{"name":"wp","href":"https:\/\/api.w.org\/{rel}","templated":true}]}}