{"id":19103,"date":"2026-04-27T15:08:37","date_gmt":"2026-04-27T15:08:37","guid":{"rendered":""},"modified":"2026-04-27T15:08:37","modified_gmt":"2026-04-27T15:08:37","slug":"3-numinos-r-dali-s-3fazove-systemove-svitidlo-bila-cerna-2700-k-24deg-big-white-slv-cenove-vyhodny-19103","status":"publish","type":"product","link":"https:\/\/www.domstavpro.com\/index.php\/produkt\/3-numinos-r-dali-s-3fazove-systemove-svitidlo-bila-cerna-2700-k-24deg-big-white-slv-cenove-vyhodny-19103\/","title":{"rendered":"3~ NUMINOS\u00ae DALI S 3f\u00e1zov\u00e9 syst\u00e9mov\u00e9 sv\u00edtidlo b\u00edl\u00e1\/\u010dern\u00e1 2700 K 24\u00b0 &#8211; BIG WHITE (SLV) Cenov\u011b V\u00fdhodn\u00fd"},"content":{"rendered":"<h3 class=\"product-h3\">Popis produktu<\/h3>\n<p><h2>Designov\u00e9 3f\u00e1zov\u00e9 syst\u00e9mov\u00e9 sv\u00edtidlo NUMINOS\u00ae DALI S od SLV \u2013 dokonal\u00e9 \u0159e\u0161en\u00ed pro n\u00e1ro\u010dn\u00e9 projekty<\/h2>\n<p>Objevte sv\u011bt modul\u00e1rn\u00edho osv\u011btlen\u00ed s profesion\u00e1ln\u00edm sv\u00edtidlem <strong>NUMINOS\u00ae DALI S<\/strong> z kolekce SLV BIG WHITE. Toto t\u0159\u00edf\u00e1zov\u00e9 li\u0161tov\u00e9 bodov\u00e9 sv\u00edtidlo v elegantn\u00ed kombinaci b\u00edl\u00e9 a \u010dern\u00e9 barvy je ide\u00e1ln\u00ed volbou pro ty, kte\u0159\u00ed po\u017eaduj\u00ed maxim\u00e1ln\u00ed variabilitu, \u0161pi\u010dkovou kvalitu sv\u011btla a modern\u00ed design v jednom produktu. <\/p>\n<h3>Kl\u00ed\u010dov\u00e9 vlastnosti sv\u00edtidla<\/h3>\n<ul>\n<li><strong>Modul\u00e1rn\u00ed syst\u00e9m:<\/strong> NUMINOS\u00ae nab\u00edz\u00ed v\u00edce ne\u017e tis\u00edc konfigura\u010dn\u00edch mo\u017enost\u00ed \u2013 ide\u00e1ln\u00ed pro jednotnou koncepci osv\u011btlen\u00ed nap\u0159\u00ed\u010d r\u016fzn\u00fdmi typy interi\u00e9ru.<\/li>\n<li><strong>Flexibiln\u00ed a p\u0159esn\u00e9 nasm\u011brov\u00e1n\u00ed sv\u011btla:<\/strong> \u00dahel vyza\u0159ov\u00e1n\u00ed 24\u00b0 umo\u017e\u0148uje zam\u011b\u0159it sv\u011btlo tam, kde je nejv\u00edce pot\u0159eba \u2013 skv\u011bl\u00e9 pro akcentov\u00e9 osv\u011btlen\u00ed nebo zv\u00fdrazn\u011bn\u00ed detail\u016f v prostoru.<\/li>\n<li><strong>Stm\u00edvatelnost (DALI):<\/strong> Vestav\u011bn\u00fd LED driver podporuje centr\u00e1ln\u00ed digit\u00e1ln\u00ed ovl\u00e1d\u00e1n\u00ed a plynul\u00e9 stm\u00edv\u00e1n\u00ed prost\u0159ednictv\u00edm syst\u00e9mu DALI \u2013 ide\u00e1ln\u00ed pro inteligentn\u00ed \u0159\u00edzen\u00ed osv\u011btlen\u00ed v modern\u00edch interi\u00e9rech.<\/li>\n<li><strong>Pr\u00e9miov\u00e9 sv\u011bteln\u00e9 parametry:<\/strong> Barevn\u00e1 teplota 2700 K (tepl\u00e1 b\u00edl\u00e1), vysok\u00fd index pod\u00e1n\u00ed barev (CRI 90), sv\u011bteln\u00fd tok 985 lm, p\u0159\u00edkon 10,42 W.<\/li>\n<li><strong>Materi\u00e1l a proveden\u00ed:<\/strong> Hlin\u00edkov\u00e9 t\u011blo zaji\u0161\u0165uje dlouhou \u017eivotnost a \u010dist\u00fd, minimalistick\u00fd vzhled.<\/li>\n<li><strong>Snadn\u00e1 instalace:<\/strong> Syst\u00e9m je navr\u017een pro rychlou a bezprobl\u00e9movou mont\u00e1\u017e do t\u0159\u00edf\u00e1zov\u00e9 li\u0161ty.<\/li>\n<\/ul>\n<h3>Inspirace a doporu\u010den\u00ed architekta<\/h3>\n<p>NUMINOS\u00ae DALI S vynik\u00e1 p\u0159edev\u0161\u00edm v projektech, kde hraje roli nejen efektivita, ale tak\u00e9 estetika a flexibilita \u2013 od stylov\u00fdch hotelov\u00fdch lobby, p\u0159es reprezentativn\u00ed kancel\u00e1\u0159e a\u017e po modern\u00ed reziden\u010dn\u00ed a komer\u010dn\u00ed prostory. Skv\u011ble se uplatn\u00ed jako akcentov\u00e9 sv\u011btlo pro galerijn\u00ed expozice, retail, ale i soukrom\u00e9 interi\u00e9ry s vysok\u00fdmi n\u00e1roky na design. D\u00edky DALI stm\u00edv\u00e1n\u00ed snadno vytvo\u0159\u00edte po\u017eadovanou atmosf\u00e9ru a sv\u011btelnou sc\u00e9nu.<\/p>\n<h3>Z\u00e1ruky a certifikace<\/h3>\n<ul>\n<li><strong>\u017divotnost LED:<\/strong> 50 000 hodin \u2013 extr\u00e9mn\u011b dlouh\u00e1 bez\u00fadr\u017ebov\u00e1 provozn\u00ed doba.<\/li>\n<li><strong>Z\u00e1ruka:<\/strong> 2 roky.<\/li>\n<li><strong>Certifikace:<\/strong> CE.<\/li>\n<li><strong>Energetick\u00e1 \u00fa\u010dinnost:<\/strong> T\u0159\u00edda E.<\/li>\n<\/ul>\n<h3>Technick\u00e9 parametry<\/h3>\n<ul>\n<li>V\u00fd\u0161ka: 145 mm<\/li>\n<li>Pr\u016fm\u011br: 65 mm<\/li>\n<li>D\u00e9lka: 162 mm<\/li>\n<li>Hmotnost: 530 g<\/li>\n<li>Nap\u00e1jec\u00ed nap\u011bt\u00ed: 220\u2013240 V<\/li>\n<li>Proudov\u00e9 zat\u00ed\u017een\u00ed: 250 mA<\/li>\n<li>Patice: LED (integrovan\u00e1, v\u010detn\u011b sv\u011bteln\u00e9ho zdroje)<\/li>\n<\/ul>\n<p>Chcete-li navrhnout syst\u00e9m p\u0159esn\u011b na m\u00edru va\u0161im pot\u0159eb\u00e1m, vyu\u017eijte konfigur\u00e1tor sv\u00edtidel NUMINOS\u00ae.<\/p>\n<\/p><\/div>\n<\/p><\/div>\n<p><\/p>\n<div class=\"top-params\">\n<h3 class=\"product-h3 collapse-header \" data-toggle=\"collapse\" data-target=\"#collapseOne\" aria-expanded=\"true\" aria-controls=\"collapseOne\">Parametry<\/h3>\n<div id=\"collapseOne\" class=\"collapse show\" aria-labelledby=\"headingOne\" data-parent=\"#product-info-accordion1\">\n<table class=\"table-striped\">\n<tr>\n<td>                Hmotnost g            <\/td>\n<td>                530            <\/td>\n<\/tr>\n<tr>\n<td>                V\u00fd\u0161ka v mm            <\/td>\n<td>                145            <\/td>\n<\/tr>\n<tr>\n<td>                \u00dahel z\u00e1\u0159en\u00ed            <\/td>\n<td>                24\u00b0            <\/td>\n<\/tr>\n<tr>\n<td>                Stm\u00edvateln\u00e9            <\/td>\n<td>                ano, DALI            <\/td>\n<\/tr>\n<tr>\n<td>                \u017divotnost            <\/td>\n<td>                50000h            <\/td>\n<\/tr>\n<tr>\n<td>                Pr\u016fm\u011br v mm            <\/td>\n<td>                65            <\/td>\n<\/tr>\n<tr>\n<td>                D\u00e9lka v mm            <\/td>\n<td>                162            <\/td>\n<\/tr>\n<tr>\n<td>                Sv\u011bteln\u00fd tok            <\/td>\n<td>                985lm            <\/td>\n<\/tr>\n<tr>\n<td>                Teplota barvy sv\u011btla            <\/td>\n<td>                2700K            <\/td>\n<\/tr>\n<tr>\n<td>                V\u00fdkon            <\/td>\n<td>                10,42W            <\/td>\n<\/tr>\n<tr>\n<td>                Nap\u00e1jec\u00ed nap\u011bt\u00ed            <\/td>\n<td>                220-240V            <\/td>\n<\/tr>\n<tr>\n<td>                Patice            <\/td>\n<td>                LED            <\/td>\n<\/tr>\n<tr>\n<td>                Proudov\u00e9 zat\u00ed\u017een\u00ed            <\/td>\n<td>                250mA            <\/td>\n<\/tr>\n<tr>\n<td>                V\u010detn\u011b sv\u011bteln\u00e9ho zdroje            <\/td>\n<td>                ano            <\/td>\n<\/tr>\n<tr>\n<td>                Materi\u00e1l            <\/td>\n<td>                hlin\u00edk            <\/td>\n<\/tr>\n<tr>\n<td>                Barva            <\/td>\n<td>                b\u00edl\u00e1            <\/td>\n<\/tr>\n<tr>\n<td>                Kolekce            <\/td>\n<td>                NUMINOS S            <\/td>\n<\/tr>\n<tr>\n<td>                V\u00fdrobce            <\/td>\n<td>                SLV &#8211; BIG WHITE            <\/td>\n<\/tr>\n<tr>\n<td>                U v\u00fdrobce dostupn\u00fdch            <\/td>\n<td>                0                    ks            <\/td>\n<\/tr>\n<tr>\n<td>                Energetick\u00e1 \u00fa\u010dinnost            <\/td>\n<td>                E            <\/td>\n<\/tr>\n<tr>\n<td>                Index pod\u00e1n\u00ed barev            <\/td>\n<td>                90            <\/td>\n<\/tr>\n<\/table>\n<\/div><\/div>\n<\/div>\n<div class=\"accordion\" id=\"product-info-accordion2\">\n","protected":false},"excerpt":{"rendered":"<p>Popis produktu Designov\u00e9 3f\u00e1zov\u00e9 syst\u00e9mov\u00e9 sv\u00edtidlo NUMINOS\u00ae DALI S od SLV \u2013 dokonal\u00e9 \u0159e\u0161en\u00ed pro n\u00e1ro\u010dn\u00e9 projekty Objevte sv\u011bt modul\u00e1rn\u00edho osv\u011btlen\u00ed s profesion\u00e1ln\u00edm sv\u00edtidlem NUMINOS\u00ae DALI S z kolekce SLV BIG WHITE. Toto t\u0159\u00edf\u00e1zov\u00e9 li\u0161tov\u00e9 bodov\u00e9 sv\u00edtidlo v elegantn\u00ed kombinaci b\u00edl\u00e9 a \u010dern\u00e9 barvy je ide\u00e1ln\u00ed volbou pro ty, kte\u0159\u00ed po\u017eaduj\u00ed maxim\u00e1ln\u00ed variabilitu, \u0161pi\u010dkovou kvalitu [&hellip;]<\/p>\n","protected":false},"featured_media":19203,"comment_status":"open","ping_status":"open","template":"","meta":[],"product_brand":[],"product_cat":[35],"product_tag":[],"class_list":{"0":"post-19103","1":"product","2":"type-product","3":"status-publish","4":"has-post-thumbnail","6":"product_cat-systemy","8":"first","9":"instock","10":"sale","11":"shipping-taxable","12":"purchasable","13":"product-type-simple"},"yoast_head":"<!-- This site is optimized with the Yoast SEO plugin v26.8 - https:\/\/yoast.com\/product\/yoast-seo-wordpress\/ -->\n<title>3~ NUMINOS\u00ae DALI S 3f\u00e1zov\u00e9 syst\u00e9mov\u00e9 sv\u00edtidlo b\u00edl\u00e1\/\u010dern\u00e1 2700 K 24\u00b0 - BIG WHITE (SLV) Cenov\u011b V\u00fdhodn\u00fd -<\/title>\n<meta name=\"robots\" content=\"index, follow, max-snippet:-1, max-image-preview:large, max-video-preview:-1\" \/>\n<link rel=\"canonical\" href=\"https:\/\/www.domstavpro.com\/index.php\/produkt\/3-numinos-r-dali-s-3fazove-systemove-svitidlo-bila-cerna-2700-k-24deg-big-white-slv-cenove-vyhodny-19103\/\" \/>\n<meta property=\"og:locale\" content=\"cs_CZ\" \/>\n<meta property=\"og:type\" content=\"article\" \/>\n<meta property=\"og:title\" content=\"3~ NUMINOS\u00ae DALI S 3f\u00e1zov\u00e9 syst\u00e9mov\u00e9 sv\u00edtidlo b\u00edl\u00e1\/\u010dern\u00e1 2700 K 24\u00b0 - BIG WHITE (SLV) Cenov\u011b V\u00fdhodn\u00fd -\" \/>\n<meta property=\"og:description\" content=\"Popis produktu Designov\u00e9 3f\u00e1zov\u00e9 syst\u00e9mov\u00e9 sv\u00edtidlo NUMINOS\u00ae DALI S od SLV \u2013 dokonal\u00e9 \u0159e\u0161en\u00ed pro n\u00e1ro\u010dn\u00e9 projekty Objevte sv\u011bt modul\u00e1rn\u00edho osv\u011btlen\u00ed s profesion\u00e1ln\u00edm sv\u00edtidlem NUMINOS\u00ae DALI S z kolekce SLV BIG WHITE. Toto t\u0159\u00edf\u00e1zov\u00e9 li\u0161tov\u00e9 bodov\u00e9 sv\u00edtidlo v elegantn\u00ed kombinaci b\u00edl\u00e9 a \u010dern\u00e9 barvy je ide\u00e1ln\u00ed volbou pro ty, kte\u0159\u00ed po\u017eaduj\u00ed maxim\u00e1ln\u00ed variabilitu, \u0161pi\u010dkovou kvalitu [&hellip;]\" \/>\n<meta property=\"og:url\" content=\"https:\/\/www.domstavpro.com\/index.php\/produkt\/3-numinos-r-dali-s-3fazove-systemove-svitidlo-bila-cerna-2700-k-24deg-big-white-slv-cenove-vyhodny-19103\/\" \/>\n<meta property=\"og:image\" content=\"https:\/\/www.domstavpro.com\/wp-content\/uploads\/2026\/SK0026205-CZ20260425-091535-0-1777079744-LA-1004366.webp\" \/>\n\t<meta property=\"og:image:width\" content=\"800\" \/>\n\t<meta property=\"og:image:height\" content=\"800\" \/>\n\t<meta property=\"og:image:type\" content=\"image\/webp\" \/>\n<meta name=\"twitter:card\" content=\"summary_large_image\" \/>\n<meta name=\"twitter:label1\" content=\"Odhadovan\u00e1 doba \u010dten\u00ed\" \/>\n\t<meta name=\"twitter:data1\" content=\"3 minuty\" \/>\n<script type=\"application\/ld+json\" class=\"yoast-schema-graph\">{\"@context\":\"https:\/\/schema.org\",\"@graph\":[{\"@type\":\"WebPage\",\"@id\":\"https:\/\/www.domstavpro.com\/index.php\/produkt\/3-numinos-r-dali-s-3fazove-systemove-svitidlo-bila-cerna-2700-k-24deg-big-white-slv-cenove-vyhodny-19103\/\",\"url\":\"https:\/\/www.domstavpro.com\/index.php\/produkt\/3-numinos-r-dali-s-3fazove-systemove-svitidlo-bila-cerna-2700-k-24deg-big-white-slv-cenove-vyhodny-19103\/\",\"name\":\"3~ NUMINOS\u00ae DALI S 3f\u00e1zov\u00e9 syst\u00e9mov\u00e9 sv\u00edtidlo b\u00edl\u00e1\/\u010dern\u00e1 2700 K 24\u00b0 - BIG WHITE (SLV) Cenov\u011b V\u00fdhodn\u00fd -\",\"isPartOf\":{\"@id\":\"https:\/\/www.domstavpro.com\/#website\"},\"primaryImageOfPage\":{\"@id\":\"https:\/\/www.domstavpro.com\/index.php\/produkt\/3-numinos-r-dali-s-3fazove-systemove-svitidlo-bila-cerna-2700-k-24deg-big-white-slv-cenove-vyhodny-19103\/#primaryimage\"},\"image\":{\"@id\":\"https:\/\/www.domstavpro.com\/index.php\/produkt\/3-numinos-r-dali-s-3fazove-systemove-svitidlo-bila-cerna-2700-k-24deg-big-white-slv-cenove-vyhodny-19103\/#primaryimage\"},\"thumbnailUrl\":\"https:\/\/www.domstavpro.com\/wp-content\/uploads\/2026\/SK0026205-CZ20260425-091535-0-1777079744-LA-1004366.webp\",\"datePublished\":\"2026-04-27T15:08:37+00:00\",\"breadcrumb\":{\"@id\":\"https:\/\/www.domstavpro.com\/index.php\/produkt\/3-numinos-r-dali-s-3fazove-systemove-svitidlo-bila-cerna-2700-k-24deg-big-white-slv-cenove-vyhodny-19103\/#breadcrumb\"},\"inLanguage\":\"cs\",\"potentialAction\":[{\"@type\":\"ReadAction\",\"target\":[\"https:\/\/www.domstavpro.com\/index.php\/produkt\/3-numinos-r-dali-s-3fazove-systemove-svitidlo-bila-cerna-2700-k-24deg-big-white-slv-cenove-vyhodny-19103\/\"]}]},{\"@type\":\"ImageObject\",\"inLanguage\":\"cs\",\"@id\":\"https:\/\/www.domstavpro.com\/index.php\/produkt\/3-numinos-r-dali-s-3fazove-systemove-svitidlo-bila-cerna-2700-k-24deg-big-white-slv-cenove-vyhodny-19103\/#primaryimage\",\"url\":\"https:\/\/www.domstavpro.com\/wp-content\/uploads\/2026\/SK0026205-CZ20260425-091535-0-1777079744-LA-1004366.webp\",\"contentUrl\":\"https:\/\/www.domstavpro.com\/wp-content\/uploads\/2026\/SK0026205-CZ20260425-091535-0-1777079744-LA-1004366.webp\",\"width\":800,\"height\":800},{\"@type\":\"BreadcrumbList\",\"@id\":\"https:\/\/www.domstavpro.com\/index.php\/produkt\/3-numinos-r-dali-s-3fazove-systemove-svitidlo-bila-cerna-2700-k-24deg-big-white-slv-cenove-vyhodny-19103\/#breadcrumb\",\"itemListElement\":[{\"@type\":\"ListItem\",\"position\":1,\"name\":\"Home\",\"item\":\"https:\/\/www.domstavpro.com\/\"},{\"@type\":\"ListItem\",\"position\":2,\"name\":\"Products\",\"item\":\"https:\/\/www.domstavpro.com\/index.php\/products\/\"},{\"@type\":\"ListItem\",\"position\":3,\"name\":\"3~ NUMINOS\u00ae DALI S 3f\u00e1zov\u00e9 syst\u00e9mov\u00e9 sv\u00edtidlo b\u00edl\u00e1\/\u010dern\u00e1 2700 K 24\u00b0 &#8211; BIG WHITE (SLV) Cenov\u011b V\u00fdhodn\u00fd\"}]},{\"@type\":\"WebSite\",\"@id\":\"https:\/\/www.domstavpro.com\/#website\",\"url\":\"https:\/\/www.domstavpro.com\/\",\"name\":\"\",\"description\":\"\",\"potentialAction\":[{\"@type\":\"SearchAction\",\"target\":{\"@type\":\"EntryPoint\",\"urlTemplate\":\"https:\/\/www.domstavpro.com\/?s={search_term_string}\"},\"query-input\":{\"@type\":\"PropertyValueSpecification\",\"valueRequired\":true,\"valueName\":\"search_term_string\"}}],\"inLanguage\":\"cs\"}]}<\/script>\n<!-- \/ Yoast SEO plugin. -->","yoast_head_json":{"title":"3~ NUMINOS\u00ae DALI S 3f\u00e1zov\u00e9 syst\u00e9mov\u00e9 sv\u00edtidlo b\u00edl\u00e1\/\u010dern\u00e1 2700 K 24\u00b0 - BIG WHITE (SLV) Cenov\u011b V\u00fdhodn\u00fd -","robots":{"index":"index","follow":"follow","max-snippet":"max-snippet:-1","max-image-preview":"max-image-preview:large","max-video-preview":"max-video-preview:-1"},"canonical":"https:\/\/www.domstavpro.com\/index.php\/produkt\/3-numinos-r-dali-s-3fazove-systemove-svitidlo-bila-cerna-2700-k-24deg-big-white-slv-cenove-vyhodny-19103\/","og_locale":"cs_CZ","og_type":"article","og_title":"3~ NUMINOS\u00ae DALI S 3f\u00e1zov\u00e9 syst\u00e9mov\u00e9 sv\u00edtidlo b\u00edl\u00e1\/\u010dern\u00e1 2700 K 24\u00b0 - BIG WHITE (SLV) Cenov\u011b V\u00fdhodn\u00fd -","og_description":"Popis produktu Designov\u00e9 3f\u00e1zov\u00e9 syst\u00e9mov\u00e9 sv\u00edtidlo NUMINOS\u00ae DALI S od SLV \u2013 dokonal\u00e9 \u0159e\u0161en\u00ed pro n\u00e1ro\u010dn\u00e9 projekty Objevte sv\u011bt modul\u00e1rn\u00edho osv\u011btlen\u00ed s profesion\u00e1ln\u00edm sv\u00edtidlem NUMINOS\u00ae DALI S z kolekce SLV BIG WHITE. Toto t\u0159\u00edf\u00e1zov\u00e9 li\u0161tov\u00e9 bodov\u00e9 sv\u00edtidlo v elegantn\u00ed kombinaci b\u00edl\u00e9 a \u010dern\u00e9 barvy je ide\u00e1ln\u00ed volbou pro ty, kte\u0159\u00ed po\u017eaduj\u00ed maxim\u00e1ln\u00ed variabilitu, \u0161pi\u010dkovou kvalitu [&hellip;]","og_url":"https:\/\/www.domstavpro.com\/index.php\/produkt\/3-numinos-r-dali-s-3fazove-systemove-svitidlo-bila-cerna-2700-k-24deg-big-white-slv-cenove-vyhodny-19103\/","og_image":[{"width":800,"height":800,"url":"https:\/\/www.domstavpro.com\/wp-content\/uploads\/2026\/SK0026205-CZ20260425-091535-0-1777079744-LA-1004366.webp","type":"image\/webp"}],"twitter_card":"summary_large_image","twitter_misc":{"Odhadovan\u00e1 doba \u010dten\u00ed":"3 minuty"},"schema":{"@context":"https:\/\/schema.org","@graph":[{"@type":"WebPage","@id":"https:\/\/www.domstavpro.com\/index.php\/produkt\/3-numinos-r-dali-s-3fazove-systemove-svitidlo-bila-cerna-2700-k-24deg-big-white-slv-cenove-vyhodny-19103\/","url":"https:\/\/www.domstavpro.com\/index.php\/produkt\/3-numinos-r-dali-s-3fazove-systemove-svitidlo-bila-cerna-2700-k-24deg-big-white-slv-cenove-vyhodny-19103\/","name":"3~ NUMINOS\u00ae DALI S 3f\u00e1zov\u00e9 syst\u00e9mov\u00e9 sv\u00edtidlo b\u00edl\u00e1\/\u010dern\u00e1 2700 K 24\u00b0 - BIG WHITE (SLV) Cenov\u011b V\u00fdhodn\u00fd -","isPartOf":{"@id":"https:\/\/www.domstavpro.com\/#website"},"primaryImageOfPage":{"@id":"https:\/\/www.domstavpro.com\/index.php\/produkt\/3-numinos-r-dali-s-3fazove-systemove-svitidlo-bila-cerna-2700-k-24deg-big-white-slv-cenove-vyhodny-19103\/#primaryimage"},"image":{"@id":"https:\/\/www.domstavpro.com\/index.php\/produkt\/3-numinos-r-dali-s-3fazove-systemove-svitidlo-bila-cerna-2700-k-24deg-big-white-slv-cenove-vyhodny-19103\/#primaryimage"},"thumbnailUrl":"https:\/\/www.domstavpro.com\/wp-content\/uploads\/2026\/SK0026205-CZ20260425-091535-0-1777079744-LA-1004366.webp","datePublished":"2026-04-27T15:08:37+00:00","breadcrumb":{"@id":"https:\/\/www.domstavpro.com\/index.php\/produkt\/3-numinos-r-dali-s-3fazove-systemove-svitidlo-bila-cerna-2700-k-24deg-big-white-slv-cenove-vyhodny-19103\/#breadcrumb"},"inLanguage":"cs","potentialAction":[{"@type":"ReadAction","target":["https:\/\/www.domstavpro.com\/index.php\/produkt\/3-numinos-r-dali-s-3fazove-systemove-svitidlo-bila-cerna-2700-k-24deg-big-white-slv-cenove-vyhodny-19103\/"]}]},{"@type":"ImageObject","inLanguage":"cs","@id":"https:\/\/www.domstavpro.com\/index.php\/produkt\/3-numinos-r-dali-s-3fazove-systemove-svitidlo-bila-cerna-2700-k-24deg-big-white-slv-cenove-vyhodny-19103\/#primaryimage","url":"https:\/\/www.domstavpro.com\/wp-content\/uploads\/2026\/SK0026205-CZ20260425-091535-0-1777079744-LA-1004366.webp","contentUrl":"https:\/\/www.domstavpro.com\/wp-content\/uploads\/2026\/SK0026205-CZ20260425-091535-0-1777079744-LA-1004366.webp","width":800,"height":800},{"@type":"BreadcrumbList","@id":"https:\/\/www.domstavpro.com\/index.php\/produkt\/3-numinos-r-dali-s-3fazove-systemove-svitidlo-bila-cerna-2700-k-24deg-big-white-slv-cenove-vyhodny-19103\/#breadcrumb","itemListElement":[{"@type":"ListItem","position":1,"name":"Home","item":"https:\/\/www.domstavpro.com\/"},{"@type":"ListItem","position":2,"name":"Products","item":"https:\/\/www.domstavpro.com\/index.php\/products\/"},{"@type":"ListItem","position":3,"name":"3~ NUMINOS\u00ae DALI S 3f\u00e1zov\u00e9 syst\u00e9mov\u00e9 sv\u00edtidlo b\u00edl\u00e1\/\u010dern\u00e1 2700 K 24\u00b0 &#8211; BIG WHITE (SLV) Cenov\u011b V\u00fdhodn\u00fd"}]},{"@type":"WebSite","@id":"https:\/\/www.domstavpro.com\/#website","url":"https:\/\/www.domstavpro.com\/","name":"","description":"","potentialAction":[{"@type":"SearchAction","target":{"@type":"EntryPoint","urlTemplate":"https:\/\/www.domstavpro.com\/?s={search_term_string}"},"query-input":{"@type":"PropertyValueSpecification","valueRequired":true,"valueName":"search_term_string"}}],"inLanguage":"cs"}]}},"_links":{"self":[{"href":"https:\/\/www.domstavpro.com\/index.php\/wp-json\/wp\/v2\/product\/19103","targetHints":{"allow":["GET"]}}],"collection":[{"href":"https:\/\/www.domstavpro.com\/index.php\/wp-json\/wp\/v2\/product"}],"about":[{"href":"https:\/\/www.domstavpro.com\/index.php\/wp-json\/wp\/v2\/types\/product"}],"replies":[{"embeddable":true,"href":"https:\/\/www.domstavpro.com\/index.php\/wp-json\/wp\/v2\/comments?post=19103"}],"wp:featuredmedia":[{"embeddable":true,"href":"https:\/\/www.domstavpro.com\/index.php\/wp-json\/wp\/v2\/media\/19203"}],"wp:attachment":[{"href":"https:\/\/www.domstavpro.com\/index.php\/wp-json\/wp\/v2\/media?parent=19103"}],"wp:term":[{"taxonomy":"product_brand","embeddable":true,"href":"https:\/\/www.domstavpro.com\/index.php\/wp-json\/wp\/v2\/product_brand?post=19103"},{"taxonomy":"product_cat","embeddable":true,"href":"https:\/\/www.domstavpro.com\/index.php\/wp-json\/wp\/v2\/product_cat?post=19103"},{"taxonomy":"product_tag","embeddable":true,"href":"https:\/\/www.domstavpro.com\/index.php\/wp-json\/wp\/v2\/product_tag?post=19103"}],"curies":[{"name":"wp","href":"https:\/\/api.w.org\/{rel}","templated":true}]}}