{"id":17958,"date":"2026-04-27T15:08:35","date_gmt":"2026-04-27T15:08:35","guid":{"rendered":""},"modified":"2026-04-27T15:08:35","modified_gmt":"2026-04-27T15:08:35","slug":"znackovy-ukoncena-vyroba-numinos-r-move-dl-l-vnitrni-led-zapustne-stropni-svitidlo-bila-bila-2700-k-20deg-otocne-a-vykyvne-big-white-slv-17958","status":"publish","type":"product","link":"https:\/\/www.domstavpro.com\/index.php\/produkt\/znackovy-ukoncena-vyroba-numinos-r-move-dl-l-vnitrni-led-zapustne-stropni-svitidlo-bila-bila-2700-k-20deg-otocne-a-vykyvne-big-white-slv-17958\/","title":{"rendered":"Zna\u010dkov\u00fd UKON\u010cENA V\u00ddROBA NUMINOS\u00ae MOVE DL L vnit\u0159n\u00ed LED z\u00e1pustn\u00e9 stropn\u00ed sv\u00edtidlo b\u00edl\u00e1\/b\u00edl\u00e1 2700 K 20\u00b0 oto\u010dn\u00e9 a v\u00fdkyvn\u00e9 &#8211; BIG WHITE (SLV)"},"content":{"rendered":"<h3 class=\"product-h3\">Popis produktu<\/h3>\n<p><h2>NUMINOS\u00ae MOVE DL L \u2013 Designov\u00e9 LED z\u00e1pustn\u00e9 stropn\u00ed sv\u00edtidlo, b\u00edl\u00e9, 2700K, 20\u00b0, oto\u010dn\u00e9 a v\u00fdkyvn\u00e9<\/h2>\n<p>Sofistikovan\u00e9 \u0159e\u0161en\u00ed osv\u011btlen\u00ed pro presti\u017en\u00ed interi\u00e9ry \u2013 to je <strong>NUMINOS\u00ae MOVE DL L<\/strong> od zna\u010dky SLV z kolekce BIG WHITE. Toto z\u00e1pustn\u00e9 stropn\u00ed LED sv\u00edtidlo v elegantn\u00edm b\u00edl\u00e9m proveden\u00ed nab\u00edz\u00ed \u0161pi\u010dkov\u00fd design, maxim\u00e1ln\u00ed flexibilitu a mimo\u0159\u00e1dnou sv\u011btelnou kvalitu, kter\u00e1 spl\u0148uje n\u00e1ro\u010dn\u00e9 po\u017eadavky modern\u00ed architektury i interi\u00e9rov\u00e9ho designu.<\/p>\n<h3>V\u0161estrannost pro profesion\u00e1ln\u00ed projekty<\/h3>\n<p>NUMINOS\u00ae MOVE DL L je ide\u00e1ln\u00ed volbou pro hotely, kancel\u00e1\u0159e, komer\u010dn\u00ed i reziden\u010dn\u00ed prostory. D\u00edky modul\u00e1rn\u00edmu pojet\u00ed syst\u00e9mu NUMINOS\u00ae m\u016f\u017eete sv\u00edtidlo snadno konfigurovat dle konkr\u00e9tn\u00edho zad\u00e1n\u00ed projektanta nebo prostorov\u00fdch pot\u0159eb. Oto\u010dn\u00fd mechanismus (355\u00b0) a v\u00fdkyvn\u00fd kloub (30\u00b0) umo\u017e\u0148uj\u00ed p\u0159esn\u00e9 zam\u011b\u0159en\u00ed sv\u011bteln\u00e9ho paprsku a zv\u00fdrazn\u011bn\u00ed po\u017eadovan\u00fdch detail\u016f v interi\u00e9ru.<\/p>\n<ul>\n<li><strong>Teplota chromati\u010dnosti 2700K:<\/strong> P\u0159\u00edjemn\u00e9 tepl\u00e9 b\u00edl\u00e9 sv\u011btlo vytv\u00e1\u0159\u00ed \u00fatulnou atmosf\u00e9ru.<\/li>\n<li><strong>\u00dahel sv\u00edcen\u00ed 20\u00b0:<\/strong> Perfektn\u00ed pro akcentov\u00e9 nasv\u00edcen\u00ed st\u011bn, um\u011bleck\u00fdch d\u011bl, zbo\u017e\u00ed nebo architektonick\u00fdch prvk\u016f.<\/li>\n<li><strong>Vysok\u00e1 sv\u011bteln\u00e1 \u00fa\u010dinnost:<\/strong> 2250 lm p\u0159i spot\u0159eb\u011b 25,41 W zaru\u010duje dostatek sv\u011btla pro v\u011bt\u0161\u00ed prostory.<\/li>\n<li><strong>Vynikaj\u00edc\u00ed pod\u00e1n\u00ed barev CRI &gt;90:<\/strong> P\u0159irozen\u00e9 a v\u011brn\u00e9 barevn\u00e9 pod\u00e1n\u00ed, kl\u00ed\u010dov\u00e9 pro reprezentativn\u00ed prostory.<\/li>\n<li><strong>Mont\u00e1\u017en\u00ed flexibilita:<\/strong> Vhodn\u00e9 pro mont\u00e1\u017e do podhled\u016f (mont\u00e1\u017en\u00ed otvor 145 mm, z\u00e1pustn\u00e1 hloubka 105 mm).<\/li>\n<li><strong>Jednoduch\u00e1 instalace:<\/strong> Barevn\u011b k\u00f3dovan\u00e9 LED drivery pro snadn\u00fd v\u00fdb\u011br (zap.\/vyp., f\u00e1zov\u00fd stm\u00edva\u010d, DALI).<\/li>\n<\/ul>\n<h3>Inspirace a doporu\u010den\u00ed architekta<\/h3>\n<p>Toto sv\u00edtidlo doporu\u010dujeme pro realizace s d\u016frazem na kvalitn\u00ed sv\u011bteln\u00e9 akcenty a mo\u017enost rychl\u00e9 zm\u011bny nasv\u00edcen\u00ed. Uplatn\u00ed se jako hlavn\u00ed i dopl\u0148kov\u00e9 osv\u011btlen\u00ed v galeri\u00edch, showroomu, reprezentativn\u00edch kancel\u00e1\u0159\u00edch nebo soukrom\u00fdch rezidenc\u00edch. Modul\u00e1rn\u00ed syst\u00e9m NUMINOS\u00ae umo\u017e\u0148uje navrhnout cel\u00e9 sv\u011bteln\u00e9 sc\u00e9ny v jednotn\u00e9m designu a barv\u011b t\u011bla.<\/p>\n<h3>Z\u00e1ruky a certifikace<\/h3>\n<ul>\n<li><strong>\u017divotnost LED:<\/strong> 50 000 hodin \u2013 sv\u00edtidlo je vhodn\u00e9 i pro dlouhodob\u011b provozovan\u00e9 prostory.<\/li>\n<li><strong>Certifikace:<\/strong> CE \u2013 spl\u0148uje evropsk\u00e9 standardy bezpe\u010dnosti a kvality.<\/li>\n<li><strong>Z\u00e1ruka:<\/strong> 2 roky<\/li>\n<\/ul>\n<h3>Technick\u00e9 parametry<\/h3>\n<ul>\n<li>V\u00fd\u0161ka: 95 mm<\/li>\n<li>Pr\u016fm\u011br: 160 mm<\/li>\n<li>Hmotnost: 490 g<\/li>\n<li>Proudov\u00e9 zat\u00ed\u017een\u00ed: 700 mA<\/li>\n<li>Energetick\u00e1 t\u0159\u00edda: E<\/li>\n<li>V\u010detn\u011b sv\u011bteln\u00e9ho zdroje: Ano<\/li>\n<li>V\u010detn\u011b trafa: Ne (nutno zvolit odpov\u00eddaj\u00edc\u00ed driver)<\/li>\n<\/ul>\n<p>Pro detailn\u00ed konfiguraci nav\u0161tivte str\u00e1nky v\u00fdrobce.<\/p>\n<\/p><\/div>\n<\/p><\/div>\n<p><\/p>\n<div class=\"top-params\">\n<h3 class=\"product-h3 collapse-header \" data-toggle=\"collapse\" data-target=\"#collapseOne\" aria-expanded=\"true\" aria-controls=\"collapseOne\">Parametry<\/h3>\n<div id=\"collapseOne\" class=\"collapse show\" aria-labelledby=\"headingOne\" data-parent=\"#product-info-accordion1\">\n<table class=\"table-striped\">\n<tr>\n<td>                U v\u00fdrobce dostupn\u00fdch            <\/td>\n<td>                0                    ks            <\/td>\n<\/tr>\n<tr>\n<td>                V\u00fd\u0161ka v mm            <\/td>\n<td>                95            <\/td>\n<\/tr>\n<tr>\n<td>                \u017divotnost            <\/td>\n<td>                50000h            <\/td>\n<\/tr>\n<tr>\n<td>                Hmotnost g            <\/td>\n<td>                490            <\/td>\n<\/tr>\n<tr>\n<td>                Pr\u016fm\u011br v mm            <\/td>\n<td>                160            <\/td>\n<\/tr>\n<tr>\n<td>                Sv\u011bteln\u00fd tok            <\/td>\n<td>                2250lm            <\/td>\n<\/tr>\n<tr>\n<td>                Teplota barvy sv\u011btla            <\/td>\n<td>                2700K            <\/td>\n<\/tr>\n<tr>\n<td>                V\u00fdkon            <\/td>\n<td>                25,41W            <\/td>\n<\/tr>\n<tr>\n<td>                Patice            <\/td>\n<td>                LED            <\/td>\n<\/tr>\n<tr>\n<td>                Mont\u00e1\u017en\u00ed otvor v mm            <\/td>\n<td>                1450            <\/td>\n<\/tr>\n<tr>\n<td>                Proudov\u00e9 zat\u00ed\u017een\u00ed            <\/td>\n<td>                700mA            <\/td>\n<\/tr>\n<tr>\n<td>                Z\u00e1pustn\u00e1 hloubka v mm            <\/td>\n<td>                1050            <\/td>\n<\/tr>\n<tr>\n<td>                V\u010detn\u011b sv\u011bteln\u00e9ho zdroje            <\/td>\n<td>                ano            <\/td>\n<\/tr>\n<tr>\n<td>                Barva            <\/td>\n<td>                b\u00edl\u00e1            <\/td>\n<\/tr>\n<tr>\n<td>                V\u00fdrobce            <\/td>\n<td>                SLV &#8211; BIG WHITE            <\/td>\n<\/tr>\n<tr>\n<td>                Energetick\u00e1 \u00fa\u010dinnost            <\/td>\n<td>                E            <\/td>\n<\/tr>\n<tr>\n<td>                V\u010detn\u011b trafa            <\/td>\n<td>                ne            <\/td>\n<\/tr>\n<tr>\n<td>                Index pod\u00e1n\u00ed barev            <\/td>\n<td>                90            <\/td>\n<\/tr>\n<\/table>\n<\/div><\/div>\n<\/div>\n<div class=\"accordion\" id=\"product-info-accordion2\">\n","protected":false},"excerpt":{"rendered":"<p>Popis produktu NUMINOS\u00ae MOVE DL L \u2013 Designov\u00e9 LED z\u00e1pustn\u00e9 stropn\u00ed sv\u00edtidlo, b\u00edl\u00e9, 2700K, 20\u00b0, oto\u010dn\u00e9 a v\u00fdkyvn\u00e9 Sofistikovan\u00e9 \u0159e\u0161en\u00ed osv\u011btlen\u00ed pro presti\u017en\u00ed interi\u00e9ry \u2013 to je NUMINOS\u00ae MOVE DL L od zna\u010dky SLV z kolekce BIG WHITE. Toto z\u00e1pustn\u00e9 stropn\u00ed LED sv\u00edtidlo v elegantn\u00edm b\u00edl\u00e9m proveden\u00ed nab\u00edz\u00ed \u0161pi\u010dkov\u00fd design, maxim\u00e1ln\u00ed flexibilitu a mimo\u0159\u00e1dnou sv\u011btelnou [&hellip;]<\/p>\n","protected":false},"featured_media":18058,"comment_status":"open","ping_status":"open","template":"","meta":[],"product_brand":[],"product_cat":[31],"product_tag":[],"class_list":{"0":"post-17958","1":"product","2":"type-product","3":"status-publish","4":"has-post-thumbnail","6":"product_cat-interierova-svitidla","8":"first","9":"instock","10":"sale","11":"shipping-taxable","12":"purchasable","13":"product-type-simple"},"yoast_head":"<!-- This site is optimized with the Yoast SEO plugin v26.8 - https:\/\/yoast.com\/product\/yoast-seo-wordpress\/ -->\n<title>Zna\u010dkov\u00fd UKON\u010cENA V\u00ddROBA NUMINOS\u00ae MOVE DL L vnit\u0159n\u00ed LED z\u00e1pustn\u00e9 stropn\u00ed sv\u00edtidlo b\u00edl\u00e1\/b\u00edl\u00e1 2700 K 20\u00b0 oto\u010dn\u00e9 a v\u00fdkyvn\u00e9 - BIG WHITE (SLV) -<\/title>\n<meta name=\"robots\" content=\"index, follow, max-snippet:-1, max-image-preview:large, max-video-preview:-1\" \/>\n<link rel=\"canonical\" href=\"https:\/\/www.domstavpro.com\/index.php\/produkt\/znackovy-ukoncena-vyroba-numinos-r-move-dl-l-vnitrni-led-zapustne-stropni-svitidlo-bila-bila-2700-k-20deg-otocne-a-vykyvne-big-white-slv-17958\/\" \/>\n<meta property=\"og:locale\" content=\"cs_CZ\" \/>\n<meta property=\"og:type\" content=\"article\" \/>\n<meta property=\"og:title\" content=\"Zna\u010dkov\u00fd UKON\u010cENA V\u00ddROBA NUMINOS\u00ae MOVE DL L vnit\u0159n\u00ed LED z\u00e1pustn\u00e9 stropn\u00ed sv\u00edtidlo b\u00edl\u00e1\/b\u00edl\u00e1 2700 K 20\u00b0 oto\u010dn\u00e9 a v\u00fdkyvn\u00e9 - BIG WHITE (SLV) -\" \/>\n<meta property=\"og:description\" content=\"Popis produktu NUMINOS\u00ae MOVE DL L \u2013 Designov\u00e9 LED z\u00e1pustn\u00e9 stropn\u00ed sv\u00edtidlo, b\u00edl\u00e9, 2700K, 20\u00b0, oto\u010dn\u00e9 a v\u00fdkyvn\u00e9 Sofistikovan\u00e9 \u0159e\u0161en\u00ed osv\u011btlen\u00ed pro presti\u017en\u00ed interi\u00e9ry \u2013 to je NUMINOS\u00ae MOVE DL L od zna\u010dky SLV z kolekce BIG WHITE. Toto z\u00e1pustn\u00e9 stropn\u00ed LED sv\u00edtidlo v elegantn\u00edm b\u00edl\u00e9m proveden\u00ed nab\u00edz\u00ed \u0161pi\u010dkov\u00fd design, maxim\u00e1ln\u00ed flexibilitu a mimo\u0159\u00e1dnou sv\u011btelnou [&hellip;]\" \/>\n<meta property=\"og:url\" content=\"https:\/\/www.domstavpro.com\/index.php\/produkt\/znackovy-ukoncena-vyroba-numinos-r-move-dl-l-vnitrni-led-zapustne-stropni-svitidlo-bila-bila-2700-k-20deg-otocne-a-vykyvne-big-white-slv-17958\/\" \/>\n<meta property=\"og:image\" content=\"https:\/\/www.domstavpro.com\/wp-content\/uploads\/2026\/SK0025660-CZ20260425-091535-0-1777079744-LA-1003638.webp\" \/>\n\t<meta property=\"og:image:width\" content=\"800\" \/>\n\t<meta property=\"og:image:height\" content=\"800\" \/>\n\t<meta property=\"og:image:type\" content=\"image\/webp\" \/>\n<meta name=\"twitter:card\" content=\"summary_large_image\" \/>\n<meta name=\"twitter:label1\" content=\"Odhadovan\u00e1 doba \u010dten\u00ed\" \/>\n\t<meta name=\"twitter:data1\" content=\"2 minuty\" \/>\n<script type=\"application\/ld+json\" class=\"yoast-schema-graph\">{\"@context\":\"https:\/\/schema.org\",\"@graph\":[{\"@type\":\"WebPage\",\"@id\":\"https:\/\/www.domstavpro.com\/index.php\/produkt\/znackovy-ukoncena-vyroba-numinos-r-move-dl-l-vnitrni-led-zapustne-stropni-svitidlo-bila-bila-2700-k-20deg-otocne-a-vykyvne-big-white-slv-17958\/\",\"url\":\"https:\/\/www.domstavpro.com\/index.php\/produkt\/znackovy-ukoncena-vyroba-numinos-r-move-dl-l-vnitrni-led-zapustne-stropni-svitidlo-bila-bila-2700-k-20deg-otocne-a-vykyvne-big-white-slv-17958\/\",\"name\":\"Zna\u010dkov\u00fd UKON\u010cENA V\u00ddROBA NUMINOS\u00ae MOVE DL L vnit\u0159n\u00ed LED z\u00e1pustn\u00e9 stropn\u00ed sv\u00edtidlo b\u00edl\u00e1\/b\u00edl\u00e1 2700 K 20\u00b0 oto\u010dn\u00e9 a v\u00fdkyvn\u00e9 - BIG WHITE (SLV) -\",\"isPartOf\":{\"@id\":\"https:\/\/www.domstavpro.com\/#website\"},\"primaryImageOfPage\":{\"@id\":\"https:\/\/www.domstavpro.com\/index.php\/produkt\/znackovy-ukoncena-vyroba-numinos-r-move-dl-l-vnitrni-led-zapustne-stropni-svitidlo-bila-bila-2700-k-20deg-otocne-a-vykyvne-big-white-slv-17958\/#primaryimage\"},\"image\":{\"@id\":\"https:\/\/www.domstavpro.com\/index.php\/produkt\/znackovy-ukoncena-vyroba-numinos-r-move-dl-l-vnitrni-led-zapustne-stropni-svitidlo-bila-bila-2700-k-20deg-otocne-a-vykyvne-big-white-slv-17958\/#primaryimage\"},\"thumbnailUrl\":\"https:\/\/www.domstavpro.com\/wp-content\/uploads\/2026\/SK0025660-CZ20260425-091535-0-1777079744-LA-1003638.webp\",\"datePublished\":\"2026-04-27T15:08:35+00:00\",\"breadcrumb\":{\"@id\":\"https:\/\/www.domstavpro.com\/index.php\/produkt\/znackovy-ukoncena-vyroba-numinos-r-move-dl-l-vnitrni-led-zapustne-stropni-svitidlo-bila-bila-2700-k-20deg-otocne-a-vykyvne-big-white-slv-17958\/#breadcrumb\"},\"inLanguage\":\"cs\",\"potentialAction\":[{\"@type\":\"ReadAction\",\"target\":[\"https:\/\/www.domstavpro.com\/index.php\/produkt\/znackovy-ukoncena-vyroba-numinos-r-move-dl-l-vnitrni-led-zapustne-stropni-svitidlo-bila-bila-2700-k-20deg-otocne-a-vykyvne-big-white-slv-17958\/\"]}]},{\"@type\":\"ImageObject\",\"inLanguage\":\"cs\",\"@id\":\"https:\/\/www.domstavpro.com\/index.php\/produkt\/znackovy-ukoncena-vyroba-numinos-r-move-dl-l-vnitrni-led-zapustne-stropni-svitidlo-bila-bila-2700-k-20deg-otocne-a-vykyvne-big-white-slv-17958\/#primaryimage\",\"url\":\"https:\/\/www.domstavpro.com\/wp-content\/uploads\/2026\/SK0025660-CZ20260425-091535-0-1777079744-LA-1003638.webp\",\"contentUrl\":\"https:\/\/www.domstavpro.com\/wp-content\/uploads\/2026\/SK0025660-CZ20260425-091535-0-1777079744-LA-1003638.webp\",\"width\":800,\"height\":800},{\"@type\":\"BreadcrumbList\",\"@id\":\"https:\/\/www.domstavpro.com\/index.php\/produkt\/znackovy-ukoncena-vyroba-numinos-r-move-dl-l-vnitrni-led-zapustne-stropni-svitidlo-bila-bila-2700-k-20deg-otocne-a-vykyvne-big-white-slv-17958\/#breadcrumb\",\"itemListElement\":[{\"@type\":\"ListItem\",\"position\":1,\"name\":\"Home\",\"item\":\"https:\/\/www.domstavpro.com\/\"},{\"@type\":\"ListItem\",\"position\":2,\"name\":\"Products\",\"item\":\"https:\/\/www.domstavpro.com\/index.php\/products\/\"},{\"@type\":\"ListItem\",\"position\":3,\"name\":\"Zna\u010dkov\u00fd UKON\u010cENA V\u00ddROBA NUMINOS\u00ae MOVE DL L vnit\u0159n\u00ed LED z\u00e1pustn\u00e9 stropn\u00ed sv\u00edtidlo b\u00edl\u00e1\/b\u00edl\u00e1 2700 K 20\u00b0 oto\u010dn\u00e9 a v\u00fdkyvn\u00e9 &#8211; BIG WHITE (SLV)\"}]},{\"@type\":\"WebSite\",\"@id\":\"https:\/\/www.domstavpro.com\/#website\",\"url\":\"https:\/\/www.domstavpro.com\/\",\"name\":\"\",\"description\":\"\",\"potentialAction\":[{\"@type\":\"SearchAction\",\"target\":{\"@type\":\"EntryPoint\",\"urlTemplate\":\"https:\/\/www.domstavpro.com\/?s={search_term_string}\"},\"query-input\":{\"@type\":\"PropertyValueSpecification\",\"valueRequired\":true,\"valueName\":\"search_term_string\"}}],\"inLanguage\":\"cs\"}]}<\/script>\n<!-- \/ Yoast SEO plugin. -->","yoast_head_json":{"title":"Zna\u010dkov\u00fd UKON\u010cENA V\u00ddROBA NUMINOS\u00ae MOVE DL L vnit\u0159n\u00ed LED z\u00e1pustn\u00e9 stropn\u00ed sv\u00edtidlo b\u00edl\u00e1\/b\u00edl\u00e1 2700 K 20\u00b0 oto\u010dn\u00e9 a v\u00fdkyvn\u00e9 - BIG WHITE (SLV) -","robots":{"index":"index","follow":"follow","max-snippet":"max-snippet:-1","max-image-preview":"max-image-preview:large","max-video-preview":"max-video-preview:-1"},"canonical":"https:\/\/www.domstavpro.com\/index.php\/produkt\/znackovy-ukoncena-vyroba-numinos-r-move-dl-l-vnitrni-led-zapustne-stropni-svitidlo-bila-bila-2700-k-20deg-otocne-a-vykyvne-big-white-slv-17958\/","og_locale":"cs_CZ","og_type":"article","og_title":"Zna\u010dkov\u00fd UKON\u010cENA V\u00ddROBA NUMINOS\u00ae MOVE DL L vnit\u0159n\u00ed LED z\u00e1pustn\u00e9 stropn\u00ed sv\u00edtidlo b\u00edl\u00e1\/b\u00edl\u00e1 2700 K 20\u00b0 oto\u010dn\u00e9 a v\u00fdkyvn\u00e9 - BIG WHITE (SLV) -","og_description":"Popis produktu NUMINOS\u00ae MOVE DL L \u2013 Designov\u00e9 LED z\u00e1pustn\u00e9 stropn\u00ed sv\u00edtidlo, b\u00edl\u00e9, 2700K, 20\u00b0, oto\u010dn\u00e9 a v\u00fdkyvn\u00e9 Sofistikovan\u00e9 \u0159e\u0161en\u00ed osv\u011btlen\u00ed pro presti\u017en\u00ed interi\u00e9ry \u2013 to je NUMINOS\u00ae MOVE DL L od zna\u010dky SLV z kolekce BIG WHITE. Toto z\u00e1pustn\u00e9 stropn\u00ed LED sv\u00edtidlo v elegantn\u00edm b\u00edl\u00e9m proveden\u00ed nab\u00edz\u00ed \u0161pi\u010dkov\u00fd design, maxim\u00e1ln\u00ed flexibilitu a mimo\u0159\u00e1dnou sv\u011btelnou [&hellip;]","og_url":"https:\/\/www.domstavpro.com\/index.php\/produkt\/znackovy-ukoncena-vyroba-numinos-r-move-dl-l-vnitrni-led-zapustne-stropni-svitidlo-bila-bila-2700-k-20deg-otocne-a-vykyvne-big-white-slv-17958\/","og_image":[{"width":800,"height":800,"url":"https:\/\/www.domstavpro.com\/wp-content\/uploads\/2026\/SK0025660-CZ20260425-091535-0-1777079744-LA-1003638.webp","type":"image\/webp"}],"twitter_card":"summary_large_image","twitter_misc":{"Odhadovan\u00e1 doba \u010dten\u00ed":"2 minuty"},"schema":{"@context":"https:\/\/schema.org","@graph":[{"@type":"WebPage","@id":"https:\/\/www.domstavpro.com\/index.php\/produkt\/znackovy-ukoncena-vyroba-numinos-r-move-dl-l-vnitrni-led-zapustne-stropni-svitidlo-bila-bila-2700-k-20deg-otocne-a-vykyvne-big-white-slv-17958\/","url":"https:\/\/www.domstavpro.com\/index.php\/produkt\/znackovy-ukoncena-vyroba-numinos-r-move-dl-l-vnitrni-led-zapustne-stropni-svitidlo-bila-bila-2700-k-20deg-otocne-a-vykyvne-big-white-slv-17958\/","name":"Zna\u010dkov\u00fd UKON\u010cENA V\u00ddROBA NUMINOS\u00ae MOVE DL L vnit\u0159n\u00ed LED z\u00e1pustn\u00e9 stropn\u00ed sv\u00edtidlo b\u00edl\u00e1\/b\u00edl\u00e1 2700 K 20\u00b0 oto\u010dn\u00e9 a v\u00fdkyvn\u00e9 - BIG WHITE (SLV) -","isPartOf":{"@id":"https:\/\/www.domstavpro.com\/#website"},"primaryImageOfPage":{"@id":"https:\/\/www.domstavpro.com\/index.php\/produkt\/znackovy-ukoncena-vyroba-numinos-r-move-dl-l-vnitrni-led-zapustne-stropni-svitidlo-bila-bila-2700-k-20deg-otocne-a-vykyvne-big-white-slv-17958\/#primaryimage"},"image":{"@id":"https:\/\/www.domstavpro.com\/index.php\/produkt\/znackovy-ukoncena-vyroba-numinos-r-move-dl-l-vnitrni-led-zapustne-stropni-svitidlo-bila-bila-2700-k-20deg-otocne-a-vykyvne-big-white-slv-17958\/#primaryimage"},"thumbnailUrl":"https:\/\/www.domstavpro.com\/wp-content\/uploads\/2026\/SK0025660-CZ20260425-091535-0-1777079744-LA-1003638.webp","datePublished":"2026-04-27T15:08:35+00:00","breadcrumb":{"@id":"https:\/\/www.domstavpro.com\/index.php\/produkt\/znackovy-ukoncena-vyroba-numinos-r-move-dl-l-vnitrni-led-zapustne-stropni-svitidlo-bila-bila-2700-k-20deg-otocne-a-vykyvne-big-white-slv-17958\/#breadcrumb"},"inLanguage":"cs","potentialAction":[{"@type":"ReadAction","target":["https:\/\/www.domstavpro.com\/index.php\/produkt\/znackovy-ukoncena-vyroba-numinos-r-move-dl-l-vnitrni-led-zapustne-stropni-svitidlo-bila-bila-2700-k-20deg-otocne-a-vykyvne-big-white-slv-17958\/"]}]},{"@type":"ImageObject","inLanguage":"cs","@id":"https:\/\/www.domstavpro.com\/index.php\/produkt\/znackovy-ukoncena-vyroba-numinos-r-move-dl-l-vnitrni-led-zapustne-stropni-svitidlo-bila-bila-2700-k-20deg-otocne-a-vykyvne-big-white-slv-17958\/#primaryimage","url":"https:\/\/www.domstavpro.com\/wp-content\/uploads\/2026\/SK0025660-CZ20260425-091535-0-1777079744-LA-1003638.webp","contentUrl":"https:\/\/www.domstavpro.com\/wp-content\/uploads\/2026\/SK0025660-CZ20260425-091535-0-1777079744-LA-1003638.webp","width":800,"height":800},{"@type":"BreadcrumbList","@id":"https:\/\/www.domstavpro.com\/index.php\/produkt\/znackovy-ukoncena-vyroba-numinos-r-move-dl-l-vnitrni-led-zapustne-stropni-svitidlo-bila-bila-2700-k-20deg-otocne-a-vykyvne-big-white-slv-17958\/#breadcrumb","itemListElement":[{"@type":"ListItem","position":1,"name":"Home","item":"https:\/\/www.domstavpro.com\/"},{"@type":"ListItem","position":2,"name":"Products","item":"https:\/\/www.domstavpro.com\/index.php\/products\/"},{"@type":"ListItem","position":3,"name":"Zna\u010dkov\u00fd UKON\u010cENA V\u00ddROBA NUMINOS\u00ae MOVE DL L vnit\u0159n\u00ed LED z\u00e1pustn\u00e9 stropn\u00ed sv\u00edtidlo b\u00edl\u00e1\/b\u00edl\u00e1 2700 K 20\u00b0 oto\u010dn\u00e9 a v\u00fdkyvn\u00e9 &#8211; BIG WHITE (SLV)"}]},{"@type":"WebSite","@id":"https:\/\/www.domstavpro.com\/#website","url":"https:\/\/www.domstavpro.com\/","name":"","description":"","potentialAction":[{"@type":"SearchAction","target":{"@type":"EntryPoint","urlTemplate":"https:\/\/www.domstavpro.com\/?s={search_term_string}"},"query-input":{"@type":"PropertyValueSpecification","valueRequired":true,"valueName":"search_term_string"}}],"inLanguage":"cs"}]}},"_links":{"self":[{"href":"https:\/\/www.domstavpro.com\/index.php\/wp-json\/wp\/v2\/product\/17958","targetHints":{"allow":["GET"]}}],"collection":[{"href":"https:\/\/www.domstavpro.com\/index.php\/wp-json\/wp\/v2\/product"}],"about":[{"href":"https:\/\/www.domstavpro.com\/index.php\/wp-json\/wp\/v2\/types\/product"}],"replies":[{"embeddable":true,"href":"https:\/\/www.domstavpro.com\/index.php\/wp-json\/wp\/v2\/comments?post=17958"}],"wp:featuredmedia":[{"embeddable":true,"href":"https:\/\/www.domstavpro.com\/index.php\/wp-json\/wp\/v2\/media\/18058"}],"wp:attachment":[{"href":"https:\/\/www.domstavpro.com\/index.php\/wp-json\/wp\/v2\/media?parent=17958"}],"wp:term":[{"taxonomy":"product_brand","embeddable":true,"href":"https:\/\/www.domstavpro.com\/index.php\/wp-json\/wp\/v2\/product_brand?post=17958"},{"taxonomy":"product_cat","embeddable":true,"href":"https:\/\/www.domstavpro.com\/index.php\/wp-json\/wp\/v2\/product_cat?post=17958"},{"taxonomy":"product_tag","embeddable":true,"href":"https:\/\/www.domstavpro.com\/index.php\/wp-json\/wp\/v2\/product_tag?post=17958"}],"curies":[{"name":"wp","href":"https:\/\/api.w.org\/{rel}","templated":true}]}}