{"id":16347,"date":"2026-04-27T15:08:31","date_gmt":"2026-04-27T15:08:31","guid":{"rendered":""},"modified":"2026-04-27T15:08:31","modified_gmt":"2026-04-27T15:08:31","slug":"znackovy-keramicky-drez-villeroy-amp-boch-single-595-bila-keramika-16347","status":"publish","type":"product","link":"https:\/\/www.domstavpro.com\/index.php\/produkt\/znackovy-keramicky-drez-villeroy-amp-boch-single-595-bila-keramika-16347\/","title":{"rendered":"Zna\u010dkov\u00fd Keramick\u00fd d\u0159ez Villeroy &amp; Boch Single 595 B\u00edl\u00e1 keramika"},"content":{"rendered":"<div id=\"e8217547\" class=\"pages\">\n<div>\n<div id=\"PDDescription\" class=\"UserContentView userContent v1a v1 bs-view dcon dc164 PDDescription\" ><dc-con><dc-con><bs-empty><\/bs-empty><\/dc-con><dc-con>        <\/p>\n<div class=\"customDescription\">                    <\/div>\n<p><\/dc-con><dc-con><\/p>\n<div class=\"rowNewText\">\n<p>Luxusn\u00ed Evropsk\u00e1 pr\u00e9miov\u00e1 <b>zna\u010dka&nbsp;Villeroy &amp; Boch&nbsp;<\/b>datuje sv\u016fj vznik ji\u017e v roce 1748. Se sv\u00fdmi produkty je zastoupena ve v\u00edce ne\u017e 125 zem\u00ed sv\u011bta. Villeroy &amp; Boch je inovativn\u00ed spole\u010dnost s dlouhou tradic\u00ed &#8211; je jednou z nejd\u016fle\u017eit\u011bj\u0161\u00edch zna\u010dek v N\u011bmecku, Evrop\u011b i na sv\u011bt\u011b. Jako v\u00fdrobce keramiky se vyvinul v mezin\u00e1rodn\u00ed lifestylovou zna\u010dku.&nbsp; &nbsp;&nbsp;<\/p>\n<\/div>\n<div class=\"rowNewText\">\n<p><b>D\u0159ez Villeroy &amp; Boch Single 595<\/b> bude skv\u011ble vypadat nejen v modern\u00ed kuchyni, ale i v kuchyn\u00edch v tzv. Provence stylu \u010di Hugge stylu. Sv\u00fdm jednoduch\u00fdm dojmem zapadne do jak\u00e9hokoliv prost\u0159ed\u00ed.&nbsp;D\u0159ez p\u016fsob\u00ed luxusn\u00edm a z\u00e1rove\u0148 minimalistick\u00fdm dojmem. <\/p>\n<\/div>\n<div class=\"rowNewText\">\n<p>Kuchy\u0148sk\u00fd d\u0159ez&nbsp;Single 595 disponuje hlavn\u00ed velkou komorou. Kde pohodln\u011b umyjete n\u00e1dob\u00ed v\u011bt\u0161\u00edch rozm\u011br\u016f jako je nap\u0159. pe\u010d\u00edc\u00ed plech.Villeroy &amp; Boch&nbsp;Single 595&nbsp;\u0159ad\u00edme do kategorie <b>modulov\u00fdch d\u0159ez\u016f<\/b>. &nbsp;To znamen\u00e1, \u017ee nejsou nijak pevn\u011b spojeny s&nbsp;pracovn\u00ed deskou. Montuj\u00ed se p\u0159\u00edmo na instala\u010dn\u00ed sk\u0159\u00ed\u0148ku a pracovn\u00ed deska se bu\u010f p\u0159ir\u00e1\u017e\u00ed z obou bok\u016f, nebo pracovn\u00ed deska p\u0159ekr\u00fdv\u00e1 okraje d\u0159ezu shora. Modulov\u00e9 d\u0159ezy se p\u0159ednostn\u011b doporu\u010duj\u00ed k mont\u00e1\u017ei s pracovn\u00edmi deskami z nenas\u00e1kav\u00e9ho materi\u00e1lu. Pokud m\u00e1 b\u00fdt pou\u017eita pracovn\u00ed deska z d\u0159ev\u011bn\u00e9ho masivu, je t\u0159eba db\u00e1t na kvalitn\u00ed impregnaci okraj\u016f v\u00fd\u0159ez\u016f v desce. <\/p>\n<\/div>\n<div class=\"rowNewText\">\n<p>V\u00fdhodou keramick\u00e9ho d\u0159ezu je jeho&nbsp;<b>snadn\u00e1 \u00fadr\u017eba, barevn\u00e1 st\u00e1lost.<\/b> Ani dlouhodob\u00e9 p\u016fsoben\u00ed slune\u010dn\u00edch paprsk\u016f nebo dokonce agresivn\u00ed materi\u00e1ly nezm\u011bn\u00ed barvu ani povrch d\u0159ezu.&nbsp;&nbsp;Povrch d\u0159ezu Villeroy &amp; Boch Single 595<b>&nbsp;<\/b>je o\u0161et\u0159en syst\u00e9mem <b>CeramicPlus<\/b>. tj. ut\u011bsn\u011bn\u00fd nepor\u00e9zn\u00ed keramick\u00fd povrch zabra\u0148uje tomu, aby se na va\u0161em kuchy\u0148sk\u00e9m d\u0159ezu zachytili ne\u010distoty, odpad z va\u0159en\u00ed a nevzhledn\u00fd vodn\u00ed k\u00e1men. \u010cas str\u00e1ven\u00fd v kuchyni se tak stane skute\u010dnou z\u00e1bavou.<\/p>\n<\/div>\n<div class=\"rowNewText\">\n<p><b>Kl\u00ed\u010dov\u00e9 vlastnosti kuchy\u0148sk\u00e9ho d\u0159ezu VILLEROY&nbsp;&amp; BOCH&nbsp; SINGLE 595 (&nbsp;Single-bowl sink 632061 )<\/b><\/p>\n<\/div>\n<div class=\"rowNewText\">\n<ul>\n<li>keramick\u00fd d\u0159ez v barv\u011b \u010dern\u00e9 matn\u00e9, \u010dern\u00e9 leskl\u00e9 nebo \u010dist\u011b b\u00edl\u00e9<\/li>\n<li>Single 595 m\u00e1 prodlou\u017eenou z\u00e1ruku 5 let<\/li>\n<li>ide\u00e1ln\u00ed volba nejen do tradi\u010dn\u00edho stylu venkovsk\u00e9 kuchyn\u011b, ale i do modern\u00edch interi\u00e9r\u016f<\/li>\n<li>modulov\u00e1 mont\u00e1\u017e d\u0159ezu<\/li>\n<li>origin\u00e1ln\u00ed a luxusn\u00ed design<\/li>\n<li>kvalitn\u00ed keramick\u00fd d\u0159ez vyroben ze 100% p\u0159\u00edrodn\u00edch surovin<\/li>\n<li>tradi\u010dn\u00ed \u0159emesln\u00e9 zpracov\u00e1n\u00ed, podpo\u0159en\u00e9 270 lety keramick\u00fdch zku\u0161enost\u00ed<\/li>\n<li>d\u00edky CeramicPlus se snadno udr\u017euje v \u010distot\u011b<\/li>\n<\/ul>\n<\/div>\n<div class=\"rowNewText\">\n<p><i>Keramick\u00fd d\u0159ez je vypalov\u00e1n v pec\u00edch a glazura je nan\u00e1\u0161ena ru\u010dn\u011b, ka\u017ed\u00fd kus se t\u00edm p\u00e1dem st\u00e1v\u00e1 origin\u00e1lem. Je nutno po\u010d\u00edtat s \/- 1-1,5 cm toleranci rozm\u011bru. Doporu\u010dujeme, pro zrealizov\u00e1n\u00ed kuchy\u0148sk\u00e9 linky, m\u00edt d\u0159ez fyzicky u sebe.<\/i><\/p>\n<\/div>\n<p><\/dc-con><\/dc-con><\/div>\n<div id=\"PDDescription2\" class=\"UserContentView userContent v1a v1 bs-view dcon dc165 PDDescription2\" >\n<table class='techparam_table'>\n<tr>\n<td>Typ d\u0159ezu<\/td>\n<td>Jednod\u0159ez<\/td>\n<\/tr>\n<tr>\n<td>Orientace<\/td>\n<td>Bez orientace<\/td>\n<\/tr>\n<tr>\n<td>Materi\u00e1l d\u0159ezu<\/td>\n<td>Keramika<\/td>\n<\/tr>\n<tr>\n<td>\u0160\u00ed\u0159ka kuchy\u0148sk\u00e9 sk\u0159\u00ed\u0148ky<\/td>\n<td>60 cm<\/td>\n<\/tr>\n<tr>\n<td>Typ mont\u00e1\u017ee d\u0159ezu<\/td>\n<td>Modulov\u00fd<\/td>\n<\/tr>\n<tr>\n<td>Styl d\u0159ezu<\/td>\n<td>Rustik\u00e1ln\u00ed \/ Retro d\u0159ezy<\/td>\n<\/tr>\n<tr>\n<td>V\u00fdpus\u0165 d\u0159ezu<\/td>\n<td>9 cm<\/td>\n<\/tr>\n<tr>\n<td>Excentrick\u00e9 ovl\u00e1d\u00e1n\u00ed v\u00fdpust\u011b<\/td>\n<td>Ne<\/td>\n<\/tr>\n<tr>\n<td>P\u0159edvrtan\u00fd otvor <\/td>\n<td>Ne<\/td>\n<\/tr>\n<tr>\n<td>Mo\u017enost odvrtat dal\u0161\u00ed otvor<\/td>\n<td>Ano<\/td>\n<\/tr>\n<tr>\n<td>Z\u00e1ruka<\/td>\n<td>5 let<\/td>\n<\/tr>\n<tr>\n<td>\u0160\u00ed\u0159ka vani\u010dky<\/td>\n<td>44<\/td>\n<\/tr>\n<tr>\n<td>D\u00e9lka vani\u010dky<\/td>\n<td>56,5<\/td>\n<\/tr>\n<tr>\n<td>Hloubka vani\u010dky<\/td>\n<td>18<\/td>\n<\/tr>\n<tr>\n<td>Minim\u00e1ln\u00ed \u0161\u00ed\u0159ka sk\u0159\u00ednky<\/td>\n<td>60<\/td>\n<\/tr>\n<tr>\n<td>\u0160\u00ed\u0159ka d\u0159ezu<\/td>\n<td>63<\/td>\n<\/tr>\n<tr>\n<td>D\u00e9lka d\u0159ezu<\/td>\n<td>59,5<\/td>\n<\/tr>\n<tr>\n<td>Hloubka d\u0159ezu<\/td>\n<td>22<\/td>\n<\/tr>\n<tr>\n<td>Hmotnost d\u0159ezu (kg)<\/td>\n<td>35<\/td>\n<\/tr>\n<tr>\n<td>\u0160\u00ed\u0159ka obalu<\/td>\n<td>64<\/td>\n<\/tr>\n<tr>\n<td>V\u00fd\u0161ka obalu<\/td>\n<td>70<\/td>\n<\/tr>\n<tr>\n<td>Hloubka obalu<\/td>\n<td>27<\/td>\n<\/tr>\n<tr>\n<td>V\u00e1ha v\u010d. obalu (kg)<\/td>\n<td>36<\/td>\n<\/tr>\n<tr>\n<td>Pr\u016fm\u011br vani\u010dky<\/td>\n<td>ne<\/td>\n<\/tr>\n<tr>\n<td>K\u00f3d zbo\u017e\u00ed TARIC<\/td>\n<td>69101000<\/td>\n<\/tr>\n<tr>\n<td>Tvar d\u0159ezu<\/td>\n<td>Obd\u00e9ln\u00edkov\u00fd <\/td>\n<\/tr>\n<\/table>\n<\/div><\/div>\n<div id=\"PDTable3\" class=\"ProductDetailTableView v3a v3 bs-view dcon dc185 PDTable3\" >\n<table>\n<thead><\/thead>\n<tbody>\n<tr class=\"attribute attr_bsshop_maker\">\n<td class=\"caption\">V\u00fdrobce<\/td>\n<td class=\"value\">Villeroy &#038; Boch<\/td>\n<\/tr>\n<\/tbody>\n<\/table>\n<\/div>\n<div id=\"ProductMedia\" class=\"ProductMediaView MediaViewBase v1a v1 bs-view dcon dc409 ProductMedia\" ><bs-empty><\/bs-empty><\/p>\n<div class=\"files\">\n<div class=\"title sub\">Soubory<\/div>\n<p><a href=\"\/media\/10119\/single-595.pdf?&amp;key=ZGpmIyQwNUZfMTAxMTk=\" class=\"pdf\">Single-595.pdf<\/a><a href=\"\/media\/10186\/univerzalni-navod-modulove-drezy.JPG?&amp;key=ZGpmIyQwNUZfMTAxODY=\" class=\"JPG\">UNIVERZALNI-NAVOD-MODULOVE-DREZY.JPG<\/a><a href=\"\/media\/25055\/navod-k-montazi-modulovych-drezu.pdf?&amp;key=ZGpmIyQwNUZfMjUwNTU=\" class=\"pdf\">Navod-k-montazi-modulovych-drezu.pdf<\/a><\/div>\n<p><bs-empty><\/bs-empty><\/div>\n<\/div>\n<div id=\"e8217548\" class=\"tabs\">\n","protected":false},"excerpt":{"rendered":"<p>Luxusn\u00ed Evropsk\u00e1 pr\u00e9miov\u00e1 zna\u010dka&nbsp;Villeroy &amp; Boch&nbsp;datuje sv\u016fj vznik ji\u017e v roce 1748. Se sv\u00fdmi produkty je zastoupena ve v\u00edce ne\u017e 125 zem\u00ed sv\u011bta. Villeroy &amp; Boch je inovativn\u00ed spole\u010dnost s dlouhou tradic\u00ed &#8211; je jednou z nejd\u016fle\u017eit\u011bj\u0161\u00edch zna\u010dek v N\u011bmecku, Evrop\u011b i na sv\u011bt\u011b. Jako v\u00fdrobce keramiky se vyvinul v mezin\u00e1rodn\u00ed lifestylovou zna\u010dku.&nbsp; &nbsp;&nbsp; D\u0159ez [&hellip;]<\/p>\n","protected":false},"featured_media":16447,"comment_status":"open","ping_status":"open","template":"","meta":[],"product_brand":[],"product_cat":[66],"product_tag":[],"class_list":{"0":"post-16347","1":"product","2":"type-product","3":"status-publish","4":"has-post-thumbnail","6":"product_cat-pochutiny-dum-a-zahrada","8":"first","9":"instock","10":"sale","11":"shipping-taxable","12":"purchasable","13":"product-type-simple"},"yoast_head":"<!-- This site is optimized with the Yoast SEO plugin v26.8 - https:\/\/yoast.com\/product\/yoast-seo-wordpress\/ -->\n<title>Zna\u010dkov\u00fd Keramick\u00fd d\u0159ez Villeroy &amp; Boch Single 595 B\u00edl\u00e1 keramika -<\/title>\n<meta name=\"robots\" content=\"index, follow, max-snippet:-1, max-image-preview:large, max-video-preview:-1\" \/>\n<link rel=\"canonical\" href=\"https:\/\/www.domstavpro.com\/index.php\/produkt\/znackovy-keramicky-drez-villeroy-amp-boch-single-595-bila-keramika-16347\/\" \/>\n<meta property=\"og:locale\" content=\"cs_CZ\" \/>\n<meta property=\"og:type\" content=\"article\" \/>\n<meta property=\"og:title\" content=\"Zna\u010dkov\u00fd Keramick\u00fd d\u0159ez Villeroy &amp; Boch Single 595 B\u00edl\u00e1 keramika -\" \/>\n<meta property=\"og:description\" content=\"Luxusn\u00ed Evropsk\u00e1 pr\u00e9miov\u00e1 zna\u010dka&nbsp;Villeroy &amp; Boch&nbsp;datuje sv\u016fj vznik ji\u017e v roce 1748. Se sv\u00fdmi produkty je zastoupena ve v\u00edce ne\u017e 125 zem\u00ed sv\u011bta. Villeroy &amp; Boch je inovativn\u00ed spole\u010dnost s dlouhou tradic\u00ed &#8211; je jednou z nejd\u016fle\u017eit\u011bj\u0161\u00edch zna\u010dek v N\u011bmecku, Evrop\u011b i na sv\u011bt\u011b. Jako v\u00fdrobce keramiky se vyvinul v mezin\u00e1rodn\u00ed lifestylovou zna\u010dku.&nbsp; &nbsp;&nbsp; D\u0159ez [&hellip;]\" \/>\n<meta property=\"og:url\" content=\"https:\/\/www.domstavpro.com\/index.php\/produkt\/znackovy-keramicky-drez-villeroy-amp-boch-single-595-bila-keramika-16347\/\" \/>\n<meta property=\"og:image\" content=\"https:\/\/www.domstavpro.com\/wp-content\/uploads\/2026\/SK0027407-CZ20260425-093449-0-1777080896-keramicky-drez-villeroy-boch-single-595-bila-keramika.webp\" \/>\n\t<meta property=\"og:image:width\" content=\"1000\" \/>\n\t<meta property=\"og:image:height\" content=\"525\" \/>\n\t<meta property=\"og:image:type\" content=\"image\/webp\" \/>\n<meta name=\"twitter:card\" content=\"summary_large_image\" \/>\n<meta name=\"twitter:label1\" content=\"Odhadovan\u00e1 doba \u010dten\u00ed\" \/>\n\t<meta name=\"twitter:data1\" content=\"3 minuty\" \/>\n<script type=\"application\/ld+json\" class=\"yoast-schema-graph\">{\"@context\":\"https:\/\/schema.org\",\"@graph\":[{\"@type\":\"WebPage\",\"@id\":\"https:\/\/www.domstavpro.com\/index.php\/produkt\/znackovy-keramicky-drez-villeroy-amp-boch-single-595-bila-keramika-16347\/\",\"url\":\"https:\/\/www.domstavpro.com\/index.php\/produkt\/znackovy-keramicky-drez-villeroy-amp-boch-single-595-bila-keramika-16347\/\",\"name\":\"Zna\u010dkov\u00fd Keramick\u00fd d\u0159ez Villeroy &amp; Boch Single 595 B\u00edl\u00e1 keramika -\",\"isPartOf\":{\"@id\":\"https:\/\/www.domstavpro.com\/#website\"},\"primaryImageOfPage\":{\"@id\":\"https:\/\/www.domstavpro.com\/index.php\/produkt\/znackovy-keramicky-drez-villeroy-amp-boch-single-595-bila-keramika-16347\/#primaryimage\"},\"image\":{\"@id\":\"https:\/\/www.domstavpro.com\/index.php\/produkt\/znackovy-keramicky-drez-villeroy-amp-boch-single-595-bila-keramika-16347\/#primaryimage\"},\"thumbnailUrl\":\"https:\/\/www.domstavpro.com\/wp-content\/uploads\/2026\/SK0027407-CZ20260425-093449-0-1777080896-keramicky-drez-villeroy-boch-single-595-bila-keramika.webp\",\"datePublished\":\"2026-04-27T15:08:31+00:00\",\"breadcrumb\":{\"@id\":\"https:\/\/www.domstavpro.com\/index.php\/produkt\/znackovy-keramicky-drez-villeroy-amp-boch-single-595-bila-keramika-16347\/#breadcrumb\"},\"inLanguage\":\"cs\",\"potentialAction\":[{\"@type\":\"ReadAction\",\"target\":[\"https:\/\/www.domstavpro.com\/index.php\/produkt\/znackovy-keramicky-drez-villeroy-amp-boch-single-595-bila-keramika-16347\/\"]}]},{\"@type\":\"ImageObject\",\"inLanguage\":\"cs\",\"@id\":\"https:\/\/www.domstavpro.com\/index.php\/produkt\/znackovy-keramicky-drez-villeroy-amp-boch-single-595-bila-keramika-16347\/#primaryimage\",\"url\":\"https:\/\/www.domstavpro.com\/wp-content\/uploads\/2026\/SK0027407-CZ20260425-093449-0-1777080896-keramicky-drez-villeroy-boch-single-595-bila-keramika.webp\",\"contentUrl\":\"https:\/\/www.domstavpro.com\/wp-content\/uploads\/2026\/SK0027407-CZ20260425-093449-0-1777080896-keramicky-drez-villeroy-boch-single-595-bila-keramika.webp\",\"width\":1000,\"height\":525},{\"@type\":\"BreadcrumbList\",\"@id\":\"https:\/\/www.domstavpro.com\/index.php\/produkt\/znackovy-keramicky-drez-villeroy-amp-boch-single-595-bila-keramika-16347\/#breadcrumb\",\"itemListElement\":[{\"@type\":\"ListItem\",\"position\":1,\"name\":\"Home\",\"item\":\"https:\/\/www.domstavpro.com\/\"},{\"@type\":\"ListItem\",\"position\":2,\"name\":\"Products\",\"item\":\"https:\/\/www.domstavpro.com\/index.php\/products\/\"},{\"@type\":\"ListItem\",\"position\":3,\"name\":\"Zna\u010dkov\u00fd Keramick\u00fd d\u0159ez Villeroy &amp; Boch Single 595 B\u00edl\u00e1 keramika\"}]},{\"@type\":\"WebSite\",\"@id\":\"https:\/\/www.domstavpro.com\/#website\",\"url\":\"https:\/\/www.domstavpro.com\/\",\"name\":\"\",\"description\":\"\",\"potentialAction\":[{\"@type\":\"SearchAction\",\"target\":{\"@type\":\"EntryPoint\",\"urlTemplate\":\"https:\/\/www.domstavpro.com\/?s={search_term_string}\"},\"query-input\":{\"@type\":\"PropertyValueSpecification\",\"valueRequired\":true,\"valueName\":\"search_term_string\"}}],\"inLanguage\":\"cs\"}]}<\/script>\n<!-- \/ Yoast SEO plugin. -->","yoast_head_json":{"title":"Zna\u010dkov\u00fd Keramick\u00fd d\u0159ez Villeroy &amp; Boch Single 595 B\u00edl\u00e1 keramika -","robots":{"index":"index","follow":"follow","max-snippet":"max-snippet:-1","max-image-preview":"max-image-preview:large","max-video-preview":"max-video-preview:-1"},"canonical":"https:\/\/www.domstavpro.com\/index.php\/produkt\/znackovy-keramicky-drez-villeroy-amp-boch-single-595-bila-keramika-16347\/","og_locale":"cs_CZ","og_type":"article","og_title":"Zna\u010dkov\u00fd Keramick\u00fd d\u0159ez Villeroy &amp; Boch Single 595 B\u00edl\u00e1 keramika -","og_description":"Luxusn\u00ed Evropsk\u00e1 pr\u00e9miov\u00e1 zna\u010dka&nbsp;Villeroy &amp; Boch&nbsp;datuje sv\u016fj vznik ji\u017e v roce 1748. Se sv\u00fdmi produkty je zastoupena ve v\u00edce ne\u017e 125 zem\u00ed sv\u011bta. Villeroy &amp; Boch je inovativn\u00ed spole\u010dnost s dlouhou tradic\u00ed &#8211; je jednou z nejd\u016fle\u017eit\u011bj\u0161\u00edch zna\u010dek v N\u011bmecku, Evrop\u011b i na sv\u011bt\u011b. Jako v\u00fdrobce keramiky se vyvinul v mezin\u00e1rodn\u00ed lifestylovou zna\u010dku.&nbsp; &nbsp;&nbsp; D\u0159ez [&hellip;]","og_url":"https:\/\/www.domstavpro.com\/index.php\/produkt\/znackovy-keramicky-drez-villeroy-amp-boch-single-595-bila-keramika-16347\/","og_image":[{"width":1000,"height":525,"url":"https:\/\/www.domstavpro.com\/wp-content\/uploads\/2026\/SK0027407-CZ20260425-093449-0-1777080896-keramicky-drez-villeroy-boch-single-595-bila-keramika.webp","type":"image\/webp"}],"twitter_card":"summary_large_image","twitter_misc":{"Odhadovan\u00e1 doba \u010dten\u00ed":"3 minuty"},"schema":{"@context":"https:\/\/schema.org","@graph":[{"@type":"WebPage","@id":"https:\/\/www.domstavpro.com\/index.php\/produkt\/znackovy-keramicky-drez-villeroy-amp-boch-single-595-bila-keramika-16347\/","url":"https:\/\/www.domstavpro.com\/index.php\/produkt\/znackovy-keramicky-drez-villeroy-amp-boch-single-595-bila-keramika-16347\/","name":"Zna\u010dkov\u00fd Keramick\u00fd d\u0159ez Villeroy &amp; Boch Single 595 B\u00edl\u00e1 keramika -","isPartOf":{"@id":"https:\/\/www.domstavpro.com\/#website"},"primaryImageOfPage":{"@id":"https:\/\/www.domstavpro.com\/index.php\/produkt\/znackovy-keramicky-drez-villeroy-amp-boch-single-595-bila-keramika-16347\/#primaryimage"},"image":{"@id":"https:\/\/www.domstavpro.com\/index.php\/produkt\/znackovy-keramicky-drez-villeroy-amp-boch-single-595-bila-keramika-16347\/#primaryimage"},"thumbnailUrl":"https:\/\/www.domstavpro.com\/wp-content\/uploads\/2026\/SK0027407-CZ20260425-093449-0-1777080896-keramicky-drez-villeroy-boch-single-595-bila-keramika.webp","datePublished":"2026-04-27T15:08:31+00:00","breadcrumb":{"@id":"https:\/\/www.domstavpro.com\/index.php\/produkt\/znackovy-keramicky-drez-villeroy-amp-boch-single-595-bila-keramika-16347\/#breadcrumb"},"inLanguage":"cs","potentialAction":[{"@type":"ReadAction","target":["https:\/\/www.domstavpro.com\/index.php\/produkt\/znackovy-keramicky-drez-villeroy-amp-boch-single-595-bila-keramika-16347\/"]}]},{"@type":"ImageObject","inLanguage":"cs","@id":"https:\/\/www.domstavpro.com\/index.php\/produkt\/znackovy-keramicky-drez-villeroy-amp-boch-single-595-bila-keramika-16347\/#primaryimage","url":"https:\/\/www.domstavpro.com\/wp-content\/uploads\/2026\/SK0027407-CZ20260425-093449-0-1777080896-keramicky-drez-villeroy-boch-single-595-bila-keramika.webp","contentUrl":"https:\/\/www.domstavpro.com\/wp-content\/uploads\/2026\/SK0027407-CZ20260425-093449-0-1777080896-keramicky-drez-villeroy-boch-single-595-bila-keramika.webp","width":1000,"height":525},{"@type":"BreadcrumbList","@id":"https:\/\/www.domstavpro.com\/index.php\/produkt\/znackovy-keramicky-drez-villeroy-amp-boch-single-595-bila-keramika-16347\/#breadcrumb","itemListElement":[{"@type":"ListItem","position":1,"name":"Home","item":"https:\/\/www.domstavpro.com\/"},{"@type":"ListItem","position":2,"name":"Products","item":"https:\/\/www.domstavpro.com\/index.php\/products\/"},{"@type":"ListItem","position":3,"name":"Zna\u010dkov\u00fd Keramick\u00fd d\u0159ez Villeroy &amp; Boch Single 595 B\u00edl\u00e1 keramika"}]},{"@type":"WebSite","@id":"https:\/\/www.domstavpro.com\/#website","url":"https:\/\/www.domstavpro.com\/","name":"","description":"","potentialAction":[{"@type":"SearchAction","target":{"@type":"EntryPoint","urlTemplate":"https:\/\/www.domstavpro.com\/?s={search_term_string}"},"query-input":{"@type":"PropertyValueSpecification","valueRequired":true,"valueName":"search_term_string"}}],"inLanguage":"cs"}]}},"_links":{"self":[{"href":"https:\/\/www.domstavpro.com\/index.php\/wp-json\/wp\/v2\/product\/16347","targetHints":{"allow":["GET"]}}],"collection":[{"href":"https:\/\/www.domstavpro.com\/index.php\/wp-json\/wp\/v2\/product"}],"about":[{"href":"https:\/\/www.domstavpro.com\/index.php\/wp-json\/wp\/v2\/types\/product"}],"replies":[{"embeddable":true,"href":"https:\/\/www.domstavpro.com\/index.php\/wp-json\/wp\/v2\/comments?post=16347"}],"wp:featuredmedia":[{"embeddable":true,"href":"https:\/\/www.domstavpro.com\/index.php\/wp-json\/wp\/v2\/media\/16447"}],"wp:attachment":[{"href":"https:\/\/www.domstavpro.com\/index.php\/wp-json\/wp\/v2\/media?parent=16347"}],"wp:term":[{"taxonomy":"product_brand","embeddable":true,"href":"https:\/\/www.domstavpro.com\/index.php\/wp-json\/wp\/v2\/product_brand?post=16347"},{"taxonomy":"product_cat","embeddable":true,"href":"https:\/\/www.domstavpro.com\/index.php\/wp-json\/wp\/v2\/product_cat?post=16347"},{"taxonomy":"product_tag","embeddable":true,"href":"https:\/\/www.domstavpro.com\/index.php\/wp-json\/wp\/v2\/product_tag?post=16347"}],"curies":[{"name":"wp","href":"https:\/\/api.w.org\/{rel}","templated":true}]}}