{"id":16318,"date":"2026-04-27T15:08:31","date_gmt":"2026-04-27T15:08:31","guid":{"rendered":""},"modified":"2026-04-27T15:08:31","modified_gmt":"2026-04-27T15:08:31","slug":"originalni-houpaci-sit-koronis-modra-zelena-iwh-10190014-vyprodej-16318","status":"publish","type":"product","link":"https:\/\/www.domstavpro.com\/index.php\/produkt\/originalni-houpaci-sit-koronis-modra-zelena-iwh-10190014-vyprodej-16318\/","title":{"rendered":"Origin\u00e1ln\u00ed Houpac\u00ed s\u00ed\u0165 KORONIS modr\u00e1-zelen\u00e1 IWH-10190014 &#8211; v\u00fdprodej"},"content":{"rendered":"<div id=\"e7573961\" class=\"pages\">\n<div>\n<div id=\"PDDescription\" class=\"UserContentView userContent v1a v1 bs-view dcon dc164 PDDescription\" ><dc-con><dc-con><bs-empty><\/bs-empty><\/dc-con><dc-con>        <\/p>\n<div class=\"customDescription\">                    <\/div>\n<p><\/dc-con><dc-con>Houpac\u00ed s\u00ed\u0165 KORONIS modr\u00e1-zelen\u00e1 IWH-10190014<\/dc-con><\/dc-con><\/div>\n<div id=\"PDDescription2\" class=\"UserContentView userContent v1a v1 bs-view dcon dc165 PDDescription2\" >\n<p><strong>Houpac\u00ed s\u00ed\u0165 Koronis<br     \/><\/strong><\/p>\n<div>Je vyrobena z\u00a0kvalitn\u00edho materi\u00e1lu a\u00a0to z\u00a0bavlny a\u00a0polyesteru, co\u017e zaru\u010duje jak p\u0159\u00edjemnost na dotyk, tak dostate\u010dnou pevnost cel\u00e9 s\u00edt\u011b.<\/div>\n<div>S\u00ed\u0165 je vhodn\u00e1 na zahradu, letn\u00ed terasu i\u00a0chalupu.<\/div>\n<div><strong>Rozm\u011bry.<\/strong><\/div>\n<div>200 x\u00a0100 cm<\/div>\n<\/div><\/div>\n<div id=\"PDTable3\" class=\"ProductDetailTableView v3a v3 bs-view dcon dc185 PDTable3\" >\n<table>\n<thead><\/thead>\n<tbody>\n<tr class=\"attribute attr_bsshop_maker\">\n<td class=\"caption\">V\u00fdrobce<\/td>\n<td class=\"value\">IWHome<\/td>\n<\/tr>\n<tr class=\"weight\">\n<td class=\"caption\"><span>Hmotnost<\/span><\/td>\n<td class=\"value\"><span>2,00 kg<\/span><\/td>\n<\/tr>\n<\/tbody>\n<\/table>\n<\/div>\n<\/div>\n<div id=\"e7573962\" class=\"tabs\">\n","protected":false},"excerpt":{"rendered":"<p>Houpac\u00ed s\u00ed\u0165 KORONIS modr\u00e1-zelen\u00e1 IWH-10190014 Houpac\u00ed s\u00ed\u0165 Koronis Je vyrobena z\u00a0kvalitn\u00edho materi\u00e1lu a\u00a0to z\u00a0bavlny a\u00a0polyesteru, co\u017e zaru\u010duje jak p\u0159\u00edjemnost na dotyk, tak dostate\u010dnou pevnost cel\u00e9 s\u00edt\u011b. S\u00ed\u0165 je vhodn\u00e1 na zahradu, letn\u00ed terasu i\u00a0chalupu. Rozm\u011bry. 200 x\u00a0100 cm V\u00fdrobce IWHome Hmotnost 2,00 kg<\/p>\n","protected":false},"featured_media":16418,"comment_status":"open","ping_status":"open","template":"","meta":[],"product_brand":[],"product_cat":[66],"product_tag":[],"class_list":{"0":"post-16318","1":"product","2":"type-product","3":"status-publish","4":"has-post-thumbnail","6":"product_cat-pochutiny-dum-a-zahrada","8":"first","9":"instock","10":"sale","11":"shipping-taxable","12":"purchasable","13":"product-type-simple"},"yoast_head":"<!-- This site is optimized with the Yoast SEO plugin v26.8 - https:\/\/yoast.com\/product\/yoast-seo-wordpress\/ -->\n<title>Origin\u00e1ln\u00ed Houpac\u00ed s\u00ed\u0165 KORONIS modr\u00e1-zelen\u00e1 IWH-10190014 - v\u00fdprodej -<\/title>\n<meta name=\"robots\" content=\"index, follow, max-snippet:-1, max-image-preview:large, max-video-preview:-1\" \/>\n<link rel=\"canonical\" href=\"https:\/\/www.domstavpro.com\/index.php\/produkt\/originalni-houpaci-sit-koronis-modra-zelena-iwh-10190014-vyprodej-16318\/\" \/>\n<meta property=\"og:locale\" content=\"cs_CZ\" \/>\n<meta property=\"og:type\" content=\"article\" \/>\n<meta property=\"og:title\" content=\"Origin\u00e1ln\u00ed Houpac\u00ed s\u00ed\u0165 KORONIS modr\u00e1-zelen\u00e1 IWH-10190014 - v\u00fdprodej -\" \/>\n<meta property=\"og:description\" content=\"Houpac\u00ed s\u00ed\u0165 KORONIS modr\u00e1-zelen\u00e1 IWH-10190014 Houpac\u00ed s\u00ed\u0165 Koronis Je vyrobena z\u00a0kvalitn\u00edho materi\u00e1lu a\u00a0to z\u00a0bavlny a\u00a0polyesteru, co\u017e zaru\u010duje jak p\u0159\u00edjemnost na dotyk, tak dostate\u010dnou pevnost cel\u00e9 s\u00edt\u011b. S\u00ed\u0165 je vhodn\u00e1 na zahradu, letn\u00ed terasu i\u00a0chalupu. Rozm\u011bry. 200 x\u00a0100 cm V\u00fdrobce IWHome Hmotnost 2,00 kg\" \/>\n<meta property=\"og:url\" content=\"https:\/\/www.domstavpro.com\/index.php\/produkt\/originalni-houpaci-sit-koronis-modra-zelena-iwh-10190014-vyprodej-16318\/\" \/>\n<meta property=\"og:image\" content=\"https:\/\/www.domstavpro.com\/wp-content\/uploads\/2026\/SK0027363-CZ20260425-093449-0-1777080896-houpaci-sit-koronis-modra-zelena-iwh-10190014-vyprodej.webp\" \/>\n\t<meta property=\"og:image:width\" content=\"1000\" \/>\n\t<meta property=\"og:image:height\" content=\"525\" \/>\n\t<meta property=\"og:image:type\" content=\"image\/webp\" \/>\n<meta name=\"twitter:card\" content=\"summary_large_image\" \/>\n<script type=\"application\/ld+json\" class=\"yoast-schema-graph\">{\"@context\":\"https:\/\/schema.org\",\"@graph\":[{\"@type\":\"WebPage\",\"@id\":\"https:\/\/www.domstavpro.com\/index.php\/produkt\/originalni-houpaci-sit-koronis-modra-zelena-iwh-10190014-vyprodej-16318\/\",\"url\":\"https:\/\/www.domstavpro.com\/index.php\/produkt\/originalni-houpaci-sit-koronis-modra-zelena-iwh-10190014-vyprodej-16318\/\",\"name\":\"Origin\u00e1ln\u00ed Houpac\u00ed s\u00ed\u0165 KORONIS modr\u00e1-zelen\u00e1 IWH-10190014 - v\u00fdprodej -\",\"isPartOf\":{\"@id\":\"https:\/\/www.domstavpro.com\/#website\"},\"primaryImageOfPage\":{\"@id\":\"https:\/\/www.domstavpro.com\/index.php\/produkt\/originalni-houpaci-sit-koronis-modra-zelena-iwh-10190014-vyprodej-16318\/#primaryimage\"},\"image\":{\"@id\":\"https:\/\/www.domstavpro.com\/index.php\/produkt\/originalni-houpaci-sit-koronis-modra-zelena-iwh-10190014-vyprodej-16318\/#primaryimage\"},\"thumbnailUrl\":\"https:\/\/www.domstavpro.com\/wp-content\/uploads\/2026\/SK0027363-CZ20260425-093449-0-1777080896-houpaci-sit-koronis-modra-zelena-iwh-10190014-vyprodej.webp\",\"datePublished\":\"2026-04-27T15:08:31+00:00\",\"breadcrumb\":{\"@id\":\"https:\/\/www.domstavpro.com\/index.php\/produkt\/originalni-houpaci-sit-koronis-modra-zelena-iwh-10190014-vyprodej-16318\/#breadcrumb\"},\"inLanguage\":\"cs\",\"potentialAction\":[{\"@type\":\"ReadAction\",\"target\":[\"https:\/\/www.domstavpro.com\/index.php\/produkt\/originalni-houpaci-sit-koronis-modra-zelena-iwh-10190014-vyprodej-16318\/\"]}]},{\"@type\":\"ImageObject\",\"inLanguage\":\"cs\",\"@id\":\"https:\/\/www.domstavpro.com\/index.php\/produkt\/originalni-houpaci-sit-koronis-modra-zelena-iwh-10190014-vyprodej-16318\/#primaryimage\",\"url\":\"https:\/\/www.domstavpro.com\/wp-content\/uploads\/2026\/SK0027363-CZ20260425-093449-0-1777080896-houpaci-sit-koronis-modra-zelena-iwh-10190014-vyprodej.webp\",\"contentUrl\":\"https:\/\/www.domstavpro.com\/wp-content\/uploads\/2026\/SK0027363-CZ20260425-093449-0-1777080896-houpaci-sit-koronis-modra-zelena-iwh-10190014-vyprodej.webp\",\"width\":1000,\"height\":525},{\"@type\":\"BreadcrumbList\",\"@id\":\"https:\/\/www.domstavpro.com\/index.php\/produkt\/originalni-houpaci-sit-koronis-modra-zelena-iwh-10190014-vyprodej-16318\/#breadcrumb\",\"itemListElement\":[{\"@type\":\"ListItem\",\"position\":1,\"name\":\"Home\",\"item\":\"https:\/\/www.domstavpro.com\/\"},{\"@type\":\"ListItem\",\"position\":2,\"name\":\"Products\",\"item\":\"https:\/\/www.domstavpro.com\/index.php\/products\/\"},{\"@type\":\"ListItem\",\"position\":3,\"name\":\"Origin\u00e1ln\u00ed Houpac\u00ed s\u00ed\u0165 KORONIS modr\u00e1-zelen\u00e1 IWH-10190014 &#8211; v\u00fdprodej\"}]},{\"@type\":\"WebSite\",\"@id\":\"https:\/\/www.domstavpro.com\/#website\",\"url\":\"https:\/\/www.domstavpro.com\/\",\"name\":\"\",\"description\":\"\",\"potentialAction\":[{\"@type\":\"SearchAction\",\"target\":{\"@type\":\"EntryPoint\",\"urlTemplate\":\"https:\/\/www.domstavpro.com\/?s={search_term_string}\"},\"query-input\":{\"@type\":\"PropertyValueSpecification\",\"valueRequired\":true,\"valueName\":\"search_term_string\"}}],\"inLanguage\":\"cs\"}]}<\/script>\n<!-- \/ Yoast SEO plugin. -->","yoast_head_json":{"title":"Origin\u00e1ln\u00ed Houpac\u00ed s\u00ed\u0165 KORONIS modr\u00e1-zelen\u00e1 IWH-10190014 - v\u00fdprodej -","robots":{"index":"index","follow":"follow","max-snippet":"max-snippet:-1","max-image-preview":"max-image-preview:large","max-video-preview":"max-video-preview:-1"},"canonical":"https:\/\/www.domstavpro.com\/index.php\/produkt\/originalni-houpaci-sit-koronis-modra-zelena-iwh-10190014-vyprodej-16318\/","og_locale":"cs_CZ","og_type":"article","og_title":"Origin\u00e1ln\u00ed Houpac\u00ed s\u00ed\u0165 KORONIS modr\u00e1-zelen\u00e1 IWH-10190014 - v\u00fdprodej -","og_description":"Houpac\u00ed s\u00ed\u0165 KORONIS modr\u00e1-zelen\u00e1 IWH-10190014 Houpac\u00ed s\u00ed\u0165 Koronis Je vyrobena z\u00a0kvalitn\u00edho materi\u00e1lu a\u00a0to z\u00a0bavlny a\u00a0polyesteru, co\u017e zaru\u010duje jak p\u0159\u00edjemnost na dotyk, tak dostate\u010dnou pevnost cel\u00e9 s\u00edt\u011b. S\u00ed\u0165 je vhodn\u00e1 na zahradu, letn\u00ed terasu i\u00a0chalupu. Rozm\u011bry. 200 x\u00a0100 cm V\u00fdrobce IWHome Hmotnost 2,00 kg","og_url":"https:\/\/www.domstavpro.com\/index.php\/produkt\/originalni-houpaci-sit-koronis-modra-zelena-iwh-10190014-vyprodej-16318\/","og_image":[{"width":1000,"height":525,"url":"https:\/\/www.domstavpro.com\/wp-content\/uploads\/2026\/SK0027363-CZ20260425-093449-0-1777080896-houpaci-sit-koronis-modra-zelena-iwh-10190014-vyprodej.webp","type":"image\/webp"}],"twitter_card":"summary_large_image","schema":{"@context":"https:\/\/schema.org","@graph":[{"@type":"WebPage","@id":"https:\/\/www.domstavpro.com\/index.php\/produkt\/originalni-houpaci-sit-koronis-modra-zelena-iwh-10190014-vyprodej-16318\/","url":"https:\/\/www.domstavpro.com\/index.php\/produkt\/originalni-houpaci-sit-koronis-modra-zelena-iwh-10190014-vyprodej-16318\/","name":"Origin\u00e1ln\u00ed Houpac\u00ed s\u00ed\u0165 KORONIS modr\u00e1-zelen\u00e1 IWH-10190014 - v\u00fdprodej -","isPartOf":{"@id":"https:\/\/www.domstavpro.com\/#website"},"primaryImageOfPage":{"@id":"https:\/\/www.domstavpro.com\/index.php\/produkt\/originalni-houpaci-sit-koronis-modra-zelena-iwh-10190014-vyprodej-16318\/#primaryimage"},"image":{"@id":"https:\/\/www.domstavpro.com\/index.php\/produkt\/originalni-houpaci-sit-koronis-modra-zelena-iwh-10190014-vyprodej-16318\/#primaryimage"},"thumbnailUrl":"https:\/\/www.domstavpro.com\/wp-content\/uploads\/2026\/SK0027363-CZ20260425-093449-0-1777080896-houpaci-sit-koronis-modra-zelena-iwh-10190014-vyprodej.webp","datePublished":"2026-04-27T15:08:31+00:00","breadcrumb":{"@id":"https:\/\/www.domstavpro.com\/index.php\/produkt\/originalni-houpaci-sit-koronis-modra-zelena-iwh-10190014-vyprodej-16318\/#breadcrumb"},"inLanguage":"cs","potentialAction":[{"@type":"ReadAction","target":["https:\/\/www.domstavpro.com\/index.php\/produkt\/originalni-houpaci-sit-koronis-modra-zelena-iwh-10190014-vyprodej-16318\/"]}]},{"@type":"ImageObject","inLanguage":"cs","@id":"https:\/\/www.domstavpro.com\/index.php\/produkt\/originalni-houpaci-sit-koronis-modra-zelena-iwh-10190014-vyprodej-16318\/#primaryimage","url":"https:\/\/www.domstavpro.com\/wp-content\/uploads\/2026\/SK0027363-CZ20260425-093449-0-1777080896-houpaci-sit-koronis-modra-zelena-iwh-10190014-vyprodej.webp","contentUrl":"https:\/\/www.domstavpro.com\/wp-content\/uploads\/2026\/SK0027363-CZ20260425-093449-0-1777080896-houpaci-sit-koronis-modra-zelena-iwh-10190014-vyprodej.webp","width":1000,"height":525},{"@type":"BreadcrumbList","@id":"https:\/\/www.domstavpro.com\/index.php\/produkt\/originalni-houpaci-sit-koronis-modra-zelena-iwh-10190014-vyprodej-16318\/#breadcrumb","itemListElement":[{"@type":"ListItem","position":1,"name":"Home","item":"https:\/\/www.domstavpro.com\/"},{"@type":"ListItem","position":2,"name":"Products","item":"https:\/\/www.domstavpro.com\/index.php\/products\/"},{"@type":"ListItem","position":3,"name":"Origin\u00e1ln\u00ed Houpac\u00ed s\u00ed\u0165 KORONIS modr\u00e1-zelen\u00e1 IWH-10190014 &#8211; v\u00fdprodej"}]},{"@type":"WebSite","@id":"https:\/\/www.domstavpro.com\/#website","url":"https:\/\/www.domstavpro.com\/","name":"","description":"","potentialAction":[{"@type":"SearchAction","target":{"@type":"EntryPoint","urlTemplate":"https:\/\/www.domstavpro.com\/?s={search_term_string}"},"query-input":{"@type":"PropertyValueSpecification","valueRequired":true,"valueName":"search_term_string"}}],"inLanguage":"cs"}]}},"_links":{"self":[{"href":"https:\/\/www.domstavpro.com\/index.php\/wp-json\/wp\/v2\/product\/16318","targetHints":{"allow":["GET"]}}],"collection":[{"href":"https:\/\/www.domstavpro.com\/index.php\/wp-json\/wp\/v2\/product"}],"about":[{"href":"https:\/\/www.domstavpro.com\/index.php\/wp-json\/wp\/v2\/types\/product"}],"replies":[{"embeddable":true,"href":"https:\/\/www.domstavpro.com\/index.php\/wp-json\/wp\/v2\/comments?post=16318"}],"wp:featuredmedia":[{"embeddable":true,"href":"https:\/\/www.domstavpro.com\/index.php\/wp-json\/wp\/v2\/media\/16418"}],"wp:attachment":[{"href":"https:\/\/www.domstavpro.com\/index.php\/wp-json\/wp\/v2\/media?parent=16318"}],"wp:term":[{"taxonomy":"product_brand","embeddable":true,"href":"https:\/\/www.domstavpro.com\/index.php\/wp-json\/wp\/v2\/product_brand?post=16318"},{"taxonomy":"product_cat","embeddable":true,"href":"https:\/\/www.domstavpro.com\/index.php\/wp-json\/wp\/v2\/product_cat?post=16318"},{"taxonomy":"product_tag","embeddable":true,"href":"https:\/\/www.domstavpro.com\/index.php\/wp-json\/wp\/v2\/product_tag?post=16318"}],"curies":[{"name":"wp","href":"https:\/\/api.w.org\/{rel}","templated":true}]}}