{"id":16181,"date":"2026-04-27T15:08:30","date_gmt":"2026-04-27T15:08:30","guid":{"rendered":""},"modified":"2026-04-27T15:08:30","modified_gmt":"2026-04-27T15:08:30","slug":"aktualni-garden-king-zahradni-prepravni-vozik-gc-018-16181","status":"publish","type":"product","link":"https:\/\/www.domstavpro.com\/index.php\/produkt\/aktualni-garden-king-zahradni-prepravni-vozik-gc-018-16181\/","title":{"rendered":"Aktu\u00e1ln\u00ed Garden King Zahradn\u00ed p\u0159epravn\u00ed voz\u00edk GC-018"},"content":{"rendered":"<div id=\"e7557323\" class=\"pages\">\n<div>\n<div id=\"PDDescription\" class=\"UserContentView userContent v1a v1 bs-view dcon dc164 PDDescription\" ><dc-con><dc-con><bs-empty><\/bs-empty><\/dc-con><dc-con>        <\/p>\n<div class=\"customDescription\">                    <\/div>\n<p><\/dc-con><dc-con><\/p>\n<h2>Zahradn\u00ed p\u0159epravn\u00ed voz\u00edk<\/h2>\n<p><strong>Zahradn\u00ed p\u0159epravn\u00ed voz\u00edk<\/strong> je \u0161ikovn\u00fd pomocn\u00edk na zahradu. P\u0159ev\u00e1\u017e\u00edte \u010dasto zeminu, stavebn\u00ed materi\u00e1l, d\u0159evo nebo t\u0159eba zahradn\u00ed n\u00e1\u0159ad\u00ed? Pomoc\u00ed tohoto lehk\u00e9ho a snadno ovladateln\u00e9ho transportn\u00edho voz\u00edku p\u0159eprav\u00edte t\u00e9m\u011b\u0159 v\u0161e, a to rychle a bez v\u011bt\u0161\u00ed n\u00e1mahy. D\u00edky ta\u017en\u00e9 rukojeti a \u010dty\u0159em kol\u016fm s kuli\u010dkov\u00fdmi lo\u017eisky se s voz\u00edkem snadno manipuluje, p\u0159i\u010dem\u017e dobrou stabilitu stroje zaji\u0161\u0165uje byteln\u00fd ocelov\u00fd podvozek se dv\u011bma n\u00e1pravami. Vykl\u00e1p\u011bc\u00ed korba z kvalitn\u00edho tvrzen\u00e9ho plastu m\u00e1 objem 75 litr\u016f a uveze bez probl\u00e9m\u016f a\u017e 250 kg n\u00e1kladu.<\/p>\n<h3>Zahradn\u00ed p\u0159epravn\u00ed voz\u00edk &#8211; parametry:<\/h3>\n<ul>\n<li>pevn\u00e1 konstrukce, ocelov\u00fd podvozek, komfortn\u00ed m\u011bk\u010den\u00e1 ta\u017en\u00e1 rukoje\u0165<\/li>\n<li>p\u0159edn\u00ed n\u00e1prava s mo\u017enost\u00ed zat\u00e1\u010den\u00ed<\/li>\n<li>skl\u00e1p\u011bc\u00ed plastov\u00e1 <strong>korba o objemu 75 l<\/strong><\/li>\n<li>nafukovac\u00ed kola 10&#8243; x 3.50 \u2013 4<\/li>\n<li>nosnost 250 kg<\/li>\n<li>maxim\u00e1ln\u00ed klopn\u00e9 zat\u00ed\u017een\u00ed 100 kg<\/li>\n<li>rozm\u011br celkov\u00fd v\u010detn\u011b oje 179 x 50 x 50 cm (bez oje 108 x 50 x 50 cm), <br \/>korba 90 x 50 x 20 cm<\/li>\n<\/ul>\n<p>Na <strong>zahradn\u00ed p\u0159epravn\u00ed voz\u00edk<\/strong> poskytujeme z\u00e1ruku v d\u00e9lce 24 m\u011bs\u00edc\u016f.<\/p>\n<p><\/dc-con><\/dc-con><\/div>\n<\/p><\/div>\n<div id=\"PDTable3\" class=\"ProductDetailTableView v3a v3 bs-view dcon dc185 PDTable3\" >\n<table>\n<thead><\/thead>\n<tbody>\n<tr class=\"attribute attr_bsshop_maker\">\n<td class=\"caption\">V\u00fdrobce<\/td>\n<td class=\"value\">Garden King<\/td>\n<\/tr>\n<\/tbody>\n<\/table>\n<\/div>\n<div id=\"ProductMedia\" class=\"ProductMediaView MediaViewBase v1a v1 bs-view dcon dc409 ProductMedia\" ><bs-empty><\/bs-empty><\/p>\n<div class=\"files\">\n<div class=\"title sub\">Soubory<\/div>\n<p><a href=\"\/media\/9826\/vozik-zahradni-prepravni.pdf?&amp;key=ZGpmIyQwNUZfOTgyNg==\" class=\"pdf\">vozik_zahradni_prepravni.pdf<\/a><a href=\"\/media\/42570\/vozik-zahradni-prepavni-1.pdf?&amp;key=ZGpmIyQwNUZfNDI1NzA=\" class=\"pdf\">vozik_zahradni_prepavni_1.pdf<\/a><\/div>\n<p><bs-empty><\/bs-empty><\/div>\n<\/div>\n<div id=\"e7557324\" class=\"tabs\">\n","protected":false},"excerpt":{"rendered":"<p>Zahradn\u00ed p\u0159epravn\u00ed voz\u00edk Zahradn\u00ed p\u0159epravn\u00ed voz\u00edk je \u0161ikovn\u00fd pomocn\u00edk na zahradu. P\u0159ev\u00e1\u017e\u00edte \u010dasto zeminu, stavebn\u00ed materi\u00e1l, d\u0159evo nebo t\u0159eba zahradn\u00ed n\u00e1\u0159ad\u00ed? Pomoc\u00ed tohoto lehk\u00e9ho a snadno ovladateln\u00e9ho transportn\u00edho voz\u00edku p\u0159eprav\u00edte t\u00e9m\u011b\u0159 v\u0161e, a to rychle a bez v\u011bt\u0161\u00ed n\u00e1mahy. D\u00edky ta\u017en\u00e9 rukojeti a \u010dty\u0159em kol\u016fm s kuli\u010dkov\u00fdmi lo\u017eisky se s voz\u00edkem snadno manipuluje, p\u0159i\u010dem\u017e dobrou [&hellip;]<\/p>\n","protected":false},"featured_media":16281,"comment_status":"open","ping_status":"open","template":"","meta":[],"product_brand":[],"product_cat":[66],"product_tag":[],"class_list":{"0":"post-16181","1":"product","2":"type-product","3":"status-publish","4":"has-post-thumbnail","6":"product_cat-pochutiny-dum-a-zahrada","8":"first","9":"instock","10":"sale","11":"shipping-taxable","12":"purchasable","13":"product-type-simple"},"yoast_head":"<!-- This site is optimized with the Yoast SEO plugin v26.8 - https:\/\/yoast.com\/product\/yoast-seo-wordpress\/ -->\n<title>Aktu\u00e1ln\u00ed Garden King Zahradn\u00ed p\u0159epravn\u00ed voz\u00edk GC-018 -<\/title>\n<meta name=\"robots\" content=\"index, follow, max-snippet:-1, max-image-preview:large, max-video-preview:-1\" \/>\n<link rel=\"canonical\" href=\"https:\/\/www.domstavpro.com\/index.php\/produkt\/aktualni-garden-king-zahradni-prepravni-vozik-gc-018-16181\/\" \/>\n<meta property=\"og:locale\" content=\"cs_CZ\" \/>\n<meta property=\"og:type\" content=\"article\" \/>\n<meta property=\"og:title\" content=\"Aktu\u00e1ln\u00ed Garden King Zahradn\u00ed p\u0159epravn\u00ed voz\u00edk GC-018 -\" \/>\n<meta property=\"og:description\" content=\"Zahradn\u00ed p\u0159epravn\u00ed voz\u00edk Zahradn\u00ed p\u0159epravn\u00ed voz\u00edk je \u0161ikovn\u00fd pomocn\u00edk na zahradu. P\u0159ev\u00e1\u017e\u00edte \u010dasto zeminu, stavebn\u00ed materi\u00e1l, d\u0159evo nebo t\u0159eba zahradn\u00ed n\u00e1\u0159ad\u00ed? Pomoc\u00ed tohoto lehk\u00e9ho a snadno ovladateln\u00e9ho transportn\u00edho voz\u00edku p\u0159eprav\u00edte t\u00e9m\u011b\u0159 v\u0161e, a to rychle a bez v\u011bt\u0161\u00ed n\u00e1mahy. D\u00edky ta\u017en\u00e9 rukojeti a \u010dty\u0159em kol\u016fm s kuli\u010dkov\u00fdmi lo\u017eisky se s voz\u00edkem snadno manipuluje, p\u0159i\u010dem\u017e dobrou [&hellip;]\" \/>\n<meta property=\"og:url\" content=\"https:\/\/www.domstavpro.com\/index.php\/produkt\/aktualni-garden-king-zahradni-prepravni-vozik-gc-018-16181\/\" \/>\n<meta property=\"og:image\" content=\"https:\/\/www.domstavpro.com\/wp-content\/uploads\/2026\/SK0027324-CZ20260425-093449-0-1777080896-garden-king-zahradni-prepravni-vozik-gc-018.webp\" \/>\n\t<meta property=\"og:image:width\" content=\"1000\" \/>\n\t<meta property=\"og:image:height\" content=\"525\" \/>\n\t<meta property=\"og:image:type\" content=\"image\/webp\" \/>\n<meta name=\"twitter:card\" content=\"summary_large_image\" \/>\n<meta name=\"twitter:label1\" content=\"Odhadovan\u00e1 doba \u010dten\u00ed\" \/>\n\t<meta name=\"twitter:data1\" content=\"1 minuta\" \/>\n<script type=\"application\/ld+json\" class=\"yoast-schema-graph\">{\"@context\":\"https:\/\/schema.org\",\"@graph\":[{\"@type\":\"WebPage\",\"@id\":\"https:\/\/www.domstavpro.com\/index.php\/produkt\/aktualni-garden-king-zahradni-prepravni-vozik-gc-018-16181\/\",\"url\":\"https:\/\/www.domstavpro.com\/index.php\/produkt\/aktualni-garden-king-zahradni-prepravni-vozik-gc-018-16181\/\",\"name\":\"Aktu\u00e1ln\u00ed Garden King Zahradn\u00ed p\u0159epravn\u00ed voz\u00edk GC-018 -\",\"isPartOf\":{\"@id\":\"https:\/\/www.domstavpro.com\/#website\"},\"primaryImageOfPage\":{\"@id\":\"https:\/\/www.domstavpro.com\/index.php\/produkt\/aktualni-garden-king-zahradni-prepravni-vozik-gc-018-16181\/#primaryimage\"},\"image\":{\"@id\":\"https:\/\/www.domstavpro.com\/index.php\/produkt\/aktualni-garden-king-zahradni-prepravni-vozik-gc-018-16181\/#primaryimage\"},\"thumbnailUrl\":\"https:\/\/www.domstavpro.com\/wp-content\/uploads\/2026\/SK0027324-CZ20260425-093449-0-1777080896-garden-king-zahradni-prepravni-vozik-gc-018.webp\",\"datePublished\":\"2026-04-27T15:08:30+00:00\",\"breadcrumb\":{\"@id\":\"https:\/\/www.domstavpro.com\/index.php\/produkt\/aktualni-garden-king-zahradni-prepravni-vozik-gc-018-16181\/#breadcrumb\"},\"inLanguage\":\"cs\",\"potentialAction\":[{\"@type\":\"ReadAction\",\"target\":[\"https:\/\/www.domstavpro.com\/index.php\/produkt\/aktualni-garden-king-zahradni-prepravni-vozik-gc-018-16181\/\"]}]},{\"@type\":\"ImageObject\",\"inLanguage\":\"cs\",\"@id\":\"https:\/\/www.domstavpro.com\/index.php\/produkt\/aktualni-garden-king-zahradni-prepravni-vozik-gc-018-16181\/#primaryimage\",\"url\":\"https:\/\/www.domstavpro.com\/wp-content\/uploads\/2026\/SK0027324-CZ20260425-093449-0-1777080896-garden-king-zahradni-prepravni-vozik-gc-018.webp\",\"contentUrl\":\"https:\/\/www.domstavpro.com\/wp-content\/uploads\/2026\/SK0027324-CZ20260425-093449-0-1777080896-garden-king-zahradni-prepravni-vozik-gc-018.webp\",\"width\":1000,\"height\":525},{\"@type\":\"BreadcrumbList\",\"@id\":\"https:\/\/www.domstavpro.com\/index.php\/produkt\/aktualni-garden-king-zahradni-prepravni-vozik-gc-018-16181\/#breadcrumb\",\"itemListElement\":[{\"@type\":\"ListItem\",\"position\":1,\"name\":\"Home\",\"item\":\"https:\/\/www.domstavpro.com\/\"},{\"@type\":\"ListItem\",\"position\":2,\"name\":\"Products\",\"item\":\"https:\/\/www.domstavpro.com\/index.php\/products\/\"},{\"@type\":\"ListItem\",\"position\":3,\"name\":\"Aktu\u00e1ln\u00ed Garden King Zahradn\u00ed p\u0159epravn\u00ed voz\u00edk GC-018\"}]},{\"@type\":\"WebSite\",\"@id\":\"https:\/\/www.domstavpro.com\/#website\",\"url\":\"https:\/\/www.domstavpro.com\/\",\"name\":\"\",\"description\":\"\",\"potentialAction\":[{\"@type\":\"SearchAction\",\"target\":{\"@type\":\"EntryPoint\",\"urlTemplate\":\"https:\/\/www.domstavpro.com\/?s={search_term_string}\"},\"query-input\":{\"@type\":\"PropertyValueSpecification\",\"valueRequired\":true,\"valueName\":\"search_term_string\"}}],\"inLanguage\":\"cs\"}]}<\/script>\n<!-- \/ Yoast SEO plugin. -->","yoast_head_json":{"title":"Aktu\u00e1ln\u00ed Garden King Zahradn\u00ed p\u0159epravn\u00ed voz\u00edk GC-018 -","robots":{"index":"index","follow":"follow","max-snippet":"max-snippet:-1","max-image-preview":"max-image-preview:large","max-video-preview":"max-video-preview:-1"},"canonical":"https:\/\/www.domstavpro.com\/index.php\/produkt\/aktualni-garden-king-zahradni-prepravni-vozik-gc-018-16181\/","og_locale":"cs_CZ","og_type":"article","og_title":"Aktu\u00e1ln\u00ed Garden King Zahradn\u00ed p\u0159epravn\u00ed voz\u00edk GC-018 -","og_description":"Zahradn\u00ed p\u0159epravn\u00ed voz\u00edk Zahradn\u00ed p\u0159epravn\u00ed voz\u00edk je \u0161ikovn\u00fd pomocn\u00edk na zahradu. P\u0159ev\u00e1\u017e\u00edte \u010dasto zeminu, stavebn\u00ed materi\u00e1l, d\u0159evo nebo t\u0159eba zahradn\u00ed n\u00e1\u0159ad\u00ed? Pomoc\u00ed tohoto lehk\u00e9ho a snadno ovladateln\u00e9ho transportn\u00edho voz\u00edku p\u0159eprav\u00edte t\u00e9m\u011b\u0159 v\u0161e, a to rychle a bez v\u011bt\u0161\u00ed n\u00e1mahy. D\u00edky ta\u017en\u00e9 rukojeti a \u010dty\u0159em kol\u016fm s kuli\u010dkov\u00fdmi lo\u017eisky se s voz\u00edkem snadno manipuluje, p\u0159i\u010dem\u017e dobrou [&hellip;]","og_url":"https:\/\/www.domstavpro.com\/index.php\/produkt\/aktualni-garden-king-zahradni-prepravni-vozik-gc-018-16181\/","og_image":[{"width":1000,"height":525,"url":"https:\/\/www.domstavpro.com\/wp-content\/uploads\/2026\/SK0027324-CZ20260425-093449-0-1777080896-garden-king-zahradni-prepravni-vozik-gc-018.webp","type":"image\/webp"}],"twitter_card":"summary_large_image","twitter_misc":{"Odhadovan\u00e1 doba \u010dten\u00ed":"1 minuta"},"schema":{"@context":"https:\/\/schema.org","@graph":[{"@type":"WebPage","@id":"https:\/\/www.domstavpro.com\/index.php\/produkt\/aktualni-garden-king-zahradni-prepravni-vozik-gc-018-16181\/","url":"https:\/\/www.domstavpro.com\/index.php\/produkt\/aktualni-garden-king-zahradni-prepravni-vozik-gc-018-16181\/","name":"Aktu\u00e1ln\u00ed Garden King Zahradn\u00ed p\u0159epravn\u00ed voz\u00edk GC-018 -","isPartOf":{"@id":"https:\/\/www.domstavpro.com\/#website"},"primaryImageOfPage":{"@id":"https:\/\/www.domstavpro.com\/index.php\/produkt\/aktualni-garden-king-zahradni-prepravni-vozik-gc-018-16181\/#primaryimage"},"image":{"@id":"https:\/\/www.domstavpro.com\/index.php\/produkt\/aktualni-garden-king-zahradni-prepravni-vozik-gc-018-16181\/#primaryimage"},"thumbnailUrl":"https:\/\/www.domstavpro.com\/wp-content\/uploads\/2026\/SK0027324-CZ20260425-093449-0-1777080896-garden-king-zahradni-prepravni-vozik-gc-018.webp","datePublished":"2026-04-27T15:08:30+00:00","breadcrumb":{"@id":"https:\/\/www.domstavpro.com\/index.php\/produkt\/aktualni-garden-king-zahradni-prepravni-vozik-gc-018-16181\/#breadcrumb"},"inLanguage":"cs","potentialAction":[{"@type":"ReadAction","target":["https:\/\/www.domstavpro.com\/index.php\/produkt\/aktualni-garden-king-zahradni-prepravni-vozik-gc-018-16181\/"]}]},{"@type":"ImageObject","inLanguage":"cs","@id":"https:\/\/www.domstavpro.com\/index.php\/produkt\/aktualni-garden-king-zahradni-prepravni-vozik-gc-018-16181\/#primaryimage","url":"https:\/\/www.domstavpro.com\/wp-content\/uploads\/2026\/SK0027324-CZ20260425-093449-0-1777080896-garden-king-zahradni-prepravni-vozik-gc-018.webp","contentUrl":"https:\/\/www.domstavpro.com\/wp-content\/uploads\/2026\/SK0027324-CZ20260425-093449-0-1777080896-garden-king-zahradni-prepravni-vozik-gc-018.webp","width":1000,"height":525},{"@type":"BreadcrumbList","@id":"https:\/\/www.domstavpro.com\/index.php\/produkt\/aktualni-garden-king-zahradni-prepravni-vozik-gc-018-16181\/#breadcrumb","itemListElement":[{"@type":"ListItem","position":1,"name":"Home","item":"https:\/\/www.domstavpro.com\/"},{"@type":"ListItem","position":2,"name":"Products","item":"https:\/\/www.domstavpro.com\/index.php\/products\/"},{"@type":"ListItem","position":3,"name":"Aktu\u00e1ln\u00ed Garden King Zahradn\u00ed p\u0159epravn\u00ed voz\u00edk GC-018"}]},{"@type":"WebSite","@id":"https:\/\/www.domstavpro.com\/#website","url":"https:\/\/www.domstavpro.com\/","name":"","description":"","potentialAction":[{"@type":"SearchAction","target":{"@type":"EntryPoint","urlTemplate":"https:\/\/www.domstavpro.com\/?s={search_term_string}"},"query-input":{"@type":"PropertyValueSpecification","valueRequired":true,"valueName":"search_term_string"}}],"inLanguage":"cs"}]}},"_links":{"self":[{"href":"https:\/\/www.domstavpro.com\/index.php\/wp-json\/wp\/v2\/product\/16181","targetHints":{"allow":["GET"]}}],"collection":[{"href":"https:\/\/www.domstavpro.com\/index.php\/wp-json\/wp\/v2\/product"}],"about":[{"href":"https:\/\/www.domstavpro.com\/index.php\/wp-json\/wp\/v2\/types\/product"}],"replies":[{"embeddable":true,"href":"https:\/\/www.domstavpro.com\/index.php\/wp-json\/wp\/v2\/comments?post=16181"}],"wp:featuredmedia":[{"embeddable":true,"href":"https:\/\/www.domstavpro.com\/index.php\/wp-json\/wp\/v2\/media\/16281"}],"wp:attachment":[{"href":"https:\/\/www.domstavpro.com\/index.php\/wp-json\/wp\/v2\/media?parent=16181"}],"wp:term":[{"taxonomy":"product_brand","embeddable":true,"href":"https:\/\/www.domstavpro.com\/index.php\/wp-json\/wp\/v2\/product_brand?post=16181"},{"taxonomy":"product_cat","embeddable":true,"href":"https:\/\/www.domstavpro.com\/index.php\/wp-json\/wp\/v2\/product_cat?post=16181"},{"taxonomy":"product_tag","embeddable":true,"href":"https:\/\/www.domstavpro.com\/index.php\/wp-json\/wp\/v2\/product_tag?post=16181"}],"curies":[{"name":"wp","href":"https:\/\/api.w.org\/{rel}","templated":true}]}}